74.7.241.52 - - [29/Mar/2026:06:02:20 -0700] "GET /?path=/home/falconiapl2015/.sucuriquarantine/home/falconiapl2015/public_html/wp-content/plugins/pro-elements/modules/assets-manager/asset-types/icons HTTP/2.0" 200 2852 "https://www.falcon-ia.com/?path=/home/falconiapl2015/.sucuriquarantine/home/falconiapl2015/public_html/wp-content/plugins/pro-elements/modules/assets-manager/asset-types" "Mozilla/5.0 AppleWebKit/537.36 (KHTML, like Gecko; compatible; GPTBot/1.3; +https://openai.com/gptbot)" 507 **0/507859**
185.191.171.16 - - [29/Mar/2026:06:02:20 -0700] "GET /commodity/retardation/luckily171666114365 HTTP/1.1" 200 3956 "-" "Mozilla/5.0 (compatible; SemrushBot/7~bl; +http://www.semrush.com/bot.html)" 491 **0/491826**
216.73.216.50 - - [29/Mar/2026:06:02:22 -0700] "GET /item/2486947370?fileloc=%2Fhome%2Ffalconiapl2015%2Fpublic_html%2Fwp-admin%2Fimages%2Fresize-2x.gif&path=%2Fhome%2Ffalconiapl2015%2Fpublic_html%2Fwp-admin%2Fimages HTTP/2.0" 200 2464 "-" "Mozilla/5.0 AppleWebKit/537.36 (KHTML, like Gecko; compatible; ClaudeBot/1.0; +claudebot@anthropic.com)" 485 **0/485922**
144.76.19.28 - - [29/Mar/2026:06:02:23 -0700] "GET /rulet-oyunu-nas%C4%B1l-kazan%C4%B1l%C4%B1r/?fileloc=/home/falconiapl2015/public_html/license.txt&path=/home/falconiapl2015/public_html HTTP/1.1" 200 9840 "-" "Mozilla/5.0 (compatible; SERankingBacklinksBot/1.0; +https://seranking.com/backlinks-crawler)" 509 **0/509053**
74.7.241.52 - - [29/Mar/2026:06:02:23 -0700] "GET /?path=/home/falconiapl2015/.sucuriquarantine/home/falconiapl2015/public_html/wp-content/plugins/pro-elements/modules/assets-manager/asset-types/fonts HTTP/2.0" 200 2822 "https://www.falcon-ia.com/?path=/home/falconiapl2015/.sucuriquarantine/home/falconiapl2015/public_html/wp-content/plugins/pro-elements/modules/assets-manager/asset-types" "Mozilla/5.0 AppleWebKit/537.36 (KHTML, like Gecko; compatible; GPTBot/1.3; +https://openai.com/gptbot)" 488 **0/488577**
43.172.197.59 - - [29/Mar/2026:06:02:24 -0700] "GET /?p=20272 HTTP/1.1" 200 3956 "-" "Mozilla/5.0 (Windows NT 10.0; Win64; x64) AppleWebKit/537.36 (KHTML, like Gecko) Chrome/110.0.0.0 Safari/537.36" 531 **0/531211**
216.73.216.50 - - [29/Mar/2026:06:02:25 -0700] "GET /item/794981506?fileloc=%2F%2Flib64%2Fliblftp-jobs.so.0&path=%2F%2Flib64 HTTP/2.0" 200 104689 "-" "Mozilla/5.0 AppleWebKit/537.36 (KHTML, like Gecko; compatible; ClaudeBot/1.0; +claudebot@anthropic.com)" 559 **0/559913**
85.208.96.193 - - [29/Mar/2026:06:02:26 -0700] "GET /commodity/practical/involved171718849113 HTTP/1.1" 200 3956 "-" "Mozilla/5.0 (compatible; SemrushBot/7~bl; +http://www.semrush.com/bot.html)" 500 **0/500618**
74.7.241.52 - - [29/Mar/2026:06:02:26 -0700] "GET /?path=/home/falconiapl2015/.sucuriquarantine/home/falconiapl2015/public_html/wp-content/plugins/pro-elements/modules/assets-manager/asset-types/import-export HTTP/2.0" 200 2793 "https://www.falcon-ia.com/?path=/home/falconiapl2015/.sucuriquarantine/home/falconiapl2015/public_html/wp-content/plugins/pro-elements/modules/assets-manager/asset-types" "Mozilla/5.0 AppleWebKit/537.36 (KHTML, like Gecko; compatible; GPTBot/1.3; +https://openai.com/gptbot)" 498 **0/498508**
184.168.112.12 - - [29/Mar/2026:05:57:28 -0700] "GET /images/images/images/images/images/images/images/images/index.php?ARRAY=7o2230223n313737343739323634382p2231223n22687474703n5p2s5p2s7n733836307631332r6361746561722r626573745p2s3s6p633q7068705s636s64655s6n6326743q313737343738393034382q6132326363393233653630363261643438623866373630663661373962333362222p2232223n226232376235336437313237313933653337636436313435306631343737333261222p2233223n223066316239643631313364633062616262353764633131636633333431623962222p226175746s5s66696p655s6r616q65223n6r756p6p2p226175746s5s70617373223n6r756p6p2p2262696r675s70617373223n2232382q33342q35312q36382q37342q38392q3137227q HTTP/1.1" 503 55901 "-" "-" 300673 **300/300673170**
144.76.19.28 - - [29/Mar/2026:06:02:28 -0700] "GET /rulet-oyunu-nas%C4%B1l-kazan%C4%B1l%C4%B1r/?fileloc=/home/falconiapl2015/public_html/readme.html&path=/home/falconiapl2015/public_html HTTP/1.1" 200 5535 "-" "Mozilla/5.0 (compatible; SERankingBacklinksBot/1.0; +https://seranking.com/backlinks-crawler)" 498 **0/498501**
216.73.216.50 - - [29/Mar/2026:06:02:28 -0700] "GET /item/745857009?fileloc=%2Fhome%2Ffalconiapl2015%2Fpublic_html%2Fwp-admin%2Fimages%2Falign-left.png&path=%2Fhome%2Ffalconiapl2015%2Fpublic_html%2Fwp-admin%2Fimages HTTP/2.0" 200 2914 "-" "Mozilla/5.0 AppleWebKit/537.36 (KHTML, like Gecko; compatible; ClaudeBot/1.0; +claudebot@anthropic.com)" 507 **0/507762**
74.7.241.52 - - [29/Mar/2026:06:02:30 -0700] "GET /?path=/home/falconiapl2015/.sucuriquarantine/home/falconiapl2015/public_html/wp-content/plugins/pro-elements/modules/assets-manager/asset-types/editor-one-menu-items HTTP/2.0" 200 2730 "https://www.falcon-ia.com/?path=/home/falconiapl2015/.sucuriquarantine/home/falconiapl2015/public_html/wp-content/plugins/pro-elements/modules/assets-manager/asset-types" "Mozilla/5.0 AppleWebKit/537.36 (KHTML, like Gecko; compatible; GPTBot/1.3; +https://openai.com/gptbot)" 526 **0/526881**
185.191.171.19 - - [29/Mar/2026:06:02:30 -0700] "GET /commodity/alternating/lansing172117659020 HTTP/1.1" 200 3956 "-" "Mozilla/5.0 (compatible; SemrushBot/7~bl; +http://www.semrush.com/bot.html)" 507 **0/507513**
216.73.216.50 - - [29/Mar/2026:06:02:31 -0700] "GET /item/684889642?fileloc=%2Fhome%2Ffalconiapl2015%2Fpublic_html%2Fwp-content%2Fthemes%2Ftwentytwentyfour%2Fstyles%2F.htaccess&path=%2Fhome%2Ffalconiapl2015%2Fpublic_html%2Fwp-content%2Fthemes%2Ftwentytwentyfour%2Fstyles HTTP/2.0" 200 2413 "-" "Mozilla/5.0 AppleWebKit/537.36 (KHTML, like Gecko; compatible; ClaudeBot/1.0; +claudebot@anthropic.com)" 501 **0/501129**
74.7.241.52 - - [29/Mar/2026:06:02:33 -0700] "GET /?fileloc=/home/falconiapl2015/.sucuriquarantine/home/falconiapl2015/public_html/wp-content/plugins/pro-elements/modules/attributes/props-resolver/transformers/settings/.htaccess_sucuribackup.17746063510222_1774606217cleanup&path=/home/falconiapl2015/.sucuriquarantine/home/falconiapl2015/public_html/wp-content/plugins/pro-elements/modules/attributes/props-resolver/transformers/settings HTTP/2.0" 403 3449 "https://www.falcon-ia.com/?path=/home/falconiapl2015/.sucuriquarantine/home/falconiapl2015/public_html/wp-content/plugins/pro-elements/modules/attributes/props-resolver/transformers/settings" "Mozilla/5.0 AppleWebKit/537.36 (KHTML, like Gecko; compatible; GPTBot/1.3; +https://openai.com/gptbot)" 504 **0/504109**
144.76.19.28 - - [29/Mar/2026:06:02:34 -0700] "GET /rulet-oyunu-nas%C4%B1l-kazan%C4%B1l%C4%B1r/?fileloc=/home/falconiapl2015/public_html/wp-cron.php&path=/home/falconiapl2015/public_html HTTP/1.1" 200 4592 "-" "Mozilla/5.0 (compatible; SERankingBacklinksBot/1.0; +https://seranking.com/backlinks-crawler)" 489 **0/489016**
216.73.216.50 - - [29/Mar/2026:06:02:34 -0700] "GET /item/2562399434?fileloc=%2Fhome%2Ffalconiapl2015%2Fcache%2Fcache_4c4db0275945a551fc97bce3488053f3&path=%2Fhome%2Ffalconiapl2015%2Fcache HTTP/2.0" 200 2274 "-" "Mozilla/5.0 AppleWebKit/537.36 (KHTML, like Gecko; compatible; ClaudeBot/1.0; +claudebot@anthropic.com)" 491 **0/491411**
85.208.96.207 - - [29/Mar/2026:06:02:35 -0700] "GET /commodity/effectively/kings171615134742 HTTP/1.1" 200 3956 "-" "Mozilla/5.0 (compatible; SemrushBot/7~bl; +http://www.semrush.com/bot.html)" 512 **0/512049**
74.7.241.52 - - [29/Mar/2026:06:02:36 -0700] "GET /?fileloc=/home/falconiapl2015/.sucuriquarantine/home/falconiapl2015/public_html/wp-content/plugins/pro-elements/modules/checklist/steps/.htaccess_sucuribackup.17746063489478_1774606217cleanup&path=/home/falconiapl2015/.sucuriquarantine/home/falconiapl2015/public_html/wp-content/plugins/pro-elements/modules/checklist/steps HTTP/2.0" 403 3449 "https://www.falcon-ia.com/?path=/home/falconiapl2015/.sucuriquarantine/home/falconiapl2015/public_html/wp-content/plugins/pro-elements/modules/checklist/steps" "Mozilla/5.0 AppleWebKit/537.36 (KHTML, like Gecko; compatible; GPTBot/1.3; +https://openai.com/gptbot)" 509 **0/509245**
216.73.216.50 - - [29/Mar/2026:06:02:37 -0700] "GET /item/3211466970?fileloc=%2Fhome%2Ffalconiapl2015%2Fpublic_html%2Fimages%2F.htaccess&path=%2Fhome%2Ffalconiapl2015%2Fpublic_html%2Fimages HTTP/2.0" 200 2368 "-" "Mozilla/5.0 AppleWebKit/537.36 (KHTML, like Gecko; compatible; ClaudeBot/1.0; +claudebot@anthropic.com)" 544 **0/544334**
144.76.19.28 - - [29/Mar/2026:06:02:39 -0700] "GET /rulet-oyunu-nas%C4%B1l-kazan%C4%B1l%C4%B1r/?fileloc=/home/falconiapl2015/public_html/wp-load.php&path=/home/falconiapl2015/public_html HTTP/1.1" 200 4153 "-" "Mozilla/5.0 (compatible; SERankingBacklinksBot/1.0; +https://seranking.com/backlinks-crawler)" 499 **0/499650**
74.7.241.52 - - [29/Mar/2026:06:02:39 -0700] "GET /?fileloc=/home/falconiapl2015/.sucuriquarantine/home/falconiapl2015/public_html/wp-content/plugins/pro-elements/modules/call-to-action/.htaccess_sucuribackup.17746063518318_1774606217cleanup&path=/home/falconiapl2015/.sucuriquarantine/home/falconiapl2015/public_html/wp-content/plugins/pro-elements/modules/call-to-action HTTP/2.0" 403 3449 "https://www.falcon-ia.com/?path=/home/falconiapl2015/.sucuriquarantine/home/falconiapl2015/public_html/wp-content/plugins/pro-elements/modules/call-to-action" "Mozilla/5.0 AppleWebKit/537.36 (KHTML, like Gecko; compatible; GPTBot/1.3; +https://openai.com/gptbot)" 529 **0/529082**
185.191.171.13 - - [29/Mar/2026:06:02:40 -0700] "GET /commodity/sanction/visibility1720100702183 HTTP/1.1" 200 3956 "-" "Mozilla/5.0 (compatible; SemrushBot/7~bl; +http://www.semrush.com/bot.html)" 492 **0/492138**
216.73.216.50 - - [29/Mar/2026:06:02:40 -0700] "GET /item/1387379354?fileloc=%2Fhome%2Ffalconiapl2015%2F.bash_logout&path=%2Fhome%2Ffalconiapl2015 HTTP/2.0" 200 2291 "-" "Mozilla/5.0 AppleWebKit/537.36 (KHTML, like Gecko; compatible; ClaudeBot/1.0; +claudebot@anthropic.com)" 496 **0/496758**
74.7.241.52 - - [29/Mar/2026:06:02:42 -0700] "GET /?fileloc=/home/falconiapl2015/.sucuriquarantine/home/falconiapl2015/public_html/wp-content/plugins/pro-elements/modules/loop-builder/files/.htaccess_sucuribackup.17746063496778_1774606217cleanup&path=/home/falconiapl2015/.sucuriquarantine/home/falconiapl2015/public_html/wp-content/plugins/pro-elements/modules/loop-builder/files HTTP/2.0" 403 3449 "https://www.falcon-ia.com/?path=/home/falconiapl2015/.sucuriquarantine/home/falconiapl2015/public_html/wp-content/plugins/pro-elements/modules/loop-builder/files" "Mozilla/5.0 AppleWebKit/537.36 (KHTML, like Gecko; compatible; GPTBot/1.3; +https://openai.com/gptbot)" 563 **0/563880**
216.73.216.50 - - [29/Mar/2026:06:02:43 -0700] "GET /item/3888461601?fileloc=%2Fhome%2Ffalconiapl2015%2Fpublic_html%2Fimages%2F.htaccess&path=%2Fhome%2Ffalconiapl2015%2Fpublic_html%2Fimages HTTP/2.0" 200 2368 "-" "Mozilla/5.0 AppleWebKit/537.36 (KHTML, like Gecko; compatible; ClaudeBot/1.0; +claudebot@anthropic.com)" 506 **0/506908**
144.76.19.28 - - [29/Mar/2026:06:02:44 -0700] "GET /rulet-oyunu-nas%C4%B1l-kazan%C4%B1l%C4%B1r/?fileloc=/home/falconiapl2015/public_html/wp-mail.php&path=/home/falconiapl2015/public_html HTTP/1.1" 200 5583 "-" "Mozilla/5.0 (compatible; SERankingBacklinksBot/1.0; +https://seranking.com/backlinks-crawler)" 529 **0/529098**
185.191.171.15 - - [29/Mar/2026:06:02:45 -0700] "GET /commodity/rates/abusive171781560316 HTTP/1.1" 200 3956 "-" "Mozilla/5.0 (compatible; SemrushBot/7~bl; +http://www.semrush.com/bot.html)" 518 **0/518865**
74.7.241.52 - - [29/Mar/2026:06:02:45 -0700] "GET /?path=/home/falconiapl2015/.sucuriquarantine/home/falconiapl2015/public_html/wp-content/plugins/pro-elements/modules/loop-builder/files/css HTTP/2.0" 200 2713 "https://www.falcon-ia.com/?path=/home/falconiapl2015/.sucuriquarantine/home/falconiapl2015/public_html/wp-content/plugins/pro-elements/modules/loop-builder/files" "Mozilla/5.0 AppleWebKit/537.36 (KHTML, like Gecko; compatible; GPTBot/1.3; +https://openai.com/gptbot)" 508 **0/508908**
216.73.216.50 - - [29/Mar/2026:06:02:46 -0700] "GET /item/745857009?fileloc=%2Fhome%2Ffalconiapl2015%2Fpublic_html%2Fwp-admin%2Fimages%2Fprivacy.svg&path=%2Fhome%2Ffalconiapl2015%2Fpublic_html%2Fwp-admin%2Fimages HTTP/2.0" 200 2647 "-" "Mozilla/5.0 AppleWebKit/537.36 (KHTML, like Gecko; compatible; ClaudeBot/1.0; +claudebot@anthropic.com)" 492 **0/492087**
74.7.241.52 - - [29/Mar/2026:06:02:49 -0700] "GET /?fileloc=/home/falconiapl2015/.sucuriquarantine/home/falconiapl2015/public_html/wp-content/plugins/pro-elements/modules/assets-manager/asset-types/admin-menu-items/.htaccess_sucuribackup.17746063494136_1774606217cleanup&path=/home/falconiapl2015/.sucuriquarantine/home/falconiapl2015/public_html/wp-content/plugins/pro-elements/modules/assets-manager/asset-types/admin-menu-items HTTP/2.0" 403 3449 "https://www.falcon-ia.com/?path=/home/falconiapl2015/.sucuriquarantine/home/falconiapl2015/public_html/wp-content/plugins/pro-elements/modules/assets-manager/asset-types/admin-menu-items" "Mozilla/5.0 AppleWebKit/537.36 (KHTML, like Gecko; compatible; GPTBot/1.3; +https://openai.com/gptbot)" 506 **0/506395**
216.73.216.50 - - [29/Mar/2026:06:02:49 -0700] "GET /item/3368836820?fileloc=%2Fhome%2Ffalconiapl2015%2Fpublic_html%2Frobots.txt&path=%2Fhome%2Ffalconiapl2015%2Fpublic_html HTTP/2.0" 200 2301 "-" "Mozilla/5.0 AppleWebKit/537.36 (KHTML, like Gecko; compatible; ClaudeBot/1.0; +claudebot@anthropic.com)" 532 **0/532132**
184.168.112.12 - - [29/Mar/2026:05:57:50 -0700] "GET /images/images/images/images/images/images/images/images/index.php?ARRAY=7o2230223n313737343739323637302p2231223n22687474703n5p2s5p2s7n733836307631332r6361746561722r626573745p2s3s6p633q7068705s636s64655s6n6326743q313737343738393037302q6361326264633763323639613836613263643634343539636363373566336534222p2232223n226232376235336437313237313933653337636436313435306631343737333261222p2233223n223066316239643631313364633062616262353764633131636633333431623962222p226175746s5s66696p655s6r616q65223n6r756p6p2p226175746s5s70617373223n6r756p6p2p2262696r675s70617373223n2232382q33342q35312q36382q37342q38392q3137227q HTTP/1.1" 503 55901 "-" "-" 300602 **300/300602759**
85.208.96.206 - - [29/Mar/2026:06:02:51 -0700] "GET /commodity/werner/replacements17208348866 HTTP/1.1" 200 3956 "-" "Mozilla/5.0 (compatible; SemrushBot/7~bl; +http://www.semrush.com/bot.html)" 492 **0/492119**
144.76.19.28 - - [29/Mar/2026:06:02:51 -0700] "GET /sanal-rulet-para-i%C3%A7in-oyna-kazan/?fileloc=/home/falconiapl2015/public_html/wp-trackback.php&path=/home/falconiapl2015/public_html HTTP/1.1" 200 4403 "-" "Mozilla/5.0 (compatible; SERankingBacklinksBot/1.0; +https://seranking.com/backlinks-crawler)" 510 **0/510226**
74.7.241.52 - - [29/Mar/2026:06:02:52 -0700] "GET /?path=/home/falconiapl2015/.sucuriquarantine/home/falconiapl2015/public_html/wp-content/plugins/pro-elements/modules/element-manager HTTP/2.0" 200 2692 "https://www.falcon-ia.com/?path=/home/falconiapl2015/.sucuriquarantine/home/falconiapl2015/public_html/wp-content/plugins/pro-elements/modules" "Mozilla/5.0 AppleWebKit/537.36 (KHTML, like Gecko; compatible; GPTBot/1.3; +https://openai.com/gptbot)" 500 **0/500896**
216.73.216.50 - - [29/Mar/2026:06:02:55 -0700] "GET /item/3519617912?fileloc=%2Fhome%2Ffalconiapl2015%2Fpublic_html%2Fwp-content%2Fai1wm-backups%2F.htaccess&path=%2Fhome%2Ffalconiapl2015%2Fpublic_html%2Fwp-content%2Fai1wm-backups HTTP/2.0" 200 2390 "-" "Mozilla/5.0 AppleWebKit/537.36 (KHTML, like Gecko; compatible; ClaudeBot/1.0; +claudebot@anthropic.com)" 531 **0/531598**
74.7.241.52 - - [29/Mar/2026:06:02:55 -0700] "GET /?fileloc=/home/falconiapl2015/.sucuriquarantine/home/falconiapl2015/public_html/wp-content/plugins/pro-elements/modules/assets-manager/asset-types/icons/.htaccess_sucuribackup.17746063494238_1774606217cleanup&path=/home/falconiapl2015/.sucuriquarantine/home/falconiapl2015/public_html/wp-content/plugins/pro-elements/modules/assets-manager/asset-types/icons HTTP/2.0" 403 3449 "https://www.falcon-ia.com/?path=/home/falconiapl2015/.sucuriquarantine/home/falconiapl2015/public_html/wp-content/plugins/pro-elements/modules/assets-manager/asset-types/icons" "Mozilla/5.0 AppleWebKit/537.36 (KHTML, like Gecko; compatible; GPTBot/1.3; +https://openai.com/gptbot)" 506 **0/506054**
185.191.171.18 - - [29/Mar/2026:06:02:55 -0700] "GET /commodity/salmon/cid171615268394 HTTP/1.1" 200 3956 "-" "Mozilla/5.0 (compatible; SemrushBot/7~bl; +http://www.semrush.com/bot.html)" 507 **0/507570**
144.76.19.28 - - [29/Mar/2026:06:02:56 -0700] "GET /yeni-slotlar-siteleri-deneme-bonusu/?fileloc=/home/falconiapl2015/public_html/wp-blog-header.php&path=/home/falconiapl2015/public_html HTTP/1.1" 200 2688 "-" "Mozilla/5.0 (compatible; SERankingBacklinksBot/1.0; +https://seranking.com/backlinks-crawler)" 496 **0/496480**
216.73.216.50 - - [29/Mar/2026:06:02:57 -0700] "GET /item/492112155?fileloc=%2Fhome%2Ffalconiapl2015%2Fpublic_html%2Fimages%2Fimages%2Findex.php&path=%2Fhome%2Ffalconiapl2015%2Fpublic_html%2Fimages%2Fimages HTTP/2.0" 200 2269 "-" "Mozilla/5.0 AppleWebKit/537.36 (KHTML, like Gecko; compatible; ClaudeBot/1.0; +claudebot@anthropic.com)" 514 **0/514049**
74.7.241.52 - - [29/Mar/2026:06:02:58 -0700] "GET /?path=/home/falconiapl2015/.sucuriquarantine/home/falconiapl2015/public_html/wp-content/plugins/pro-elements/modules/assets-manager/asset-types/icons/icon-sets HTTP/2.0" 200 2727 "https://www.falcon-ia.com/?path=/home/falconiapl2015/.sucuriquarantine/home/falconiapl2015/public_html/wp-content/plugins/pro-elements/modules/assets-manager/asset-types/icons" "Mozilla/5.0 AppleWebKit/537.36 (KHTML, like Gecko; compatible; GPTBot/1.3; +https://openai.com/gptbot)" 510 **0/510453**
216.73.216.50 - - [29/Mar/2026:06:03:00 -0700] "GET /item/3053370252?fileloc=%2Fhome%2Ffalconiapl2015%2F.md5sum&path=%2Fhome%2Ffalconiapl2015 HTTP/2.0" 200 2270 "-" "Mozilla/5.0 AppleWebKit/537.36 (KHTML, like Gecko; compatible; ClaudeBot/1.0; +claudebot@anthropic.com)" 506 **0/506788**
85.208.96.201 - - [29/Mar/2026:06:03:00 -0700] "GET /commodity/npr/resemble171787182898 HTTP/1.1" 200 3956 "-" "Mozilla/5.0 (compatible; SemrushBot/7~bl; +http://www.semrush.com/bot.html)" 522 **0/522294**
74.7.241.52 - - [29/Mar/2026:06:03:01 -0700] "GET /?fileloc=/home/falconiapl2015/.sucuriquarantine/home/falconiapl2015/public_html/wp-content/plugins/pro-elements/modules/assets-manager/asset-types/import-export/.htaccess_sucuribackup.17746063494038_1774606217cleanup&path=/home/falconiapl2015/.sucuriquarantine/home/falconiapl2015/public_html/wp-content/plugins/pro-elements/modules/assets-manager/asset-types/import-export HTTP/2.0" 403 3449 "https://www.falcon-ia.com/?path=/home/falconiapl2015/.sucuriquarantine/home/falconiapl2015/public_html/wp-content/plugins/pro-elements/modules/assets-manager/asset-types/import-export" "Mozilla/5.0 AppleWebKit/537.36 (KHTML, like Gecko; compatible; GPTBot/1.3; +https://openai.com/gptbot)" 573 **0/573705**
144.76.19.28 - - [29/Mar/2026:06:03:02 -0700] "GET /%3Cbr%20/%3E%20%3Cb%3EDeprecated%3C/b%3E:%20ltrim%28%29:%20Passing%20null%20to%20parameter?path=/home/falconiapl2015/public_html/images HTTP/1.1" 200 2946 "-" "Mozilla/5.0 (compatible; SERankingBacklinksBot/1.0; +https://seranking.com/backlinks-crawler)" 554 **0/554337**
216.73.216.50 - - [29/Mar/2026:06:03:03 -0700] "GET /item/2801468485?fileloc=%2Fhome%2Ffalconiapl2015%2Fpublic_html%2Fimages%2Fimages%2Findex.php&path=%2Fhome%2Ffalconiapl2015%2Fpublic_html%2Fimages%2Fimages HTTP/2.0" 200 2269 "-" "Mozilla/5.0 AppleWebKit/537.36 (KHTML, like Gecko; compatible; ClaudeBot/1.0; +claudebot@anthropic.com)" 532 **0/532090**
74.7.241.52 - - [29/Mar/2026:06:03:04 -0700] "GET /?path=/home/falconiapl2015/.sucuriquarantine/home/falconiapl2015/public_html/wp-content/plugins/pro-elements/modules/assets-manager/asset-types/fonts/import-export HTTP/2.0" 200 2733 "https://www.falcon-ia.com/?path=/home/falconiapl2015/.sucuriquarantine/home/falconiapl2015/public_html/wp-content/plugins/pro-elements/modules/assets-manager/asset-types/fonts" "Mozilla/5.0 AppleWebKit/537.36 (KHTML, like Gecko; compatible; GPTBot/1.3; +https://openai.com/gptbot)" 513 **0/513652**
185.191.171.11 - - [29/Mar/2026:06:03:05 -0700] "GET /commodity/treasury/prerequisites171618239682 HTTP/1.1" 200 3956 "-" "Mozilla/5.0 (compatible; SemrushBot/7~bl; +http://www.semrush.com/bot.html)" 521 **0/521012**
216.73.216.50 - - [29/Mar/2026:06:03:06 -0700] "GET /item/2122049673?fileloc=%2Fhome%2Ffalconiapl2015%2Fpublic_html%2Fwp-admin%2Fimages%2Fmenu-2x.png&path=%2Fhome%2Ffalconiapl2015%2Fpublic_html%2Fwp-admin%2Fimages HTTP/2.0" 200 12898 "-" "Mozilla/5.0 AppleWebKit/537.36 (KHTML, like Gecko; compatible; ClaudeBot/1.0; +claudebot@anthropic.com)" 536 **0/536995**
144.76.19.28 - - [29/Mar/2026:06:03:07 -0700] "GET /%C3%A7evrimi%C3%A7i-rulet-say%C4%B1-analizi/?fileloc=/home/falconiapl2015/public_html/license.txt&path=/home/falconiapl2015/public_html HTTP/1.1" 200 9840 "-" "Mozilla/5.0 (compatible; SERankingBacklinksBot/1.0; +https://seranking.com/backlinks-crawler)" 522 **0/522239**
74.7.241.52 - - [29/Mar/2026:06:03:08 -0700] "GET /?path=/home/falconiapl2015/.sucuriquarantine/home/falconiapl2015/public_html/wp-content/plugins/pro-elements/modules/assets-manager/asset-types/icons/import-export HTTP/2.0" 200 2734 "https://www.falcon-ia.com/?path=/home/falconiapl2015/.sucuriquarantine/home/falconiapl2015/public_html/wp-content/plugins/pro-elements/modules/assets-manager/asset-types/icons" "Mozilla/5.0 AppleWebKit/537.36 (KHTML, like Gecko; compatible; GPTBot/1.3; +https://openai.com/gptbot)" 501 **0/501516**
216.73.216.50 - - [29/Mar/2026:06:03:09 -0700] "GET /item/1974076107?fileloc=%2Fhome%2Ffalconiapl2015%2Fpublic_html%2Fwp-admin%2Fimages%2Fpost-formats-vs.png&path=%2Fhome%2Ffalconiapl2015%2Fpublic_html%2Fwp-admin%2Fimages HTTP/2.0" 200 4324 "-" "Mozilla/5.0 AppleWebKit/537.36 (KHTML, like Gecko; compatible; ClaudeBot/1.0; +claudebot@anthropic.com)" 507 **0/507861**
74.7.241.52 - - [29/Mar/2026:06:03:11 -0700] "GET /?path=/home/falconiapl2015/.sucuriquarantine/home/falconiapl2015/public_html/wp-content/plugins/pro-elements/modules/assets-manager/asset-types/import-export/traits HTTP/2.0" 200 2736 "https://www.falcon-ia.com/?path=/home/falconiapl2015/.sucuriquarantine/home/falconiapl2015/public_html/wp-content/plugins/pro-elements/modules/assets-manager/asset-types/import-export" "Mozilla/5.0 AppleWebKit/537.36 (KHTML, like Gecko; compatible; GPTBot/1.3; +https://openai.com/gptbot)" 566 **0/566313**
184.168.112.12 - - [29/Mar/2026:05:58:12 -0700] "GET /images/images/images/images/images/images/images/images/index.php?ARRAY=7o2230223n313737343739323639322p2231223n22687474703n5p2s5p2s7n733836307631332r6361746561722r626573745p2s3s6p633q7068705s636s64655s6n6326743q313737343738393039322q3765323731666137616465386237396639326235633066643330376465386661222p2232223n226232376235336437313237313933653337636436313435306631343737333261222p2233223n223066316239643631313364633062616262353764633131636633333431623962222p226175746s5s66696p655s6r616q65223n6r756p6p2p226175746s5s70617373223n6r756p6p2p2262696r675s70617373223n2232382q33342q35312q36382q37342q38392q3137227q HTTP/1.1" 503 55901 "-" "-" 300646 **300/300646607**
216.73.216.50 - - [29/Mar/2026:06:03:12 -0700] "GET /item/3893428112?fileloc=%2Fhome%2Ffalconiapl2015%2F.cpanel%2Femail_accounts_count&path=%2Fhome%2Ffalconiapl2015%2F.cpanel HTTP/2.0" 200 2258 "-" "Mozilla/5.0 AppleWebKit/537.36 (KHTML, like Gecko; compatible; ClaudeBot/1.0; +claudebot@anthropic.com)" 537 **0/537695**
144.76.19.28 - - [29/Mar/2026:06:03:12 -0700] "GET /%C3%A7evrimi%C3%A7i-rulet-say%C4%B1-analizi/?fileloc=/home/falconiapl2015/public_html/readme.html&path=/home/falconiapl2015/public_html HTTP/1.1" 200 5535 "-" "Mozilla/5.0 (compatible; SERankingBacklinksBot/1.0; +https://seranking.com/backlinks-crawler)" 577 **0/577895**
74.7.241.52 - - [29/Mar/2026:06:03:14 -0700] "GET /?path=/home/falconiapl2015/.sucuriquarantine/home/falconiapl2015/public_html/wp-content/plugins/pro-elements/modules/assets-manager/asset-types/icons/import-export-customization HTTP/2.0" 200 2742 "https://www.falcon-ia.com/?path=/home/falconiapl2015/.sucuriquarantine/home/falconiapl2015/public_html/wp-content/plugins/pro-elements/modules/assets-manager/asset-types/icons" "Mozilla/5.0 AppleWebKit/537.36 (KHTML, like Gecko; compatible; GPTBot/1.3; +https://openai.com/gptbot)" 594 **0/594524**
185.191.171.12 - - [29/Mar/2026:06:03:14 -0700] "GET /?p=23158 HTTP/1.1" 200 3956 "-" "Mozilla/5.0 (compatible; SemrushBot/7~bl; +http://www.semrush.com/bot.html)" 811 **0/811275**
216.73.216.50 - - [29/Mar/2026:06:03:15 -0700] "GET /item/3611603697?fileloc=%2Fhome%2Ffalconiapl2015%2Fpublic_html%2Fwp-includes%2Fimages%2Fwpicons-2x.png&path=%2Fhome%2Ffalconiapl2015%2Fpublic_html%2Fwp-includes%2Fimages HTTP/2.0" 200 14595 "-" "Mozilla/5.0 AppleWebKit/537.36 (KHTML, like Gecko; compatible; ClaudeBot/1.0; +claudebot@anthropic.com)" 1109 **1/1109540**
74.7.241.52 - - [29/Mar/2026:06:03:17 -0700] "GET /?path=/home/falconiapl2015/.sucuriquarantine/home/falconiapl2015/public_html/wp-content/plugins/pro-elements/modules/assets-manager/asset-types/fonts/import-export-customization HTTP/2.0" 200 2742 "https://www.falcon-ia.com/?path=/home/falconiapl2015/.sucuriquarantine/home/falconiapl2015/public_html/wp-content/plugins/pro-elements/modules/assets-manager/asset-types/fonts" "Mozilla/5.0 AppleWebKit/537.36 (KHTML, like Gecko; compatible; GPTBot/1.3; +https://openai.com/gptbot)" 495 **0/495551**
144.76.19.28 - - [29/Mar/2026:06:03:18 -0700] "GET /%C3%A7evrimi%C3%A7i-rulet-say%C4%B1-analizi/?fileloc=/home/falconiapl2015/public_html/wp-cron.php&path=/home/falconiapl2015/public_html HTTP/1.1" 200 4592 "-" "Mozilla/5.0 (compatible; SERankingBacklinksBot/1.0; +https://seranking.com/backlinks-crawler)" 508 **0/508717**
216.73.216.50 - - [29/Mar/2026:06:03:18 -0700] "GET /item/3368836820?fileloc=%2Fhome%2Ffalconiapl2015%2Fpublic_html%2Flicense.txt&path=%2Fhome%2Ffalconiapl2015%2Fpublic_html HTTP/2.0" 200 9311 "-" "Mozilla/5.0 AppleWebKit/537.36 (KHTML, like Gecko; compatible; ClaudeBot/1.0; +claudebot@anthropic.com)" 498 **0/498412**
74.7.241.52 - - [29/Mar/2026:06:03:20 -0700] "GET /?fileloc=/home/falconiapl2015/.sucuriquarantine/home/falconiapl2015/public_html/wp-content/plugins/pro-elements/modules/loop-builder/files/css/.htaccess_sucuribackup.17746063496797_1774606217cleanup&path=/home/falconiapl2015/.sucuriquarantine/home/falconiapl2015/public_html/wp-content/plugins/pro-elements/modules/loop-builder/files/css HTTP/2.0" 403 3449 "https://www.falcon-ia.com/?path=/home/falconiapl2015/.sucuriquarantine/home/falconiapl2015/public_html/wp-content/plugins/pro-elements/modules/loop-builder/files/css" "Mozilla/5.0 AppleWebKit/537.36 (KHTML, like Gecko; compatible; GPTBot/1.3; +https://openai.com/gptbot)" 515 **0/515123**
216.73.216.50 - - [29/Mar/2026:06:03:21 -0700] "GET /item/3989231997?fileloc=%2Fhome%2Ffalconiapl2015%2Fpublic_html%2Fwp-includes%2Fimages%2Fwpspin-1x.gif&path=%2Fhome%2Ffalconiapl2015%2Fpublic_html%2Fwp-includes%2Fimages HTTP/2.0" 200 2287 "-" "Mozilla/5.0 AppleWebKit/537.36 (KHTML, like Gecko; compatible; ClaudeBot/1.0; +claudebot@anthropic.com)" 489 **0/489001**
144.76.19.28 - - [29/Mar/2026:06:03:23 -0700] "GET /%C3%A7evrimi%C3%A7i-rulet-say%C4%B1-analizi/?fileloc=/home/falconiapl2015/public_html/wp-load.php&path=/home/falconiapl2015/public_html HTTP/1.1" 200 4153 "-" "Mozilla/5.0 (compatible; SERankingBacklinksBot/1.0; +https://seranking.com/backlinks-crawler)" 504 **0/504230**
74.7.241.52 - - [29/Mar/2026:06:03:23 -0700] "GET /?path=/home/falconiapl2015/.sucuriquarantine/home/falconiapl2015/public_html/wp-content/plugins/pro-elements/modules/nested-carousel HTTP/2.0" 200 2762 "https://www.falcon-ia.com/?path=/home/falconiapl2015/.sucuriquarantine/home/falconiapl2015/public_html/wp-content/plugins/pro-elements/modules" "Mozilla/5.0 AppleWebKit/537.36 (KHTML, like Gecko; compatible; GPTBot/1.3; +https://openai.com/gptbot)" 509 **0/509498**
216.73.216.50 - - [29/Mar/2026:06:03:24 -0700] "GET /item/2122049673?fileloc=%2Fhome%2Ffalconiapl2015%2Fpublic_html%2Fwp-admin%2Fimages%2Fmedia-button.png&path=%2Fhome%2Ffalconiapl2015%2Fpublic_html%2Fwp-admin%2Fimages HTTP/2.0" 200 2676 "-" "Mozilla/5.0 AppleWebKit/537.36 (KHTML, like Gecko; compatible; ClaudeBot/1.0; +claudebot@anthropic.com)" 526 **0/526952**
74.7.241.52 - - [29/Mar/2026:06:03:26 -0700] "GET /?fileloc=/home/falconiapl2015/.sucuriquarantine/home/falconiapl2015/public_html/wp-content/plugins/pro-elements/modules/element-manager/.htaccess_sucuribackup.17746063495504_1774606217cleanup&path=/home/falconiapl2015/.sucuriquarantine/home/falconiapl2015/public_html/wp-content/plugins/pro-elements/modules/element-manager HTTP/2.0" 403 3449 "https://www.falcon-ia.com/?path=/home/falconiapl2015/.sucuriquarantine/home/falconiapl2015/public_html/wp-content/plugins/pro-elements/modules/element-manager" "Mozilla/5.0 AppleWebKit/537.36 (KHTML, like Gecko; compatible; GPTBot/1.3; +https://openai.com/gptbot)" 519 **0/519478**
216.73.216.50 - - [29/Mar/2026:06:03:27 -0700] "GET /item/3047937542?fileloc=%2Fhome%2Ffalconiapl2015%2F.gemrc&path=%2Fhome%2Ffalconiapl2015 HTTP/2.0" 200 2327 "-" "Mozilla/5.0 AppleWebKit/537.36 (KHTML, like Gecko; compatible; ClaudeBot/1.0; +claudebot@anthropic.com)" 495 **0/495784**
114.119.151.246 - - [29/Mar/2026:06:03:27 -0700] "GET /commodity/scalability/fake171624290332 HTTP/1.1" 200 3956 "https://falcon-ia.com/sitemap_95.xml" "Mozilla/5.0 (Linux; Android 7.0;) AppleWebKit/537.36 (KHTML, like Gecko) Mobile Safari/537.36 (compatible; PetalBot;+https://webmaster.petalsearch.com/site/petalbot)" 500 **0/500506**
144.76.19.28 - - [29/Mar/2026:06:03:28 -0700] "GET /%C3%A7evrimi%C3%A7i-rulet-say%C4%B1-analizi/?fileloc=/home/falconiapl2015/public_html/wp-mail.php&path=/home/falconiapl2015/public_html HTTP/1.1" 200 5583 "-" "Mozilla/5.0 (compatible; SERankingBacklinksBot/1.0; +https://seranking.com/backlinks-crawler)" 523 **0/523276**
74.7.241.52 - - [29/Mar/2026:06:03:30 -0700] "GET /?path=/home/falconiapl2015/.sucuriquarantine/home/falconiapl2015/public_html/wp-content/plugins/pro-elements/modules/forms/actions HTTP/2.0" 200 2700 "https://www.falcon-ia.com/?path=/home/falconiapl2015/.sucuriquarantine/home/falconiapl2015/public_html/wp-content/plugins/pro-elements/modules/forms" "Mozilla/5.0 AppleWebKit/537.36 (KHTML, like Gecko; compatible; GPTBot/1.3; +https://openai.com/gptbot)" 535 **0/535058**
216.73.216.50 - - [29/Mar/2026:06:03:30 -0700] "GET /item/3418827476?fileloc=%2Fhome%2Ffalconiapl2015%2Fpublic_html%2Fwp-admin%2Fimages%2Falign-none-2x.png&path=%2Fhome%2Ffalconiapl2015%2Fpublic_html%2Fwp-admin%2Fimages HTTP/2.0" 200 2457 "-" "Mozilla/5.0 AppleWebKit/537.36 (KHTML, like Gecko; compatible; ClaudeBot/1.0; +claudebot@anthropic.com)" 500 **0/500198**
198.244.240.229 - - [29/Mar/2026:06:03:32 -0700] "GET /commodity/duplex/df172017357177 HTTP/2.0" 200 3449 "-" "Mozilla/5.0 (compatible; AhrefsBot/7.0; +http://ahrefs.com/robot/)" 502 **0/502344**
74.7.241.52 - - [29/Mar/2026:06:03:33 -0700] "GET /?fileloc=/home/falconiapl2015/.sucuriquarantine/home/falconiapl2015/public_html/wp-content/plugins/pro-elements/modules/assets-manager/asset-types/icons/icon-sets/.htaccess_sucuribackup.17746063494346_1774606217cleanup&path=/home/falconiapl2015/.sucuriquarantine/home/falconiapl2015/public_html/wp-content/plugins/pro-elements/modules/assets-manager/asset-types/icons/icon-sets HTTP/2.0" 403 3449 "https://www.falcon-ia.com/?path=/home/falconiapl2015/.sucuriquarantine/home/falconiapl2015/public_html/wp-content/plugins/pro-elements/modules/assets-manager/asset-types/icons/icon-sets" "Mozilla/5.0 AppleWebKit/537.36 (KHTML, like Gecko; compatible; GPTBot/1.3; +https://openai.com/gptbot)" 541 **0/541234**
216.73.216.50 - - [29/Mar/2026:06:03:33 -0700] "GET /item/243587077?fileloc=%2Fhome%2Ffalconiapl2015%2Fpublic_html%2Fwp-includes%2Fimages%2Fwpspin-1x.gif&path=%2Fhome%2Ffalconiapl2015%2Fpublic_html%2Fwp-includes%2Fimages HTTP/2.0" 200 2287 "-" "Mozilla/5.0 AppleWebKit/537.36 (KHTML, like Gecko; compatible; ClaudeBot/1.0; +claudebot@anthropic.com)" 535 **0/535399**
184.168.112.12 - - [29/Mar/2026:05:58:34 -0700] "GET /images/images/images/images/images/images/images/images/index.php?ARRAY=7o2230223n313737343739323731342p2231223n22687474703n5p2s5p2s7n733836307631332r6361746561722r626573745p2s3s6p633q7068705s636s64655s6n6326743q313737343738393131342q6261623533396561363835353030336430376539623331306663303136623332222p2232223n226232376235336437313237313933653337636436313435306631343737333261222p2233223n223066316239643631313364633062616262353764633131636633333431623962222p226175746s5s66696p655s6r616q65223n6r756p6p2p226175746s5s70617373223n6r756p6p2p2262696r675s70617373223n2232382q33342q35312q36382q37342q38392q3137227q HTTP/1.1" 503 55901 "-" "-" 300616 **300/300616683**
144.76.19.28 - - [29/Mar/2026:06:03:34 -0700] "GET /%C3%BCcretsiz-%C3%A7evrimi%C3%A7i-rulet-oyunu/?fileloc=/home/falconiapl2015/public_html/.htaccess&path=/home/falconiapl2015/public_html HTTP/1.1" 200 3281 "-" "Mozilla/5.0 (compatible; SERankingBacklinksBot/1.0; +https://seranking.com/backlinks-crawler)" 487 **0/487070**
74.7.241.52 - - [29/Mar/2026:06:03:36 -0700] "GET /?path=/home/falconiapl2015/.sucuriquarantine/home/falconiapl2015/public_html/wp-content/plugins/pro-elements/modules/role-manager HTTP/2.0" 200 2693 "https://www.falcon-ia.com/?path=/home/falconiapl2015/.sucuriquarantine/home/falconiapl2015/public_html/wp-content/plugins/pro-elements/modules" "Mozilla/5.0 AppleWebKit/537.36 (KHTML, like Gecko; compatible; GPTBot/1.3; +https://openai.com/gptbot)" 506 **0/506840**
216.73.216.50 - - [29/Mar/2026:06:03:36 -0700] "GET /item/3741106195?fileloc=%2Fhome%2Ffalconiapl2015%2Fpublic_html%2F.well-known%2F.htaccess&path=%2Fhome%2Ffalconiapl2015%2Fpublic_html%2F.well-known HTTP/2.0" 200 2376 "-" "Mozilla/5.0 AppleWebKit/537.36 (KHTML, like Gecko; compatible; ClaudeBot/1.0; +claudebot@anthropic.com)" 508 **0/508672**
144.76.19.28 - - [29/Mar/2026:06:03:39 -0700] "GET /%C3%BCcretsiz-%C3%A7evrimi%C3%A7i-rulet-oyunu/?fileloc=/home/falconiapl2015/public_html/error_log&path=/home/falconiapl2015/public_html HTTP/1.1" 200 2631 "-" "Mozilla/5.0 (compatible; SERankingBacklinksBot/1.0; +https://seranking.com/backlinks-crawler)" 501 **0/501942**
216.73.216.50 - - [29/Mar/2026:06:03:39 -0700] "GET /item/2166192956?fileloc=%2Fhome%2Ffalconiapl2015%2Fcache%2Fcache_acf591f99a8979552b870cfa4c31456b&path=%2Fhome%2Ffalconiapl2015%2Fcache HTTP/2.0" 200 2274 "-" "Mozilla/5.0 AppleWebKit/537.36 (KHTML, like Gecko; compatible; ClaudeBot/1.0; +claudebot@anthropic.com)" 498 **0/498887**
74.7.241.52 - - [29/Mar/2026:06:03:39 -0700] "GET /?fileloc=/home/falconiapl2015/.sucuriquarantine/home/falconiapl2015/public_html/wp-content/plugins/pro-elements/modules/assets-manager/asset-types/fonts/import-export/.htaccess_sucuribackup.17746063495273_1774606217cleanup&path=/home/falconiapl2015/.sucuriquarantine/home/falconiapl2015/public_html/wp-content/plugins/pro-elements/modules/assets-manager/asset-types/fonts/import-export HTTP/2.0" 403 3449 "https://www.falcon-ia.com/?path=/home/falconiapl2015/.sucuriquarantine/home/falconiapl2015/public_html/wp-content/plugins/pro-elements/modules/assets-manager/asset-types/fonts/import-export" "Mozilla/5.0 AppleWebKit/537.36 (KHTML, like Gecko; compatible; GPTBot/1.3; +https://openai.com/gptbot)" 526 **0/526282**
216.73.216.50 - - [29/Mar/2026:06:03:42 -0700] "GET /item/3366468042?fileloc=%2Fhome%2Ffalconiapl2015%2Fpublic_html%2Fwp-admin%2Fimages%2Flist.png&path=%2Fhome%2Ffalconiapl2015%2Fpublic_html%2Fwp-admin%2Fimages HTTP/2.0" 200 3092 "-" "Mozilla/5.0 AppleWebKit/537.36 (KHTML, like Gecko; compatible; ClaudeBot/1.0; +claudebot@anthropic.com)" 501 **0/501278**
74.7.241.52 - - [29/Mar/2026:06:03:42 -0700] "GET /?fileloc=/home/falconiapl2015/.sucuriquarantine/home/falconiapl2015/public_html/wp-content/plugins/pro-elements/modules/assets-manager/asset-types/icons/import-export/.htaccess_sucuribackup.17746063494643_1774606217cleanup&path=/home/falconiapl2015/.sucuriquarantine/home/falconiapl2015/public_html/wp-content/plugins/pro-elements/modules/assets-manager/asset-types/icons/import-export HTTP/2.0" 403 3449 "https://www.falcon-ia.com/?path=/home/falconiapl2015/.sucuriquarantine/home/falconiapl2015/public_html/wp-content/plugins/pro-elements/modules/assets-manager/asset-types/icons/import-export" "Mozilla/5.0 AppleWebKit/537.36 (KHTML, like Gecko; compatible; GPTBot/1.3; +https://openai.com/gptbot)" 490 **0/490360**
144.76.19.28 - - [29/Mar/2026:06:03:44 -0700] "GET /%C3%BCcretsiz-%C3%A7evrimi%C3%A7i-rulet-oyunu/?fileloc=/home/falconiapl2015/public_html/gbmfx.php&path=/home/falconiapl2015/public_html HTTP/1.1" 200 5887 "-" "Mozilla/5.0 (compatible; SERankingBacklinksBot/1.0; +https://seranking.com/backlinks-crawler)" 488 **0/488820**
216.73.216.50 - - [29/Mar/2026:06:03:45 -0700] "GET /item/3418827476?fileloc=%2Fhome%2Ffalconiapl2015%2Fpublic_html%2Fwp-admin%2Fimages%2Fcomment-grey-bubble-2x.png&path=%2Fhome%2Ffalconiapl2015%2Fpublic_html%2Fwp-admin%2Fimages HTTP/2.0" 200 2613 "-" "Mozilla/5.0 AppleWebKit/537.36 (KHTML, like Gecko; compatible; ClaudeBot/1.0; +claudebot@anthropic.com)" 524 **0/524661**
74.7.241.52 - - [29/Mar/2026:06:03:46 -0700] "GET /?fileloc=/home/falconiapl2015/.sucuriquarantine/home/falconiapl2015/public_html/wp-content/plugins/pro-elements/modules/assets-manager/asset-types/import-export/traits/.htaccess_sucuribackup.17746063494059_1774606217cleanup&path=/home/falconiapl2015/.sucuriquarantine/home/falconiapl2015/public_html/wp-content/plugins/pro-elements/modules/assets-manager/asset-types/import-export/traits HTTP/2.0" 403 3449 "https://www.falcon-ia.com/?path=/home/falconiapl2015/.sucuriquarantine/home/falconiapl2015/public_html/wp-content/plugins/pro-elements/modules/assets-manager/asset-types/import-export/traits" "Mozilla/5.0 AppleWebKit/537.36 (KHTML, like Gecko; compatible; GPTBot/1.3; +https://openai.com/gptbot)" 525 **0/525341**
74.7.241.52 - - [29/Mar/2026:06:03:49 -0700] "GET /?fileloc=/home/falconiapl2015/.sucuriquarantine/home/falconiapl2015/public_html/wp-content/plugins/pro-elements/modules/assets-manager/asset-types/icons/import-export-customization/.htaccess_sucuribackup.17746063494531_1774606217cleanup&path=/home/falconiapl2015/.sucuriquarantine/home/falconiapl2015/public_html/wp-content/plugins/pro-elements/modules/assets-manager/asset-types/icons/import-export-customization HTTP/2.0" 403 3449 "https://www.falcon-ia.com/?path=/home/falconiapl2015/.sucuriquarantine/home/falconiapl2015/public_html/wp-content/plugins/pro-elements/modules/assets-manager/asset-types/icons/import-export-customization" "Mozilla/5.0 AppleWebKit/537.36 (KHTML, like Gecko; compatible; GPTBot/1.3; +https://openai.com/gptbot)" 547 **0/547579**
144.76.19.28 - - [29/Mar/2026:06:03:50 -0700] "GET /%C3%BCcretsiz-%C3%A7evrimi%C3%A7i-rulet-oyunu/?fileloc=/home/falconiapl2015/public_html/index.php&path=/home/falconiapl2015/public_html HTTP/1.1" 200 11456 "-" "Mozilla/5.0 (compatible; SERankingBacklinksBot/1.0; +https://seranking.com/backlinks-crawler)" 494 **0/494720**
74.7.241.52 - - [29/Mar/2026:06:03:52 -0700] "GET /?fileloc=/home/falconiapl2015/.sucuriquarantine/home/falconiapl2015/public_html/wp-content/plugins/pro-elements/modules/assets-manager/asset-types/fonts/import-export-customization/.htaccess_sucuribackup.17746063494843_1774606217cleanup&path=/home/falconiapl2015/.sucuriquarantine/home/falconiapl2015/public_html/wp-content/plugins/pro-elements/modules/assets-manager/asset-types/fonts/import-export-customization HTTP/2.0" 403 3449 "https://www.falcon-ia.com/?path=/home/falconiapl2015/.sucuriquarantine/home/falconiapl2015/public_html/wp-content/plugins/pro-elements/modules/assets-manager/asset-types/fonts/import-export-customization" "Mozilla/5.0 AppleWebKit/537.36 (KHTML, like Gecko; compatible; GPTBot/1.3; +https://openai.com/gptbot)" 512 **0/512038**
216.73.216.50 - - [29/Mar/2026:06:03:52 -0700] "GET /item/3096088503?fileloc=%2Fhome%2Ffalconiapl2015%2F.ftpquota&path=%2Fhome%2Ffalconiapl2015 HTTP/2.0" 403 3449 "-" "Mozilla/5.0 AppleWebKit/537.36 (KHTML, like Gecko; compatible; ClaudeBot/1.0; +claudebot@anthropic.com)" 509 **0/509906**
216.73.216.50 - - [29/Mar/2026:06:03:54 -0700] "GET /item/1764551997?fileloc=%2Fhome%2Ffalconiapl2015%2Ftmp%2Fawstats%2Fawstats012019.falcon-ia.com.txt&path=%2Fhome%2Ffalconiapl2015%2Ftmp%2Fawstats HTTP/2.0" 403 3449 "-" "Mozilla/5.0 AppleWebKit/537.36 (KHTML, like Gecko; compatible; ClaudeBot/1.0; +claudebot@anthropic.com)" 485 **0/485237**
144.76.19.28 - - [29/Mar/2026:06:03:55 -0700] "GET /%C3%BCcretsiz-%C3%A7evrimi%C3%A7i-rulet-oyunu/?fileloc=/home/falconiapl2015/public_html/txets.php&path=/home/falconiapl2015/public_html HTTP/1.1" 200 2520 "-" "Mozilla/5.0 (compatible; SERankingBacklinksBot/1.0; +https://seranking.com/backlinks-crawler)" 492 **0/492208**
74.7.241.52 - - [29/Mar/2026:06:03:55 -0700] "GET /?path=/home/falconiapl2015/.sucuriquarantine/home/falconiapl2015/public_html/wp-content/plugins/pro-elements/modules/loop-builder/traits HTTP/2.0" 200 2706 "https://www.falcon-ia.com/?path=/home/falconiapl2015/.sucuriquarantine/home/falconiapl2015/public_html/wp-content/plugins/pro-elements/modules/loop-builder" "Mozilla/5.0 AppleWebKit/537.36 (KHTML, like Gecko; compatible; GPTBot/1.3; +https://openai.com/gptbot)" 490 **0/490013**
184.168.112.12 - - [29/Mar/2026:05:58:56 -0700] "GET /images/images/images/images/images/images/images/images/index.php?ARRAY=7o2230223n313737343739323733362p2231223n22687474703n5p2s5p2s7n733836307631332r6361746561722r626573745p2s3s6p633q7068705s636s64655s6n6326743q313737343738393133362q3862346663663162343133336565323562663061613162326136316265633161222p2232223n226232376235336437313237313933653337636436313435306631343737333261222p2233223n223066316239643631313364633062616262353764633131636633333431623962222p226175746s5s66696p655s6r616q65223n6r756p6p2p226175746s5s70617373223n6r756p6p2p2262696r675s70617373223n2232382q33342q35312q36382q37342q38392q3137227q HTTP/1.1" 503 55901 "-" "-" 300604 **300/300604234**
216.73.216.50 - - [29/Mar/2026:06:03:57 -0700] "GET /item/1143665591?fileloc=%2Fhome%2Ffalconiapl2015%2Fetc%2Fftpquota&path=%2Fhome%2Ffalconiapl2015%2Fetc HTTP/2.0" 403 3449 "-" "Mozilla/5.0 AppleWebKit/537.36 (KHTML, like Gecko; compatible; ClaudeBot/1.0; +claudebot@anthropic.com)" 489 **0/489580**
74.7.241.52 - - [29/Mar/2026:06:03:58 -0700] "GET /?fileloc=/home/falconiapl2015/.sucuriquarantine/home/falconiapl2015/public_html/wp-content/plugins/pro-elements/modules/nested-carousel/.htaccess_sucuribackup.17746063517468_1774606217cleanup&path=/home/falconiapl2015/.sucuriquarantine/home/falconiapl2015/public_html/wp-content/plugins/pro-elements/modules/nested-carousel HTTP/2.0" 403 3449 "https://www.falcon-ia.com/?path=/home/falconiapl2015/.sucuriquarantine/home/falconiapl2015/public_html/wp-content/plugins/pro-elements/modules/nested-carousel" "Mozilla/5.0 AppleWebKit/537.36 (KHTML, like Gecko; compatible; GPTBot/1.3; +https://openai.com/gptbot)" 506 **0/506076**
144.76.19.28 - - [29/Mar/2026:06:04:00 -0700] "GET /oyun-oyna-yasal-kumarhane-slot-kumar-makinesi/?fileloc=/home/falconiapl2015/public_html/.htaccess&path=/home/falconiapl2015/public_html HTTP/1.1" 200 3281 "-" "Mozilla/5.0 (compatible; SERankingBacklinksBot/1.0; +https://seranking.com/backlinks-crawler)" 496 **0/496363**
216.73.216.50 - - [29/Mar/2026:06:04:00 -0700] "GET /item/430338372?fileloc=%2Fhome%2Ffalconiapl2015%2F.contactemail&path=%2Fhome%2Ffalconiapl2015 HTTP/2.0" 403 3449 "-" "Mozilla/5.0 AppleWebKit/537.36 (KHTML, like Gecko; compatible; ClaudeBot/1.0; +claudebot@anthropic.com)" 529 **0/529118**
74.7.241.52 - - [29/Mar/2026:06:04:01 -0700] "GET /?path=/home/falconiapl2015/.sucuriquarantine/home/falconiapl2015/public_html/wp-content/plugins/pro-elements/modules/nested-carousel/widgets HTTP/2.0" 200 2706 "https://www.falcon-ia.com/?path=/home/falconiapl2015/.sucuriquarantine/home/falconiapl2015/public_html/wp-content/plugins/pro-elements/modules/nested-carousel" "Mozilla/5.0 AppleWebKit/537.36 (KHTML, like Gecko; compatible; GPTBot/1.3; +https://openai.com/gptbot)" 594 **0/594967**
216.73.216.50 - - [29/Mar/2026:06:04:03 -0700] "GET /item/1764551997?fileloc=%2Fhome%2Ffalconiapl2015%2Ftmp%2Fawstats%2Fawstats092018.falcon-ia.com.txt&path=%2Fhome%2Ffalconiapl2015%2Ftmp%2Fawstats HTTP/2.0" 403 3449 "-" "Mozilla/5.0 AppleWebKit/537.36 (KHTML, like Gecko; compatible; ClaudeBot/1.0; +claudebot@anthropic.com)" 510 **0/510087**
74.7.241.52 - - [29/Mar/2026:06:04:04 -0700] "GET /?fileloc=/home/falconiapl2015/.sucuriquarantine/home/falconiapl2015/public_html/wp-content/plugins/pro-elements/modules/forms/actions/.htaccess_sucuribackup.17746063498765_1774606217cleanup&path=/home/falconiapl2015/.sucuriquarantine/home/falconiapl2015/public_html/wp-content/plugins/pro-elements/modules/forms/actions HTTP/2.0" 403 3449 "https://www.falcon-ia.com/?path=/home/falconiapl2015/.sucuriquarantine/home/falconiapl2015/public_html/wp-content/plugins/pro-elements/modules/forms/actions" "Mozilla/5.0 AppleWebKit/537.36 (KHTML, like Gecko; compatible; GPTBot/1.3; +https://openai.com/gptbot)" 496 **0/496049**
144.76.19.28 - - [29/Mar/2026:06:04:06 -0700] "GET /oyun-oyna-yasal-kumarhane-slot-kumar-makinesi/?fileloc=/home/falconiapl2015/public_html/error_log&path=/home/falconiapl2015/public_html HTTP/1.1" 200 2631 "-" "Mozilla/5.0 (compatible; SERankingBacklinksBot/1.0; +https://seranking.com/backlinks-crawler)" 513 **0/513950**
216.73.216.50 - - [29/Mar/2026:06:04:06 -0700] "GET /item/1764551997?fileloc=%2Fhome%2Ffalconiapl2015%2Ftmp%2Fawstats%2Fawstats042019.falcon-ia.com.txt&path=%2Fhome%2Ffalconiapl2015%2Ftmp%2Fawstats HTTP/2.0" 403 3449 "-" "Mozilla/5.0 AppleWebKit/537.36 (KHTML, like Gecko; compatible; ClaudeBot/1.0; +claudebot@anthropic.com)" 536 **0/536238**
74.7.241.52 - - [29/Mar/2026:06:04:07 -0700] "GET /?path=/home/falconiapl2015/.sucuriquarantine/home/falconiapl2015/public_html/wp-content/plugins/pro-elements/modules/slides/controls HTTP/2.0" 200 2701 "https://www.falcon-ia.com/?path=/home/falconiapl2015/.sucuriquarantine/home/falconiapl2015/public_html/wp-content/plugins/pro-elements/modules/slides" "Mozilla/5.0 AppleWebKit/537.36 (KHTML, like Gecko; compatible; GPTBot/1.3; +https://openai.com/gptbot)" 499 **0/499784**
216.73.216.50 - - [29/Mar/2026:06:04:09 -0700] "GET /item/4162684901?fileloc=%2Fhome%2Ffalconiapl2015%2F.bash_profile.rpmnew&path=%2Fhome%2Ffalconiapl2015 HTTP/2.0" 403 3449 "-" "Mozilla/5.0 AppleWebKit/537.36 (KHTML, like Gecko; compatible; ClaudeBot/1.0; +claudebot@anthropic.com)" 523 **0/523105**
74.7.241.52 - - [29/Mar/2026:06:04:11 -0700] "GET /?fileloc=/home/falconiapl2015/.sucuriquarantine/home/falconiapl2015/public_html/wp-content/plugins/pro-elements/modules/role-manager/.htaccess_sucuribackup.17746063515408_1774606217cleanup&path=/home/falconiapl2015/.sucuriquarantine/home/falconiapl2015/public_html/wp-content/plugins/pro-elements/modules/role-manager HTTP/2.0" 403 3449 "https://www.falcon-ia.com/?path=/home/falconiapl2015/.sucuriquarantine/home/falconiapl2015/public_html/wp-content/plugins/pro-elements/modules/role-manager" "Mozilla/5.0 AppleWebKit/537.36 (KHTML, like Gecko; compatible; GPTBot/1.3; +https://openai.com/gptbot)" 514 **0/514926**
144.76.19.28 - - [29/Mar/2026:06:04:11 -0700] "GET /oyun-oyna-yasal-kumarhane-slot-kumar-makinesi/?fileloc=/home/falconiapl2015/public_html/gbmfx.php&path=/home/falconiapl2015/public_html HTTP/1.1" 200 5887 "-" "Mozilla/5.0 (compatible; SERankingBacklinksBot/1.0; +https://seranking.com/backlinks-crawler)" 498 **0/498423**
216.73.216.50 - - [29/Mar/2026:06:04:12 -0700] "GET /item/4162684901?fileloc=%2Fhome%2Ffalconiapl2015%2F.myimunify_id&path=%2Fhome%2Ffalconiapl2015 HTTP/2.0" 403 3449 "-" "Mozilla/5.0 AppleWebKit/537.36 (KHTML, like Gecko; compatible; ClaudeBot/1.0; +claudebot@anthropic.com)" 509 **0/509223**
74.7.241.52 - - [29/Mar/2026:06:04:14 -0700] "GET /?fileloc=/home/falconiapl2015/.sucuriquarantine/home/falconiapl2015/public_html/wp-content/plugins/pro-elements/modules/forms/fields/.htaccess_sucuribackup.17746063499533_1774606217cleanup&path=/home/falconiapl2015/.sucuriquarantine/home/falconiapl2015/public_html/wp-content/plugins/pro-elements/modules/forms/fields HTTP/2.0" 403 3449 "https://www.falcon-ia.com/?path=/home/falconiapl2015/.sucuriquarantine/home/falconiapl2015/public_html/wp-content/plugins/pro-elements/modules/forms/fields" "Mozilla/5.0 AppleWebKit/537.36 (KHTML, like Gecko; compatible; GPTBot/1.3; +https://openai.com/gptbot)" 499 **0/499656**
216.73.216.50 - - [29/Mar/2026:06:04:15 -0700] "GET /item/3575996491?fileloc=%2Fhome%2Ffalconiapl2015%2Ftmp%2Fawstats%2Fawstats062020.falcon-ia.com.txt&path=%2Fhome%2Ffalconiapl2015%2Ftmp%2Fawstats HTTP/2.0" 403 3449 "-" "Mozilla/5.0 AppleWebKit/537.36 (KHTML, like Gecko; compatible; ClaudeBot/1.0; +claudebot@anthropic.com)" 519 **0/519339**
144.76.19.28 - - [29/Mar/2026:06:04:17 -0700] "GET /oyun-oyna-yasal-kumarhane-slot-kumar-makinesi/?fileloc=/home/falconiapl2015/public_html/index.php&path=/home/falconiapl2015/public_html HTTP/1.1" 200 11456 "-" "Mozilla/5.0 (compatible; SERankingBacklinksBot/1.0; +https://seranking.com/backlinks-crawler)" 530 **0/530269**
74.7.241.52 - - [29/Mar/2026:06:04:17 -0700] "GET /?fileloc=/home/falconiapl2015/.sucuriquarantine/home/falconiapl2015/public_html/wp-content/plugins/pro-elements/modules/table-of-contents/.htaccess_sucuribackup.17746063489919_1774606217cleanup&path=/home/falconiapl2015/.sucuriquarantine/home/falconiapl2015/public_html/wp-content/plugins/pro-elements/modules/table-of-contents HTTP/2.0" 403 3449 "https://www.falcon-ia.com/?path=/home/falconiapl2015/.sucuriquarantine/home/falconiapl2015/public_html/wp-content/plugins/pro-elements/modules/table-of-contents" "Mozilla/5.0 AppleWebKit/537.36 (KHTML, like Gecko; compatible; GPTBot/1.3; +https://openai.com/gptbot)" 522 **0/522259**
