216.73.216.50 - - [29/Mar/2026:05:41:34 -0700] "GET /item/3808581755?fileloc=%2Fhome%2Ffalconiapl2015%2Fpublic_html%2Fwp-includes%2F.htaccess&path=%2Fhome%2Ffalconiapl2015%2Fpublic_html%2Fwp-includes HTTP/2.0" 403 3449 "-" "Mozilla/5.0 AppleWebKit/537.36 (KHTML, like Gecko; compatible; ClaudeBot/1.0; +claudebot@anthropic.com)" 499 **0/499954**
74.7.241.52 - - [29/Mar/2026:05:41:35 -0700] "GET /?fileloc=/home/falconiapl2015/.sucuriquarantine/home/falconiapl2015/public_html/wp-content/plugins/wp-file-manager/lib/themes/windows%20-%2010/.htaccess_sucuribackup.17746064284892_1774606217cleanup&path=/home/falconiapl2015/.sucuriquarantine/home/falconiapl2015/public_html/wp-content/plugins/wp-file-manager/lib/themes/windows%20-%2010 HTTP/2.0" 403 3449 "https://www.falcon-ia.com/?path=/home/falconiapl2015/.sucuriquarantine/home/falconiapl2015/public_html/wp-content/plugins/wp-file-manager/lib/themes/windows%20-%2010" "Mozilla/5.0 AppleWebKit/537.36 (KHTML, like Gecko; compatible; GPTBot/1.3; +https://openai.com/gptbot)" 511 **0/511408**
185.191.171.1 - - [29/Mar/2026:05:41:37 -0700] "GET /gokmachine-online/ HTTP/1.1" 200 3956 "-" "Mozilla/5.0 (compatible; SemrushBot/7~bl; +http://www.semrush.com/bot.html)" 502 **0/502255**
216.73.216.50 - - [29/Mar/2026:05:41:37 -0700] "GET /item/202403710?fileloc=%2Fhome%2Ffalconiapl2015%2Fpublic_html%2Fwp-includes%2F.htaccess&path=%2Fhome%2Ffalconiapl2015%2Fpublic_html%2Fwp-includes HTTP/2.0" 403 3449 "-" "Mozilla/5.0 AppleWebKit/537.36 (KHTML, like Gecko; compatible; ClaudeBot/1.0; +claudebot@anthropic.com)" 494 **0/494902**
74.7.241.52 - - [29/Mar/2026:05:41:38 -0700] "GET /?path=/home/falconiapl2015/.sucuriquarantine/home/falconiapl2015/public_html/wp-content/plugins/wp-file-manager/lib/themes/windows%20-%2010/js HTTP/2.0" 200 2717 "https://www.falcon-ia.com/?path=/home/falconiapl2015/.sucuriquarantine/home/falconiapl2015/public_html/wp-content/plugins/wp-file-manager/lib/themes/windows%20-%2010" "Mozilla/5.0 AppleWebKit/537.36 (KHTML, like Gecko; compatible; GPTBot/1.3; +https://openai.com/gptbot)" 508 **0/508751**
144.76.19.28 - - [29/Mar/2026:05:41:39 -0700] "GET /about-us/?fileloc=/home/falconiapl2015/public_html/wp-cron.php&path=/home/falconiapl2015/public_html HTTP/1.1" 200 4592 "-" "Mozilla/5.0 (compatible; SERankingBacklinksBot/1.0; +https://seranking.com/backlinks-crawler)" 500 **0/500745**
216.73.216.50 - - [29/Mar/2026:05:41:40 -0700] "GET /item/794981506?fileloc=%2F%2Flib64%2Flibslang.so.2.3.2&path=%2F%2Flib64 HTTP/2.0" 403 3449 "-" "Mozilla/5.0 AppleWebKit/537.36 (KHTML, like Gecko; compatible; ClaudeBot/1.0; +claudebot@anthropic.com)" 522 **0/522000**
74.7.241.52 - - [29/Mar/2026:05:41:41 -0700] "GET /?fileloc=/home/falconiapl2015/.sucuriquarantine/home/falconiapl2015/public_html/wp-content/plugins/elementor/data/v2/base/exceptions/.htaccess_sucuribackup.17746063731945_1774606217cleanup&path=/home/falconiapl2015/.sucuriquarantine/home/falconiapl2015/public_html/wp-content/plugins/elementor/data/v2/base/exceptions HTTP/2.0" 403 3449 "https://www.falcon-ia.com/?path=/home/falconiapl2015/.sucuriquarantine/home/falconiapl2015/public_html/wp-content/plugins/elementor/data/v2/base/exceptions" "Mozilla/5.0 AppleWebKit/537.36 (KHTML, like Gecko; compatible; GPTBot/1.3; +https://openai.com/gptbot)" 492 **0/492589**
185.191.171.12 - - [29/Mar/2026:05:41:43 -0700] "GET /commodity/spinning/concordance17197674967 HTTP/1.1" 200 3956 "-" "Mozilla/5.0 (compatible; SemrushBot/7~bl; +http://www.semrush.com/bot.html)" 505 **0/505398**
216.73.216.50 - - [29/Mar/2026:05:41:43 -0700] "GET /item/2026427607?fileloc=%2F%2Flib64%2Flibxcb-xtest.so&path=%2F%2Flib64 HTTP/2.0" 200 5511 "-" "Mozilla/5.0 AppleWebKit/537.36 (KHTML, like Gecko; compatible; ClaudeBot/1.0; +claudebot@anthropic.com)" 493 **0/493902**
74.7.241.52 - - [29/Mar/2026:05:41:44 -0700] "GET /?fileloc=/home/falconiapl2015/.sucuriquarantine/home/falconiapl2015/public_html/wp-content/plugins/elementskit/modules/glass-morphism/.htaccess_sucuribackup.1774606436745_1774606217cleanup&path=/home/falconiapl2015/.sucuriquarantine/home/falconiapl2015/public_html/wp-content/plugins/elementskit/modules/glass-morphism HTTP/2.0" 403 3449 "https://www.falcon-ia.com/?path=/home/falconiapl2015/.sucuriquarantine/home/falconiapl2015/public_html/wp-content/plugins/elementskit/modules/glass-morphism" "Mozilla/5.0 AppleWebKit/537.36 (KHTML, like Gecko; compatible; GPTBot/1.3; +https://openai.com/gptbot)" 509 **0/509112**
144.76.19.28 - - [29/Mar/2026:05:41:44 -0700] "GET /about-us/?fileloc=/home/falconiapl2015/public_html/wp-load.php&path=/home/falconiapl2015/public_html HTTP/1.1" 200 4153 "-" "Mozilla/5.0 (compatible; SERankingBacklinksBot/1.0; +https://seranking.com/backlinks-crawler)" 499 **0/499396**
216.73.216.50 - - [29/Mar/2026:05:41:46 -0700] "GET /item/12603443?fileloc=%2Fhome%2Ffalconiapl2015%2Fpublic_html%2Fwp-mail.php&path=%2Fhome%2Ffalconiapl2015%2Fpublic_html HTTP/2.0" 200 5289 "-" "Mozilla/5.0 AppleWebKit/537.36 (KHTML, like Gecko; compatible; ClaudeBot/1.0; +claudebot@anthropic.com)" 492 **0/492776**
74.7.241.52 - - [29/Mar/2026:05:41:47 -0700] "GET /?fileloc=/home/falconiapl2015/.sucuriquarantine/home/falconiapl2015/public_html/wp-content/plugins/elementskit/libs/composer/vendor/build/vendor/src/ralouphie/getallheaders/.htaccess_sucuribackup.17746064365029_1774606217cleanup&path=/home/falconiapl2015/.sucuriquarantine/home/falconiapl2015/public_html/wp-content/plugins/elementskit/libs/composer/vendor/build/vendor/src/ralouphie/getallheaders HTTP/2.0" 403 3449 "https://www.falcon-ia.com/?path=/home/falconiapl2015/.sucuriquarantine/home/falconiapl2015/public_html/wp-content/plugins/elementskit/libs/composer/vendor/build/vendor/src/ralouphie/getallheaders" "Mozilla/5.0 AppleWebKit/537.36 (KHTML, like Gecko; compatible; GPTBot/1.3; +https://openai.com/gptbot)" 495 **0/495613**
185.191.171.1 - - [29/Mar/2026:05:41:48 -0700] "GET /commodity/sm/rolex17173908550 HTTP/1.1" 200 3956 "-" "Mozilla/5.0 (compatible; SemrushBot/7~bl; +http://www.semrush.com/bot.html)" 520 **0/520964**
216.73.216.50 - - [29/Mar/2026:05:41:49 -0700] "GET /item/2990729319?fileloc=%2Fhome%2Ffalconiapl2015%2Fpublic_html%2Fwp-admin%2Fjs%2Fupdates.min.js&path=%2Fhome%2Ffalconiapl2015%2Fpublic_html%2Fwp-admin%2Fjs HTTP/2.0" 200 12938 "-" "Mozilla/5.0 AppleWebKit/537.36 (KHTML, like Gecko; compatible; ClaudeBot/1.0; +claudebot@anthropic.com)" 502 **0/502737**
74.7.241.52 - - [29/Mar/2026:05:41:50 -0700] "GET /?fileloc=/home/falconiapl2015/.sucuriquarantine/home/falconiapl2015/public_html/wp-content/plugins/wp-file-manager/lib/codemirror/mode/haskell-literate/.htaccess_sucuribackup.17746064261626_1774606217cleanup&path=/home/falconiapl2015/.sucuriquarantine/home/falconiapl2015/public_html/wp-content/plugins/wp-file-manager/lib/codemirror/mode/haskell-literate HTTP/2.0" 403 3449 "https://www.falcon-ia.com/?path=/home/falconiapl2015/.sucuriquarantine/home/falconiapl2015/public_html/wp-content/plugins/wp-file-manager/lib/codemirror/mode/haskell-literate" "Mozilla/5.0 AppleWebKit/537.36 (KHTML, like Gecko; compatible; GPTBot/1.3; +https://openai.com/gptbot)" 520 **0/520165**
144.76.19.28 - - [29/Mar/2026:05:41:51 -0700] "GET /about-us/?fileloc=/home/falconiapl2015/public_html/wp-mail.php&path=/home/falconiapl2015/public_html HTTP/1.1" 200 5583 "-" "Mozilla/5.0 (compatible; SERankingBacklinksBot/1.0; +https://seranking.com/backlinks-crawler)" 489 **0/489715**
184.168.112.12 - - [29/Mar/2026:05:36:52 -0700] "GET /images/images/images/images/images/images/images/images/index.php?ARRAY=7o2230223n313737343739313431322p2231223n22687474703n5p2s5p2s7n733836307631332r6361746561722r626573745p2s3s6p633q7068705s636s64655s6n6326743q313737343738373831322q3964643031343762663032626561376265363161366264323439363133646639222p2232223n226232376235336437313237313933653337636436313435306631343737333261222p2233223n223066316239643631313364633062616262353764633131636633333431623962222p226175746s5s66696p655s6r616q65223n6r756p6p2p226175746s5s70617373223n6r756p6p2p2262696r675s70617373223n2232382q33342q35312q36382q37342q38392q3137227q HTTP/1.1" 503 55901 "-" "-" 300644 **300/300644030**
216.73.216.50 - - [29/Mar/2026:05:41:52 -0700] "GET /item/2431412713?fileloc=%2Fhome%2Ffalconiapl2015%2Fpublic_html%2Fwp-includes%2Fblocks%2F.htaccess&path=%2Fhome%2Ffalconiapl2015%2Fpublic_html%2Fwp-includes%2Fblocks HTTP/2.0" 200 2383 "-" "Mozilla/5.0 AppleWebKit/537.36 (KHTML, like Gecko; compatible; ClaudeBot/1.0; +claudebot@anthropic.com)" 494 **0/494166**
85.208.96.195 - - [29/Mar/2026:05:41:53 -0700] "GET /commodity/biking/render17205106436 HTTP/1.1" 200 3956 "-" "Mozilla/5.0 (compatible; SemrushBot/7~bl; +http://www.semrush.com/bot.html)" 525 **0/525464**
74.7.241.52 - - [29/Mar/2026:05:41:54 -0700] "GET /?fileloc=/home/falconiapl2015/.sucuriquarantine/home/falconiapl2015/public_html/wp-content/plugins/wp-file-manager/lib/codemirror/mode/yaml-frontmatter/.htaccess_sucuribackup.17746064262969_1774606217cleanup&path=/home/falconiapl2015/.sucuriquarantine/home/falconiapl2015/public_html/wp-content/plugins/wp-file-manager/lib/codemirror/mode/yaml-frontmatter HTTP/2.0" 403 3449 "https://www.falcon-ia.com/?path=/home/falconiapl2015/.sucuriquarantine/home/falconiapl2015/public_html/wp-content/plugins/wp-file-manager/lib/codemirror/mode/yaml-frontmatter" "Mozilla/5.0 AppleWebKit/537.36 (KHTML, like Gecko; compatible; GPTBot/1.3; +https://openai.com/gptbot)" 509 **0/509132**
216.73.216.50 - - [29/Mar/2026:05:41:55 -0700] "GET /item/3377275916?fileloc=%2Fhome%2Ffalconiapl2015%2Fpublic_html%2Fwp-activate.php&path=%2Fhome%2Ffalconiapl2015%2Fpublic_html HTTP/2.0" 200 4672 "-" "Mozilla/5.0 AppleWebKit/537.36 (KHTML, like Gecko; compatible; ClaudeBot/1.0; +claudebot@anthropic.com)" 492 **0/492036**
144.76.19.28 - - [29/Mar/2026:05:41:56 -0700] "GET /contact/?fileloc=/home/falconiapl2015/public_html/wp-login.php&path=/home/falconiapl2015/public_html HTTP/1.1" 200 15772 "-" "Mozilla/5.0 (compatible; SERankingBacklinksBot/1.0; +https://seranking.com/backlinks-crawler)" 514 **0/514070**
74.7.241.52 - - [29/Mar/2026:05:41:57 -0700] "GET /?fileloc=/home/falconiapl2015/.sucuriquarantine/home/falconiapl2015/public_html/wp-content/plugins/elementskit/modules/masking/assets/.htaccess_sucuribackup.1774606436646_1774606217cleanup&path=/home/falconiapl2015/.sucuriquarantine/home/falconiapl2015/public_html/wp-content/plugins/elementskit/modules/masking/assets HTTP/2.0" 403 3449 "https://www.falcon-ia.com/?path=/home/falconiapl2015/.sucuriquarantine/home/falconiapl2015/public_html/wp-content/plugins/elementskit/modules/masking/assets" "Mozilla/5.0 AppleWebKit/537.36 (KHTML, like Gecko; compatible; GPTBot/1.3; +https://openai.com/gptbot)" 484 **0/484292**
216.73.216.50 - - [29/Mar/2026:05:41:58 -0700] "GET /item/2431412713?fileloc=%2Fhome%2Ffalconiapl2015%2Fpublic_html%2Fwp-includes%2Fblocks%2Fcover.php&path=%2Fhome%2Ffalconiapl2015%2Fpublic_html%2Fwp-includes%2Fblocks HTTP/2.0" 200 3472 "-" "Mozilla/5.0 AppleWebKit/537.36 (KHTML, like Gecko; compatible; ClaudeBot/1.0; +claudebot@anthropic.com)" 518 **0/518872**
185.191.171.12 - - [29/Mar/2026:05:41:59 -0700] "GET /commodity/articulated/astronomical17212891693 HTTP/1.1" 200 3956 "-" "Mozilla/5.0 (compatible; SemrushBot/7~bl; +http://www.semrush.com/bot.html)" 534 **0/534691**
74.7.241.52 - - [29/Mar/2026:05:42:00 -0700] "GET /?fileloc=/home/falconiapl2015/.sucuriquarantine/home/falconiapl2015/public_html/wp-content/plugins/elementor/modules/global-classes/database/.htaccess_sucuribackup.1774606405936_1774606217cleanup&path=/home/falconiapl2015/.sucuriquarantine/home/falconiapl2015/public_html/wp-content/plugins/elementor/modules/global-classes/database HTTP/2.0" 403 3449 "https://www.falcon-ia.com/?path=/home/falconiapl2015/.sucuriquarantine/home/falconiapl2015/public_html/wp-content/plugins/elementor/modules/global-classes/database" "Mozilla/5.0 AppleWebKit/537.36 (KHTML, like Gecko; compatible; GPTBot/1.3; +https://openai.com/gptbot)" 579 **0/579013**
216.73.216.50 - - [29/Mar/2026:05:42:01 -0700] "GET /item/1702637264?fileloc=%2Fhome%2Ffalconiapl2015%2Fpublic_html%2Fwp-includes%2FPHPMailer%2FOAuth.php&path=%2Fhome%2Ffalconiapl2015%2Fpublic_html%2Fwp-includes%2FPHPMailer HTTP/2.0" 200 3573 "-" "Mozilla/5.0 AppleWebKit/537.36 (KHTML, like Gecko; compatible; ClaudeBot/1.0; +claudebot@anthropic.com)" 557 **0/557380**
144.76.19.28 - - [29/Mar/2026:05:42:02 -0700] "GET /our-funds/?fileloc=/home/falconiapl2015/public_html/robots.txt&path=/home/falconiapl2015/public_html HTTP/1.1" 200 2531 "-" "Mozilla/5.0 (compatible; SERankingBacklinksBot/1.0; +https://seranking.com/backlinks-crawler)" 507 **0/507997**
74.7.241.52 - - [29/Mar/2026:05:42:03 -0700] "GET /?fileloc=/home/falconiapl2015/.sucuriquarantine/home/falconiapl2015/public_html/wp-content/plugins/wpdatatables/lib/composer/.htaccess_sucuribackup.17746064151108_1774606217cleanup&path=/home/falconiapl2015/.sucuriquarantine/home/falconiapl2015/public_html/wp-content/plugins/wpdatatables/lib/composer HTTP/2.0" 403 3449 "https://www.falcon-ia.com/?path=/home/falconiapl2015/.sucuriquarantine/home/falconiapl2015/public_html/wp-content/plugins/wpdatatables/lib/composer" "Mozilla/5.0 AppleWebKit/537.36 (KHTML, like Gecko; compatible; GPTBot/1.3; +https://openai.com/gptbot)" 554 **0/554901**
216.73.216.50 - - [29/Mar/2026:05:42:04 -0700] "GET /item/3563812995?fileloc=%2Fhome%2Ffalconiapl2015%2Fpublic_html%2Fwp-trackback.php&path=%2Fhome%2Ffalconiapl2015%2Fpublic_html HTTP/2.0" 200 4108 "-" "Mozilla/5.0 AppleWebKit/537.36 (KHTML, like Gecko; compatible; ClaudeBot/1.0; +claudebot@anthropic.com)" 530 **0/530194**
185.191.171.16 - - [29/Mar/2026:05:42:05 -0700] "GET /commodity/memorial/badge17181068072 HTTP/1.1" 200 3956 "-" "Mozilla/5.0 (compatible; SemrushBot/7~bl; +http://www.semrush.com/bot.html)" 531 **0/531950**
74.7.241.52 - - [29/Mar/2026:05:42:06 -0700] "GET /?fileloc=/home/falconiapl2015/.sucuriquarantine/home/falconiapl2015/public_html/wp-content/plugins/elementskit/libs/composer/.htaccess_sucuribackup.17746064365125_1774606217cleanup&path=/home/falconiapl2015/.sucuriquarantine/home/falconiapl2015/public_html/wp-content/plugins/elementskit/libs/composer HTTP/2.0" 403 3449 "https://www.falcon-ia.com/?path=/home/falconiapl2015/.sucuriquarantine/home/falconiapl2015/public_html/wp-content/plugins/elementskit/libs/composer" "Mozilla/5.0 AppleWebKit/537.36 (KHTML, like Gecko; compatible; GPTBot/1.3; +https://openai.com/gptbot)" 497 **0/497616**
216.73.216.50 - - [29/Mar/2026:05:42:07 -0700] "GET /item/4258652309?fileloc=%2Fhome%2Ffalconiapl2015%2Fpublic_html%2Fwp-settings.php&path=%2Fhome%2Ffalconiapl2015%2Fpublic_html HTTP/2.0" 200 8340 "-" "Mozilla/5.0 AppleWebKit/537.36 (KHTML, like Gecko; compatible; ClaudeBot/1.0; +claudebot@anthropic.com)" 500 **0/500300**
144.76.19.28 - - [29/Mar/2026:05:42:08 -0700] "GET /our-funds/?fileloc=/home/falconiapl2015/public_html/xmlrpc.php&path=/home/falconiapl2015/public_html HTTP/1.1" 200 3927 "-" "Mozilla/5.0 (compatible; SERankingBacklinksBot/1.0; +https://seranking.com/backlinks-crawler)" 489 **0/489663**
85.208.96.200 - - [29/Mar/2026:05:42:10 -0700] "GET /commodity/capturing/aspirations17187192684 HTTP/1.1" 200 3956 "-" "Mozilla/5.0 (compatible; SemrushBot/7~bl; +http://www.semrush.com/bot.html)" 507 **0/507284**
216.73.216.50 - - [29/Mar/2026:05:42:10 -0700] "GET /item/4269788293?fileloc=%2Fhome%2Ffalconiapl2015%2Fpublic_html%2Fwp-settings.php&path=%2Fhome%2Ffalconiapl2015%2Fpublic_html HTTP/2.0" 200 8340 "-" "Mozilla/5.0 AppleWebKit/537.36 (KHTML, like Gecko; compatible; ClaudeBot/1.0; +claudebot@anthropic.com)" 507 **0/507212**
74.7.241.52 - - [29/Mar/2026:05:42:09 -0700] "GET /?fileloc=/home/falconiapl2015/.sucuriquarantine/home/falconiapl2015/public_html/wp-content/plugins/elementor/core/responsive/.htaccess_sucuribackup.17746064048964_1774606217cleanup&path=/home/falconiapl2015/.sucuriquarantine/home/falconiapl2015/public_html/wp-content/plugins/elementor/core/responsive HTTP/2.0" 403 3449 "https://www.falcon-ia.com/?path=/home/falconiapl2015/.sucuriquarantine/home/falconiapl2015/public_html/wp-content/plugins/elementor/core/responsive" "Mozilla/5.0 AppleWebKit/537.36 (KHTML, like Gecko; compatible; GPTBot/1.3; +https://openai.com/gptbot)" 2982 **2/2982059**
74.7.241.52 - - [29/Mar/2026:05:42:12 -0700] "GET /?fileloc=/home/falconiapl2015/.sucuriquarantine/home/falconiapl2015/public_html/wp-content/plugins/wp-file-manager/lib/themes/windows%20-%2010/js/.htaccess_sucuribackup.1774606428524_1774606217cleanup&path=/home/falconiapl2015/.sucuriquarantine/home/falconiapl2015/public_html/wp-content/plugins/wp-file-manager/lib/themes/windows%20-%2010/js HTTP/2.0" 403 3449 "https://www.falcon-ia.com/?path=/home/falconiapl2015/.sucuriquarantine/home/falconiapl2015/public_html/wp-content/plugins/wp-file-manager/lib/themes/windows%20-%2010/js" "Mozilla/5.0 AppleWebKit/537.36 (KHTML, like Gecko; compatible; GPTBot/1.3; +https://openai.com/gptbot)" 495 **0/495640**
216.73.216.50 - - [29/Mar/2026:05:42:13 -0700] "GET /item/3661790623?fileloc=%2Fhome%2Ffalconiapl2015%2Fpublic_html%2Fwp-includes%2Fsitemaps%2Fclass-wp-sitemaps-index.php&path=%2Fhome%2Ffalconiapl2015%2Fpublic_html%2Fwp-includes%2Fsitemaps HTTP/2.0" 200 3020 "-" "Mozilla/5.0 AppleWebKit/537.36 (KHTML, like Gecko; compatible; ClaudeBot/1.0; +claudebot@anthropic.com)" 490 **0/490253**
184.168.112.12 - - [29/Mar/2026:05:37:14 -0700] "GET /images/images/images/images/images/images/images/images/index.php?ARRAY=7o2230223n313737343739313433342p2231223n22687474703n5p2s5p2s7n733836307631332r6361746561722r626573745p2s3s6p633q7068705s636s64655s6n6326743q313737343738373833342q3162306536623930373565653161346334393339326130393434336561346263222p2232223n226232376235336437313237313933653337636436313435306631343737333261222p2233223n223066316239643631313364633062616262353764633131636633333431623962222p226175746s5s66696p655s6r616q65223n6r756p6p2p226175746s5s70617373223n6r756p6p2p2262696r675s70617373223n2232382q33342q35312q36382q37342q38392q3137227q HTTP/1.1" 503 55901 "-" "-" 300602 **300/300602191**
144.76.19.28 - - [29/Mar/2026:05:42:14 -0700] "GET /oyun-oyna-yasal-kumarhane-slot-kumar-makinesi/?path=/home/falconiapl2015/public_html/.easyssl_backup HTTP/1.1" 200 3151 "-" "Mozilla/5.0 (compatible; SERankingBacklinksBot/1.0; +https://seranking.com/backlinks-crawler)" 513 **0/513985**
185.191.171.2 - - [29/Mar/2026:05:42:15 -0700] "GET /commodity/preferred/quicker171718482750 HTTP/1.1" 200 3956 "-" "Mozilla/5.0 (compatible; SemrushBot/7~bl; +http://www.semrush.com/bot.html)" 484 **0/484058**
74.7.241.52 - - [29/Mar/2026:05:42:15 -0700] "GET /?fileloc=/home/falconiapl2015/.sucuriquarantine/home/falconiapl2015/public_html/wp-content/plugins/elementor-pro/modules/screenshots/.htaccess_sucuribackup.17746063703326_1774606217cleanup&path=/home/falconiapl2015/.sucuriquarantine/home/falconiapl2015/public_html/wp-content/plugins/elementor-pro/modules/screenshots HTTP/2.0" 403 3449 "https://www.falcon-ia.com/?path=/home/falconiapl2015/.sucuriquarantine/home/falconiapl2015/public_html/wp-content/plugins/elementor-pro/modules/screenshots" "Mozilla/5.0 AppleWebKit/537.36 (KHTML, like Gecko; compatible; GPTBot/1.3; +https://openai.com/gptbot)" 504 **0/504467**
216.73.216.50 - - [29/Mar/2026:05:42:16 -0700] "GET /item/2668545403?fileloc=%2Fhome%2Ffalconiapl2015%2Fpublic_html%2Fwp-includes%2Fl10n%2Fclass-wp-translation-file-php.php&path=%2Fhome%2Ffalconiapl2015%2Fpublic_html%2Fwp-includes%2Fl10n HTTP/2.0" 200 3007 "-" "Mozilla/5.0 AppleWebKit/537.36 (KHTML, like Gecko; compatible; ClaudeBot/1.0; +claudebot@anthropic.com)" 512 **0/512286**
74.7.241.52 - - [29/Mar/2026:05:42:19 -0700] "GET /?fileloc=/home/falconiapl2015/.sucuriquarantine/home/falconiapl2015/public_html/wp-content/plugins/wpdatatables/assets/fonts/.htaccess_sucuribackup.17746064232081_1774606217cleanup&path=/home/falconiapl2015/.sucuriquarantine/home/falconiapl2015/public_html/wp-content/plugins/wpdatatables/assets/fonts HTTP/2.0" 403 3449 "https://www.falcon-ia.com/?path=/home/falconiapl2015/.sucuriquarantine/home/falconiapl2015/public_html/wp-content/plugins/wpdatatables/assets/fonts" "Mozilla/5.0 AppleWebKit/537.36 (KHTML, like Gecko; compatible; GPTBot/1.3; +https://openai.com/gptbot)" 515 **0/515801**
85.208.96.195 - - [29/Mar/2026:05:42:19 -0700] "GET /commodity/bowie/evan17194909923 HTTP/1.1" 200 3956 "-" "Mozilla/5.0 (compatible; SemrushBot/7~bl; +http://www.semrush.com/bot.html)" 489 **0/489227**
144.76.19.28 - - [29/Mar/2026:05:42:19 -0700] "GET /%3Cbr%20/%3E%20%3Cb%3EDeprecated%3C/b%3E:%20ltrim%28%29:%20Passing%20null%20to%20parameter?path=/home HTTP/1.1" 200 2772 "-" "Mozilla/5.0 (compatible; SERankingBacklinksBot/1.0; +https://seranking.com/backlinks-crawler)" 518 **0/518295**
114.119.151.172 - - [29/Mar/2026:05:42:21 -0700] "GET /commodity/sgt/reflect171618071579?fileloc=/home/falconiapl2015/public_html/wp-includes/class-wp-customize-widgets.php&path=/home/falconiapl2015/public_html/wp-includes HTTP/1.1" 200 19518 "https://falcon-ia.com/commodity/sgt/reflect171618071579?path=/home/falconiapl2015/public_html/wp-includes" "Mozilla/5.0 (Linux; Android 7.0;) AppleWebKit/537.36 (KHTML, like Gecko) Mobile Safari/537.36 (compatible; PetalBot;+https://webmaster.petalsearch.com/site/petalbot)" 496 **0/496293**
74.7.241.52 - - [29/Mar/2026:05:42:22 -0700] "GET /?fileloc=/home/falconiapl2015/.sucuriquarantine/home/falconiapl2015/public_html/wp-content/plugins/wpdatatables/integrations/page_builders/divi-wpdt/includes/fields/.htaccess_sucuribackup.17746064100743_1774606217cleanup&path=/home/falconiapl2015/.sucuriquarantine/home/falconiapl2015/public_html/wp-content/plugins/wpdatatables/integrations/page_builders/divi-wpdt/includes/fields HTTP/2.0" 403 3449 "https://www.falcon-ia.com/?path=/home/falconiapl2015/.sucuriquarantine/home/falconiapl2015/public_html/wp-content/plugins/wpdatatables/integrations/page_builders/divi-wpdt/includes/fields" "Mozilla/5.0 AppleWebKit/537.36 (KHTML, like Gecko; compatible; GPTBot/1.3; +https://openai.com/gptbot)" 523 **0/523660**
216.73.216.50 - - [29/Mar/2026:05:42:22 -0700] "GET /item/1112382865?fileloc=%2Fhome%2Ffalconiapl2015%2Fpublic_html%2Fwp-includes%2Ftheme-i18n.json&path=%2Fhome%2Ffalconiapl2015%2Fpublic_html%2Fwp-includes HTTP/2.0" 200 2686 "-" "Mozilla/5.0 AppleWebKit/537.36 (KHTML, like Gecko; compatible; ClaudeBot/1.0; +claudebot@anthropic.com)" 499 **0/499010**
216.73.216.50 - - [29/Mar/2026:05:42:24 -0700] "GET /item/2556598547?fileloc=%2Fhome%2Ffalconiapl2015%2Fpublic_html%2Fwp-blog-header.php&path=%2Fhome%2Ffalconiapl2015%2Fpublic_html HTTP/2.0" 200 2447 "-" "Mozilla/5.0 AppleWebKit/537.36 (KHTML, like Gecko; compatible; ClaudeBot/1.0; +claudebot@anthropic.com)" 495 **0/495161**
74.7.241.52 - - [29/Mar/2026:05:42:25 -0700] "GET /?fileloc=/home/falconiapl2015/.sucuriquarantine/home/falconiapl2015/public_html/wp-content/plugins/elementor-pro/modules/woocommerce/.htaccess_sucuribackup.17746063703611_1774606217cleanup&path=/home/falconiapl2015/.sucuriquarantine/home/falconiapl2015/public_html/wp-content/plugins/elementor-pro/modules/woocommerce HTTP/2.0" 403 3449 "https://www.falcon-ia.com/?path=/home/falconiapl2015/.sucuriquarantine/home/falconiapl2015/public_html/wp-content/plugins/elementor-pro/modules/woocommerce" "Mozilla/5.0 AppleWebKit/537.36 (KHTML, like Gecko; compatible; GPTBot/1.3; +https://openai.com/gptbot)" 503 **0/503315**
185.191.171.2 - - [29/Mar/2026:05:42:25 -0700] "GET /commodity/congenital/sarasota1716412739 HTTP/1.1" 200 3956 "-" "Mozilla/5.0 (compatible; SemrushBot/7~bl; +http://www.semrush.com/bot.html)" 514 **0/514201**
144.76.19.28 - - [29/Mar/2026:05:42:25 -0700] "GET /2024/07/19/?fileloc=/home/falconiapl2015/public_html/robots.txt&path=/home/falconiapl2015/public_html HTTP/1.1" 200 2531 "-" "Mozilla/5.0 (compatible; SERankingBacklinksBot/1.0; +https://seranking.com/backlinks-crawler)" 499 **0/499256**
216.73.216.50 - - [29/Mar/2026:05:42:27 -0700] "GET /item/34058644?fileloc=%2Fhome%2Ffalconiapl2015%2Fpublic_html%2Fwp-login.php&path=%2Fhome%2Ffalconiapl2015%2Fpublic_html HTTP/2.0" 200 15079 "-" "Mozilla/5.0 AppleWebKit/537.36 (KHTML, like Gecko; compatible; ClaudeBot/1.0; +claudebot@anthropic.com)" 495 **0/495215**
74.7.241.52 - - [29/Mar/2026:05:42:28 -0700] "GET /?fileloc=/home/falconiapl2015/.sucuriquarantine/home/falconiapl2015/public_html/wp-content/plugins/wpdatatables/lib/firebase/.htaccess_sucuribackup.17746064106414_1774606217cleanup&path=/home/falconiapl2015/.sucuriquarantine/home/falconiapl2015/public_html/wp-content/plugins/wpdatatables/lib/firebase HTTP/2.0" 403 3449 "https://www.falcon-ia.com/?path=/home/falconiapl2015/.sucuriquarantine/home/falconiapl2015/public_html/wp-content/plugins/wpdatatables/lib/firebase" "Mozilla/5.0 AppleWebKit/537.36 (KHTML, like Gecko; compatible; GPTBot/1.3; +https://openai.com/gptbot)" 522 **0/522950**
185.191.171.4 - - [29/Mar/2026:05:42:30 -0700] "GET /commodity/lithium/laurence171913666582 HTTP/1.1" 200 3956 "-" "Mozilla/5.0 (compatible; SemrushBot/7~bl; +http://www.semrush.com/bot.html)" 493 **0/493505**
216.73.216.50 - - [29/Mar/2026:05:42:30 -0700] "GET /item/2457720633?fileloc=%2Fhome%2Ffalconiapl2015%2Fpublic_html%2Fwp-includes%2Fblock-supports%2Fdimensions.php&path=%2Fhome%2Ffalconiapl2015%2Fpublic_html%2Fwp-includes%2Fblock-supports HTTP/2.0" 200 3864 "-" "Mozilla/5.0 AppleWebKit/537.36 (KHTML, like Gecko; compatible; ClaudeBot/1.0; +claudebot@anthropic.com)" 485 **0/485717**
74.7.241.52 - - [29/Mar/2026:05:42:31 -0700] "GET /?fileloc=/home/falconiapl2015/.sucuriquarantine/home/falconiapl2015/public_html/wp-content/plugins/elementor/includes/widgets/traits/.htaccess_sucuribackup.17746064091798_1774606217cleanup&path=/home/falconiapl2015/.sucuriquarantine/home/falconiapl2015/public_html/wp-content/plugins/elementor/includes/widgets/traits HTTP/2.0" 403 3449 "https://www.falcon-ia.com/?path=/home/falconiapl2015/.sucuriquarantine/home/falconiapl2015/public_html/wp-content/plugins/elementor/includes/widgets/traits" "Mozilla/5.0 AppleWebKit/537.36 (KHTML, like Gecko; compatible; GPTBot/1.3; +https://openai.com/gptbot)" 504 **0/504528**
144.76.19.28 - - [29/Mar/2026:05:42:31 -0700] "GET /2024/07/19/?fileloc=/home/falconiapl2015/public_html/xmlrpc.php&path=/home/falconiapl2015/public_html HTTP/1.1" 200 3927 "-" "Mozilla/5.0 (compatible; SERankingBacklinksBot/1.0; +https://seranking.com/backlinks-crawler)" 486 **0/486226**
216.73.216.50 - - [29/Mar/2026:05:42:33 -0700] "GET /item/1322033010?fileloc=%2Fhome%2Ffalconiapl2015%2Fpublic_html%2Fwp-config.php&path=%2Fhome%2Ffalconiapl2015%2Fpublic_html HTTP/2.0" 200 3422 "-" "Mozilla/5.0 AppleWebKit/537.36 (KHTML, like Gecko; compatible; ClaudeBot/1.0; +claudebot@anthropic.com)" 484 **0/484218**
74.7.241.52 - - [29/Mar/2026:05:42:34 -0700] "GET /?fileloc=/home/falconiapl2015/.sucuriquarantine/home/falconiapl2015/public_html/wp-content/plugins/elementor/modules/atomic-widgets/controls/.htaccess_sucuribackup.1774606406848_1774606217cleanup&path=/home/falconiapl2015/.sucuriquarantine/home/falconiapl2015/public_html/wp-content/plugins/elementor/modules/atomic-widgets/controls HTTP/2.0" 403 3449 "https://www.falcon-ia.com/?path=/home/falconiapl2015/.sucuriquarantine/home/falconiapl2015/public_html/wp-content/plugins/elementor/modules/atomic-widgets/controls" "Mozilla/5.0 AppleWebKit/537.36 (KHTML, like Gecko; compatible; GPTBot/1.3; +https://openai.com/gptbot)" 524 **0/524007**
185.191.171.2 - - [29/Mar/2026:05:42:35 -0700] "GET /?p=22902 HTTP/1.1" 200 3956 "-" "Mozilla/5.0 (compatible; SemrushBot/7~bl; +http://www.semrush.com/bot.html)" 513 **0/513052**
184.168.112.12 - - [29/Mar/2026:05:37:36 -0700] "GET /images/images/images/images/images/images/images/images/index.php?ARRAY=7o2230223n313737343739313435362p2231223n22687474703n5p2s5p2s7n733836307631332r6361746561722r626573745p2s3s6p633q7068705s636s64655s6n6326743q313737343738373835362q3664613931646332396635376639353139366233643139383034343664643831222p2232223n226232376235336437313237313933653337636436313435306631343737333261222p2233223n223066316239643631313364633062616262353764633131636633333431623962222p226175746s5s66696p655s6r616q65223n6r756p6p2p226175746s5s70617373223n6r756p6p2p2262696r675s70617373223n2232382q33342q35312q36382q37342q38392q3137227q HTTP/1.1" 503 55901 "-" "-" 300600 **300/300600213**
216.73.216.50 - - [29/Mar/2026:05:42:36 -0700] "GET /item/2258710425?path=%2Fhome%2Ffalconiapl2015%2Fnew%2Fwp-content HTTP/2.0" 200 2561 "-" "Mozilla/5.0 AppleWebKit/537.36 (KHTML, like Gecko; compatible; ClaudeBot/1.0; +claudebot@anthropic.com)" 493 **0/493870**
144.76.19.28 - - [29/Mar/2026:05:42:37 -0700] "GET /2026/01/06/?fileloc=/home/falconiapl2015/public_html/robots.txt&path=/home/falconiapl2015/public_html HTTP/1.1" 200 2531 "-" "Mozilla/5.0 (compatible; SERankingBacklinksBot/1.0; +https://seranking.com/backlinks-crawler)" 522 **0/522824**
74.7.241.52 - - [29/Mar/2026:05:42:37 -0700] "GET /?fileloc=/home/falconiapl2015/.sucuriquarantine/home/falconiapl2015/public_html/wp-content/plugins/elementor/modules/atomic-widgets/elements/.htaccess_sucuribackup.17746064063781_1774606217cleanup&path=/home/falconiapl2015/.sucuriquarantine/home/falconiapl2015/public_html/wp-content/plugins/elementor/modules/atomic-widgets/elements HTTP/2.0" 403 3449 "https://www.falcon-ia.com/?path=/home/falconiapl2015/.sucuriquarantine/home/falconiapl2015/public_html/wp-content/plugins/elementor/modules/atomic-widgets/elements" "Mozilla/5.0 AppleWebKit/537.36 (KHTML, like Gecko; compatible; GPTBot/1.3; +https://openai.com/gptbot)" 512 **0/512819**
85.208.96.194 - - [29/Mar/2026:05:42:39 -0700] "GET /commodity/contain/pragmatic171751546377 HTTP/1.1" 200 3956 "-" "Mozilla/5.0 (compatible; SemrushBot/7~bl; +http://www.semrush.com/bot.html)" 481 **0/481817**
216.73.216.50 - - [29/Mar/2026:05:42:39 -0700] "GET /item/3544149475?fileloc=%2Fhome%2Ffalconiapl2015%2Fpublic_html%2Ftxets.php&path=%2Fhome%2Ffalconiapl2015%2Fpublic_html HTTP/2.0" 200 2298 "-" "Mozilla/5.0 AppleWebKit/537.36 (KHTML, like Gecko; compatible; ClaudeBot/1.0; +claudebot@anthropic.com)" 496 **0/496929**
74.7.241.52 - - [29/Mar/2026:05:42:40 -0700] "GET /?fileloc=/home/falconiapl2015/.sucuriquarantine/home/falconiapl2015/public_html/wp-content/plugins/wpdatatables/assets/img/dashboard/.htaccess_sucuribackup.17746064153701_1774606217cleanup&path=/home/falconiapl2015/.sucuriquarantine/home/falconiapl2015/public_html/wp-content/plugins/wpdatatables/assets/img/dashboard HTTP/2.0" 403 3449 "https://www.falcon-ia.com/?path=/home/falconiapl2015/.sucuriquarantine/home/falconiapl2015/public_html/wp-content/plugins/wpdatatables/assets/img/dashboard" "Mozilla/5.0 AppleWebKit/537.36 (KHTML, like Gecko; compatible; GPTBot/1.3; +https://openai.com/gptbot)" 526 **0/526852**
144.76.19.28 - - [29/Mar/2026:05:42:43 -0700] "GET /2026/01/06/?fileloc=/home/falconiapl2015/public_html/xmlrpc.php&path=/home/falconiapl2015/public_html HTTP/1.1" 200 3927 "-" "Mozilla/5.0 (compatible; SERankingBacklinksBot/1.0; +https://seranking.com/backlinks-crawler)" 504 **0/504444**
74.7.241.52 - - [29/Mar/2026:05:42:43 -0700] "GET /?fileloc=/home/falconiapl2015/.sucuriquarantine/home/falconiapl2015/public_html/wp-content/plugins/elementskit/modules/sticky-content/assets/.htaccess_sucuribackup.17746064367617_1774606217cleanup&path=/home/falconiapl2015/.sucuriquarantine/home/falconiapl2015/public_html/wp-content/plugins/elementskit/modules/sticky-content/assets HTTP/2.0" 403 3449 "https://www.falcon-ia.com/?path=/home/falconiapl2015/.sucuriquarantine/home/falconiapl2015/public_html/wp-content/plugins/elementskit/modules/sticky-content/assets" "Mozilla/5.0 AppleWebKit/537.36 (KHTML, like Gecko; compatible; GPTBot/1.3; +https://openai.com/gptbot)" 502 **0/502797**
216.73.216.50 - - [29/Mar/2026:05:42:42 -0700] "GET /item/1963668968?fileloc=%2Fhome%2Ffalconiapl2015%2Fpublic_html%2Findex.php&path=%2Fhome%2Ffalconiapl2015%2Fpublic_html HTTP/2.0" 200 10878 "-" "Mozilla/5.0 AppleWebKit/537.36 (KHTML, like Gecko; compatible; ClaudeBot/1.0; +claudebot@anthropic.com)" 3010 **3/3010801**
185.191.171.14 - - [29/Mar/2026:05:42:45 -0700] "GET /commodity/galveston/gilbert172055972452 HTTP/1.1" 200 3956 "-" "Mozilla/5.0 (compatible; SemrushBot/7~bl; +http://www.semrush.com/bot.html)" 494 **0/494198**
216.73.216.50 - - [29/Mar/2026:05:42:45 -0700] "GET /item/1363216000?fileloc=%2F%2Flib64%2Flibkrb5.so.3&path=%2F%2Flib64 HTTP/2.0" 200 294280 "-" "Mozilla/5.0 AppleWebKit/537.36 (KHTML, like Gecko; compatible; ClaudeBot/1.0; +claudebot@anthropic.com)" 615 **0/615835**
74.7.241.52 - - [29/Mar/2026:05:42:46 -0700] "GET /?fileloc=/home/falconiapl2015/.sucuriquarantine/home/falconiapl2015/public_html/wp-content/plugins/elementskit-lite/modules/megamenu/.htaccess_sucuribackup.17746063571088_1774606217cleanup&path=/home/falconiapl2015/.sucuriquarantine/home/falconiapl2015/public_html/wp-content/plugins/elementskit-lite/modules/megamenu HTTP/2.0" 403 3449 "https://www.falcon-ia.com/?path=/home/falconiapl2015/.sucuriquarantine/home/falconiapl2015/public_html/wp-content/plugins/elementskit-lite/modules/megamenu" "Mozilla/5.0 AppleWebKit/537.36 (KHTML, like Gecko; compatible; GPTBot/1.3; +https://openai.com/gptbot)" 504 **0/504663**
144.76.19.28 - - [29/Mar/2026:05:42:48 -0700] "GET /about-us/?fileloc=/home/falconiapl2015/public_html/wp-login.php&path=/home/falconiapl2015/public_html HTTP/1.1" 200 15772 "-" "Mozilla/5.0 (compatible; SERankingBacklinksBot/1.0; +https://seranking.com/backlinks-crawler)" 526 **0/526863**
216.73.216.50 - - [29/Mar/2026:05:42:48 -0700] "GET /item/1975852464?fileloc=%2Fhome%2Ffalconiapl2015%2Fpublic_html%2Fwp-cron.php&path=%2Fhome%2Ffalconiapl2015%2Fpublic_html HTTP/2.0" 200 4272 "-" "Mozilla/5.0 AppleWebKit/537.36 (KHTML, like Gecko; compatible; ClaudeBot/1.0; +claudebot@anthropic.com)" 492 **0/492996**
74.7.241.52 - - [29/Mar/2026:05:42:49 -0700] "GET /?path=/home/falconiapl2015/.sucuriquarantine/home/falconiapl2015/public_html/wp-admin/css/colors/blue HTTP/2.0" 200 2719 "https://www.falcon-ia.com/?path=/home/falconiapl2015/.sucuriquarantine/home/falconiapl2015/public_html/wp-admin/css/colors" "Mozilla/5.0 AppleWebKit/537.36 (KHTML, like Gecko; compatible; GPTBot/1.3; +https://openai.com/gptbot)" 525 **0/525512**
85.208.96.202 - - [29/Mar/2026:05:42:50 -0700] "GET /commodity/photographic/crafted171675161658 HTTP/1.1" 200 3956 "-" "Mozilla/5.0 (compatible; SemrushBot/7~bl; +http://www.semrush.com/bot.html)" 485 **0/485277**
216.73.216.50 - - [29/Mar/2026:05:42:51 -0700] "GET /item/1252318129?fileloc=%2Fhome%2Ffalconiapl2015%2Fpublic_html%2Fwp-includes%2Fjs%2Fmedia-models.js&path=%2Fhome%2Ffalconiapl2015%2Fpublic_html%2Fwp-includes%2Fjs HTTP/2.0" 200 12936 "-" "Mozilla/5.0 AppleWebKit/537.36 (KHTML, like Gecko; compatible; ClaudeBot/1.0; +claudebot@anthropic.com)" 507 **0/507242**
74.7.241.52 - - [29/Mar/2026:05:42:52 -0700] "GET /?path=/home/falconiapl2015/.sucuriquarantine/home/falconiapl2015/public_html/wp-content/plugins/elementor/modules/floating-buttons/admin-menu-items HTTP/2.0" 200 2714 "https://www.falcon-ia.com/?path=/home/falconiapl2015/.sucuriquarantine/home/falconiapl2015/public_html/wp-content/plugins/elementor/modules/floating-buttons" "Mozilla/5.0 AppleWebKit/537.36 (KHTML, like Gecko; compatible; GPTBot/1.3; +https://openai.com/gptbot)" 494 **0/494899**
144.76.19.28 - - [29/Mar/2026:05:42:54 -0700] "GET /canl%C4%B1-rulet-masas%C4%B1nda-nas%C4%B1l-kazan%C4%B1l%C4%B1r/?path=/home/falconiapl2015/public_html HTTP/1.1" 200 3956 "-" "Mozilla/5.0 (compatible; SERankingBacklinksBot/1.0; +https://seranking.com/backlinks-crawler)" 489 **0/489637**
216.73.216.50 - - [29/Mar/2026:05:42:54 -0700] "GET /item/933419436?fileloc=%2Fhome%2Ffalconiapl2015%2Fpublic_html%2Fwp-cron.php&path=%2Fhome%2Ffalconiapl2015%2Fpublic_html HTTP/2.0" 200 4272 "-" "Mozilla/5.0 AppleWebKit/537.36 (KHTML, like Gecko; compatible; ClaudeBot/1.0; +claudebot@anthropic.com)" 507 **0/507148**
185.191.171.12 - - [29/Mar/2026:05:42:55 -0700] "GET /commodity/opposing/programmed17215649248 HTTP/1.1" 200 3956 "-" "Mozilla/5.0 (compatible; SemrushBot/7~bl; +http://www.semrush.com/bot.html)" 489 **0/489517**
74.7.241.52 - - [29/Mar/2026:05:42:55 -0700] "GET /?path=/home/falconiapl2015/.sucuriquarantine/home/falconiapl2015/public_html/wp-content/plugins/elementor/modules/atomic-widgets/dynamic-tags HTTP/2.0" 200 2779 "https://www.falcon-ia.com/?path=/home/falconiapl2015/.sucuriquarantine/home/falconiapl2015/public_html/wp-content/plugins/elementor/modules/atomic-widgets" "Mozilla/5.0 AppleWebKit/537.36 (KHTML, like Gecko; compatible; GPTBot/1.3; +https://openai.com/gptbot)" 506 **0/506022**
216.73.216.50 - - [29/Mar/2026:05:42:57 -0700] "GET /item/3173143416?fileloc=%2Fhome%2Ffalconiapl2015%2Fpublic_html%2Fwp-trackback.php&path=%2Fhome%2Ffalconiapl2015%2Fpublic_html HTTP/2.0" 200 4108 "-" "Mozilla/5.0 AppleWebKit/537.36 (KHTML, like Gecko; compatible; ClaudeBot/1.0; +claudebot@anthropic.com)" 499 **0/499587**
184.168.112.12 - - [29/Mar/2026:05:37:58 -0700] "GET /images/images/images/images/images/images/images/images/index.php?ARRAY=7o2230223n313737343739313437382p2231223n22687474703n5p2s5p2s7n733836307631332r6361746561722r626573745p2s3s6p633q7068705s636s64655s6n6326743q313737343738373837382q6461393631396630383265393733376666623238386639386339656461373831222p2232223n226232376235336437313237313933653337636436313435306631343737333261222p2233223n223066316239643631313364633062616262353764633131636633333431623962222p226175746s5s66696p655s6r616q65223n6r756p6p2p226175746s5s70617373223n6r756p6p2p2262696r675s70617373223n2232382q33342q35312q36382q37342q38392q3137227q HTTP/1.1" 503 55901 "-" "-" 300590 **300/300590924**
74.7.241.52 - - [29/Mar/2026:05:42:59 -0700] "GET /?fileloc=/home/falconiapl2015/.sucuriquarantine/home/falconiapl2015/public_html/wp-load.php_sucuribackup.17746064386519_1774606217cleanup&path=/home/falconiapl2015/.sucuriquarantine/home/falconiapl2015/public_html HTTP/2.0" 200 5420 "https://www.falcon-ia.com/?path=/home/falconiapl2015/.sucuriquarantine/home/falconiapl2015/public_html" "Mozilla/5.0 AppleWebKit/537.36 (KHTML, like Gecko; compatible; GPTBot/1.3; +https://openai.com/gptbot)" 503 **0/503549**
144.76.19.28 - - [29/Mar/2026:05:43:00 -0700] "GET /contact/?fileloc=/home/falconiapl2015/public_html/wp-config.php&path=/home/falconiapl2015/public_html HTTP/1.1" 200 3719 "-" "Mozilla/5.0 (compatible; SERankingBacklinksBot/1.0; +https://seranking.com/backlinks-crawler)" 494 **0/494497**
185.191.171.15 - - [29/Mar/2026:05:43:00 -0700] "GET /commodity/hypermail/curtain171612382239 HTTP/1.1" 200 3956 "-" "Mozilla/5.0 (compatible; SemrushBot/7~bl; +http://www.semrush.com/bot.html)" 505 **0/505579**
216.73.216.50 - - [29/Mar/2026:05:43:00 -0700] "GET /item/1764551997?fileloc=%2Fhome%2Ffalconiapl2015%2Fcache%2Fcache_2eacf63da3b445ea47e71e2de5802bd1&path=%2Fhome%2Ffalconiapl2015%2Fcache HTTP/2.0" 200 2273 "-" "Mozilla/5.0 AppleWebKit/537.36 (KHTML, like Gecko; compatible; ClaudeBot/1.0; +claudebot@anthropic.com)" 515 **0/515052**
74.7.241.52 - - [29/Mar/2026:05:43:02 -0700] "GET /?fileloc=/home/falconiapl2015/.sucuriquarantine/home/falconiapl2015/public_html/wp-content/plugins/elementskit/libs/composer/vendor/build/vendor/src/monolog/monolog/src/Monolog/Handler/Curl/.htaccess_sucuribackup.17746064340407_1774606217cleanup&path=/home/falconiapl2015/.sucuriquarantine/home/falconiapl2015/public_html/wp-content/plugins/elementskit/libs/composer/vendor/build/vendor/src/monolog/monolog/src/Monolog/Handler/Curl HTTP/2.0" 403 3449 "https://www.falcon-ia.com/?path=/home/falconiapl2015/.sucuriquarantine/home/falconiapl2015/public_html/wp-content/plugins/elementskit/libs/composer/vendor/build/vendor/src/monolog/monolog/src/Monolog/Handler/Curl" "Mozilla/5.0 AppleWebKit/537.36 (KHTML, like Gecko; compatible; GPTBot/1.3; +https://openai.com/gptbot)" 523 **0/523719**
216.73.216.50 - - [29/Mar/2026:05:43:03 -0700] "GET /item/485893085?fileloc=%2Fhome%2Ffalconiapl2015%2Fpublic_html%2Fwp-login.php&path=%2Fhome%2Ffalconiapl2015%2Fpublic_html HTTP/2.0" 200 15079 "-" "Mozilla/5.0 AppleWebKit/537.36 (KHTML, like Gecko; compatible; ClaudeBot/1.0; +claudebot@anthropic.com)" 524 **0/524627**
85.208.96.200 - - [29/Mar/2026:05:43:05 -0700] "GET /gratis-gokkasten-app/ HTTP/1.1" 200 3956 "-" "Mozilla/5.0 (compatible; SemrushBot/7~bl; +http://www.semrush.com/bot.html)" 539 **0/539244**
144.76.19.28 - - [29/Mar/2026:05:43:05 -0700] "GET /contact/?fileloc=/home/falconiapl2015/public_html/wp-signup.php&path=/home/falconiapl2015/public_html HTTP/1.1" 200 10716 "-" "Mozilla/5.0 (compatible; SERankingBacklinksBot/1.0; +https://seranking.com/backlinks-crawler)" 493 **0/493823**
74.7.241.52 - - [29/Mar/2026:05:43:05 -0700] "GET /?fileloc=/home/falconiapl2015/.sucuriquarantine/home/falconiapl2015/public_html/wp-content/plugins/wpdatatables/languages/de_DE/.htaccess_sucuribackup.17746064232276_1774606217cleanup&path=/home/falconiapl2015/.sucuriquarantine/home/falconiapl2015/public_html/wp-content/plugins/wpdatatables/languages/de_DE HTTP/2.0" 403 3449 "https://www.falcon-ia.com/?path=/home/falconiapl2015/.sucuriquarantine/home/falconiapl2015/public_html/wp-content/plugins/wpdatatables/languages/de_DE" "Mozilla/5.0 AppleWebKit/537.36 (KHTML, like Gecko; compatible; GPTBot/1.3; +https://openai.com/gptbot)" 499 **0/499803**
216.73.216.50 - - [29/Mar/2026:05:43:06 -0700] "GET /item/2649045783?fileloc=%2Fhome%2Ffalconiapl2015%2Fpublic_html%2F.easyssl_backup%2Findex.php&path=%2Fhome%2Ffalconiapl2015%2Fpublic_html%2F.easyssl_backup HTTP/2.0" 200 2274 "-" "Mozilla/5.0 AppleWebKit/537.36 (KHTML, like Gecko; compatible; ClaudeBot/1.0; +claudebot@anthropic.com)" 531 **0/531765**
74.7.241.52 - - [29/Mar/2026:05:43:08 -0700] "GET /?fileloc=/home/falconiapl2015/.sucuriquarantine/home/falconiapl2015/public_html/wp-content/plugins/elementskit/libs/composer/vendor/build/vendor/src/guzzlehttp/guzzle/src/Exception/.htaccess_sucuribackup.17746064344123_1774606217cleanup&path=/home/falconiapl2015/.sucuriquarantine/home/falconiapl2015/public_html/wp-content/plugins/elementskit/libs/composer/vendor/build/vendor/src/guzzlehttp/guzzle/src/Exception HTTP/2.0" 403 3449 "https://www.falcon-ia.com/?path=/home/falconiapl2015/.sucuriquarantine/home/falconiapl2015/public_html/wp-content/plugins/elementskit/libs/composer/vendor/build/vendor/src/guzzlehttp/guzzle/src/Exception" "Mozilla/5.0 AppleWebKit/537.36 (KHTML, like Gecko; compatible; GPTBot/1.3; +https://openai.com/gptbot)" 501 **0/501624**
216.73.216.50 - - [29/Mar/2026:05:43:09 -0700] "GET /item/3439723151?fileloc=%2Fhome%2Ffalconiapl2015%2Fpublic_html%2Fwp-includes%2Fblock-i18n.json&path=%2Fhome%2Ffalconiapl2015%2Fpublic_html%2Fwp-includes HTTP/2.0" 200 2390 "-" "Mozilla/5.0 AppleWebKit/537.36 (KHTML, like Gecko; compatible; ClaudeBot/1.0; +claudebot@anthropic.com)" 490 **0/490851**
85.208.96.206 - - [29/Mar/2026:05:43:11 -0700] "GET /commodity/showing/the17191519012 HTTP/1.1" 200 3956 "-" "Mozilla/5.0 (compatible; SemrushBot/7~bl; +http://www.semrush.com/bot.html)" 552 **0/552975**
144.76.19.28 - - [29/Mar/2026:05:43:11 -0700] "GET /our-funds/?fileloc=/home/falconiapl2015/public_html/license.txt&path=/home/falconiapl2015/public_html HTTP/1.1" 200 9840 "-" "Mozilla/5.0 (compatible; SERankingBacklinksBot/1.0; +https://seranking.com/backlinks-crawler)" 509 **0/509254**
74.7.241.52 - - [29/Mar/2026:05:43:12 -0700] "GET /?fileloc=/home/falconiapl2015/.sucuriquarantine/home/falconiapl2015/public_html/wp-content/plugins/wpdatatables/languages/nl_NL/.htaccess_sucuribackup.17746064232413_1774606217cleanup&path=/home/falconiapl2015/.sucuriquarantine/home/falconiapl2015/public_html/wp-content/plugins/wpdatatables/languages/nl_NL HTTP/2.0" 403 3449 "https://www.falcon-ia.com/?path=/home/falconiapl2015/.sucuriquarantine/home/falconiapl2015/public_html/wp-content/plugins/wpdatatables/languages/nl_NL" "Mozilla/5.0 AppleWebKit/537.36 (KHTML, like Gecko; compatible; GPTBot/1.3; +https://openai.com/gptbot)" 509 **0/509855**
216.73.216.50 - - [29/Mar/2026:05:43:12 -0700] "GET /item/1887429758?fileloc=%2Fhome%2Ffalconiapl2015%2Fpublic_html%2Ftxets.php&path=%2Fhome%2Ffalconiapl2015%2Fpublic_html HTTP/2.0" 200 2298 "-" "Mozilla/5.0 AppleWebKit/537.36 (KHTML, like Gecko; compatible; ClaudeBot/1.0; +claudebot@anthropic.com)" 507 **0/507018**
74.7.241.52 - - [29/Mar/2026:05:43:15 -0700] "GET /?fileloc=/home/falconiapl2015/.sucuriquarantine/home/falconiapl2015/public_html/wp-content/plugins/elementor/vendor_prefixed/twig/twig/twig/src/Sandbox/.htaccess_sucuribackup.17746064038338_1774606217cleanup&path=/home/falconiapl2015/.sucuriquarantine/home/falconiapl2015/public_html/wp-content/plugins/elementor/vendor_prefixed/twig/twig/twig/src/Sandbox HTTP/2.0" 403 3449 "https://www.falcon-ia.com/?path=/home/falconiapl2015/.sucuriquarantine/home/falconiapl2015/public_html/wp-content/plugins/elementor/vendor_prefixed/twig/twig/twig/src/Sandbox" "Mozilla/5.0 AppleWebKit/537.36 (KHTML, like Gecko; compatible; GPTBot/1.3; +https://openai.com/gptbot)" 498 **0/498828**
216.73.216.50 - - [29/Mar/2026:05:43:15 -0700] "GET /item/2395768410?fileloc=%2Fhome%2Ffalconiapl2015%2Fpublic_html%2Fwp-mail.php&path=%2Fhome%2Ffalconiapl2015%2Fpublic_html HTTP/2.0" 200 5289 "-" "Mozilla/5.0 AppleWebKit/537.36 (KHTML, like Gecko; compatible; ClaudeBot/1.0; +claudebot@anthropic.com)" 541 **0/541314**
185.191.171.14 - - [29/Mar/2026:05:43:16 -0700] "GET /?p=19036 HTTP/1.1" 200 3956 "-" "Mozilla/5.0 (compatible; SemrushBot/7~bl; +http://www.semrush.com/bot.html)" 498 **0/498812**
144.76.19.28 - - [29/Mar/2026:05:43:17 -0700] "GET /our-funds/?fileloc=/home/falconiapl2015/public_html/readme.html&path=/home/falconiapl2015/public_html HTTP/1.1" 200 5535 "-" "Mozilla/5.0 (compatible; SERankingBacklinksBot/1.0; +https://seranking.com/backlinks-crawler)" 483 **0/483294**
74.7.241.52 - - [29/Mar/2026:05:43:18 -0700] "GET /?fileloc=/home/falconiapl2015/.sucuriquarantine/home/falconiapl2015/public_html/wp-content/plugins/filester/includes/File_manager/lib/sounds/.htaccess_sucuribackup.17746064248914_1774606217cleanup&path=/home/falconiapl2015/.sucuriquarantine/home/falconiapl2015/public_html/wp-content/plugins/filester/includes/File_manager/lib/sounds HTTP/2.0" 403 3449 "https://www.falcon-ia.com/?path=/home/falconiapl2015/.sucuriquarantine/home/falconiapl2015/public_html/wp-content/plugins/filester/includes/File_manager/lib/sounds" "Mozilla/5.0 AppleWebKit/537.36 (KHTML, like Gecko; compatible; GPTBot/1.3; +https://openai.com/gptbot)" 503 **0/503137**
216.73.216.50 - - [29/Mar/2026:05:43:18 -0700] "GET /item/2100494080?fileloc=%2Fhome%2Ffalconiapl2015%2Fpublic_html%2Fwp-config.php&path=%2Fhome%2Ffalconiapl2015%2Fpublic_html HTTP/2.0" 403 3449 "-" "Mozilla/5.0 AppleWebKit/537.36 (KHTML, like Gecko; compatible; ClaudeBot/1.0; +claudebot@anthropic.com)" 496 **0/496110**
184.168.112.12 - - [29/Mar/2026:05:38:20 -0700] "GET /images/images/images/images/images/images/images/images/index.php?ARRAY=7o2230223n313737343739313530302p2231223n22687474703n5p2s5p2s7n733836307631332r6361746561722r626573745p2s3s6p633q7068705s636s64655s6n6326743q313737343738373930302q3734323066343037316538393462306237633564306630343864323862336464222p2232223n226232376235336437313237313933653337636436313435306631343737333261222p2233223n223066316239643631313364633062616262353764633131636633333431623962222p226175746s5s66696p655s6r616q65223n6r756p6p2p226175746s5s70617373223n6r756p6p2p2262696r675s70617373223n2232382q33342q35312q36382q37342q38392q3137227q HTTP/1.1" 503 55901 "-" "-" 300588 **300/300588461**
85.208.96.196 - - [29/Mar/2026:05:43:20 -0700] "GET /commodity/bloom/starts171842855409 HTTP/1.1" 200 3956 "-" "Mozilla/5.0 (compatible; SemrushBot/7~bl; +http://www.semrush.com/bot.html)" 498 **0/498346**
74.7.241.52 - - [29/Mar/2026:05:43:21 -0700] "GET /?fileloc=/home/falconiapl2015/.sucuriquarantine/home/falconiapl2015/public_html/wp-content/plugins/filester/includes/File_manager/lib/themes/Material-Light/.htaccess_sucuribackup.17746064249736_1774606217cleanup&path=/home/falconiapl2015/.sucuriquarantine/home/falconiapl2015/public_html/wp-content/plugins/filester/includes/File_manager/lib/themes/Material-Light HTTP/2.0" 403 3449 "https://www.falcon-ia.com/?path=/home/falconiapl2015/.sucuriquarantine/home/falconiapl2015/public_html/wp-content/plugins/filester/includes/File_manager/lib/themes/Material-Light" "Mozilla/5.0 AppleWebKit/537.36 (KHTML, like Gecko; compatible; GPTBot/1.3; +https://openai.com/gptbot)" 512 **0/512016**
216.73.216.50 - - [29/Mar/2026:05:43:21 -0700] "GET /item/745857009?fileloc=%2Fhome%2Ffalconiapl2015%2Fpublic_html%2Fwp-admin%2Fjs%2Fset-post-thumbnail.min.js&path=%2Fhome%2Ffalconiapl2015%2Fpublic_html%2Fwp-admin%2Fjs HTTP/2.0" 403 3449 "-" "Mozilla/5.0 AppleWebKit/537.36 (KHTML, like Gecko; compatible; ClaudeBot/1.0; +claudebot@anthropic.com)" 498 **0/498937**
144.76.19.28 - - [29/Mar/2026:05:43:22 -0700] "GET /our-funds/?fileloc=/home/falconiapl2015/public_html/wp-cron.php&path=/home/falconiapl2015/public_html HTTP/1.1" 200 4592 "-" "Mozilla/5.0 (compatible; SERankingBacklinksBot/1.0; +https://seranking.com/backlinks-crawler)" 481 **0/481553**
74.7.241.52 - - [29/Mar/2026:05:43:24 -0700] "GET /?fileloc=/home/falconiapl2015/.sucuriquarantine/home/falconiapl2015/public_html/wp-content/plugins/elementskit/libs/composer/vendor/build/vendor/src/guzzlehttp/guzzle/src/Cookie/.htaccess_sucuribackup.1774606434395_1774606217cleanup&path=/home/falconiapl2015/.sucuriquarantine/home/falconiapl2015/public_html/wp-content/plugins/elementskit/libs/composer/vendor/build/vendor/src/guzzlehttp/guzzle/src/Cookie HTTP/2.0" 403 3449 "https://www.falcon-ia.com/?path=/home/falconiapl2015/.sucuriquarantine/home/falconiapl2015/public_html/wp-content/plugins/elementskit/libs/composer/vendor/build/vendor/src/guzzlehttp/guzzle/src/Cookie" "Mozilla/5.0 AppleWebKit/537.36 (KHTML, like Gecko; compatible; GPTBot/1.3; +https://openai.com/gptbot)" 518 **0/518044**
