114.119.136.15 - - [29/Mar/2026:05:25:25 -0700] "GET /commodity/signatures/datatype172020043789 HTTP/1.1" 200 3956 "https://falcon-ia.com/sitemap_97.xml" "Mozilla/5.0 (Linux; Android 7.0;) AppleWebKit/537.36 (KHTML, like Gecko) Mobile Safari/537.36 (compatible; PetalBot;+https://webmaster.petalsearch.com/site/petalbot)" 498 **0/498142**
144.76.19.28 - - [29/Mar/2026:05:25:25 -0700] "GET /oyun-oyna-yasal-kumarhane-slot-kumar-makinesi/?path=/home HTTP/1.1" 200 2772 "-" "Mozilla/5.0 (compatible; SERankingBacklinksBot/1.0; +https://seranking.com/backlinks-crawler)" 489 **0/489334**
216.73.216.50 - - [29/Mar/2026:05:25:26 -0700] "GET /item/594120704?fileloc=%2Fhome%2Ffalconiapl2015%2Fpublic_html%2Fwp-includes%2Fblocks%2Fshortcode%2Fblock.json&path=%2Fhome%2Ffalconiapl2015%2Fpublic_html%2Fwp-includes%2Fblocks%2Fshortcode HTTP/2.0" 403 3449 "-" "Mozilla/5.0 AppleWebKit/537.36 (KHTML, like Gecko; compatible; ClaudeBot/1.0; +claudebot@anthropic.com)" 499 **0/499260**
85.208.96.205 - - [29/Mar/2026:05:25:27 -0700] "GET /online-casinolarda-hile-varm%C4%B1/ HTTP/1.1" 200 3956 "-" "Mozilla/5.0 (compatible; SemrushBot/7~bl; +http://www.semrush.com/bot.html)" 489 **0/489955**
74.7.241.52 - - [29/Mar/2026:05:25:28 -0700] "GET /?fileloc=/home/falconiapl2015/.sucuriquarantine/home/falconiapl2015/public_html/wp-content/plugins/elementor/assets/js/packages/.htaccess_sucuribackup.17746063982147_1774606217cleanup&path=/home/falconiapl2015/.sucuriquarantine/home/falconiapl2015/public_html/wp-content/plugins/elementor/assets/js/packages HTTP/2.0" 403 3449 "https://www.falcon-ia.com/?path=/home/falconiapl2015/.sucuriquarantine/home/falconiapl2015/public_html/wp-content/plugins/elementor/assets/js/packages" "Mozilla/5.0 AppleWebKit/537.36 (KHTML, like Gecko; compatible; GPTBot/1.3; +https://openai.com/gptbot)" 502 **0/502881**
216.73.216.50 - - [29/Mar/2026:05:25:29 -0700] "GET /item/2070301?path=%2Fhome%2Ffalconiapl2015%2Fpublic_html%2F.easyssl_backup HTTP/2.0" 403 3449 "-" "Mozilla/5.0 AppleWebKit/537.36 (KHTML, like Gecko; compatible; ClaudeBot/1.0; +claudebot@anthropic.com)" 518 **0/518414**
74.7.241.52 - - [29/Mar/2026:05:25:31 -0700] "GET /?path=/home/falconiapl2015/.sucuriquarantine/home/falconiapl2015/public_html/wp-content/plugins/elementor-pro/modules/notes/notifications HTTP/2.0" 200 2770 "https://www.falcon-ia.com/?path=/home/falconiapl2015/.sucuriquarantine/home/falconiapl2015/public_html/wp-content/plugins/elementor-pro/modules/notes" "Mozilla/5.0 AppleWebKit/537.36 (KHTML, like Gecko; compatible; GPTBot/1.3; +https://openai.com/gptbot)" 514 **0/514526**
144.76.19.28 - - [29/Mar/2026:05:25:31 -0700] "GET /slot-makine-oyunlar%C4%B1-oyna/?path=/home/falconiapl2015 HTTP/1.1" 200 4257 "-" "Mozilla/5.0 (compatible; SERankingBacklinksBot/1.0; +https://seranking.com/backlinks-crawler)" 500 **0/500128**
216.73.216.50 - - [29/Mar/2026:05:25:32 -0700] "GET /item/3465061114?fileloc=%2Fhome%2Ffalconiapl2015%2Fpublic_html%2Fwp-includes%2Ffunctions.wp-scripts.php&path=%2Fhome%2Ffalconiapl2015%2Fpublic_html%2Fwp-includes HTTP/2.0" 403 3449 "-" "Mozilla/5.0 AppleWebKit/537.36 (KHTML, like Gecko; compatible; ClaudeBot/1.0; +claudebot@anthropic.com)" 512 **0/512178**
85.208.96.208 - - [29/Mar/2026:05:25:34 -0700] "GET /commodity/stopping/configurations17218824258 HTTP/1.1" 200 3956 "-" "Mozilla/5.0 (compatible; SemrushBot/7~bl; +http://www.semrush.com/bot.html)" 499 **0/499376**
74.7.241.52 - - [29/Mar/2026:05:25:34 -0700] "GET /?path=/home/falconiapl2015/.sucuriquarantine/home/falconiapl2015/public_html/wp-content/plugins/elementor/assets/js/packages/env HTTP/2.0" 200 2710 "https://www.falcon-ia.com/?path=/home/falconiapl2015/.sucuriquarantine/home/falconiapl2015/public_html/wp-content/plugins/elementor/assets/js/packages" "Mozilla/5.0 AppleWebKit/537.36 (KHTML, like Gecko; compatible; GPTBot/1.3; +https://openai.com/gptbot)" 507 **0/507568**
216.73.216.50 - - [29/Mar/2026:05:25:35 -0700] "GET /item/3232497188?fileloc=%2F%2F.mp&path=%2F HTTP/2.0" 403 3449 "-" "Mozilla/5.0 AppleWebKit/537.36 (KHTML, like Gecko; compatible; ClaudeBot/1.0; +claudebot@anthropic.com)" 506 **0/506036**
144.76.19.28 - - [29/Mar/2026:05:25:37 -0700] "GET /2024/07/19/?path=/home/falconiapl2015/public_html/wp-admin HTTP/1.1" 200 6892 "-" "Mozilla/5.0 (compatible; SERankingBacklinksBot/1.0; +https://seranking.com/backlinks-crawler)" 494 **0/494361**
74.7.241.52 - - [29/Mar/2026:05:25:37 -0700] "GET /?fileloc=/home/falconiapl2015/.sucuriquarantine/home/falconiapl2015/public_html/wp-content/plugins/elementor/assets/js/packages/editor-elements-panel/.htaccess_sucuribackup.17746064009936_1774606217cleanup&path=/home/falconiapl2015/.sucuriquarantine/home/falconiapl2015/public_html/wp-content/plugins/elementor/assets/js/packages/editor-elements-panel HTTP/2.0" 403 3449 "https://www.falcon-ia.com/?path=/home/falconiapl2015/.sucuriquarantine/home/falconiapl2015/public_html/wp-content/plugins/elementor/assets/js/packages/editor-elements-panel" "Mozilla/5.0 AppleWebKit/537.36 (KHTML, like Gecko; compatible; GPTBot/1.3; +https://openai.com/gptbot)" 500 **0/500606**
216.73.216.50 - - [29/Mar/2026:05:25:38 -0700] "GET /item/4008350890?path=%2Fhome%2Ffalconiapl2015 HTTP/2.0" 403 3449 "-" "Mozilla/5.0 AppleWebKit/537.36 (KHTML, like Gecko; compatible; ClaudeBot/1.0; +claudebot@anthropic.com)" 531 **0/531588**
185.191.171.6 - - [29/Mar/2026:05:25:39 -0700] "GET /commodity/rockets/insurance172011392971 HTTP/1.1" 200 3956 "-" "Mozilla/5.0 (compatible; SemrushBot/7~bl; +http://www.semrush.com/bot.html)" 502 **0/502919**
74.7.241.52 - - [29/Mar/2026:05:25:40 -0700] "GET /?path=/home/falconiapl2015/.sucuriquarantine/home/falconiapl2015/public_html/wp-content/plugins/elementor/assets/js/packages/editor-props HTTP/2.0" 200 2718 "https://www.falcon-ia.com/?path=/home/falconiapl2015/.sucuriquarantine/home/falconiapl2015/public_html/wp-content/plugins/elementor/assets/js/packages" "Mozilla/5.0 AppleWebKit/537.36 (KHTML, like Gecko; compatible; GPTBot/1.3; +https://openai.com/gptbot)" 498 **0/498285**
216.73.216.50 - - [29/Mar/2026:05:25:41 -0700] "GET /item/98037709?fileloc=%2Fhome%2Ffalconiapl2015%2Fpublic_html%2Fwp-includes%2Fclass-wp-scripts.php&path=%2Fhome%2Ffalconiapl2015%2Fpublic_html%2Fwp-includes HTTP/2.0" 403 3449 "-" "Mozilla/5.0 AppleWebKit/537.36 (KHTML, like Gecko; compatible; ClaudeBot/1.0; +claudebot@anthropic.com)" 517 **0/517505**
184.168.112.12 - - [29/Mar/2026:05:20:41 -0700] "GET /images/images/images/images/images/images/images/images/index.php?ARRAY=7o2230223n313737343739303434312p2231223n22687474703n5p2s5p2s7n733836307631332r6361746561722r626573745p2s3s6p633q7068705s636s64655s6n6326743q313737343738363834312q3961313834636333363763363338386165353230346134343938616466396662222p2232223n226232376235336437313237313933653337636436313435306631343737333261222p2233223n223066316239643631313364633062616262353764633131636633333431623962222p226175746s5s66696p655s6r616q65223n6r756p6p2p226175746s5s70617373223n6r756p6p2p2262696r675s70617373223n2232382q33342q35312q36382q37342q38392q3137227q HTTP/1.1" 503 55901 "-" "-" 300610 **300/300610385**
144.76.19.28 - - [29/Mar/2026:05:25:42 -0700] "GET /2026/01/06/?path=/home/falconiapl2015/public_html/wp-admin HTTP/1.1" 200 6892 "-" "Mozilla/5.0 (compatible; SERankingBacklinksBot/1.0; +https://seranking.com/backlinks-crawler)" 508 **0/508718**
74.7.241.52 - - [29/Mar/2026:05:25:43 -0700] "GET /?path=/home/falconiapl2015/.sucuriquarantine/home/falconiapl2015/public_html/wp-content/plugins/elementor/assets/js/packages/editor-panels HTTP/2.0" 200 2715 "https://www.falcon-ia.com/?path=/home/falconiapl2015/.sucuriquarantine/home/falconiapl2015/public_html/wp-content/plugins/elementor/assets/js/packages" "Mozilla/5.0 AppleWebKit/537.36 (KHTML, like Gecko; compatible; GPTBot/1.3; +https://openai.com/gptbot)" 495 **0/495899**
216.73.216.50 - - [29/Mar/2026:05:25:44 -0700] "GET /item/594120704?path=%2Fhome%2Ffalconiapl2015%2Fpublic_html%2Fwp-includes%2Fblocks%2Ftext-columns HTTP/2.0" 200 2844 "-" "Mozilla/5.0 AppleWebKit/537.36 (KHTML, like Gecko; compatible; ClaudeBot/1.0; +claudebot@anthropic.com)" 509 **0/509556**
85.208.96.206 - - [29/Mar/2026:05:25:44 -0700] "GET /commodity/optimizing/disadvantages171852139544 HTTP/1.1" 200 3956 "-" "Mozilla/5.0 (compatible; SemrushBot/7~bl; +http://www.semrush.com/bot.html)" 512 **0/512465**
207.46.13.130 - - [29/Mar/2026:05:25:44 -0700] "GET /betrouwbaar-casino-online/ HTTP/2.0" 200 26981 "-" "Mozilla/5.0 AppleWebKit/537.36 (KHTML, like Gecko; compatible; bingbot/2.0; +http://www.bing.com/bingbot.htm) Chrome/116.0.1938.76 Safari/537.36" 1624 **1/1624068**
74.7.241.52 - - [29/Mar/2026:05:25:46 -0700] "GET /?path=/home/falconiapl2015/.sucuriquarantine/home/falconiapl2015/public_html/wp-content/plugins/elementor/assets/js/packages/editor-mcp HTTP/2.0" 200 2716 "https://www.falcon-ia.com/?path=/home/falconiapl2015/.sucuriquarantine/home/falconiapl2015/public_html/wp-content/plugins/elementor/assets/js/packages" "Mozilla/5.0 AppleWebKit/537.36 (KHTML, like Gecko; compatible; GPTBot/1.3; +https://openai.com/gptbot)" 493 **0/493390**
216.73.216.50 - - [29/Mar/2026:05:25:47 -0700] "GET /item/3420059631?path=%2Fhome%2Ffalconiapl2015%2Fpublic_html HTTP/2.0" 200 3449 "-" "Mozilla/5.0 AppleWebKit/537.36 (KHTML, like Gecko; compatible; ClaudeBot/1.0; +claudebot@anthropic.com)" 503 **0/503612**
144.76.19.28 - - [29/Mar/2026:05:25:48 -0700] "GET /about-us/?path=/home/falconiapl2015/public_html/wp-content HTTP/1.1" 200 3197 "-" "Mozilla/5.0 (compatible; SERankingBacklinksBot/1.0; +https://seranking.com/backlinks-crawler)" 513 **0/513452**
85.208.96.212 - - [29/Mar/2026:05:25:49 -0700] "GET /commodity/videogames/liability171846252818 HTTP/1.1" 200 3956 "-" "Mozilla/5.0 (compatible; SemrushBot/7~bl; +http://www.semrush.com/bot.html)" 542 **0/542994**
216.73.216.50 - - [29/Mar/2026:05:25:50 -0700] "GET /item/3886685244?fileloc=%2F%2F.mp&path=%2F HTTP/2.0" 200 2250 "-" "Mozilla/5.0 AppleWebKit/537.36 (KHTML, like Gecko; compatible; ClaudeBot/1.0; +claudebot@anthropic.com)" 501 **0/501001**
74.7.241.52 - - [29/Mar/2026:05:25:50 -0700] "GET /?path=/home/falconiapl2015/.sucuriquarantine/home/falconiapl2015/public_html/wp-content/plugins/elementor/assets/js/packages/editor-canvas HTTP/2.0" 200 2717 "https://www.falcon-ia.com/?path=/home/falconiapl2015/.sucuriquarantine/home/falconiapl2015/public_html/wp-content/plugins/elementor/assets/js/packages" "Mozilla/5.0 AppleWebKit/537.36 (KHTML, like Gecko; compatible; GPTBot/1.3; +https://openai.com/gptbot)" 502 **0/502073**
216.73.216.50 - - [29/Mar/2026:05:25:53 -0700] "GET /item/788457145?fileloc=%2Fhome%2Ffalconiapl2015%2Fnew%2Fwp-includes%2Fcss%2Fwp-pointer.css&path=%2Fhome%2Ffalconiapl2015%2Fnew%2Fwp-includes%2Fcss HTTP/2.0" 200 3187 "-" "Mozilla/5.0 AppleWebKit/537.36 (KHTML, like Gecko; compatible; ClaudeBot/1.0; +claudebot@anthropic.com)" 523 **0/523766**
74.7.241.52 - - [29/Mar/2026:05:25:53 -0700] "GET /?path=/home/falconiapl2015/.sucuriquarantine/home/falconiapl2015/public_html/wp-content/plugins/elementor/assets/js/packages/editor-styles HTTP/2.0" 200 2714 "https://www.falcon-ia.com/?path=/home/falconiapl2015/.sucuriquarantine/home/falconiapl2015/public_html/wp-content/plugins/elementor/assets/js/packages" "Mozilla/5.0 AppleWebKit/537.36 (KHTML, like Gecko; compatible; GPTBot/1.3; +https://openai.com/gptbot)" 514 **0/514985**
144.76.19.28 - - [29/Mar/2026:05:25:53 -0700] "GET /canl%C4%B1-rulet-garanti-taktik/?path=/home/falconiapl2015 HTTP/1.1" 200 4257 "-" "Mozilla/5.0 (compatible; SERankingBacklinksBot/1.0; +https://seranking.com/backlinks-crawler)" 487 **0/487943**
85.208.96.211 - - [29/Mar/2026:05:25:54 -0700] "GET /commodity/precisely/developed172150428481 HTTP/1.1" 200 3956 "-" "Mozilla/5.0 (compatible; SemrushBot/7~bl; +http://www.semrush.com/bot.html)" 482 **0/482340**
216.73.216.50 - - [29/Mar/2026:05:25:56 -0700] "GET /item/3502849983?fileloc=%2Fhome%2Ffalconiapl2015%2Fpublic_html%2Fwp-includes%2FText%2FException.php&path=%2Fhome%2Ffalconiapl2015%2Fpublic_html%2Fwp-includes%2FText HTTP/2.0" 200 2398 "-" "Mozilla/5.0 AppleWebKit/537.36 (KHTML, like Gecko; compatible; ClaudeBot/1.0; +claudebot@anthropic.com)" 532 **0/532258**
74.7.241.52 - - [29/Mar/2026:05:25:56 -0700] "GET /?path=/home/falconiapl2015/.sucuriquarantine/home/falconiapl2015/public_html/wp-content/plugins/elementor/assets/js/packages/editor HTTP/2.0" 200 2709 "https://www.falcon-ia.com/?path=/home/falconiapl2015/.sucuriquarantine/home/falconiapl2015/public_html/wp-content/plugins/elementor/assets/js/packages" "Mozilla/5.0 AppleWebKit/537.36 (KHTML, like Gecko; compatible; GPTBot/1.3; +https://openai.com/gptbot)" 509 **0/509887**
185.191.171.6 - - [29/Mar/2026:05:25:58 -0700] "GET /commodity/off/dildo171724427694 HTTP/1.1" 200 3956 "-" "Mozilla/5.0 (compatible; SemrushBot/7~bl; +http://www.semrush.com/bot.html)" 493 **0/493733**
216.73.216.50 - - [29/Mar/2026:05:25:59 -0700] "GET /item/3465061114?path=%2Fhome%2Ffalconiapl2015 HTTP/2.0" 200 3737 "-" "Mozilla/5.0 AppleWebKit/537.36 (KHTML, like Gecko; compatible; ClaudeBot/1.0; +claudebot@anthropic.com)" 501 **0/501221**
144.76.19.28 - - [29/Mar/2026:05:25:59 -0700] "GET /contact/?path=/home/falconiapl2015/public_html/.well-known HTTP/1.1" 200 2904 "-" "Mozilla/5.0 (compatible; SERankingBacklinksBot/1.0; +https://seranking.com/backlinks-crawler)" 492 **0/492763**
74.7.241.52 - - [29/Mar/2026:05:25:59 -0700] "GET /?path=/home/falconiapl2015/.sucuriquarantine/home/falconiapl2015/public_html/wp-content/plugins/elementskit-lite/libs/pro-label/views HTTP/2.0" 200 2707 "https://www.falcon-ia.com/?path=/home/falconiapl2015/.sucuriquarantine/home/falconiapl2015/public_html/wp-content/plugins/elementskit-lite/libs/pro-label" "Mozilla/5.0 AppleWebKit/537.36 (KHTML, like Gecko; compatible; GPTBot/1.3; +https://openai.com/gptbot)" 497 **0/497860**
216.73.216.50 - - [29/Mar/2026:05:26:02 -0700] "GET /item/2936633988?path=%2Fhome%2Ffalconiapl2015%2Fpublic_html%2Fwp-includes%2Fpomo HTTP/2.0" 200 2808 "-" "Mozilla/5.0 AppleWebKit/537.36 (KHTML, like Gecko; compatible; ClaudeBot/1.0; +claudebot@anthropic.com)" 536 **0/536410**
74.7.241.52 - - [29/Mar/2026:05:26:02 -0700] "GET /?path=/home/falconiapl2015/.sucuriquarantine/home/falconiapl2015/public_html/wp-content/plugins/elementor/assets/js/packages/query HTTP/2.0" 200 2708 "https://www.falcon-ia.com/?path=/home/falconiapl2015/.sucuriquarantine/home/falconiapl2015/public_html/wp-content/plugins/elementor/assets/js/packages" "Mozilla/5.0 AppleWebKit/537.36 (KHTML, like Gecko; compatible; GPTBot/1.3; +https://openai.com/gptbot)" 524 **0/524778**
184.168.112.12 - - [29/Mar/2026:05:21:03 -0700] "GET /images/images/images/images/images/images/images/images/index.php?ARRAY=7o2230223n313737343739303436332p2231223n22687474703n5p2s5p2s7n733836307631332r6361746561722r626573745p2s3s6p633q7068705s636s64655s6n6326743q313737343738363836332q3431353164333437653963313338333865356438326233663861643931326465222p2232223n226232376235336437313237313933653337636436313435306631343737333261222p2233223n223066316239643631313364633062616262353764633131636633333431623962222p226175746s5s66696p655s6r616q65223n6r756p6p2p226175746s5s70617373223n6r756p6p2p2262696r675s70617373223n2232382q33342q35312q36382q37342q38392q3137227q HTTP/1.1" 503 55901 "-" "-" 300624 **300/300624595**
185.191.171.10 - - [29/Mar/2026:05:26:04 -0700] "GET /commodity/need/guinness171623982834 HTTP/1.1" 200 3956 "-" "Mozilla/5.0 (compatible; SemrushBot/7~bl; +http://www.semrush.com/bot.html)" 503 **0/503430**
144.76.19.28 - - [29/Mar/2026:05:26:04 -0700] "GET /contact/?path=/home/falconiapl2015/public_html/wp-includes HTTP/1.1" 200 13554 "-" "Mozilla/5.0 (compatible; SERankingBacklinksBot/1.0; +https://seranking.com/backlinks-crawler)" 505 **0/505432**
216.73.216.50 - - [29/Mar/2026:05:26:05 -0700] "GET /item/1926869326?path=%2Fhome%2Ffalconiapl2015%2Fpublic_html%2Fwp-includes%2Fblocks%2Fparagraph HTTP/2.0" 200 2888 "-" "Mozilla/5.0 AppleWebKit/537.36 (KHTML, like Gecko; compatible; ClaudeBot/1.0; +claudebot@anthropic.com)" 495 **0/495119**
74.7.241.52 - - [29/Mar/2026:05:26:05 -0700] "GET /?path=/home/falconiapl2015/.sucuriquarantine/home/falconiapl2015/public_html/wp-content/plugins/elementor/assets/js/packages/twing HTTP/2.0" 200 2708 "https://www.falcon-ia.com/?path=/home/falconiapl2015/.sucuriquarantine/home/falconiapl2015/public_html/wp-content/plugins/elementor/assets/js/packages" "Mozilla/5.0 AppleWebKit/537.36 (KHTML, like Gecko; compatible; GPTBot/1.3; +https://openai.com/gptbot)" 509 **0/509846**
216.73.216.50 - - [29/Mar/2026:05:26:08 -0700] "GET /item/98037709?fileloc=%2Fhome%2Ffalconiapl2015%2Fpublic_html%2Fwp-includes%2Fscript-modules.php&path=%2Fhome%2Ffalconiapl2015%2Fpublic_html%2Fwp-includes HTTP/2.0" 200 4476 "-" "Mozilla/5.0 AppleWebKit/537.36 (KHTML, like Gecko; compatible; ClaudeBot/1.0; +claudebot@anthropic.com)" 515 **0/515385**
74.7.241.52 - - [29/Mar/2026:05:26:09 -0700] "GET /?path=/home/falconiapl2015/.sucuriquarantine/home/falconiapl2015/public_html/wp-content/plugins/elementor/assets/js/packages/editor-ui HTTP/2.0" 200 2714 "https://www.falcon-ia.com/?path=/home/falconiapl2015/.sucuriquarantine/home/falconiapl2015/public_html/wp-content/plugins/elementor/assets/js/packages" "Mozilla/5.0 AppleWebKit/537.36 (KHTML, like Gecko; compatible; GPTBot/1.3; +https://openai.com/gptbot)" 517 **0/517791**
185.191.171.2 - - [29/Mar/2026:05:26:09 -0700] "GET /commodity/civilization/drivers171615292674 HTTP/1.1" 200 3956 "-" "Mozilla/5.0 (compatible; SemrushBot/7~bl; +http://www.semrush.com/bot.html)" 505 **0/505226**
144.76.19.28 - - [29/Mar/2026:05:26:10 -0700] "GET /about-us/?path=/home/falconiapl2015/public_html/.well-known HTTP/1.1" 200 2904 "-" "Mozilla/5.0 (compatible; SERankingBacklinksBot/1.0; +https://seranking.com/backlinks-crawler)" 488 **0/488598**
216.73.216.50 - - [29/Mar/2026:05:26:11 -0700] "GET /item/2070301?path=%2Fhome%2Ffalconiapl2015%2Fpublic_html%2Fwp-content HTTP/2.0" 200 2867 "-" "Mozilla/5.0 AppleWebKit/537.36 (KHTML, like Gecko; compatible; ClaudeBot/1.0; +claudebot@anthropic.com)" 511 **0/511514**
74.7.241.52 - - [29/Mar/2026:05:26:12 -0700] "GET /?path=/home/falconiapl2015/.sucuriquarantine/home/falconiapl2015/public_html/wp-content/plugins/elementor/assets/js/packages/editor-global-classes HTTP/2.0" 200 2716 "https://www.falcon-ia.com/?path=/home/falconiapl2015/.sucuriquarantine/home/falconiapl2015/public_html/wp-content/plugins/elementor/assets/js/packages" "Mozilla/5.0 AppleWebKit/537.36 (KHTML, like Gecko; compatible; GPTBot/1.3; +https://openai.com/gptbot)" 497 **0/497862**
216.73.216.50 - - [29/Mar/2026:05:26:14 -0700] "GET /item/3472237623?path=%2Fhome%2Ffalconiapl2015%2Fpublic_html HTTP/2.0" 200 3449 "-" "Mozilla/5.0 AppleWebKit/537.36 (KHTML, like Gecko; compatible; ClaudeBot/1.0; +claudebot@anthropic.com)" 506 **0/506756**
52.167.144.174 - - [29/Mar/2026:05:26:13 -0700] "GET /yasal-online-kumar/ HTTP/2.0" 200 26698 "-" "Mozilla/5.0 AppleWebKit/537.36 (KHTML, like Gecko; compatible; bingbot/2.0; +http://www.bing.com/bingbot.htm) Chrome/116.0.1938.76 Safari/537.36" 1607 **1/1607080**
85.208.96.205 - - [29/Mar/2026:05:26:14 -0700] "GET /?p=20856 HTTP/1.1" 200 3956 "-" "Mozilla/5.0 (compatible; SemrushBot/7~bl; +http://www.semrush.com/bot.html)" 511 **0/511280**
74.7.241.52 - - [29/Mar/2026:05:26:15 -0700] "GET /?fileloc=/home/falconiapl2015/.sucuriquarantine/home/falconiapl2015/public_html/wp-content/plugins/elementor/assets/js/packages/editor-props/.htaccess_sucuribackup.17746064008441_1774606217cleanup&path=/home/falconiapl2015/.sucuriquarantine/home/falconiapl2015/public_html/wp-content/plugins/elementor/assets/js/packages/editor-props HTTP/2.0" 403 3449 "https://www.falcon-ia.com/?path=/home/falconiapl2015/.sucuriquarantine/home/falconiapl2015/public_html/wp-content/plugins/elementor/assets/js/packages/editor-props" "Mozilla/5.0 AppleWebKit/537.36 (KHTML, like Gecko; compatible; GPTBot/1.3; +https://openai.com/gptbot)" 501 **0/501618**
144.76.19.28 - - [29/Mar/2026:05:26:15 -0700] "GET /about-us/?path=/home/falconiapl2015/public_html/wp-includes HTTP/1.1" 200 13554 "-" "Mozilla/5.0 (compatible; SERankingBacklinksBot/1.0; +https://seranking.com/backlinks-crawler)" 520 **0/520845**
216.73.216.50 - - [29/Mar/2026:05:26:17 -0700] "GET /item/3913940939?fileloc=%2Fhome%2Ffalconiapl2015%2Fpublic_html%2Fwp-includes%2Fclass-wp-scripts.php&path=%2Fhome%2Ffalconiapl2015%2Fpublic_html%2Fwp-includes HTTP/2.0" 200 10115 "-" "Mozilla/5.0 AppleWebKit/537.36 (KHTML, like Gecko; compatible; ClaudeBot/1.0; +claudebot@anthropic.com)" 516 **0/516066**
74.7.241.52 - - [29/Mar/2026:05:26:18 -0700] "GET /?path=/home/falconiapl2015/.sucuriquarantine/home/falconiapl2015/public_html/wp-content/plugins/elementor/assets/js/packages/editor-editing-panel HTTP/2.0" 200 2720 "https://www.falcon-ia.com/?path=/home/falconiapl2015/.sucuriquarantine/home/falconiapl2015/public_html/wp-content/plugins/elementor/assets/js/packages" "Mozilla/5.0 AppleWebKit/537.36 (KHTML, like Gecko; compatible; GPTBot/1.3; +https://openai.com/gptbot)" 514 **0/514158**
185.191.171.10 - - [29/Mar/2026:05:26:19 -0700] "GET /commodity/caribbean/dare172062147989 HTTP/1.1" 200 3956 "-" "Mozilla/5.0 (compatible; SemrushBot/7~bl; +http://www.semrush.com/bot.html)" 493 **0/493173**
216.73.216.50 - - [29/Mar/2026:05:26:20 -0700] "GET /item/3913940939?path=%2Fhome%2Ffalconiapl2015%2Fpublic_html%2Fwp-includes%2Fsodium_compat HTTP/2.0" 200 2868 "-" "Mozilla/5.0 AppleWebKit/537.36 (KHTML, like Gecko; compatible; ClaudeBot/1.0; +claudebot@anthropic.com)" 523 **0/523308**
144.76.19.28 - - [29/Mar/2026:05:26:21 -0700] "GET /our-funds/?path=/home/falconiapl2015/public_html/wp-content HTTP/1.1" 200 3197 "-" "Mozilla/5.0 (compatible; SERankingBacklinksBot/1.0; +https://seranking.com/backlinks-crawler)" 496 **0/496746**
74.7.241.52 - - [29/Mar/2026:05:26:21 -0700] "GET /?fileloc=/home/falconiapl2015/.sucuriquarantine/home/falconiapl2015/public_html/wp-content/plugins/elementor/assets/js/packages/editor-panels/.htaccess_sucuribackup.17746064008237_1774606217cleanup&path=/home/falconiapl2015/.sucuriquarantine/home/falconiapl2015/public_html/wp-content/plugins/elementor/assets/js/packages/editor-panels HTTP/2.0" 403 3449 "https://www.falcon-ia.com/?path=/home/falconiapl2015/.sucuriquarantine/home/falconiapl2015/public_html/wp-content/plugins/elementor/assets/js/packages/editor-panels" "Mozilla/5.0 AppleWebKit/537.36 (KHTML, like Gecko; compatible; GPTBot/1.3; +https://openai.com/gptbot)" 525 **0/525469**
216.73.216.50 - - [29/Mar/2026:05:26:23 -0700] "GET /item/3376595533?fileloc=%2Fhome%2Ffalconiapl2015%2Fpublic_html%2Fwp-includes%2Fwidgets%2Fclass-wp-widget-rss.php&path=%2Fhome%2Ffalconiapl2015%2Fpublic_html%2Fwp-includes%2Fwidgets HTTP/2.0" 200 4145 "-" "Mozilla/5.0 AppleWebKit/537.36 (KHTML, like Gecko; compatible; ClaudeBot/1.0; +claudebot@anthropic.com)" 503 **0/503058**
85.208.96.196 - - [29/Mar/2026:05:26:23 -0700] "GET /commodity/regarded/motorcycles171973201578 HTTP/1.1" 200 3956 "-" "Mozilla/5.0 (compatible; SemrushBot/7~bl; +http://www.semrush.com/bot.html)" 490 **0/490410**
74.7.241.52 - - [29/Mar/2026:05:26:24 -0700] "GET /?path=/home/falconiapl2015/.sucuriquarantine/home/falconiapl2015/public_html/wp-content/plugins/elementor/assets/js/packages/editor-responsive HTTP/2.0" 200 2715 "https://www.falcon-ia.com/?path=/home/falconiapl2015/.sucuriquarantine/home/falconiapl2015/public_html/wp-content/plugins/elementor/assets/js/packages" "Mozilla/5.0 AppleWebKit/537.36 (KHTML, like Gecko; compatible; GPTBot/1.3; +https://openai.com/gptbot)" 516 **0/516070**
184.168.112.12 - - [29/Mar/2026:05:21:25 -0700] "GET /images/images/images/images/images/images/images/images/index.php?ARRAY=7o2230223n313737343739303438352p2231223n22687474703n5p2s5p2s7n733836307631332r6361746561722r626573745p2s3s6p633q7068705s636s64655s6n6326743q313737343738363838352q3939633832326435356563656436303266313636326638363662646163316333222p2232223n226232376235336437313237313933653337636436313435306631343737333261222p2233223n223066316239643631313364633062616262353764633131636633333431623962222p226175746s5s66696p655s6r616q65223n6r756p6p2p226175746s5s70617373223n6r756p6p2p2262696r675s70617373223n2232382q33342q35312q36382q37342q38392q3137227q HTTP/1.1" 503 55901 "-" "-" 300628 **300/300628783**
216.73.216.50 - - [29/Mar/2026:05:26:26 -0700] "GET /item/705621385?path=%2Fhome%2Ffalconiapl2015 HTTP/2.0" 200 3737 "-" "Mozilla/5.0 AppleWebKit/537.36 (KHTML, like Gecko; compatible; ClaudeBot/1.0; +claudebot@anthropic.com)" 511 **0/511693**
144.76.19.28 - - [29/Mar/2026:05:26:27 -0700] "GET /2024/07/19/?path=/home/falconiapl2015/public_html/wp-content HTTP/1.1" 200 3197 "-" "Mozilla/5.0 (compatible; SERankingBacklinksBot/1.0; +https://seranking.com/backlinks-crawler)" 486 **0/486846**
74.7.241.52 - - [29/Mar/2026:05:26:28 -0700] "GET /?path=/home/falconiapl2015/.sucuriquarantine/home/falconiapl2015/public_html/wp-content/plugins/elementor/assets/js/packages/editor-components HTTP/2.0" 200 2717 "https://www.falcon-ia.com/?path=/home/falconiapl2015/.sucuriquarantine/home/falconiapl2015/public_html/wp-content/plugins/elementor/assets/js/packages" "Mozilla/5.0 AppleWebKit/537.36 (KHTML, like Gecko; compatible; GPTBot/1.3; +https://openai.com/gptbot)" 503 **0/503799**
85.208.96.200 - - [29/Mar/2026:05:26:28 -0700] "GET /commodity/controllers/altar171816264358 HTTP/1.1" 200 3956 "-" "Mozilla/5.0 (compatible; SemrushBot/7~bl; +http://www.semrush.com/bot.html)" 491 **0/491602**
216.73.216.50 - - [29/Mar/2026:05:26:29 -0700] "GET /item/1772124902?path=%2Fhome%2Ffalconiapl2015%2Fpublic_html%2Fwp-includes%2Fcertificates HTTP/2.0" 200 2646 "-" "Mozilla/5.0 AppleWebKit/537.36 (KHTML, like Gecko; compatible; ClaudeBot/1.0; +claudebot@anthropic.com)" 504 **0/504174**
74.7.241.52 - - [29/Mar/2026:05:26:31 -0700] "GET /?fileloc=/home/falconiapl2015/.sucuriquarantine/home/falconiapl2015/public_html/wp-content/plugins/elementor/assets/js/packages/editor/.htaccess_sucuribackup.17746063992265_1774606217cleanup&path=/home/falconiapl2015/.sucuriquarantine/home/falconiapl2015/public_html/wp-content/plugins/elementor/assets/js/packages/editor HTTP/2.0" 403 3449 "https://www.falcon-ia.com/?path=/home/falconiapl2015/.sucuriquarantine/home/falconiapl2015/public_html/wp-content/plugins/elementor/assets/js/packages/editor" "Mozilla/5.0 AppleWebKit/537.36 (KHTML, like Gecko; compatible; GPTBot/1.3; +https://openai.com/gptbot)" 481 **0/481085**
216.73.216.50 - - [29/Mar/2026:05:26:32 -0700] "GET /item/2255190269?path=%2Fhome%2Ffalconiapl2015 HTTP/2.0" 200 3737 "-" "Mozilla/5.0 AppleWebKit/537.36 (KHTML, like Gecko; compatible; ClaudeBot/1.0; +claudebot@anthropic.com)" 497 **0/497884**
85.208.96.200 - - [29/Mar/2026:05:26:33 -0700] "GET /commodity/faqfaq/investigate171748654517 HTTP/1.1" 200 3956 "-" "Mozilla/5.0 (compatible; SemrushBot/7~bl; +http://www.semrush.com/bot.html)" 496 **0/496318**
144.76.19.28 - - [29/Mar/2026:05:26:33 -0700] "GET /2026/01/06/?path=/home/falconiapl2015/public_html/wp-content HTTP/1.1" 200 3197 "-" "Mozilla/5.0 (compatible; SERankingBacklinksBot/1.0; +https://seranking.com/backlinks-crawler)" 549 **0/549940**
74.7.241.52 - - [29/Mar/2026:05:26:34 -0700] "GET /?fileloc=/home/falconiapl2015/.sucuriquarantine/home/falconiapl2015/public_html/wp-content/plugins/elementskit-lite/libs/pro-label/views/.htaccess_sucuribackup.17746063565168_1774606217cleanup&path=/home/falconiapl2015/.sucuriquarantine/home/falconiapl2015/public_html/wp-content/plugins/elementskit-lite/libs/pro-label/views HTTP/2.0" 403 3449 "https://www.falcon-ia.com/?path=/home/falconiapl2015/.sucuriquarantine/home/falconiapl2015/public_html/wp-content/plugins/elementskit-lite/libs/pro-label/views" "Mozilla/5.0 AppleWebKit/537.36 (KHTML, like Gecko; compatible; GPTBot/1.3; +https://openai.com/gptbot)" 499 **0/499007**
216.73.216.50 - - [29/Mar/2026:05:26:35 -0700] "GET /item/266687625?path=%2Fhome%2Ffalconiapl2015%2Fpublic_html%2Fwp-content%2Fuploads HTTP/2.0" 200 2907 "-" "Mozilla/5.0 AppleWebKit/537.36 (KHTML, like Gecko; compatible; ClaudeBot/1.0; +claudebot@anthropic.com)" 497 **0/497810**
74.7.241.52 - - [29/Mar/2026:05:26:37 -0700] "GET /?path=/home/falconiapl2015/.sucuriquarantine/home/falconiapl2015/public_html/wp-content/plugins/elementor/assets/js/packages/frontend-handlers HTTP/2.0" 200 2715 "https://www.falcon-ia.com/?path=/home/falconiapl2015/.sucuriquarantine/home/falconiapl2015/public_html/wp-content/plugins/elementor/assets/js/packages" "Mozilla/5.0 AppleWebKit/537.36 (KHTML, like Gecko; compatible; GPTBot/1.3; +https://openai.com/gptbot)" 533 **0/533660**
85.208.96.200 - - [29/Mar/2026:05:26:37 -0700] "GET /commodity/qty/foundry17197632003 HTTP/1.1" 200 3956 "-" "Mozilla/5.0 (compatible; SemrushBot/7~bl; +http://www.semrush.com/bot.html)" 497 **0/497291**
216.73.216.50 - - [29/Mar/2026:05:26:38 -0700] "GET /item/4253239655?path=%2Fhome%2Ffalconiapl2015%2F.mysql_backup HTTP/2.0" 200 2660 "-" "Mozilla/5.0 AppleWebKit/537.36 (KHTML, like Gecko; compatible; ClaudeBot/1.0; +claudebot@anthropic.com)" 507 **0/507902**
144.76.19.28 - - [29/Mar/2026:05:26:39 -0700] "GET /our-funds/?path=/home/falconiapl2015/public_html/.well-known HTTP/1.1" 200 2904 "-" "Mozilla/5.0 (compatible; SERankingBacklinksBot/1.0; +https://seranking.com/backlinks-crawler)" 493 **0/493445**
74.7.241.52 - - [29/Mar/2026:05:26:40 -0700] "GET /?fileloc=/home/falconiapl2015/.sucuriquarantine/home/falconiapl2015/public_html/wp-content/plugins/elementor/assets/js/packages/twing/.htaccess_sucuribackup.17746064003858_1774606217cleanup&path=/home/falconiapl2015/.sucuriquarantine/home/falconiapl2015/public_html/wp-content/plugins/elementor/assets/js/packages/twing HTTP/2.0" 403 3449 "https://www.falcon-ia.com/?path=/home/falconiapl2015/.sucuriquarantine/home/falconiapl2015/public_html/wp-content/plugins/elementor/assets/js/packages/twing" "Mozilla/5.0 AppleWebKit/537.36 (KHTML, like Gecko; compatible; GPTBot/1.3; +https://openai.com/gptbot)" 513 **0/513378**
216.73.216.50 - - [29/Mar/2026:05:26:41 -0700] "GET /item/52574727?path=%2Fhome%2Ffalconiapl2015%2Fnew%2Fwp-admin HTTP/2.0" 200 5480 "-" "Mozilla/5.0 AppleWebKit/537.36 (KHTML, like Gecko; compatible; ClaudeBot/1.0; +claudebot@anthropic.com)" 520 **0/520854**
85.208.96.205 - - [29/Mar/2026:05:26:42 -0700] "GET /?p=18326 HTTP/1.1" 200 3956 "-" "Mozilla/5.0 (compatible; SemrushBot/7~bl; +http://www.semrush.com/bot.html)" 511 **0/511657**
74.7.241.52 - - [29/Mar/2026:05:26:43 -0700] "GET /?path=/home/falconiapl2015/.sucuriquarantine/home/falconiapl2015/public_html/wp-content/plugins/elementor/assets/js/packages/editor-documents HTTP/2.0" 200 2716 "https://www.falcon-ia.com/?path=/home/falconiapl2015/.sucuriquarantine/home/falconiapl2015/public_html/wp-content/plugins/elementor/assets/js/packages" "Mozilla/5.0 AppleWebKit/537.36 (KHTML, like Gecko; compatible; GPTBot/1.3; +https://openai.com/gptbot)" 502 **0/502204**
216.73.216.50 - - [29/Mar/2026:05:26:44 -0700] "GET /item/3845665368?path=%2Fhome%2Ffalconiapl2015 HTTP/2.0" 200 3737 "-" "Mozilla/5.0 AppleWebKit/537.36 (KHTML, like Gecko; compatible; ClaudeBot/1.0; +claudebot@anthropic.com)" 513 **0/513118**
144.76.19.28 - - [29/Mar/2026:05:26:44 -0700] "GET /our-funds/?path=/home/falconiapl2015/public_html/wp-includes HTTP/1.1" 200 13554 "-" "Mozilla/5.0 (compatible; SERankingBacklinksBot/1.0; +https://seranking.com/backlinks-crawler)" 500 **0/500150**
74.7.241.52 - - [29/Mar/2026:05:26:46 -0700] "GET /?path=/home/falconiapl2015/.sucuriquarantine/home/falconiapl2015/public_html/wp-content/plugins/elementor/assets/js/packages/editor-variables HTTP/2.0" 200 2714 "https://www.falcon-ia.com/?path=/home/falconiapl2015/.sucuriquarantine/home/falconiapl2015/public_html/wp-content/plugins/elementor/assets/js/packages" "Mozilla/5.0 AppleWebKit/537.36 (KHTML, like Gecko; compatible; GPTBot/1.3; +https://openai.com/gptbot)" 520 **0/520182**
85.208.96.196 - - [29/Mar/2026:05:26:46 -0700] "GET /commodity/neighborhood/onboard172111667973 HTTP/1.1" 200 3956 "-" "Mozilla/5.0 (compatible; SemrushBot/7~bl; +http://www.semrush.com/bot.html)" 493 **0/493682**
216.73.216.50 - - [29/Mar/2026:05:26:47 -0700] "GET /item/1481361490?fileloc=%2Fhome%2Ffalconiapl2015%2Fpublic_html%2Fwp-includes%2Fclass-wp-scripts.php&path=%2Fhome%2Ffalconiapl2015%2Fpublic_html%2Fwp-includes HTTP/2.0" 200 10115 "-" "Mozilla/5.0 AppleWebKit/537.36 (KHTML, like Gecko; compatible; ClaudeBot/1.0; +claudebot@anthropic.com)" 514 **0/514504**
184.168.112.12 - - [29/Mar/2026:05:21:47 -0700] "GET /images/images/images/images/images/images/images/images/index.php?ARRAY=7o2230223n313737343739303530372p2231223n22687474703n5p2s5p2s7n733836307631332r6361746561722r626573745p2s3s6p633q7068705s636s64655s6n6326743q313737343738363930372q6265393165636561363334383031323535643735656663343536313434316230222p2232223n226232376235336437313237313933653337636436313435306631343737333261222p2233223n223066316239643631313364633062616262353764633131636633333431623962222p226175746s5s66696p655s6r616q65223n6r756p6p2p226175746s5s70617373223n6r756p6p2p2262696r675s70617373223n2232382q33342q35312q36382q37342q38392q3137227q HTTP/1.1" 503 55901 "-" "-" 300614 **300/300614623**
74.7.241.52 - - [29/Mar/2026:05:26:49 -0700] "GET /?path=/home/falconiapl2015/.sucuriquarantine/home/falconiapl2015/public_html/wp-content/plugins/elementor-pro/modules/notes/notifications/views HTTP/2.0" 200 2716 "https://www.falcon-ia.com/?path=/home/falconiapl2015/.sucuriquarantine/home/falconiapl2015/public_html/wp-content/plugins/elementor-pro/modules/notes/notifications" "Mozilla/5.0 AppleWebKit/537.36 (KHTML, like Gecko; compatible; GPTBot/1.3; +https://openai.com/gptbot)" 517 **0/517776**
216.73.216.50 - - [29/Mar/2026:05:26:50 -0700] "GET /item/1252318129?path=%2Fhome%2Ffalconiapl2015%2Fpublic_html%2Fwp-includes%2Fblocks%2Fquote HTTP/2.0" 200 2845 "-" "Mozilla/5.0 AppleWebKit/537.36 (KHTML, like Gecko; compatible; ClaudeBot/1.0; +claudebot@anthropic.com)" 522 **0/522521**
144.76.19.28 - - [29/Mar/2026:05:26:50 -0700] "GET /2024/07/19/?path=/home/falconiapl2015/public_html/.well-known HTTP/1.1" 200 2904 "-" "Mozilla/5.0 (compatible; SERankingBacklinksBot/1.0; +https://seranking.com/backlinks-crawler)" 495 **0/495807**
85.208.96.203 - - [29/Mar/2026:05:26:51 -0700] "GET /commodity/mcse/nunavut171621221576 HTTP/1.1" 200 3956 "-" "Mozilla/5.0 (compatible; SemrushBot/7~bl; +http://www.semrush.com/bot.html)" 520 **0/520668**
216.73.216.50 - - [29/Mar/2026:05:26:53 -0700] "GET /item/4282339982?path=%2Fhome%2Ffalconiapl2015%2F.cpanel%2Fnvdata HTTP/2.0" 200 2957 "-" "Mozilla/5.0 AppleWebKit/537.36 (KHTML, like Gecko; compatible; ClaudeBot/1.0; +claudebot@anthropic.com)" 502 **0/502373**
74.7.241.52 - - [29/Mar/2026:05:26:53 -0700] "GET /?fileloc=/home/falconiapl2015/.sucuriquarantine/home/falconiapl2015/public_html/wp-content/plugins/elementor/assets/js/packages/editor-editing-panel/.htaccess_sucuribackup.17746063990507_1774606217cleanup&path=/home/falconiapl2015/.sucuriquarantine/home/falconiapl2015/public_html/wp-content/plugins/elementor/assets/js/packages/editor-editing-panel HTTP/2.0" 403 3449 "https://www.falcon-ia.com/?path=/home/falconiapl2015/.sucuriquarantine/home/falconiapl2015/public_html/wp-content/plugins/elementor/assets/js/packages/editor-editing-panel" "Mozilla/5.0 AppleWebKit/537.36 (KHTML, like Gecko; compatible; GPTBot/1.3; +https://openai.com/gptbot)" 524 **0/524159**
144.76.19.28 - - [29/Mar/2026:05:26:55 -0700] "GET /2024/07/19/?path=/home/falconiapl2015/public_html/wp-includes HTTP/1.1" 200 13554 "-" "Mozilla/5.0 (compatible; SERankingBacklinksBot/1.0; +https://seranking.com/backlinks-crawler)" 523 **0/523567**
216.73.216.50 - - [29/Mar/2026:05:26:56 -0700] "GET /item/3913940939?fileloc=%2Fhome%2Ffalconiapl2015%2Fpublic_html%2Fwp-includes%2Fscript-modules.php&path=%2Fhome%2Ffalconiapl2015%2Fpublic_html%2Fwp-includes HTTP/2.0" 200 4476 "-" "Mozilla/5.0 AppleWebKit/537.36 (KHTML, like Gecko; compatible; ClaudeBot/1.0; +claudebot@anthropic.com)" 520 **0/520022**
85.208.96.200 - - [29/Mar/2026:05:26:56 -0700] "GET /commodity/punctuation/expenditures171937801642 HTTP/1.1" 200 3956 "-" "Mozilla/5.0 (compatible; SemrushBot/7~bl; +http://www.semrush.com/bot.html)" 495 **0/495538**
74.7.241.52 - - [29/Mar/2026:05:26:56 -0700] "GET /?path=/home/falconiapl2015/.sucuriquarantine/home/falconiapl2015/public_html/wp-content/plugins/elementor/assets/js/packages/editor-interactions HTTP/2.0" 200 2717 "https://www.falcon-ia.com/?path=/home/falconiapl2015/.sucuriquarantine/home/falconiapl2015/public_html/wp-content/plugins/elementor/assets/js/packages" "Mozilla/5.0 AppleWebKit/537.36 (KHTML, like Gecko; compatible; GPTBot/1.3; +https://openai.com/gptbot)" 517 **0/517630**
216.73.216.50 - - [29/Mar/2026:05:26:59 -0700] "GET /item/1481361490?path=%2Fhome%2Ffalconiapl2015%2Fpublic_html%2Fwp-includes%2Fsodium_compat HTTP/2.0" 200 2868 "-" "Mozilla/5.0 AppleWebKit/537.36 (KHTML, like Gecko; compatible; ClaudeBot/1.0; +claudebot@anthropic.com)" 501 **0/501579**
74.7.241.52 - - [29/Mar/2026:05:26:59 -0700] "GET /?path=/home/falconiapl2015/.sucuriquarantine/home/falconiapl2015/public_html/wp-content/plugins/elementor/assets/js/packages/alpinejs HTTP/2.0" 200 2712 "https://www.falcon-ia.com/?path=/home/falconiapl2015/.sucuriquarantine/home/falconiapl2015/public_html/wp-content/plugins/elementor/assets/js/packages" "Mozilla/5.0 AppleWebKit/537.36 (KHTML, like Gecko; compatible; GPTBot/1.3; +https://openai.com/gptbot)" 519 **0/519501**
85.208.96.200 - - [29/Mar/2026:05:27:00 -0700] "GET /commodity/difficulties/janet17205003077 HTTP/1.1" 200 3956 "-" "Mozilla/5.0 (compatible; SemrushBot/7~bl; +http://www.semrush.com/bot.html)" 502 **0/502153**
144.76.19.28 - - [29/Mar/2026:05:27:01 -0700] "GET /2026/01/06/?path=/home/falconiapl2015/public_html/.well-known HTTP/1.1" 200 2904 "-" "Mozilla/5.0 (compatible; SERankingBacklinksBot/1.0; +https://seranking.com/backlinks-crawler)" 588 **0/588906**
216.73.216.50 - - [29/Mar/2026:05:27:02 -0700] "GET /item/3162610274?fileloc=%2Fhome%2Ffalconiapl2015%2Fpublic_html%2Fwp-includes%2FText%2FException.php&path=%2Fhome%2Ffalconiapl2015%2Fpublic_html%2Fwp-includes%2FText HTTP/2.0" 200 2398 "-" "Mozilla/5.0 AppleWebKit/537.36 (KHTML, like Gecko; compatible; ClaudeBot/1.0; +claudebot@anthropic.com)" 543 **0/543805**
74.7.241.52 - - [29/Mar/2026:05:27:02 -0700] "GET /?fileloc=/home/falconiapl2015/.sucuriquarantine/home/falconiapl2015/public_html/wp-content/plugins/elementor/assets/js/packages/editor-components/.htaccess_sucuribackup.17746063982305_1774606217cleanup&path=/home/falconiapl2015/.sucuriquarantine/home/falconiapl2015/public_html/wp-content/plugins/elementor/assets/js/packages/editor-components HTTP/2.0" 403 3449 "https://www.falcon-ia.com/?path=/home/falconiapl2015/.sucuriquarantine/home/falconiapl2015/public_html/wp-content/plugins/elementor/assets/js/packages/editor-components" "Mozilla/5.0 AppleWebKit/537.36 (KHTML, like Gecko; compatible; GPTBot/1.3; +https://openai.com/gptbot)" 563 **0/563336**
216.73.216.50 - - [29/Mar/2026:05:27:05 -0700] "GET /item/1789643479?path=%2Fhome%2Ffalconiapl2015%2Fpublic_html%2Fwp-includes%2Fcertificates HTTP/2.0" 200 2646 "-" "Mozilla/5.0 AppleWebKit/537.36 (KHTML, like Gecko; compatible; ClaudeBot/1.0; +claudebot@anthropic.com)" 499 **0/499280**
74.7.241.52 - - [29/Mar/2026:05:27:05 -0700] "GET /?path=/home/falconiapl2015/.sucuriquarantine/home/falconiapl2015/public_html/wp-content/plugins/elementor/assets/js/packages/locations HTTP/2.0" 200 2711 "https://www.falcon-ia.com/?path=/home/falconiapl2015/.sucuriquarantine/home/falconiapl2015/public_html/wp-content/plugins/elementor/assets/js/packages" "Mozilla/5.0 AppleWebKit/537.36 (KHTML, like Gecko; compatible; GPTBot/1.3; +https://openai.com/gptbot)" 519 **0/519943**
185.191.171.17 - - [29/Mar/2026:05:27:05 -0700] "GET /commodity/prohibited/parenting17194582655 HTTP/1.1" 200 3956 "-" "Mozilla/5.0 (compatible; SemrushBot/7~bl; +http://www.semrush.com/bot.html)" 517 **0/517008**
144.76.19.28 - - [29/Mar/2026:05:27:07 -0700] "GET /2026/01/06/?path=/home/falconiapl2015/public_html/wp-includes HTTP/1.1" 200 13554 "-" "Mozilla/5.0 (compatible; SERankingBacklinksBot/1.0; +https://seranking.com/backlinks-crawler)" 574 **0/574094**
216.73.216.50 - - [29/Mar/2026:05:27:08 -0700] "GET /item/1772124902?fileloc=%2Fhome%2Ffalconiapl2015%2Fpublic_html%2Fwp-includes%2Ffunctions.wp-scripts.php&path=%2Fhome%2Ffalconiapl2015%2Fpublic_html%2Fwp-includes HTTP/2.0" 200 6225 "-" "Mozilla/5.0 AppleWebKit/537.36 (KHTML, like Gecko; compatible; ClaudeBot/1.0; +claudebot@anthropic.com)" 527 **0/527895**
74.7.241.52 - - [29/Mar/2026:05:27:08 -0700] "GET /?path=/home/falconiapl2015/.sucuriquarantine/home/falconiapl2015/public_html/wp-content/plugins/elementor-pro/modules/notes/user HTTP/2.0" 200 2703 "https://www.falcon-ia.com/?path=/home/falconiapl2015/.sucuriquarantine/home/falconiapl2015/public_html/wp-content/plugins/elementor-pro/modules/notes" "Mozilla/5.0 AppleWebKit/537.36 (KHTML, like Gecko; compatible; GPTBot/1.3; +https://openai.com/gptbot)" 508 **0/508320**
184.168.112.12 - - [29/Mar/2026:05:22:09 -0700] "GET /images/images/images/images/images/images/images/images/index.php?ARRAY=7o2230223n313737343739303532392p2231223n22687474703n5p2s5p2s7n733836307631332r6361746561722r626573745p2s3s6p633q7068705s636s64655s6n6326743q313737343738363932392q3366623964366461613039333939316331326463376461363639653062396435222p2232223n226232376235336437313237313933653337636436313435306631343737333261222p2233223n223066316239643631313364633062616262353764633131636633333431623962222p226175746s5s66696p655s6r616q65223n6r756p6p2p226175746s5s70617373223n6r756p6p2p2262696r675s70617373223n2232382q33342q35312q36382q37342q38392q3137227q HTTP/1.1" 503 55901 "-" "-" 300623 **300/300623333**
85.208.96.210 - - [29/Mar/2026:05:27:10 -0700] "GET /commodity/surround/hurry171627154821 HTTP/1.1" 200 3956 "-" "Mozilla/5.0 (compatible; SemrushBot/7~bl; +http://www.semrush.com/bot.html)" 510 **0/510468**
74.7.241.52 - - [29/Mar/2026:05:27:12 -0700] "GET /?path=/home/falconiapl2015/.sucuriquarantine/home/falconiapl2015/public_html/wp-content/plugins/elementor/assets/js/packages/editor-controls HTTP/2.0" 200 2717 "https://www.falcon-ia.com/?path=/home/falconiapl2015/.sucuriquarantine/home/falconiapl2015/public_html/wp-content/plugins/elementor/assets/js/packages" "Mozilla/5.0 AppleWebKit/537.36 (KHTML, like Gecko; compatible; GPTBot/1.3; +https://openai.com/gptbot)" 500 **0/500242**
216.73.216.50 - - [29/Mar/2026:05:27:12 -0700] "GET /item/1063026196?fileloc=%2Fhome%2Ffalconiapl2015%2Fpublic_html%2Fimages%2Ftoggige-arrow.jpg&path=%2Fhome%2Ffalconiapl2015%2Fpublic_html%2Fimages HTTP/2.0" 200 15949 "-" "Mozilla/5.0 AppleWebKit/537.36 (KHTML, like Gecko; compatible; ClaudeBot/1.0; +claudebot@anthropic.com)" 509 **0/509537**
144.76.19.28 - - [29/Mar/2026:05:27:12 -0700] "GET /contact/?path=/home/falconiapl2015/public_html/.easyssl_backup HTTP/1.1" 200 3151 "-" "Mozilla/5.0 (compatible; SERankingBacklinksBot/1.0; +https://seranking.com/backlinks-crawler)" 486 **0/486811**
216.73.216.50 - - [29/Mar/2026:05:27:15 -0700] "GET /item/2998954404?fileloc=%2Fhome%2Ffalconiapl2015%2Fpublic_html%2Fimages%2Ftoggige-arrow.jpg&path=%2Fhome%2Ffalconiapl2015%2Fpublic_html%2Fimages HTTP/2.0" 200 15949 "-" "Mozilla/5.0 AppleWebKit/537.36 (KHTML, like Gecko; compatible; ClaudeBot/1.0; +claudebot@anthropic.com)" 495 **0/495468**
74.7.241.52 - - [29/Mar/2026:05:27:15 -0700] "GET /?path=/home/falconiapl2015/.sucuriquarantine/home/falconiapl2015/public_html/wp-content/plugins/elementor-pro/modules/notes/database HTTP/2.0" 200 2856 "https://www.falcon-ia.com/?path=/home/falconiapl2015/.sucuriquarantine/home/falconiapl2015/public_html/wp-content/plugins/elementor-pro/modules/notes" "Mozilla/5.0 AppleWebKit/537.36 (KHTML, like Gecko; compatible; GPTBot/1.3; +https://openai.com/gptbot)" 536 **0/536358**
85.208.96.208 - - [29/Mar/2026:05:27:15 -0700] "GET /commodity/optics/harper17212586458 HTTP/1.1" 200 3956 "-" "Mozilla/5.0 (compatible; SemrushBot/7~bl; +http://www.semrush.com/bot.html)" 503 **0/503078**
216.73.216.50 - - [29/Mar/2026:05:27:18 -0700] "GET /item/522324157?fileloc=%2Fhome%2Ffalconiapl2015%2Fpublic_html%2Fimages%2Ftoggige-arrow.jpg&path=%2Fhome%2Ffalconiapl2015%2Fpublic_html%2Fimages HTTP/2.0" 403 3449 "-" "Mozilla/5.0 AppleWebKit/537.36 (KHTML, like Gecko; compatible; ClaudeBot/1.0; +claudebot@anthropic.com)" 507 **0/507782**
144.76.19.28 - - [29/Mar/2026:05:27:18 -0700] "GET /kumar-bedava-bonus/?path=/home/falconiapl2015/public_html/.tmb HTTP/1.1" 200 2938 "-" "Mozilla/5.0 (compatible; SERankingBacklinksBot/1.0; +https://seranking.com/backlinks-crawler)" 500 **0/500702**
74.7.241.52 - - [29/Mar/2026:05:27:18 -0700] "GET /?path=/home/falconiapl2015/.sucuriquarantine/home/falconiapl2015/public_html/wp-content/plugins/elementor-pro/modules/notes/assets HTTP/2.0" 200 2705 "https://www.falcon-ia.com/?path=/home/falconiapl2015/.sucuriquarantine/home/falconiapl2015/public_html/wp-content/plugins/elementor-pro/modules/notes" "Mozilla/5.0 AppleWebKit/537.36 (KHTML, like Gecko; compatible; GPTBot/1.3; +https://openai.com/gptbot)" 521 **0/521532**
85.208.96.196 - - [29/Mar/2026:05:27:19 -0700] "GET /commodity/siding/carrier172076953268 HTTP/1.1" 200 3956 "-" "Mozilla/5.0 (compatible; SemrushBot/7~bl; +http://www.semrush.com/bot.html)" 483 **0/483019**
114.119.151.172 - - [29/Mar/2026:05:27:20 -0700] "GET /commodity/signature/disappointed1720110018144 HTTP/1.1" 200 3956 "https://falcon-ia.com/sitemap_91.xml" "Mozilla/5.0 (Linux; Android 7.0;) AppleWebKit/537.36 (KHTML, like Gecko) Mobile Safari/537.36 (compatible; PetalBot;+https://webmaster.petalsearch.com/site/petalbot)" 497 **0/497092**
216.73.216.50 - - [29/Mar/2026:05:27:21 -0700] "GET /item/3721695152?fileloc=%2Fhome%2Ffalconiapl2015%2Fpublic_html%2Fimages%2Ftoggige-arrow.jpg&path=%2Fhome%2Ffalconiapl2015%2Fpublic_html%2Fimages HTTP/2.0" 403 3449 "-" "Mozilla/5.0 AppleWebKit/537.36 (KHTML, like Gecko; compatible; ClaudeBot/1.0; +claudebot@anthropic.com)" 509 **0/509781**
74.7.241.52 - - [29/Mar/2026:05:27:21 -0700] "GET /?path=/home/falconiapl2015/.sucuriquarantine/home/falconiapl2015/public_html/wp-content/plugins/elementor-pro/modules/lottie/assets HTTP/2.0" 200 2774 "https://www.falcon-ia.com/?path=/home/falconiapl2015/.sucuriquarantine/home/falconiapl2015/public_html/wp-content/plugins/elementor-pro/modules/lottie" "Mozilla/5.0 AppleWebKit/537.36 (KHTML, like Gecko; compatible; GPTBot/1.3; +https://openai.com/gptbot)" 491 **0/491108**
144.76.19.28 - - [29/Mar/2026:05:27:23 -0700] "GET /yeni-slotlar-siteleri-deneme-bonusu/?path=/home/falconiapl2015 HTTP/1.1" 200 4257 "-" "Mozilla/5.0 (compatible; SERankingBacklinksBot/1.0; +https://seranking.com/backlinks-crawler)" 479 **0/479124**
216.73.216.50 - - [29/Mar/2026:05:27:24 -0700] "GET /item/3615239978?fileloc=%2Fhome%2Ffalconiapl2015%2F.quarantine%2Fhostingsecurity_scan-032726.txt&path=%2Fhome%2Ffalconiapl2015%2F.quarantine HTTP/2.0" 403 3449 "-" "Mozilla/5.0 AppleWebKit/537.36 (KHTML, like Gecko; compatible; ClaudeBot/1.0; +claudebot@anthropic.com)" 488 **0/488938**
85.208.96.205 - - [29/Mar/2026:05:27:24 -0700] "GET /commodity/turkish/https172111563394 HTTP/1.1" 200 3956 "-" "Mozilla/5.0 (compatible; SemrushBot/7~bl; +http://www.semrush.com/bot.html)" 529 **0/529107**
74.7.241.52 - - [29/Mar/2026:05:27:24 -0700] "GET /?fileloc=/home/falconiapl2015/.sucuriquarantine/home/falconiapl2015/public_html/wp-content/plugins/elementor-pro/modules/notes/notifications/views/.htaccess_sucuribackup.17746063698022_1774606217cleanup&path=/home/falconiapl2015/.sucuriquarantine/home/falconiapl2015/public_html/wp-content/plugins/elementor-pro/modules/notes/notifications/views HTTP/2.0" 403 3449 "https://www.falcon-ia.com/?path=/home/falconiapl2015/.sucuriquarantine/home/falconiapl2015/public_html/wp-content/plugins/elementor-pro/modules/notes/notifications/views" "Mozilla/5.0 AppleWebKit/537.36 (KHTML, like Gecko; compatible; GPTBot/1.3; +https://openai.com/gptbot)" 497 **0/497301**
216.73.216.50 - - [29/Mar/2026:05:27:27 -0700] "GET /item/3615239978?fileloc=%2Fhome%2Ffalconiapl2015%2F.quarantine%2Fhostingsecurity_scan-121325.txt&path=%2Fhome%2Ffalconiapl2015%2F.quarantine HTTP/2.0" 403 3449 "-" "Mozilla/5.0 AppleWebKit/537.36 (KHTML, like Gecko; compatible; ClaudeBot/1.0; +claudebot@anthropic.com)" 494 **0/494062**
74.7.241.52 - - [29/Mar/2026:05:27:28 -0700] "GET /?path=/home/falconiapl2015/.sucuriquarantine/home/falconiapl2015/public_html/wp-content/plugins/elementor-pro/modules/lottie/widgets HTTP/2.0" 200 2703 "https://www.falcon-ia.com/?path=/home/falconiapl2015/.sucuriquarantine/home/falconiapl2015/public_html/wp-content/plugins/elementor-pro/modules/lottie" "Mozilla/5.0 AppleWebKit/537.36 (KHTML, like Gecko; compatible; GPTBot/1.3; +https://openai.com/gptbot)" 522 **0/522669**
185.191.171.9 - - [29/Mar/2026:05:27:29 -0700] "GET /commodity/frontgate/tg172186233962 HTTP/1.1" 200 3956 "-" "Mozilla/5.0 (compatible; SemrushBot/7~bl; +http://www.semrush.com/bot.html)" 501 **0/501418**
144.76.19.28 - - [29/Mar/2026:05:27:29 -0700] "GET /about-us/?path=/home/falconiapl2015/public_html/.easyssl_backup HTTP/1.1" 200 3151 "-" "Mozilla/5.0 (compatible; SERankingBacklinksBot/1.0; +https://seranking.com/backlinks-crawler)" 526 **0/526505**
216.73.216.50 - - [29/Mar/2026:05:27:30 -0700] "GET /item/3306944340?fileloc=%2Fhome%2Ffalconiapl2015%2Fpublic_html%2Fimages%2Ftoggige-arrow.jpg&path=%2Fhome%2Ffalconiapl2015%2Fpublic_html%2Fimages HTTP/2.0" 403 3449 "-" "Mozilla/5.0 AppleWebKit/537.36 (KHTML, like Gecko; compatible; ClaudeBot/1.0; +claudebot@anthropic.com)" 498 **0/498858**
