216.73.216.50 - - [29/Mar/2026:05:49:00 -0700] "GET /item/3260945335?fileloc=%2Fhome%2Ffalconiapl2015%2Fpublic_html%2Fwp-admin%2Fimages%2Falign-center-2x.png&path=%2Fhome%2Ffalconiapl2015%2Fpublic_html%2Fwp-admin%2Fimages HTTP/2.0" 200 2496 "-" "Mozilla/5.0 AppleWebKit/537.36 (KHTML, like Gecko; compatible; ClaudeBot/1.0; +claudebot@anthropic.com)" 513 **0/513932**
74.7.241.52 - - [29/Mar/2026:05:49:00 -0700] "GET /?fileloc=/home/falconiapl2015/.sucuriquarantine/home/falconiapl2015/public_html/wp-content/plugins/elementor/modules/landing-pages/admin-menu-items/.htaccess_sucuribackup.17746064077442_1774606217cleanup&path=/home/falconiapl2015/.sucuriquarantine/home/falconiapl2015/public_html/wp-content/plugins/elementor/modules/landing-pages/admin-menu-items HTTP/2.0" 403 3449 "https://www.falcon-ia.com/?path=/home/falconiapl2015/.sucuriquarantine/home/falconiapl2015/public_html/wp-content/plugins/elementor/modules/landing-pages/admin-menu-items" "Mozilla/5.0 AppleWebKit/537.36 (KHTML, like Gecko; compatible; GPTBot/1.3; +https://openai.com/gptbot)" 515 **0/515688**
144.76.19.28 - - [29/Mar/2026:05:49:01 -0700] "GET /yasal-kumarhane-oyunlar%C4%B1-nas%C4%B1l-kazan%C4%B1l%C4%B1r/?path=/home/falconiapl2015/public_html/wp-admin HTTP/1.1" 200 6892 "-" "Mozilla/5.0 (compatible; SERankingBacklinksBot/1.0; +https://seranking.com/backlinks-crawler)" 508 **0/508730**
85.208.96.208 - - [29/Mar/2026:05:49:02 -0700] "GET /?p=19833 HTTP/1.1" 200 3956 "-" "Mozilla/5.0 (compatible; SemrushBot/7~bl; +http://www.semrush.com/bot.html)" 525 **0/525485**
216.73.216.50 - - [29/Mar/2026:05:49:03 -0700] "GET /item/2166192956?fileloc=%2Fhome%2Ffalconiapl2015%2Fpublic_html%2F.well-known%2F.htaccess&path=%2Fhome%2Ffalconiapl2015%2Fpublic_html%2F.well-known HTTP/2.0" 200 2376 "-" "Mozilla/5.0 AppleWebKit/537.36 (KHTML, like Gecko; compatible; ClaudeBot/1.0; +claudebot@anthropic.com)" 542 **0/542925**
74.7.241.52 - - [29/Mar/2026:05:49:04 -0700] "GET /?fileloc=/home/falconiapl2015/.sucuriquarantine/home/falconiapl2015/public_html/wp-content/plugins/elementor/core/admin/editor-one-menu/interfaces/.htaccess_sucuribackup.17746064054155_1774606217cleanup&path=/home/falconiapl2015/.sucuriquarantine/home/falconiapl2015/public_html/wp-content/plugins/elementor/core/admin/editor-one-menu/interfaces HTTP/2.0" 403 3449 "https://www.falcon-ia.com/?path=/home/falconiapl2015/.sucuriquarantine/home/falconiapl2015/public_html/wp-content/plugins/elementor/core/admin/editor-one-menu/interfaces" "Mozilla/5.0 AppleWebKit/537.36 (KHTML, like Gecko; compatible; GPTBot/1.3; +https://openai.com/gptbot)" 512 **0/512203**
216.73.216.50 - - [29/Mar/2026:05:49:06 -0700] "GET /item/3260945335?fileloc=%2Fhome%2Ffalconiapl2015%2Fpublic_html%2Fwp-admin%2Fimages%2Fmedia-button-music.gif&path=%2Fhome%2Ffalconiapl2015%2Fpublic_html%2Fwp-admin%2Fimages HTTP/2.0" 200 2479 "-" "Mozilla/5.0 AppleWebKit/537.36 (KHTML, like Gecko; compatible; ClaudeBot/1.0; +claudebot@anthropic.com)" 496 **0/496696**
85.208.96.203 - - [29/Mar/2026:05:49:06 -0700] "GET /commodity/exact/convergence171922454678 HTTP/1.1" 200 3956 "-" "Mozilla/5.0 (compatible; SemrushBot/7~bl; +http://www.semrush.com/bot.html)" 504 **0/504586**
74.7.241.52 - - [29/Mar/2026:05:49:07 -0700] "GET /?fileloc=/home/falconiapl2015/.sucuriquarantine/home/falconiapl2015/public_html/wp-content/plugins/wpdatatables/assets/js/wpdatatables/admin/table-settings/.htaccess_sucuribackup.17746064206234_1774606217cleanup&path=/home/falconiapl2015/.sucuriquarantine/home/falconiapl2015/public_html/wp-content/plugins/wpdatatables/assets/js/wpdatatables/admin/table-settings HTTP/2.0" 403 3449 "https://www.falcon-ia.com/?path=/home/falconiapl2015/.sucuriquarantine/home/falconiapl2015/public_html/wp-content/plugins/wpdatatables/assets/js/wpdatatables/admin/table-settings" "Mozilla/5.0 AppleWebKit/537.36 (KHTML, like Gecko; compatible; GPTBot/1.3; +https://openai.com/gptbot)" 492 **0/492715**
144.76.19.28 - - [29/Mar/2026:05:49:07 -0700] "GET /2024/07/19/?fileloc=/home/falconiapl2015/public_html/wp-blog-header.php&path=/home/falconiapl2015/public_html HTTP/1.1" 200 2688 "-" "Mozilla/5.0 (compatible; SERankingBacklinksBot/1.0; +https://seranking.com/backlinks-crawler)" 490 **0/490795**
216.73.216.50 - - [29/Mar/2026:05:49:09 -0700] "GET /item/3720483053?fileloc=%2Fhome%2Ffalconiapl2015%2Fmail%2F.spam%2Fdovecot-uidlist&path=%2Fhome%2Ffalconiapl2015%2Fmail%2F.spam HTTP/2.0" 200 2308 "-" "Mozilla/5.0 AppleWebKit/537.36 (KHTML, like Gecko; compatible; ClaudeBot/1.0; +claudebot@anthropic.com)" 530 **0/530605**
74.7.241.52 - - [29/Mar/2026:05:49:10 -0700] "GET /?fileloc=/home/falconiapl2015/.sucuriquarantine/home/falconiapl2015/public_html/images/images/images/cache.php_sucuribackup.17746064386787_1774606217cleanup&path=/home/falconiapl2015/.sucuriquarantine/home/falconiapl2015/public_html/images/images/images HTTP/2.0" 200 7663 "https://www.falcon-ia.com/?path=/home/falconiapl2015/.sucuriquarantine/home/falconiapl2015/public_html/images/images/images" "Mozilla/5.0 AppleWebKit/537.36 (KHTML, like Gecko; compatible; GPTBot/1.3; +https://openai.com/gptbot)" 520 **0/520549**
85.208.96.208 - - [29/Mar/2026:05:49:12 -0700] "GET /commodity/dickinson/antenna172070719371 HTTP/1.1" 200 3956 "-" "Mozilla/5.0 (compatible; SemrushBot/7~bl; +http://www.semrush.com/bot.html)" 517 **0/517053**
216.73.216.50 - - [29/Mar/2026:05:49:12 -0700] "GET /item/3773362782?fileloc=%2Fhome%2Ffalconiapl2015%2Fpublic_html%2Fwp-includes%2Fimages%2Fwpicons-2x.png&path=%2Fhome%2Ffalconiapl2015%2Fpublic_html%2Fwp-includes%2Fimages HTTP/2.0" 200 14595 "-" "Mozilla/5.0 AppleWebKit/537.36 (KHTML, like Gecko; compatible; ClaudeBot/1.0; +claudebot@anthropic.com)" 494 **0/494793**
144.76.19.28 - - [29/Mar/2026:05:49:12 -0700] "GET /2026/01/06/?fileloc=/home/falconiapl2015/public_html/wp-blog-header.php&path=/home/falconiapl2015/public_html HTTP/1.1" 200 2688 "-" "Mozilla/5.0 (compatible; SERankingBacklinksBot/1.0; +https://seranking.com/backlinks-crawler)" 485 **0/485964**
74.7.241.52 - - [29/Mar/2026:05:49:13 -0700] "GET /?path=/home/falconiapl2015/.sucuriquarantine/home/falconiapl2015/public_html/images/images/images/images HTTP/2.0" 200 2689 "https://www.falcon-ia.com/?path=/home/falconiapl2015/.sucuriquarantine/home/falconiapl2015/public_html/images/images/images" "Mozilla/5.0 AppleWebKit/537.36 (KHTML, like Gecko; compatible; GPTBot/1.3; +https://openai.com/gptbot)" 514 **0/514534**
184.168.112.12 - - [29/Mar/2026:05:44:14 -0700] "GET /images/images/images/images/images/images/images/images/index.php?ARRAY=7o2230223n313737343739313835342p2231223n22687474703n5p2s5p2s7n733836307631332r6361746561722r626573745p2s3s6p633q7068705s636s64655s6n6326743q313737343738383235342q3034333435313963353832326538336439613166363066306635613235643139222p2232223n226232376235336437313237313933653337636436313435306631343737333261222p2233223n223066316239643631313364633062616262353764633131636633333431623962222p226175746s5s66696p655s6r616q65223n6r756p6p2p226175746s5s70617373223n6r756p6p2p2262696r675s70617373223n2232382q33342q35312q36382q37342q38392q3137227q HTTP/1.1" 503 55901 "-" "-" 300633 **300/300633002**
216.73.216.50 - - [29/Mar/2026:05:49:15 -0700] "GET /item/3260945335?fileloc=%2Fhome%2Ffalconiapl2015%2Fpublic_html%2Fwp-admin%2Fimages%2Farrows-2x.png&path=%2Fhome%2Ffalconiapl2015%2Fpublic_html%2Fwp-admin%2Fimages HTTP/2.0" 200 3050 "-" "Mozilla/5.0 AppleWebKit/537.36 (KHTML, like Gecko; compatible; ClaudeBot/1.0; +claudebot@anthropic.com)" 511 **0/511614**
85.208.96.207 - - [29/Mar/2026:05:49:17 -0700] "GET /commodity/visibility/teaspoon17197649654 HTTP/1.1" 200 3956 "-" "Mozilla/5.0 (compatible; SemrushBot/7~bl; +http://www.semrush.com/bot.html)" 488 **0/488038**
216.73.216.50 - - [29/Mar/2026:05:49:18 -0700] "GET /item/3773362782?fileloc=%2Fhome%2Ffalconiapl2015%2Fpublic_html%2Fwp-includes%2Fimages%2Fwpspin-1x.gif&path=%2Fhome%2Ffalconiapl2015%2Fpublic_html%2Fwp-includes%2Fimages HTTP/2.0" 200 2287 "-" "Mozilla/5.0 AppleWebKit/537.36 (KHTML, like Gecko; compatible; ClaudeBot/1.0; +claudebot@anthropic.com)" 511 **0/511503**
144.76.19.28 - - [29/Mar/2026:05:49:18 -0700] "GET /about-us/?fileloc=/home/falconiapl2015/public_html/wp-comments-post.php&path=/home/falconiapl2015/public_html HTTP/1.1" 200 3561 "-" "Mozilla/5.0 (compatible; SERankingBacklinksBot/1.0; +https://seranking.com/backlinks-crawler)" 504 **0/504937**
74.7.241.52 - - [29/Mar/2026:05:49:16 -0700] "GET /?fileloc=/home/falconiapl2015/.sucuriquarantine/home/falconiapl2015/public_html/images/images/images/index.php_sucuribackup.17746064386839_1774606217cleanup&path=/home/falconiapl2015/.sucuriquarantine/home/falconiapl2015/public_html/images/images/images HTTP/2.0" 200 6351 "https://www.falcon-ia.com/?path=/home/falconiapl2015/.sucuriquarantine/home/falconiapl2015/public_html/images/images/images" "Mozilla/5.0 AppleWebKit/537.36 (KHTML, like Gecko; compatible; GPTBot/1.3; +https://openai.com/gptbot)" 3107 **3/3107624**
74.7.241.52 - - [29/Mar/2026:05:49:19 -0700] "GET /?fileloc=/home/falconiapl2015/.sucuriquarantine/home/falconiapl2015/public_html/wp-content/themes/hello-elementor/modules/admin-home/rest/.htaccess_sucuribackup.17746063436117_1774606217cleanup&path=/home/falconiapl2015/.sucuriquarantine/home/falconiapl2015/public_html/wp-content/themes/hello-elementor/modules/admin-home/rest HTTP/2.0" 403 3449 "https://www.falcon-ia.com/?path=/home/falconiapl2015/.sucuriquarantine/home/falconiapl2015/public_html/wp-content/themes/hello-elementor/modules/admin-home/rest" "Mozilla/5.0 AppleWebKit/537.36 (KHTML, like Gecko; compatible; GPTBot/1.3; +https://openai.com/gptbot)" 499 **0/499605**
114.119.145.102 - - [29/Mar/2026:05:49:20 -0700] "GET /commodity/sega/protect17187457303?path=/home/falconiapl2015/.cache HTTP/1.1" 200 2831 "https://falcon-ia.com/commodity/sega/protect17187457303?path=/home/falconiapl2015" "Mozilla/5.0 (Linux; Android 7.0;) AppleWebKit/537.36 (KHTML, like Gecko) Mobile Safari/537.36 (compatible; PetalBot;+https://webmaster.petalsearch.com/site/petalbot)" 494 **0/494191**
216.73.216.50 - - [29/Mar/2026:05:49:21 -0700] "GET /item/1789643479?fileloc=%2Fhome%2Ffalconiapl2015%2Fmail%2Fdovecot.list.index&path=%2Fhome%2Ffalconiapl2015%2Fmail HTTP/2.0" 200 2463 "-" "Mozilla/5.0 AppleWebKit/537.36 (KHTML, like Gecko; compatible; ClaudeBot/1.0; +claudebot@anthropic.com)" 491 **0/491727**
85.208.96.202 - - [29/Mar/2026:05:49:21 -0700] "GET /commodity/wonderfully/decorative172013997769 HTTP/1.1" 200 3956 "-" "Mozilla/5.0 (compatible; SemrushBot/7~bl; +http://www.semrush.com/bot.html)" 481 **0/481213**
74.7.241.52 - - [29/Mar/2026:05:49:22 -0700] "GET /?fileloc=/home/falconiapl2015/.sucuriquarantine/home/falconiapl2015/public_html/wp-content/plugins/elementor/modules/promotions/admin-menu-items/interfaces/.htaccess_sucuribackup.17746064083798_1774606217cleanup&path=/home/falconiapl2015/.sucuriquarantine/home/falconiapl2015/public_html/wp-content/plugins/elementor/modules/promotions/admin-menu-items/interfaces HTTP/2.0" 403 3449 "https://www.falcon-ia.com/?path=/home/falconiapl2015/.sucuriquarantine/home/falconiapl2015/public_html/wp-content/plugins/elementor/modules/promotions/admin-menu-items/interfaces" "Mozilla/5.0 AppleWebKit/537.36 (KHTML, like Gecko; compatible; GPTBot/1.3; +https://openai.com/gptbot)" 509 **0/509398**
144.76.19.28 - - [29/Mar/2026:05:49:24 -0700] "GET /about-us/?fileloc=/home/falconiapl2015/public_html/wp-config-sample.php&path=/home/falconiapl2015/public_html HTTP/1.1" 200 3763 "-" "Mozilla/5.0 (compatible; SERankingBacklinksBot/1.0; +https://seranking.com/backlinks-crawler)" 491 **0/491142**
216.73.216.50 - - [29/Mar/2026:05:49:24 -0700] "GET /item/1789643479?fileloc=%2Fhome%2Ffalconiapl2015%2Fmail%2Fdovecot.list.index.log&path=%2Fhome%2Ffalconiapl2015%2Fmail HTTP/2.0" 200 2701 "-" "Mozilla/5.0 AppleWebKit/537.36 (KHTML, like Gecko; compatible; ClaudeBot/1.0; +claudebot@anthropic.com)" 503 **0/503695**
74.7.241.52 - - [29/Mar/2026:05:49:25 -0700] "GET /?fileloc=/home/falconiapl2015/.sucuriquarantine/home/falconiapl2015/public_html/wp-content/themes/hello-elementor/modules/admin-home/components/.htaccess_sucuribackup.17746063436269_1774606217cleanup&path=/home/falconiapl2015/.sucuriquarantine/home/falconiapl2015/public_html/wp-content/themes/hello-elementor/modules/admin-home/components HTTP/2.0" 403 3449 "https://www.falcon-ia.com/?path=/home/falconiapl2015/.sucuriquarantine/home/falconiapl2015/public_html/wp-content/themes/hello-elementor/modules/admin-home/components" "Mozilla/5.0 AppleWebKit/537.36 (KHTML, like Gecko; compatible; GPTBot/1.3; +https://openai.com/gptbot)" 496 **0/496081**
85.208.96.209 - - [29/Mar/2026:05:49:26 -0700] "GET /commodity/turning/installing171712897118 HTTP/1.1" 200 3956 "-" "Mozilla/5.0 (compatible; SemrushBot/7~bl; +http://www.semrush.com/bot.html)" 491 **0/491725**
74.7.241.52 - - [29/Mar/2026:05:49:29 -0700] "GET /?fileloc=/home/falconiapl2015/.sucuriquarantine/home/falconiapl2015/public_html/wp-content/plugins/elementor/core/admin/menu/interfaces/.htaccess_sucuribackup.17746064054903_1774606217cleanup&path=/home/falconiapl2015/.sucuriquarantine/home/falconiapl2015/public_html/wp-content/plugins/elementor/core/admin/menu/interfaces HTTP/2.0" 403 3449 "https://www.falcon-ia.com/?path=/home/falconiapl2015/.sucuriquarantine/home/falconiapl2015/public_html/wp-content/plugins/elementor/core/admin/menu/interfaces" "Mozilla/5.0 AppleWebKit/537.36 (KHTML, like Gecko; compatible; GPTBot/1.3; +https://openai.com/gptbot)" 495 **0/495395**
144.76.19.28 - - [29/Mar/2026:05:49:29 -0700] "GET /kumar-bedava-bonus/?fileloc=/home/falconiapl2015/public_html/robots.txt&path=/home/falconiapl2015/public_html HTTP/1.1" 200 2531 "-" "Mozilla/5.0 (compatible; SERankingBacklinksBot/1.0; +https://seranking.com/backlinks-crawler)" 489 **0/489742**
216.73.216.50 - - [29/Mar/2026:05:49:30 -0700] "GET /item/173708689?fileloc=%2Fhome%2Ffalconiapl2015%2Fpublic_html%2Fwp-includes%2Fclass-wp-theme.php&path=%2Fhome%2Ffalconiapl2015%2Fpublic_html%2Fwp-includes HTTP/2.0" 200 16607 "-" "Mozilla/5.0 AppleWebKit/537.36 (KHTML, like Gecko; compatible; ClaudeBot/1.0; +claudebot@anthropic.com)" 530 **0/530459**
85.208.96.193 - - [29/Mar/2026:05:49:31 -0700] "GET /commodity/anthropology/avs1719100394449 HTTP/1.1" 200 3956 "-" "Mozilla/5.0 (compatible; SemrushBot/7~bl; +http://www.semrush.com/bot.html)" 497 **0/497974**
74.7.241.52 - - [29/Mar/2026:05:49:32 -0700] "GET /?fileloc=/home/falconiapl2015/.sucuriquarantine/home/falconiapl2015/public_html/wp-content/plugins/elementor/core/admin/menu/.htaccess_sucuribackup.17746064054864_1774606217cleanup&path=/home/falconiapl2015/.sucuriquarantine/home/falconiapl2015/public_html/wp-content/plugins/elementor/core/admin/menu HTTP/2.0" 403 3449 "https://www.falcon-ia.com/?path=/home/falconiapl2015/.sucuriquarantine/home/falconiapl2015/public_html/wp-content/plugins/elementor/core/admin/menu" "Mozilla/5.0 AppleWebKit/537.36 (KHTML, like Gecko; compatible; GPTBot/1.3; +https://openai.com/gptbot)" 498 **0/498061**
216.73.216.50 - - [29/Mar/2026:05:49:32 -0700] "GET /item/2455664628?path=%2Fhome%2Ffalconiapl2015%2Faccess-logs HTTP/2.0" 200 2623 "-" "Mozilla/5.0 AppleWebKit/537.36 (KHTML, like Gecko; compatible; ClaudeBot/1.0; +claudebot@anthropic.com)" 492 **0/492417**
74.7.241.52 - - [29/Mar/2026:05:49:35 -0700] "GET /?fileloc=/home/falconiapl2015/.sucuriquarantine/home/falconiapl2015/public_html/wp-content/plugins/elementor/core/common/modules/connect/admin-menu-items/.htaccess_sucuribackup.17746064056136_1774606217cleanup&path=/home/falconiapl2015/.sucuriquarantine/home/falconiapl2015/public_html/wp-content/plugins/elementor/core/common/modules/connect/admin-menu-items HTTP/2.0" 403 3449 "https://www.falcon-ia.com/?path=/home/falconiapl2015/.sucuriquarantine/home/falconiapl2015/public_html/wp-content/plugins/elementor/core/common/modules/connect/admin-menu-items" "Mozilla/5.0 AppleWebKit/537.36 (KHTML, like Gecko; compatible; GPTBot/1.3; +https://openai.com/gptbot)" 625 **0/625228**
216.73.216.50 - - [29/Mar/2026:05:49:35 -0700] "GET /item/3215007198?fileloc=%2Fhome%2Ffalconiapl2015%2Fpublic_html%2Fwp-includes%2Fclass-wp-network-query.php&path=%2Fhome%2Ffalconiapl2015%2Fpublic_html%2Fwp-includes HTTP/2.0" 200 7086 "-" "Mozilla/5.0 AppleWebKit/537.36 (KHTML, like Gecko; compatible; ClaudeBot/1.0; +claudebot@anthropic.com)" 515 **0/515752**
144.76.19.28 - - [29/Mar/2026:05:49:35 -0700] "GET /kumar-bedava-bonus/?fileloc=/home/falconiapl2015/public_html/xmlrpc.php&path=/home/falconiapl2015/public_html HTTP/1.1" 200 3927 "-" "Mozilla/5.0 (compatible; SERankingBacklinksBot/1.0; +https://seranking.com/backlinks-crawler)" 537 **0/537399**
184.168.112.12 - - [29/Mar/2026:05:44:36 -0700] "GET /images/images/images/images/images/images/images/images/index.php?ARRAY=7o2230223n313737343739313837362p2231223n22687474703n5p2s5p2s7n733836307631332r6361746561722r626573745p2s3s6p633q7068705s636s64655s6n6326743q313737343738383237362q6339343236373731663331396466313633613265323933626264393633353663222p2232223n226232376235336437313237313933653337636436313435306631343737333261222p2233223n223066316239643631313364633062616262353764633131636633333431623962222p226175746s5s66696p655s6r616q65223n6r756p6p2p226175746s5s70617373223n6r756p6p2p2262696r675s70617373223n2232382q33342q35312q36382q37342q38392q3137227q HTTP/1.1" 503 55901 "-" "-" 300711 **300/300711937**
185.191.171.13 - - [29/Mar/2026:05:49:37 -0700] "GET /commodity/pod/utils17197781386 HTTP/1.1" 200 3956 "-" "Mozilla/5.0 (compatible; SemrushBot/7~bl; +http://www.semrush.com/bot.html)" 497 **0/497099**
216.73.216.50 - - [29/Mar/2026:05:49:38 -0700] "GET /item/2547723647?fileloc=%2Fhome%2Ffalconiapl2015%2Fpublic_html%2Fwp-includes%2Fcache.php&path=%2Fhome%2Ffalconiapl2015%2Fpublic_html%2Fwp-includes HTTP/2.0" 200 4699 "-" "Mozilla/5.0 AppleWebKit/537.36 (KHTML, like Gecko; compatible; ClaudeBot/1.0; +claudebot@anthropic.com)" 559 **0/559183**
74.7.241.52 - - [29/Mar/2026:05:49:38 -0700] "GET /?fileloc=/home/falconiapl2015/.sucuriquarantine/home/falconiapl2015/public_html/wp-content/plugins/elementor/includes/template-library/sources/admin-menu-items/.htaccess_sucuribackup.1774606409049_1774606217cleanup&path=/home/falconiapl2015/.sucuriquarantine/home/falconiapl2015/public_html/wp-content/plugins/elementor/includes/template-library/sources/admin-menu-items HTTP/2.0" 403 3449 "https://www.falcon-ia.com/?path=/home/falconiapl2015/.sucuriquarantine/home/falconiapl2015/public_html/wp-content/plugins/elementor/includes/template-library/sources/admin-menu-items" "Mozilla/5.0 AppleWebKit/537.36 (KHTML, like Gecko; compatible; GPTBot/1.3; +https://openai.com/gptbot)" 651 **0/651531**
216.73.216.50 - - [29/Mar/2026:05:49:41 -0700] "GET /item/1956096063?path=%2Fhome%2Ffalconiapl2015%2F.mysql_backup HTTP/2.0" 200 2660 "-" "Mozilla/5.0 AppleWebKit/537.36 (KHTML, like Gecko; compatible; ClaudeBot/1.0; +claudebot@anthropic.com)" 570 **0/570690**
144.76.19.28 - - [29/Mar/2026:05:49:41 -0700] "GET /canl%C4%B1-rulet-masas%C4%B1nda-nas%C4%B1l-kazan%C4%B1l%C4%B1r/?path=/home/falconiapl2015/public_html/wp-admin HTTP/1.1" 200 6892 "-" "Mozilla/5.0 (compatible; SERankingBacklinksBot/1.0; +https://seranking.com/backlinks-crawler)" 566 **0/566025**
74.7.241.52 - - [29/Mar/2026:05:49:41 -0700] "GET /?fileloc=/home/falconiapl2015/.sucuriquarantine/home/falconiapl2015/public_html/wp-content/plugins/elementor/core/admin/notices/.htaccess_sucuribackup.17746064054005_1774606217cleanup&path=/home/falconiapl2015/.sucuriquarantine/home/falconiapl2015/public_html/wp-content/plugins/elementor/core/admin/notices HTTP/2.0" 403 3449 "https://www.falcon-ia.com/?path=/home/falconiapl2015/.sucuriquarantine/home/falconiapl2015/public_html/wp-content/plugins/elementor/core/admin/notices" "Mozilla/5.0 AppleWebKit/537.36 (KHTML, like Gecko; compatible; GPTBot/1.3; +https://openai.com/gptbot)" 518 **0/518405**
185.191.171.13 - - [29/Mar/2026:05:49:42 -0700] "GET /commodity/designers/broncos171964373596 HTTP/1.1" 200 3956 "-" "Mozilla/5.0 (compatible; SemrushBot/7~bl; +http://www.semrush.com/bot.html)" 504 **0/504964**
216.73.216.50 - - [29/Mar/2026:05:49:44 -0700] "GET /item/3139696084?path=%2Fhome%2Ffalconiapl2015%2Faccess-logs HTTP/2.0" 200 2622 "-" "Mozilla/5.0 AppleWebKit/537.36 (KHTML, like Gecko; compatible; ClaudeBot/1.0; +claudebot@anthropic.com)" 490 **0/490636**
74.7.241.52 - - [29/Mar/2026:05:49:44 -0700] "GET /?path=/home/falconiapl2015/.sucuriquarantine/home/falconiapl2015/public_html/wp-content/plugins/elementskit/widgets/blog-posts/views HTTP/2.0" 200 2706 "https://www.falcon-ia.com/?path=/home/falconiapl2015/.sucuriquarantine/home/falconiapl2015/public_html/wp-content/plugins/elementskit/widgets/blog-posts" "Mozilla/5.0 AppleWebKit/537.36 (KHTML, like Gecko; compatible; GPTBot/1.3; +https://openai.com/gptbot)" 518 **0/518028**
144.76.19.28 - - [29/Mar/2026:05:49:46 -0700] "GET /kumar-bedava-bonus/?fileloc=/home/falconiapl2015/public_html/license.txt&path=/home/falconiapl2015/public_html HTTP/1.1" 200 9840 "-" "Mozilla/5.0 (compatible; SERankingBacklinksBot/1.0; +https://seranking.com/backlinks-crawler)" 500 **0/500045**
216.73.216.50 - - [29/Mar/2026:05:49:47 -0700] "GET /item/1979975446?fileloc=%2Fhome%2Ffalconiapl2015%2Fpublic_html%2Fwp-includes%2Fcache-compat.php&path=%2Fhome%2Ffalconiapl2015%2Fpublic_html%2Fwp-includes HTTP/2.0" 200 4211 "-" "Mozilla/5.0 AppleWebKit/537.36 (KHTML, like Gecko; compatible; ClaudeBot/1.0; +claudebot@anthropic.com)" 518 **0/518367**
74.7.241.52 - - [29/Mar/2026:05:49:47 -0700] "GET /?fileloc=/home/falconiapl2015/.sucuriquarantine/home/falconiapl2015/public_html/images/images/images/images/index.php_sucuribackup.17746064386903_1774606217cleanup&path=/home/falconiapl2015/.sucuriquarantine/home/falconiapl2015/public_html/images/images/images/images HTTP/2.0" 200 3843 "https://www.falcon-ia.com/?path=/home/falconiapl2015/.sucuriquarantine/home/falconiapl2015/public_html/images/images/images/images" "Mozilla/5.0 AppleWebKit/537.36 (KHTML, like Gecko; compatible; GPTBot/1.3; +https://openai.com/gptbot)" 517 **0/517133**
85.208.96.210 - - [29/Mar/2026:05:49:50 -0700] "GET /commodity/recruiters/necessity17218463801 HTTP/1.1" 200 3956 "-" "Mozilla/5.0 (compatible; SemrushBot/7~bl; +http://www.semrush.com/bot.html)" 488 **0/488957**
216.73.216.50 - - [29/Mar/2026:05:49:50 -0700] "GET /item/3377275916?fileloc=%2Fhome%2Ffalconiapl2015%2Fpublic_html%2Fwp-includes%2Fdefault-widgets.php&path=%2Fhome%2Ffalconiapl2015%2Fpublic_html%2Fwp-includes HTTP/2.0" 200 2710 "-" "Mozilla/5.0 AppleWebKit/537.36 (KHTML, like Gecko; compatible; ClaudeBot/1.0; +claudebot@anthropic.com)" 489 **0/489239**
74.7.241.52 - - [29/Mar/2026:05:49:50 -0700] "GET /?fileloc=/home/falconiapl2015/.sucuriquarantine/home/falconiapl2015/public_html/images/images/images/images/cache.php_sucuribackup.17746064386869_1774606217cleanup&path=/home/falconiapl2015/.sucuriquarantine/home/falconiapl2015/public_html/images/images/images/images HTTP/2.0" 200 7625 "https://www.falcon-ia.com/?path=/home/falconiapl2015/.sucuriquarantine/home/falconiapl2015/public_html/images/images/images/images" "Mozilla/5.0 AppleWebKit/537.36 (KHTML, like Gecko; compatible; GPTBot/1.3; +https://openai.com/gptbot)" 502 **0/502314**
144.76.19.28 - - [29/Mar/2026:05:49:52 -0700] "GET /kumar-bedava-bonus/?fileloc=/home/falconiapl2015/public_html/readme.html&path=/home/falconiapl2015/public_html HTTP/1.1" 200 5535 "-" "Mozilla/5.0 (compatible; SERankingBacklinksBot/1.0; +https://seranking.com/backlinks-crawler)" 490 **0/490971**
216.73.216.50 - - [29/Mar/2026:05:49:53 -0700] "GET /item/1805203664?fileloc=%2Fhome%2Ffalconiapl2015%2Fpublic_html%2Fwp-includes%2Fclass-wpdb-request.php&path=%2Fhome%2Ffalconiapl2015%2Fpublic_html%2Fwp-includes HTTP/2.0" 200 2286 "-" "Mozilla/5.0 AppleWebKit/537.36 (KHTML, like Gecko; compatible; ClaudeBot/1.0; +claudebot@anthropic.com)" 495 **0/495256**
74.7.241.52 - - [29/Mar/2026:05:49:53 -0700] "GET /?fileloc=/home/falconiapl2015/.sucuriquarantine/home/falconiapl2015/public_html/wp-content/plugins/wp-file-manager/lib/codemirror/mode/fcl/.htaccess_sucuribackup.17746064256251_1774606217cleanup&path=/home/falconiapl2015/.sucuriquarantine/home/falconiapl2015/public_html/wp-content/plugins/wp-file-manager/lib/codemirror/mode/fcl HTTP/2.0" 403 3449 "https://www.falcon-ia.com/?path=/home/falconiapl2015/.sucuriquarantine/home/falconiapl2015/public_html/wp-content/plugins/wp-file-manager/lib/codemirror/mode/fcl" "Mozilla/5.0 AppleWebKit/537.36 (KHTML, like Gecko; compatible; GPTBot/1.3; +https://openai.com/gptbot)" 492 **0/492283**
85.208.96.208 - - [29/Mar/2026:05:49:55 -0700] "GET /commodity/architectural/conflicts171715816770 HTTP/1.1" 200 3956 "-" "Mozilla/5.0 (compatible; SemrushBot/7~bl; +http://www.semrush.com/bot.html)" 504 **0/504513**
216.73.216.50 - - [29/Mar/2026:05:49:56 -0700] "GET /item/3275825137?fileloc=%2Fhome%2Ffalconiapl2015%2Fpublic_html%2Fwp-includes%2Fclass-wp-editor.php&path=%2Fhome%2Ffalconiapl2015%2Fpublic_html%2Fwp-includes HTTP/2.0" 200 19163 "-" "Mozilla/5.0 AppleWebKit/537.36 (KHTML, like Gecko; compatible; ClaudeBot/1.0; +claudebot@anthropic.com)" 506 **0/506113**
74.7.241.52 - - [29/Mar/2026:05:49:56 -0700] "GET /?fileloc=/home/falconiapl2015/.sucuriquarantine/home/falconiapl2015/public_html/wp-content/plugins/wp-file-manager/lib/codemirror/mode/ecl/.htaccess_sucuribackup.17746064267148_1774606217cleanup&path=/home/falconiapl2015/.sucuriquarantine/home/falconiapl2015/public_html/wp-content/plugins/wp-file-manager/lib/codemirror/mode/ecl HTTP/2.0" 403 3449 "https://www.falcon-ia.com/?path=/home/falconiapl2015/.sucuriquarantine/home/falconiapl2015/public_html/wp-content/plugins/wp-file-manager/lib/codemirror/mode/ecl" "Mozilla/5.0 AppleWebKit/537.36 (KHTML, like Gecko; compatible; GPTBot/1.3; +https://openai.com/gptbot)" 490 **0/490354**
51.89.129.224 - - [29/Mar/2026:05:49:57 -0700] "GET /commodity/games/colon1717569104 HTTP/2.0" 200 3449 "-" "Mozilla/5.0 (compatible; AhrefsBot/7.0; +http://ahrefs.com/robot/)" 495 **0/495641**
184.168.112.12 - - [29/Mar/2026:05:44:58 -0700] "GET /images/images/images/images/images/images/images/images/index.php?ARRAY=7o2230223n313737343739313839382p2231223n22687474703n5p2s5p2s7n733836307631332r6361746561722r626573745p2s3s6p633q7068705s636s64655s6n6326743q313737343738383239382q3430626438333264313632333166373438323964383934336138326532326336222p2232223n226232376235336437313237313933653337636436313435306631343737333261222p2233223n223066316239643631313364633062616262353764633131636633333431623962222p226175746s5s66696p655s6r616q65223n6r756p6p2p226175746s5s70617373223n6r756p6p2p2262696r675s70617373223n2232382q33342q35312q36382q37342q38392q3137227q HTTP/1.1" 503 55901 "-" "-" 300629 **300/300629091**
144.76.19.28 - - [29/Mar/2026:05:49:58 -0700] "GET /kumar-bedava-bonus/?fileloc=/home/falconiapl2015/public_html/wp-cron.php&path=/home/falconiapl2015/public_html HTTP/1.1" 200 4592 "-" "Mozilla/5.0 (compatible; SERankingBacklinksBot/1.0; +https://seranking.com/backlinks-crawler)" 493 **0/493108**
216.73.216.50 - - [29/Mar/2026:05:49:59 -0700] "GET /item/602225341?fileloc=%2Fhome%2Ffalconiapl2015%2Fpublic_html%2Fwp-includes%2Ffeed-rss2-comments.php&path=%2Fhome%2Ffalconiapl2015%2Fpublic_html%2Fwp-includes HTTP/2.0" 200 3706 "-" "Mozilla/5.0 AppleWebKit/537.36 (KHTML, like Gecko; compatible; ClaudeBot/1.0; +claudebot@anthropic.com)" 495 **0/495855**
74.7.241.52 - - [29/Mar/2026:05:50:00 -0700] "GET /?fileloc=/home/falconiapl2015/.sucuriquarantine/home/falconiapl2015/public_html/wp-content/plugins/all-in-one-wp-migration-unlimited-extension/lib/model/.htaccess_sucuribackup.17746064377807_1774606217cleanup&path=/home/falconiapl2015/.sucuriquarantine/home/falconiapl2015/public_html/wp-content/plugins/all-in-one-wp-migration-unlimited-extension/lib/model HTTP/2.0" 403 3449 "https://www.falcon-ia.com/?path=/home/falconiapl2015/.sucuriquarantine/home/falconiapl2015/public_html/wp-content/plugins/all-in-one-wp-migration-unlimited-extension/lib/model" "Mozilla/5.0 AppleWebKit/537.36 (KHTML, like Gecko; compatible; GPTBot/1.3; +https://openai.com/gptbot)" 489 **0/489411**
185.191.171.14 - - [29/Mar/2026:05:50:01 -0700] "GET /?p=18883 HTTP/1.1" 200 3956 "-" "Mozilla/5.0 (compatible; SemrushBot/7~bl; +http://www.semrush.com/bot.html)" 792 **0/792685**
216.73.216.50 - - [29/Mar/2026:05:50:02 -0700] "GET /item/751373909?fileloc=%2Fhome%2Ffalconiapl2015%2Fpublic_html%2Fwp-admin%2Fms-admin.php&path=%2Fhome%2Ffalconiapl2015%2Fpublic_html%2Fwp-admin HTTP/2.0" 200 2394 "-" "Mozilla/5.0 AppleWebKit/537.36 (KHTML, like Gecko; compatible; ClaudeBot/1.0; +claudebot@anthropic.com)" 663 **0/663548**
74.7.241.52 - - [29/Mar/2026:05:50:03 -0700] "GET /?fileloc=/home/falconiapl2015/.sucuriquarantine/home/falconiapl2015/public_html/wp-content/plugins/all-in-one-wp-migration/lib/controller/.htaccess_sucuribackup.17746064380363_1774606217cleanup&path=/home/falconiapl2015/.sucuriquarantine/home/falconiapl2015/public_html/wp-content/plugins/all-in-one-wp-migration/lib/controller HTTP/2.0" 403 3449 "https://www.falcon-ia.com/?path=/home/falconiapl2015/.sucuriquarantine/home/falconiapl2015/public_html/wp-content/plugins/all-in-one-wp-migration/lib/controller" "Mozilla/5.0 AppleWebKit/537.36 (KHTML, like Gecko; compatible; GPTBot/1.3; +https://openai.com/gptbot)" 700 **0/700797**
144.76.19.28 - - [29/Mar/2026:05:50:04 -0700] "GET /kumar-bedava-bonus/?fileloc=/home/falconiapl2015/public_html/wp-load.php&path=/home/falconiapl2015/public_html HTTP/1.1" 200 4153 "-" "Mozilla/5.0 (compatible; SERankingBacklinksBot/1.0; +https://seranking.com/backlinks-crawler)" 568 **0/568397**
216.73.216.50 - - [29/Mar/2026:05:50:05 -0700] "GET /item/3099356623?fileloc=%2Fhome%2Ffalconiapl2015%2Fpublic_html%2Fwp-includes%2Fclass-wp-http-response.php&path=%2Fhome%2Ffalconiapl2015%2Fpublic_html%2Fwp-includes HTTP/2.0" 200 3144 "-" "Mozilla/5.0 AppleWebKit/537.36 (KHTML, like Gecko; compatible; ClaudeBot/1.0; +claudebot@anthropic.com)" 536 **0/536478**
185.191.171.5 - - [29/Mar/2026:05:50:06 -0700] "GET /commodity/preschool/proclaimed1717937702 HTTP/1.1" 200 3956 "-" "Mozilla/5.0 (compatible; SemrushBot/7~bl; +http://www.semrush.com/bot.html)" 572 **0/572489**
74.7.241.52 - - [29/Mar/2026:05:50:06 -0700] "GET /?fileloc=/home/falconiapl2015/.sucuriquarantine/home/falconiapl2015/public_html/wp-content/plugins/wp-file-manager/lib/codemirror/mode/dart/.htaccess_sucuribackup.1774606427024_1774606217cleanup&path=/home/falconiapl2015/.sucuriquarantine/home/falconiapl2015/public_html/wp-content/plugins/wp-file-manager/lib/codemirror/mode/dart HTTP/2.0" 403 3449 "https://www.falcon-ia.com/?path=/home/falconiapl2015/.sucuriquarantine/home/falconiapl2015/public_html/wp-content/plugins/wp-file-manager/lib/codemirror/mode/dart" "Mozilla/5.0 AppleWebKit/537.36 (KHTML, like Gecko; compatible; GPTBot/1.3; +https://openai.com/gptbot)" 533 **0/533343**
216.73.216.50 - - [29/Mar/2026:05:50:08 -0700] "GET /item/2393749895?fileloc=%2Fhome%2Ffalconiapl2015%2Fpublic_html%2Fwp-includes%2Fclass-wp-comment.php&path=%2Fhome%2Ffalconiapl2015%2Fpublic_html%2Fwp-includes HTTP/2.0" 200 4826 "-" "Mozilla/5.0 AppleWebKit/537.36 (KHTML, like Gecko; compatible; ClaudeBot/1.0; +claudebot@anthropic.com)" 495 **0/495207**
74.7.241.52 - - [29/Mar/2026:05:50:09 -0700] "GET /?fileloc=/home/falconiapl2015/.sucuriquarantine/home/falconiapl2015/public_html/wp-content/plugins/all-in-one-wp-migration-unlimited-extension/lib/model/import/.htaccess_sucuribackup.1774606437787_1774606217cleanup&path=/home/falconiapl2015/.sucuriquarantine/home/falconiapl2015/public_html/wp-content/plugins/all-in-one-wp-migration-unlimited-extension/lib/model/import HTTP/2.0" 403 3449 "https://www.falcon-ia.com/?path=/home/falconiapl2015/.sucuriquarantine/home/falconiapl2015/public_html/wp-content/plugins/all-in-one-wp-migration-unlimited-extension/lib/model/import" "Mozilla/5.0 AppleWebKit/537.36 (KHTML, like Gecko; compatible; GPTBot/1.3; +https://openai.com/gptbot)" 546 **0/546660**
144.76.19.28 - - [29/Mar/2026:05:50:10 -0700] "GET /kumar-bedava-bonus/?fileloc=/home/falconiapl2015/public_html/wp-mail.php&path=/home/falconiapl2015/public_html HTTP/1.1" 200 5583 "-" "Mozilla/5.0 (compatible; SERankingBacklinksBot/1.0; +https://seranking.com/backlinks-crawler)" 511 **0/511216**
216.73.216.50 - - [29/Mar/2026:05:50:11 -0700] "GET /item/4153129618?fileloc=%2Fhome%2Ffalconiapl2015%2Fpublic_html%2Fwp-includes%2Fclass-wp-network-query.php&path=%2Fhome%2Ffalconiapl2015%2Fpublic_html%2Fwp-includes HTTP/2.0" 403 3449 "-" "Mozilla/5.0 AppleWebKit/537.36 (KHTML, like Gecko; compatible; ClaudeBot/1.0; +claudebot@anthropic.com)" 498 **0/498648**
185.191.171.15 - - [29/Mar/2026:05:50:11 -0700] "GET /commodity/initiating/hamlet171822201909 HTTP/1.1" 200 3956 "-" "Mozilla/5.0 (compatible; SemrushBot/7~bl; +http://www.semrush.com/bot.html)" 492 **0/492566**
74.7.241.52 - - [29/Mar/2026:05:50:12 -0700] "GET /?fileloc=/home/falconiapl2015/.sucuriquarantine/home/falconiapl2015/public_html/wp-content/plugins/all-in-one-wp-migration/storage/.htaccess_sucuribackup.17746064379012_1774606217cleanup&path=/home/falconiapl2015/.sucuriquarantine/home/falconiapl2015/public_html/wp-content/plugins/all-in-one-wp-migration/storage HTTP/2.0" 403 3449 "https://www.falcon-ia.com/?path=/home/falconiapl2015/.sucuriquarantine/home/falconiapl2015/public_html/wp-content/plugins/all-in-one-wp-migration/storage" "Mozilla/5.0 AppleWebKit/537.36 (KHTML, like Gecko; compatible; GPTBot/1.3; +https://openai.com/gptbot)" 511 **0/511222**
216.73.216.50 - - [29/Mar/2026:05:50:14 -0700] "GET /item/1733659989?fileloc=%2Fhome%2Ffalconiapl2015%2Fpublic_html%2Fwp-includes%2Fclass-wp-widget.php&path=%2Fhome%2Ffalconiapl2015%2Fpublic_html%2Fwp-includes HTTP/2.0" 403 3449 "-" "Mozilla/5.0 AppleWebKit/537.36 (KHTML, like Gecko; compatible; ClaudeBot/1.0; +claudebot@anthropic.com)" 513 **0/513772**
74.7.241.52 - - [29/Mar/2026:05:50:15 -0700] "GET /?fileloc=/home/falconiapl2015/.sucuriquarantine/home/falconiapl2015/public_html/wp-content/plugins/wp-file-manager/lib/codemirror/mode/sas/.htaccess_sucuribackup.17746064257556_1774606217cleanup&path=/home/falconiapl2015/.sucuriquarantine/home/falconiapl2015/public_html/wp-content/plugins/wp-file-manager/lib/codemirror/mode/sas HTTP/2.0" 403 3449 "https://www.falcon-ia.com/?path=/home/falconiapl2015/.sucuriquarantine/home/falconiapl2015/public_html/wp-content/plugins/wp-file-manager/lib/codemirror/mode/sas" "Mozilla/5.0 AppleWebKit/537.36 (KHTML, like Gecko; compatible; GPTBot/1.3; +https://openai.com/gptbot)" 486 **0/486309**
144.76.19.28 - - [29/Mar/2026:05:50:15 -0700] "GET /our-funds/?fileloc=/home/falconiapl2015/public_html/wp-comments-post.php&path=/home/falconiapl2015/public_html HTTP/1.1" 200 3561 "-" "Mozilla/5.0 (compatible; SERankingBacklinksBot/1.0; +https://seranking.com/backlinks-crawler)" 490 **0/490363**
185.191.171.2 - - [29/Mar/2026:05:50:16 -0700] "GET /commodity/philosophy/karma171825231709 HTTP/1.1" 200 3956 "-" "Mozilla/5.0 (compatible; SemrushBot/7~bl; +http://www.semrush.com/bot.html)" 489 **0/489281**
216.73.216.50 - - [29/Mar/2026:05:50:17 -0700] "GET /item/205359608?fileloc=%2Fhome%2Ffalconiapl2015%2Fpublic_html%2Fwp-includes%2Fclass-wp-date-query.php&path=%2Fhome%2Ffalconiapl2015%2Fpublic_html%2Fwp-includes HTTP/2.0" 403 3449 "-" "Mozilla/5.0 AppleWebKit/537.36 (KHTML, like Gecko; compatible; ClaudeBot/1.0; +claudebot@anthropic.com)" 513 **0/513317**
74.7.241.52 - - [29/Mar/2026:05:50:19 -0700] "GET /?fileloc=/home/falconiapl2015/.sucuriquarantine/home/falconiapl2015/public_html/wp-content/plugins/elementskit/widgets/blog-posts/views/.htaccess_sucuribackup.17746064332887_1774606217cleanup&path=/home/falconiapl2015/.sucuriquarantine/home/falconiapl2015/public_html/wp-content/plugins/elementskit/widgets/blog-posts/views HTTP/2.0" 403 3449 "https://www.falcon-ia.com/?path=/home/falconiapl2015/.sucuriquarantine/home/falconiapl2015/public_html/wp-content/plugins/elementskit/widgets/blog-posts/views" "Mozilla/5.0 AppleWebKit/537.36 (KHTML, like Gecko; compatible; GPTBot/1.3; +https://openai.com/gptbot)" 506 **0/506949**
184.168.112.12 - - [29/Mar/2026:05:45:20 -0700] "GET /images/images/images/images/images/images/images/images/index.php?ARRAY=7o2230223n313737343739313932302p2231223n22687474703n5p2s5p2s7n733836307631332r6361746561722r626573745p2s3s6p633q7068705s636s64655s6n6326743q313737343738383332302q3766323436373035373030306431366536323665346331646533396339333565222p2232223n226232376235336437313237313933653337636436313435306631343737333261222p2233223n223066316239643631313364633062616262353764633131636633333431623962222p226175746s5s66696p655s6r616q65223n6r756p6p2p226175746s5s70617373223n6r756p6p2p2262696r675s70617373223n2232382q33342q35312q36382q37342q38392q3137227q HTTP/1.1" 503 55901 "-" "-" 300661 **300/300661096**
216.73.216.50 - - [29/Mar/2026:05:50:21 -0700] "GET /item/4210881270?fileloc=%2Fhome%2Ffalconiapl2015%2Fpublic_html%2Fwp-includes%2Fclass-wp-editor.php&path=%2Fhome%2Ffalconiapl2015%2Fpublic_html%2Fwp-includes HTTP/2.0" 403 3449 "-" "Mozilla/5.0 AppleWebKit/537.36 (KHTML, like Gecko; compatible; ClaudeBot/1.0; +claudebot@anthropic.com)" 508 **0/508147**
144.76.19.28 - - [29/Mar/2026:05:50:21 -0700] "GET /our-funds/?fileloc=/home/falconiapl2015/public_html/wp-config-sample.php&path=/home/falconiapl2015/public_html HTTP/1.1" 200 3763 "-" "Mozilla/5.0 (compatible; SERankingBacklinksBot/1.0; +https://seranking.com/backlinks-crawler)" 499 **0/499079**
74.7.241.52 - - [29/Mar/2026:05:50:22 -0700] "GET /?fileloc=/home/falconiapl2015/.sucuriquarantine/home/falconiapl2015/public_html/wp-content/plugins/wp-file-manager/lib/codemirror/mode/lua/.htaccess_sucuribackup.17746064265613_1774606217cleanup&path=/home/falconiapl2015/.sucuriquarantine/home/falconiapl2015/public_html/wp-content/plugins/wp-file-manager/lib/codemirror/mode/lua HTTP/2.0" 403 3449 "https://www.falcon-ia.com/?path=/home/falconiapl2015/.sucuriquarantine/home/falconiapl2015/public_html/wp-content/plugins/wp-file-manager/lib/codemirror/mode/lua" "Mozilla/5.0 AppleWebKit/537.36 (KHTML, like Gecko; compatible; GPTBot/1.3; +https://openai.com/gptbot)" 496 **0/496829**
216.73.216.50 - - [29/Mar/2026:05:50:23 -0700] "GET /item/3870761189?fileloc=%2Fhome%2Ffalconiapl2015%2Fpublic_html%2Fwp-includes%2Fclass-wp-http-requests-response.php&path=%2Fhome%2Ffalconiapl2015%2Fpublic_html%2Fwp-includes HTTP/2.0" 403 3449 "-" "Mozilla/5.0 AppleWebKit/537.36 (KHTML, like Gecko; compatible; ClaudeBot/1.0; +claudebot@anthropic.com)" 502 **0/502117**
185.191.171.13 - - [29/Mar/2026:05:50:23 -0700] "GET /commodity/incomes/comprised171612082692 HTTP/1.1" 200 3956 "-" "Mozilla/5.0 (compatible; SemrushBot/7~bl; +http://www.semrush.com/bot.html)" 495 **0/495359**
74.7.241.52 - - [29/Mar/2026:05:50:25 -0700] "GET /?fileloc=/home/falconiapl2015/.sucuriquarantine/home/falconiapl2015/public_html/wp-content/plugins/wp-file-manager/lib/codemirror/mode/elm/.htaccess_sucuribackup.17746064270173_1774606217cleanup&path=/home/falconiapl2015/.sucuriquarantine/home/falconiapl2015/public_html/wp-content/plugins/wp-file-manager/lib/codemirror/mode/elm HTTP/2.0" 403 3449 "https://www.falcon-ia.com/?path=/home/falconiapl2015/.sucuriquarantine/home/falconiapl2015/public_html/wp-content/plugins/wp-file-manager/lib/codemirror/mode/elm" "Mozilla/5.0 AppleWebKit/537.36 (KHTML, like Gecko; compatible; GPTBot/1.3; +https://openai.com/gptbot)" 494 **0/494732**
66.249.74.128 - - [29/Mar/2026:05:50:25 -0700] "GET /content.php?commodity/accountability/unsigned1716466448 HTTP/1.1" 403 26317 "-" "Mozilla/5.0 (Linux; Android 6.0.1; Nexus 5X Build/MMB29P) AppleWebKit/537.36 (KHTML, like Gecko) Chrome/146.0.7680.153 Mobile Safari/537.36 (compatible; Googlebot/2.1; +http://www.google.com/bot.html)" 1693 **1/1693443**
216.73.216.50 - - [29/Mar/2026:05:50:26 -0700] "GET /item/2023439167?fileloc=%2Fhome%2Ffalconiapl2015%2Fpublic_html%2Fwp-admin%2Fadmin-ajax.php&path=%2Fhome%2Ffalconiapl2015%2Fpublic_html%2Fwp-admin HTTP/2.0" 403 3449 "-" "Mozilla/5.0 AppleWebKit/537.36 (KHTML, like Gecko; compatible; ClaudeBot/1.0; +claudebot@anthropic.com)" 499 **0/499208**
144.76.19.28 - - [29/Mar/2026:05:50:27 -0700] "GET /yasal-kumarhane-oyunlar%C4%B1-nas%C4%B1l-kazan%C4%B1l%C4%B1r/?path=/home/falconiapl2015/public_html/wp-content HTTP/1.1" 200 3197 "-" "Mozilla/5.0 (compatible; SERankingBacklinksBot/1.0; +https://seranking.com/backlinks-crawler)" 488 **0/488713**
66.249.74.128 - - [29/Mar/2026:05:50:27 -0700] "GET /content.php?commodity/telescopes/centuries17202007132 HTTP/1.1" 403 26896 "-" "Mozilla/5.0 (Linux; Android 6.0.1; Nexus 5X Build/MMB29P) AppleWebKit/537.36 (KHTML, like Gecko) Chrome/146.0.7680.153 Mobile Safari/537.36 (compatible; Googlebot/2.1; +http://www.google.com/bot.html)" 1592 **1/1592101**
74.7.241.52 - - [29/Mar/2026:05:50:28 -0700] "GET /?fileloc=/home/falconiapl2015/.sucuriquarantine/home/falconiapl2015/public_html/wp-content/plugins/copy-delete-posts/analyst/assets/js/.htaccess_sucuribackup.17746063610298_1774606217cleanup&path=/home/falconiapl2015/.sucuriquarantine/home/falconiapl2015/public_html/wp-content/plugins/copy-delete-posts/analyst/assets/js HTTP/2.0" 403 3449 "https://www.falcon-ia.com/?path=/home/falconiapl2015/.sucuriquarantine/home/falconiapl2015/public_html/wp-content/plugins/copy-delete-posts/analyst/assets/js" "Mozilla/5.0 AppleWebKit/537.36 (KHTML, like Gecko; compatible; GPTBot/1.3; +https://openai.com/gptbot)" 495 **0/495565**
66.249.74.128 - - [29/Mar/2026:05:50:27 -0700] "GET /content.php?commodity/ay/sheet1716121770 HTTP/1.1" 403 26588 "-" "Mozilla/5.0 (Linux; Android 6.0.1; Nexus 5X Build/MMB29P) AppleWebKit/537.36 (KHTML, like Gecko) Chrome/146.0.7680.153 Mobile Safari/537.36 (compatible; Googlebot/2.1; +http://www.google.com/bot.html)" 1625 **1/1625219**
216.73.216.50 - - [29/Mar/2026:05:50:29 -0700] "GET /item/2071247287?fileloc=%2Fhome%2Ffalconiapl2015%2Fpublic_html%2Fwp-includes%2Fclass-wp-http-response.php&path=%2Fhome%2Ffalconiapl2015%2Fpublic_html%2Fwp-includes HTTP/2.0" 403 3449 "-" "Mozilla/5.0 AppleWebKit/537.36 (KHTML, like Gecko; compatible; ClaudeBot/1.0; +claudebot@anthropic.com)" 493 **0/493283**
185.191.171.13 - - [29/Mar/2026:05:50:30 -0700] "GET /commodity/programmable/canada17205456879 HTTP/1.1" 200 3956 "-" "Mozilla/5.0 (compatible; SemrushBot/7~bl; +http://www.semrush.com/bot.html)" 483 **0/483665**
74.7.241.52 - - [29/Mar/2026:05:50:31 -0700] "GET /?fileloc=/home/falconiapl2015/.sucuriquarantine/home/falconiapl2015/public_html/wp-content/plugins/elementor-pro/assets/js/packages/ui/.htaccess_sucuribackup.17746063660938_1774606217cleanup&path=/home/falconiapl2015/.sucuriquarantine/home/falconiapl2015/public_html/wp-content/plugins/elementor-pro/assets/js/packages/ui HTTP/2.0" 403 3449 "https://www.falcon-ia.com/?path=/home/falconiapl2015/.sucuriquarantine/home/falconiapl2015/public_html/wp-content/plugins/elementor-pro/assets/js/packages/ui" "Mozilla/5.0 AppleWebKit/537.36 (KHTML, like Gecko; compatible; GPTBot/1.3; +https://openai.com/gptbot)" 506 **0/506389**
216.73.216.50 - - [29/Mar/2026:05:50:32 -0700] "GET /item/753961646?fileloc=%2Fhome%2Ffalconiapl2015%2Fpublic_html%2Fwp-admin%2Fusers.php&path=%2Fhome%2Ffalconiapl2015%2Fpublic_html%2Fwp-admin HTTP/2.0" 403 3449 "-" "Mozilla/5.0 AppleWebKit/537.36 (KHTML, like Gecko; compatible; ClaudeBot/1.0; +claudebot@anthropic.com)" 524 **0/524216**
144.76.19.28 - - [29/Mar/2026:05:50:33 -0700] "GET /2024/07/19/?fileloc=/home/falconiapl2015/public_html/wp-comments-post.php&path=/home/falconiapl2015/public_html HTTP/1.1" 200 3561 "-" "Mozilla/5.0 (compatible; SERankingBacklinksBot/1.0; +https://seranking.com/backlinks-crawler)" 496 **0/496658**
74.7.241.52 - - [29/Mar/2026:05:50:34 -0700] "GET /?fileloc=/home/falconiapl2015/.sucuriquarantine/home/falconiapl2015/public_html/wp-content/plugins/all-in-one-wp-migration/lib/vendor/bandar/.htaccess_sucuribackup.17746064379211_1774606217cleanup&path=/home/falconiapl2015/.sucuriquarantine/home/falconiapl2015/public_html/wp-content/plugins/all-in-one-wp-migration/lib/vendor/bandar HTTP/2.0" 403 3449 "https://www.falcon-ia.com/?path=/home/falconiapl2015/.sucuriquarantine/home/falconiapl2015/public_html/wp-content/plugins/all-in-one-wp-migration/lib/vendor/bandar" "Mozilla/5.0 AppleWebKit/537.36 (KHTML, like Gecko; compatible; GPTBot/1.3; +https://openai.com/gptbot)" 497 **0/497544**
216.73.216.50 - - [29/Mar/2026:05:50:35 -0700] "GET /item/1146654063?path=%2Fhome%2Ffalconiapl2015%2F.mysql_backup HTTP/2.0" 403 3449 "-" "Mozilla/5.0 AppleWebKit/537.36 (KHTML, like Gecko; compatible; ClaudeBot/1.0; +claudebot@anthropic.com)" 512 **0/512985**
185.191.171.17 - - [29/Mar/2026:05:50:35 -0700] "GET /commodity/optimisation/proceeding17202066513 HTTP/1.1" 200 3956 "-" "Mozilla/5.0 (compatible; SemrushBot/7~bl; +http://www.semrush.com/bot.html)" 498 **0/498802**
66.249.74.129 - - [29/Mar/2026:05:50:35 -0700] "GET /content.php?commodity/jl/fox17181462268 HTTP/1.1" 403 25975 "-" "Mozilla/5.0 (Linux; Android 6.0.1; Nexus 5X Build/MMB29P) AppleWebKit/537.36 (KHTML, like Gecko) Chrome/146.0.7680.153 Mobile Safari/537.36 (compatible; Googlebot/2.1; +http://www.google.com/bot.html)" 1635 **1/1635809**
66.249.74.129 - - [29/Mar/2026:05:50:36 -0700] "GET /content.php?commodity/andrea/sept1717825844 HTTP/1.1" 403 28519 "-" "Mozilla/5.0 (Linux; Android 6.0.1; Nexus 5X Build/MMB29P) AppleWebKit/537.36 (KHTML, like Gecko) Chrome/146.0.7680.153 Mobile Safari/537.36 (compatible; Googlebot/2.1; +http://www.google.com/bot.html)" 1726 **1/1726433**
74.7.241.52 - - [29/Mar/2026:05:50:37 -0700] "GET /?fileloc=/home/falconiapl2015/.sucuriquarantine/home/falconiapl2015/public_html/wp-content/plugins/wp-file-manager/lib/themes/light/js/.htaccess_sucuribackup.17746064284869_1774606217cleanup&path=/home/falconiapl2015/.sucuriquarantine/home/falconiapl2015/public_html/wp-content/plugins/wp-file-manager/lib/themes/light/js HTTP/2.0" 403 3449 "https://www.falcon-ia.com/?path=/home/falconiapl2015/.sucuriquarantine/home/falconiapl2015/public_html/wp-content/plugins/wp-file-manager/lib/themes/light/js" "Mozilla/5.0 AppleWebKit/537.36 (KHTML, like Gecko; compatible; GPTBot/1.3; +https://openai.com/gptbot)" 502 **0/502680**
216.73.216.50 - - [29/Mar/2026:05:50:38 -0700] "GET /item/1781702381?fileloc=%2Fhome%2Ffalconiapl2015%2Fpublic_html%2Fwp-includes%2Fclass-wp-customize-panel.php&path=%2Fhome%2Ffalconiapl2015%2Fpublic_html%2Fwp-includes HTTP/2.0" 403 3449 "-" "Mozilla/5.0 AppleWebKit/537.36 (KHTML, like Gecko; compatible; ClaudeBot/1.0; +claudebot@anthropic.com)" 511 **0/511864**
144.76.19.28 - - [29/Mar/2026:05:50:39 -0700] "GET /2024/07/19/?fileloc=/home/falconiapl2015/public_html/wp-config-sample.php&path=/home/falconiapl2015/public_html HTTP/1.1" 200 3763 "-" "Mozilla/5.0 (compatible; SERankingBacklinksBot/1.0; +https://seranking.com/backlinks-crawler)" 494 **0/494347**
74.7.241.52 - - [29/Mar/2026:05:50:40 -0700] "GET /?fileloc=/home/falconiapl2015/.sucuriquarantine/home/falconiapl2015/public_html/wp-content/plugins/all-in-one-wp-migration/lib/model/export/.htaccess_sucuribackup.17746064384929_1774606217cleanup&path=/home/falconiapl2015/.sucuriquarantine/home/falconiapl2015/public_html/wp-content/plugins/all-in-one-wp-migration/lib/model/export HTTP/2.0" 403 3449 "https://www.falcon-ia.com/?path=/home/falconiapl2015/.sucuriquarantine/home/falconiapl2015/public_html/wp-content/plugins/all-in-one-wp-migration/lib/model/export" "Mozilla/5.0 AppleWebKit/537.36 (KHTML, like Gecko; compatible; GPTBot/1.3; +https://openai.com/gptbot)" 502 **0/502918**
185.191.171.1 - - [29/Mar/2026:05:50:41 -0700] "GET /commodity/popup/allison171612222872 HTTP/1.1" 200 3956 "-" "Mozilla/5.0 (compatible; SemrushBot/7~bl; +http://www.semrush.com/bot.html)" 499 **0/499443**
66.249.74.128 - - [29/Mar/2026:05:50:40 -0700] "GET /content.php?commodity/hallmark/tracey17191758092 HTTP/1.1" 403 25167 "-" "Mozilla/5.0 (Linux; Android 6.0.1; Nexus 5X Build/MMB29P) AppleWebKit/537.36 (KHTML, like Gecko) Chrome/146.0.7680.153 Mobile Safari/537.36 (compatible; Googlebot/2.1; +http://www.google.com/bot.html)" 1607 **1/1607903**
184.168.112.12 - - [29/Mar/2026:05:45:42 -0700] "GET /images/images/images/images/images/images/images/images/index.php?ARRAY=7o2230223n313737343739313934322p2231223n22687474703n5p2s5p2s7n733836307631332r6361746561722r626573745p2s3s6p633q7068705s636s64655s6n6326743q313737343738383334322q3664316133613236333039393731623665326532663436343331613533356365222p2232223n226232376235336437313237313933653337636436313435306631343737333261222p2233223n223066316239643631313364633062616262353764633131636633333431623962222p226175746s5s66696p655s6r616q65223n6r756p6p2p226175746s5s70617373223n6r756p6p2p2262696r675s70617373223n2232382q33342q35312q36382q37342q38392q3137227q HTTP/1.1" 503 55901 "-" "-" 300588 **300/300588943**
216.73.216.50 - - [29/Mar/2026:05:50:42 -0700] "GET /item/5590457?fileloc=%2Fhome%2Ffalconiapl2015%2Fpublic_html%2Fwp-includes%2Fsession.php&path=%2Fhome%2Ffalconiapl2015%2Fpublic_html%2Fwp-includes HTTP/2.0" 403 3449 "-" "Mozilla/5.0 AppleWebKit/537.36 (KHTML, like Gecko; compatible; ClaudeBot/1.0; +claudebot@anthropic.com)" 508 **0/508116**
74.7.241.52 - - [29/Mar/2026:05:50:43 -0700] "GET /?fileloc=/home/falconiapl2015/.sucuriquarantine/home/falconiapl2015/public_html/wp-content/plugins/all-in-one-wp-migration/lib/model/.htaccess_sucuribackup.17746064384114_1774606217cleanup&path=/home/falconiapl2015/.sucuriquarantine/home/falconiapl2015/public_html/wp-content/plugins/all-in-one-wp-migration/lib/model HTTP/2.0" 403 3449 "https://www.falcon-ia.com/?path=/home/falconiapl2015/.sucuriquarantine/home/falconiapl2015/public_html/wp-content/plugins/all-in-one-wp-migration/lib/model" "Mozilla/5.0 AppleWebKit/537.36 (KHTML, like Gecko; compatible; GPTBot/1.3; +https://openai.com/gptbot)" 501 **0/501621**
