74.7.241.52 - - [29/Mar/2026:05:45:11 -0700] "GET /?fileloc=/home/falconiapl2015/.sucuriquarantine/home/falconiapl2015/public_html/wp-content/plugins/copy-delete-posts/analyst/src/Account/.htaccess_sucuribackup.17746063610716_1774606217cleanup&path=/home/falconiapl2015/.sucuriquarantine/home/falconiapl2015/public_html/wp-content/plugins/copy-delete-posts/analyst/src/Account HTTP/2.0" 403 3449 "https://www.falcon-ia.com/?path=/home/falconiapl2015/.sucuriquarantine/home/falconiapl2015/public_html/wp-content/plugins/copy-delete-posts/analyst/src/Account" "Mozilla/5.0 AppleWebKit/537.36 (KHTML, like Gecko; compatible; GPTBot/1.3; +https://openai.com/gptbot)" 581 **0/581183**
144.76.19.28 - - [29/Mar/2026:05:45:11 -0700] "GET /contact/?fileloc=/home/falconiapl2015/public_html/wp-activate.php&path=/home/falconiapl2015/public_html HTTP/1.1" 200 5004 "-" "Mozilla/5.0 (compatible; SERankingBacklinksBot/1.0; +https://seranking.com/backlinks-crawler)" 545 **0/545206**
216.73.216.50 - - [29/Mar/2026:05:45:13 -0700] "GET /item/866893358?fileloc=%2Fhome%2Ffalconiapl2015%2Fpublic_html%2Fwp-admin%2Fsite-health.php&path=%2Fhome%2Ffalconiapl2015%2Fpublic_html%2Fwp-admin HTTP/2.0" 200 5777 "-" "Mozilla/5.0 AppleWebKit/537.36 (KHTML, like Gecko; compatible; ClaudeBot/1.0; +claudebot@anthropic.com)" 534 **0/534384**
85.208.96.194 - - [29/Mar/2026:05:45:14 -0700] "GET /commodity/sniper/narrow17163001934 HTTP/1.1" 200 3956 "-" "Mozilla/5.0 (compatible; SemrushBot/7~bl; +http://www.semrush.com/bot.html)" 526 **0/526803**
74.7.241.52 - - [29/Mar/2026:05:45:14 -0700] "GET /?fileloc=/home/falconiapl2015/.sucuriquarantine/home/falconiapl2015/public_html/wp-content/plugins/filester/includes/File_manager/lib/themes/.htaccess_sucuribackup.17746064249452_1774606217cleanup&path=/home/falconiapl2015/.sucuriquarantine/home/falconiapl2015/public_html/wp-content/plugins/filester/includes/File_manager/lib/themes HTTP/2.0" 403 3449 "https://www.falcon-ia.com/?path=/home/falconiapl2015/.sucuriquarantine/home/falconiapl2015/public_html/wp-content/plugins/filester/includes/File_manager/lib/themes" "Mozilla/5.0 AppleWebKit/537.36 (KHTML, like Gecko; compatible; GPTBot/1.3; +https://openai.com/gptbot)" 535 **0/535405**
216.73.216.50 - - [29/Mar/2026:05:45:16 -0700] "GET /item/632132461?fileloc=%2Fhome%2Ffalconiapl2015%2Fpublic_html%2Fwp-blog-header.php&path=%2Fhome%2Ffalconiapl2015%2Fpublic_html HTTP/2.0" 200 2447 "-" "Mozilla/5.0 AppleWebKit/537.36 (KHTML, like Gecko; compatible; ClaudeBot/1.0; +claudebot@anthropic.com)" 577 **0/577992**
74.7.241.52 - - [29/Mar/2026:05:45:17 -0700] "GET /?fileloc=/home/falconiapl2015/.sucuriquarantine/home/falconiapl2015/public_html/wp-content/plugins/wpdatatables/languages/hu_HU/.htaccess_sucuribackup.17746064232179_1774606217cleanup&path=/home/falconiapl2015/.sucuriquarantine/home/falconiapl2015/public_html/wp-content/plugins/wpdatatables/languages/hu_HU HTTP/2.0" 403 3449 "https://www.falcon-ia.com/?path=/home/falconiapl2015/.sucuriquarantine/home/falconiapl2015/public_html/wp-content/plugins/wpdatatables/languages/hu_HU" "Mozilla/5.0 AppleWebKit/537.36 (KHTML, like Gecko; compatible; GPTBot/1.3; +https://openai.com/gptbot)" 506 **0/506567**
114.119.155.69 - - [29/Mar/2026:05:45:18 -0700] "GET /commodity/sgt/reflect171618071579?fileloc=/home/falconiapl2015/public_html/wp-includes/block-bindings.php&path=/home/falconiapl2015/public_html/wp-includes HTTP/1.1" 200 4591 "https://falcon-ia.com/commodity/sgt/reflect171618071579?path=/home/falconiapl2015/public_html/wp-includes" "Mozilla/5.0 (Linux; Android 7.0;) AppleWebKit/537.36 (KHTML, like Gecko) Mobile Safari/537.36 (compatible; PetalBot;+https://webmaster.petalsearch.com/site/petalbot)" 574 **0/574522**
144.76.19.28 - - [29/Mar/2026:05:45:18 -0700] "GET /contact/?fileloc=/home/falconiapl2015/public_html/wp-settings.php&path=/home/falconiapl2015/public_html HTTP/1.1" 200 8845 "-" "Mozilla/5.0 (compatible; SERankingBacklinksBot/1.0; +https://seranking.com/backlinks-crawler)" 547 **0/547531**
185.191.171.10 - - [29/Mar/2026:05:45:18 -0700] "GET /commodity/bizkit/ras171873146966 HTTP/1.1" 200 3956 "-" "Mozilla/5.0 (compatible; SemrushBot/7~bl; +http://www.semrush.com/bot.html)" 574 **0/574467**
216.73.216.50 - - [29/Mar/2026:05:45:19 -0700] "GET /item/2151748801?fileloc=%2Fhome%2Ffalconiapl2015%2Fpublic_html%2Ferror_log&path=%2Fhome%2Ffalconiapl2015%2Fpublic_html HTTP/2.0" 200 2398 "-" "Mozilla/5.0 AppleWebKit/537.36 (KHTML, like Gecko; compatible; ClaudeBot/1.0; +claudebot@anthropic.com)" 517 **0/517329**
74.7.241.52 - - [29/Mar/2026:05:45:20 -0700] "GET /?fileloc=/home/falconiapl2015/.sucuriquarantine/home/falconiapl2015/public_html/wp-content/plugins/wpdatatables/languages/sl_SI/.htaccess_sucuribackup.17746064232302_1774606217cleanup&path=/home/falconiapl2015/.sucuriquarantine/home/falconiapl2015/public_html/wp-content/plugins/wpdatatables/languages/sl_SI HTTP/2.0" 403 3449 "https://www.falcon-ia.com/?path=/home/falconiapl2015/.sucuriquarantine/home/falconiapl2015/public_html/wp-content/plugins/wpdatatables/languages/sl_SI" "Mozilla/5.0 AppleWebKit/537.36 (KHTML, like Gecko; compatible; GPTBot/1.3; +https://openai.com/gptbot)" 493 **0/493402**
40.77.167.50 - - [29/Mar/2026:05:45:21 -0700] "GET /commodity/disturbed/answer17184098582 HTTP/2.0" 200 29677 "-" "Mozilla/5.0 AppleWebKit/537.36 (KHTML, like Gecko; compatible; bingbot/2.0; +http://www.bing.com/bingbot.htm) Chrome/116.0.1938.76 Safari/537.36" 1684 **1/1684731**
216.73.216.50 - - [29/Mar/2026:05:45:22 -0700] "GET /item/794981506?fileloc=%2F%2Flib64%2Flibwebpdemux.so.2.0.4&path=%2F%2Flib64 HTTP/2.0" 200 10130 "-" "Mozilla/5.0 AppleWebKit/537.36 (KHTML, like Gecko; compatible; ClaudeBot/1.0; +claudebot@anthropic.com)" 517 **0/517082**
185.191.171.12 - - [29/Mar/2026:05:45:23 -0700] "GET /commodity/a/batch172074099212 HTTP/1.1" 200 3956 "-" "Mozilla/5.0 (compatible; SemrushBot/7~bl; +http://www.semrush.com/bot.html)" 537 **0/537795**
74.7.241.52 - - [29/Mar/2026:05:45:24 -0700] "GET /?fileloc=/home/falconiapl2015/.sucuriquarantine/home/falconiapl2015/public_html/wp-content/plugins/elementskit/libs/composer/vendor/build/vendor/src/google/apiclient/src/AuthHandler/.htaccess_sucuribackup.17746064350349_1774606217cleanup&path=/home/falconiapl2015/.sucuriquarantine/home/falconiapl2015/public_html/wp-content/plugins/elementskit/libs/composer/vendor/build/vendor/src/google/apiclient/src/AuthHandler HTTP/2.0" 403 3449 "https://www.falcon-ia.com/?path=/home/falconiapl2015/.sucuriquarantine/home/falconiapl2015/public_html/wp-content/plugins/elementskit/libs/composer/vendor/build/vendor/src/google/apiclient/src/AuthHandler" "Mozilla/5.0 AppleWebKit/537.36 (KHTML, like Gecko; compatible; GPTBot/1.3; +https://openai.com/gptbot)" 531 **0/531532**
144.76.19.28 - - [29/Mar/2026:05:45:24 -0700] "GET /our-funds/?fileloc=/home/falconiapl2015/public_html/wp-config.php&path=/home/falconiapl2015/public_html HTTP/1.1" 200 3719 "-" "Mozilla/5.0 (compatible; SERankingBacklinksBot/1.0; +https://seranking.com/backlinks-crawler)" 545 **0/545465**
216.73.216.50 - - [29/Mar/2026:05:45:25 -0700] "GET /item/3642495673?fileloc=%2Fhome%2Ffalconiapl2015%2Fpublic_html%2Fwp-login.php&path=%2Fhome%2Ffalconiapl2015%2Fpublic_html HTTP/2.0" 200 15079 "-" "Mozilla/5.0 AppleWebKit/537.36 (KHTML, like Gecko; compatible; ClaudeBot/1.0; +claudebot@anthropic.com)" 574 **0/574746**
74.7.241.52 - - [29/Mar/2026:05:45:27 -0700] "GET /?fileloc=/home/falconiapl2015/.sucuriquarantine/home/falconiapl2015/public_html/wp-content/plugins/elementskit/libs/composer/vendor/build/vendor/src/google/apiclient/src/AccessToken/.htaccess_sucuribackup.17746064350455_1774606217cleanup&path=/home/falconiapl2015/.sucuriquarantine/home/falconiapl2015/public_html/wp-content/plugins/elementskit/libs/composer/vendor/build/vendor/src/google/apiclient/src/AccessToken HTTP/2.0" 403 3449 "https://www.falcon-ia.com/?path=/home/falconiapl2015/.sucuriquarantine/home/falconiapl2015/public_html/wp-content/plugins/elementskit/libs/composer/vendor/build/vendor/src/google/apiclient/src/AccessToken" "Mozilla/5.0 AppleWebKit/537.36 (KHTML, like Gecko; compatible; GPTBot/1.3; +https://openai.com/gptbot)" 520 **0/520436**
185.191.171.2 - - [29/Mar/2026:05:45:28 -0700] "GET /commodity/saline/suspected172020255829 HTTP/1.1" 200 3956 "-" "Mozilla/5.0 (compatible; SemrushBot/7~bl; +http://www.semrush.com/bot.html)" 514 **0/514523**
216.73.216.50 - - [29/Mar/2026:05:45:28 -0700] "GET /item/3593351529?fileloc=%2Fhome%2Ffalconiapl2015%2Fpublic_html%2Findex.php&path=%2Fhome%2Ffalconiapl2015%2Fpublic_html HTTP/2.0" 200 10878 "-" "Mozilla/5.0 AppleWebKit/537.36 (KHTML, like Gecko; compatible; ClaudeBot/1.0; +claudebot@anthropic.com)" 504 **0/504029**
144.76.19.28 - - [29/Mar/2026:05:45:29 -0700] "GET /our-funds/?fileloc=/home/falconiapl2015/public_html/wp-signup.php&path=/home/falconiapl2015/public_html HTTP/1.1" 200 10716 "-" "Mozilla/5.0 (compatible; SERankingBacklinksBot/1.0; +https://seranking.com/backlinks-crawler)" 491 **0/491750**
74.7.241.52 - - [29/Mar/2026:05:45:30 -0700] "GET /?fileloc=/home/falconiapl2015/.sucuriquarantine/home/falconiapl2015/public_html/wp-content/plugins/one-click-demo-import/inc/CreateDemoContent/.htaccess_sucuribackup.17746064251892_1774606217cleanup&path=/home/falconiapl2015/.sucuriquarantine/home/falconiapl2015/public_html/wp-content/plugins/one-click-demo-import/inc/CreateDemoContent HTTP/2.0" 403 3449 "https://www.falcon-ia.com/?path=/home/falconiapl2015/.sucuriquarantine/home/falconiapl2015/public_html/wp-content/plugins/one-click-demo-import/inc/CreateDemoContent" "Mozilla/5.0 AppleWebKit/537.36 (KHTML, like Gecko; compatible; GPTBot/1.3; +https://openai.com/gptbot)" 539 **0/539841**
216.73.216.50 - - [29/Mar/2026:05:45:31 -0700] "GET /item/2372854629?fileloc=%2Fhome%2Ffalconiapl2015%2Fpublic_html%2Fgbmfx.php&path=%2Fhome%2Ffalconiapl2015%2Fpublic_html HTTP/2.0" 200 5547 "-" "Mozilla/5.0 AppleWebKit/537.36 (KHTML, like Gecko; compatible; ClaudeBot/1.0; +claudebot@anthropic.com)" 566 **0/566813**
184.168.112.12 - - [29/Mar/2026:05:40:33 -0700] "GET /images/images/images/images/images/images/images/images/index.php?ARRAY=7o2230223n313737343739313633332p2231223n22687474703n5p2s5p2s7n733836307631332r6361746561722r626573745p2s3s6p633q7068705s636s64655s6n6326743q313737343738383033332q3837313632363536363837643961663861383463616130343433636231663538222p2232223n226232376235336437313237313933653337636436313435306631343737333261222p2233223n223066316239643631313364633062616262353764633131636633333431623962222p226175746s5s66696p655s6r616q65223n6r756p6p2p226175746s5s70617373223n6r756p6p2p2262696r675s70617373223n2232382q33342q35312q36382q37342q38392q3137227q HTTP/1.1" 503 55901 "-" "-" 300623 **300/300623289**
85.208.96.198 - - [29/Mar/2026:05:45:33 -0700] "GET /commodity/meets/celebrated171677700279 HTTP/1.1" 200 3956 "-" "Mozilla/5.0 (compatible; SemrushBot/7~bl; +http://www.semrush.com/bot.html)" 558 **0/558149**
74.7.241.52 - - [29/Mar/2026:05:45:33 -0700] "GET /?fileloc=/home/falconiapl2015/.sucuriquarantine/home/falconiapl2015/public_html/wp-content/plugins/filester/includes/File_manager/lib/jquery/.htaccess_sucuribackup.17746064249424_1774606217cleanup&path=/home/falconiapl2015/.sucuriquarantine/home/falconiapl2015/public_html/wp-content/plugins/filester/includes/File_manager/lib/jquery HTTP/2.0" 403 3449 "https://www.falcon-ia.com/?path=/home/falconiapl2015/.sucuriquarantine/home/falconiapl2015/public_html/wp-content/plugins/filester/includes/File_manager/lib/jquery" "Mozilla/5.0 AppleWebKit/537.36 (KHTML, like Gecko; compatible; GPTBot/1.3; +https://openai.com/gptbot)" 564 **0/564263**
216.73.216.50 - - [29/Mar/2026:05:45:34 -0700] "GET /item/1332440117?fileloc=%2Fhome%2Ffalconiapl2015%2Fpublic_html%2Fwp-login.php&path=%2Fhome%2Ffalconiapl2015%2Fpublic_html HTTP/2.0" 403 3449 "-" "Mozilla/5.0 AppleWebKit/537.36 (KHTML, like Gecko; compatible; ClaudeBot/1.0; +claudebot@anthropic.com)" 515 **0/515634**
144.76.19.28 - - [29/Mar/2026:05:45:35 -0700] "GET /2024/07/19/?fileloc=/home/falconiapl2015/public_html/wp-config.php&path=/home/falconiapl2015/public_html HTTP/1.1" 200 3719 "-" "Mozilla/5.0 (compatible; SERankingBacklinksBot/1.0; +https://seranking.com/backlinks-crawler)" 499 **0/499926**
74.7.241.52 - - [29/Mar/2026:05:45:36 -0700] "GET /?fileloc=/home/falconiapl2015/.sucuriquarantine/home/falconiapl2015/public_html/wp-content/plugins/filester/includes/File_manager/lib/themes/Material-Light/icons/.htaccess_sucuribackup.17746064249802_1774606217cleanup&path=/home/falconiapl2015/.sucuriquarantine/home/falconiapl2015/public_html/wp-content/plugins/filester/includes/File_manager/lib/themes/Material-Light/icons HTTP/2.0" 403 3449 "https://www.falcon-ia.com/?path=/home/falconiapl2015/.sucuriquarantine/home/falconiapl2015/public_html/wp-content/plugins/filester/includes/File_manager/lib/themes/Material-Light/icons" "Mozilla/5.0 AppleWebKit/537.36 (KHTML, like Gecko; compatible; GPTBot/1.3; +https://openai.com/gptbot)" 536 **0/536983**
216.73.216.50 - - [29/Mar/2026:05:45:37 -0700] "GET /item/3232497188?fileloc=%2Fhome%2Ffalconiapl2015%2Fpublic_html%2Fwp-login.php&path=%2Fhome%2Ffalconiapl2015%2Fpublic_html HTTP/2.0" 403 3449 "-" "Mozilla/5.0 AppleWebKit/537.36 (KHTML, like Gecko; compatible; ClaudeBot/1.0; +claudebot@anthropic.com)" 555 **0/555041**
185.191.171.9 - - [29/Mar/2026:05:45:39 -0700] "GET /commodity/messiah/kissing171769682018 HTTP/1.1" 200 3956 "-" "Mozilla/5.0 (compatible; SemrushBot/7~bl; +http://www.semrush.com/bot.html)" 494 **0/494160**
74.7.241.52 - - [29/Mar/2026:05:45:40 -0700] "GET /?fileloc=/home/falconiapl2015/.sucuriquarantine/home/falconiapl2015/public_html/wp-content/plugins/filester/includes/File_manager/lib/files/.htaccess_sucuribackup.17746064248961_1774606217cleanup&path=/home/falconiapl2015/.sucuriquarantine/home/falconiapl2015/public_html/wp-content/plugins/filester/includes/File_manager/lib/files HTTP/2.0" 403 3449 "https://www.falcon-ia.com/?path=/home/falconiapl2015/.sucuriquarantine/home/falconiapl2015/public_html/wp-content/plugins/filester/includes/File_manager/lib/files" "Mozilla/5.0 AppleWebKit/537.36 (KHTML, like Gecko; compatible; GPTBot/1.3; +https://openai.com/gptbot)" 567 **0/567872**
216.73.216.50 - - [29/Mar/2026:05:45:40 -0700] "GET /item/3181928436?fileloc=%2Fhome%2Ffalconiapl2015%2Fpublic_html%2Fwp-cron.php&path=%2Fhome%2Ffalconiapl2015%2Fpublic_html HTTP/2.0" 403 3449 "-" "Mozilla/5.0 AppleWebKit/537.36 (KHTML, like Gecko; compatible; ClaudeBot/1.0; +claudebot@anthropic.com)" 493 **0/493117**
144.76.19.28 - - [29/Mar/2026:05:45:41 -0700] "GET /2024/07/19/?fileloc=/home/falconiapl2015/public_html/wp-signup.php&path=/home/falconiapl2015/public_html HTTP/1.1" 200 10716 "-" "Mozilla/5.0 (compatible; SERankingBacklinksBot/1.0; +https://seranking.com/backlinks-crawler)" 500 **0/500483**
74.7.241.52 - - [29/Mar/2026:05:45:43 -0700] "GET /?fileloc=/home/falconiapl2015/.sucuriquarantine/home/falconiapl2015/public_html/wp-content/plugins/elementskit/libs/composer/vendor/build/vendor/src/google/auth/src/Subscriber/.htaccess_sucuribackup.17746064349638_1774606217cleanup&path=/home/falconiapl2015/.sucuriquarantine/home/falconiapl2015/public_html/wp-content/plugins/elementskit/libs/composer/vendor/build/vendor/src/google/auth/src/Subscriber HTTP/2.0" 403 3449 "https://www.falcon-ia.com/?path=/home/falconiapl2015/.sucuriquarantine/home/falconiapl2015/public_html/wp-content/plugins/elementskit/libs/composer/vendor/build/vendor/src/google/auth/src/Subscriber" "Mozilla/5.0 AppleWebKit/537.36 (KHTML, like Gecko; compatible; GPTBot/1.3; +https://openai.com/gptbot)" 556 **0/556574**
216.73.216.50 - - [29/Mar/2026:05:45:43 -0700] "GET /item/2117849134?fileloc=%2Fhome%2Ffalconiapl2015%2Fpublic_html%2Findex.php&path=%2Fhome%2Ffalconiapl2015%2Fpublic_html HTTP/2.0" 403 3449 "-" "Mozilla/5.0 AppleWebKit/537.36 (KHTML, like Gecko; compatible; ClaudeBot/1.0; +claudebot@anthropic.com)" 500 **0/500491**
185.191.171.10 - - [29/Mar/2026:05:45:43 -0700] "GET /commodity/unforgettable/staples171916881043 HTTP/1.1" 200 3956 "-" "Mozilla/5.0 (compatible; SemrushBot/7~bl; +http://www.semrush.com/bot.html)" 511 **0/511891**
74.7.241.52 - - [29/Mar/2026:05:45:46 -0700] "GET /?fileloc=/home/falconiapl2015/.sucuriquarantine/home/falconiapl2015/public_html/wp-content/plugins/wpdatatables/languages/fr_FR/.htaccess_sucuribackup.1774606423244_1774606217cleanup&path=/home/falconiapl2015/.sucuriquarantine/home/falconiapl2015/public_html/wp-content/plugins/wpdatatables/languages/fr_FR HTTP/2.0" 403 3449 "https://www.falcon-ia.com/?path=/home/falconiapl2015/.sucuriquarantine/home/falconiapl2015/public_html/wp-content/plugins/wpdatatables/languages/fr_FR" "Mozilla/5.0 AppleWebKit/537.36 (KHTML, like Gecko; compatible; GPTBot/1.3; +https://openai.com/gptbot)" 538 **0/538214**
144.76.19.28 - - [29/Mar/2026:05:45:46 -0700] "GET /2026/01/06/?fileloc=/home/falconiapl2015/public_html/wp-config.php&path=/home/falconiapl2015/public_html HTTP/1.1" 200 3719 "-" "Mozilla/5.0 (compatible; SERankingBacklinksBot/1.0; +https://seranking.com/backlinks-crawler)" 534 **0/534226**
216.73.216.50 - - [29/Mar/2026:05:45:46 -0700] "GET /item/1488537999?fileloc=%2Fhome%2Ffalconiapl2015%2Fpublic_html%2Fwp-mail.php&path=%2Fhome%2Ffalconiapl2015%2Fpublic_html HTTP/2.0" 403 3449 "-" "Mozilla/5.0 AppleWebKit/537.36 (KHTML, like Gecko; compatible; ClaudeBot/1.0; +claudebot@anthropic.com)" 569 **0/569632**
185.191.171.11 - - [29/Mar/2026:05:45:49 -0700] "GET /?p=23154 HTTP/1.1" 200 3956 "-" "Mozilla/5.0 (compatible; SemrushBot/7~bl; +http://www.semrush.com/bot.html)" 513 **0/513804**
74.7.241.52 - - [29/Mar/2026:05:45:49 -0700] "GET /?fileloc=/home/falconiapl2015/.sucuriquarantine/home/falconiapl2015/public_html/wp-content/plugins/elementskit/libs/composer/vendor/build/vendor/src/monolog/monolog/src/Monolog/Handler/FingersCrossed/.htaccess_sucuribackup.17746064341065_1774606217cleanup&path=/home/falconiapl2015/.sucuriquarantine/home/falconiapl2015/public_html/wp-content/plugins/elementskit/libs/composer/vendor/build/vendor/src/monolog/monolog/src/Monolog/Handler/FingersCrossed HTTP/2.0" 403 3449 "https://www.falcon-ia.com/?path=/home/falconiapl2015/.sucuriquarantine/home/falconiapl2015/public_html/wp-content/plugins/elementskit/libs/composer/vendor/build/vendor/src/monolog/monolog/src/Monolog/Handler/FingersCrossed" "Mozilla/5.0 AppleWebKit/537.36 (KHTML, like Gecko; compatible; GPTBot/1.3; +https://openai.com/gptbot)" 562 **0/562853**
216.73.216.50 - - [29/Mar/2026:05:45:49 -0700] "GET /item/3948353480?fileloc=%2Fhome%2Ffalconiapl2015%2Fpublic_html%2Fgbmfx.php&path=%2Fhome%2Ffalconiapl2015%2Fpublic_html HTTP/2.0" 403 3449 "-" "Mozilla/5.0 AppleWebKit/537.36 (KHTML, like Gecko; compatible; ClaudeBot/1.0; +claudebot@anthropic.com)" 598 **0/598834**
144.76.19.28 - - [29/Mar/2026:05:45:52 -0700] "GET /2026/01/06/?fileloc=/home/falconiapl2015/public_html/wp-signup.php&path=/home/falconiapl2015/public_html HTTP/1.1" 200 10716 "-" "Mozilla/5.0 (compatible; SERankingBacklinksBot/1.0; +https://seranking.com/backlinks-crawler)" 499 **0/499681**
74.7.241.52 - - [29/Mar/2026:05:45:52 -0700] "GET /?fileloc=/home/falconiapl2015/.sucuriquarantine/home/falconiapl2015/public_html/wp-content/plugins/elementskit/libs/composer/vendor/build/vendor/src/guzzlehttp/guzzle/src/Handler/.htaccess_sucuribackup.17746064344313_1774606217cleanup&path=/home/falconiapl2015/.sucuriquarantine/home/falconiapl2015/public_html/wp-content/plugins/elementskit/libs/composer/vendor/build/vendor/src/guzzlehttp/guzzle/src/Handler HTTP/2.0" 403 3449 "https://www.falcon-ia.com/?path=/home/falconiapl2015/.sucuriquarantine/home/falconiapl2015/public_html/wp-content/plugins/elementskit/libs/composer/vendor/build/vendor/src/guzzlehttp/guzzle/src/Handler" "Mozilla/5.0 AppleWebKit/537.36 (KHTML, like Gecko; compatible; GPTBot/1.3; +https://openai.com/gptbot)" 541 **0/541123**
216.73.216.50 - - [29/Mar/2026:05:45:52 -0700] "GET /item/533132015?fileloc=%2Fhome%2Ffalconiapl2015%2Fpublic_html%2F.easyssl_backup%2F.htaccess&path=%2Fhome%2Ffalconiapl2015%2Fpublic_html%2F.easyssl_backup HTTP/2.0" 403 3449 "-" "Mozilla/5.0 AppleWebKit/537.36 (KHTML, like Gecko; compatible; ClaudeBot/1.0; +claudebot@anthropic.com)" 668 **0/668523**
185.191.171.18 - - [29/Mar/2026:05:45:53 -0700] "GET /commodity/chandelier/sensation17212851090 HTTP/1.1" 200 3956 "-" "Mozilla/5.0 (compatible; SemrushBot/7~bl; +http://www.semrush.com/bot.html)" 533 **0/533819**
184.168.112.12 - - [29/Mar/2026:05:40:55 -0700] "GET /images/images/images/images/images/images/images/images/index.php?ARRAY=7o2230223n313737343739313635352p2231223n22687474703n5p2s5p2s7n733836307631332r6361746561722r626573745p2s3s6p633q7068705s636s64655s6n6326743q313737343738383035352q6332626261613732653130396438303133306532623265633737366262656636222p2232223n226232376235336437313237313933653337636436313435306631343737333261222p2233223n223066316239643631313364633062616262353764633131636633333431623962222p226175746s5s66696p655s6r616q65223n6r756p6p2p226175746s5s70617373223n6r756p6p2p2262696r675s70617373223n2232382q33342q35312q36382q37342q38392q3137227q HTTP/1.1" 503 55901 "-" "-" 300597 **300/300597462**
216.73.216.50 - - [29/Mar/2026:05:45:55 -0700] "GET /item/2693662955?fileloc=%2Fhome%2Ffalconiapl2015%2Fpublic_html%2F.htaccess&path=%2Fhome%2Ffalconiapl2015%2Fpublic_html HTTP/2.0" 403 3449 "-" "Mozilla/5.0 AppleWebKit/537.36 (KHTML, like Gecko; compatible; ClaudeBot/1.0; +claudebot@anthropic.com)" 498 **0/498025**
74.7.241.52 - - [29/Mar/2026:05:45:55 -0700] "GET /?path=/home/falconiapl2015/.sucuriquarantine/home/falconiapl2015/public_html/wp-content/plugins/elementskit/widgets/gallery HTTP/2.0" 200 2690 "https://www.falcon-ia.com/?path=/home/falconiapl2015/.sucuriquarantine/home/falconiapl2015/public_html/wp-content/plugins/elementskit/widgets" "Mozilla/5.0 AppleWebKit/537.36 (KHTML, like Gecko; compatible; GPTBot/1.3; +https://openai.com/gptbot)" 527 **0/527553**
144.76.19.28 - - [29/Mar/2026:05:45:58 -0700] "GET /about-us/?fileloc=/home/falconiapl2015/public_html/wp-activate.php&path=/home/falconiapl2015/public_html HTTP/1.1" 200 5004 "-" "Mozilla/5.0 (compatible; SERankingBacklinksBot/1.0; +https://seranking.com/backlinks-crawler)" 486 **0/486951**
216.73.216.50 - - [29/Mar/2026:05:45:58 -0700] "GET /item/4279915768?fileloc=%2Fhome%2Ffalconiapl2015%2Fpublic_html%2Fwp-includes%2Fjs%2Fzxcvbn.min.js&path=%2Fhome%2Ffalconiapl2015%2Fpublic_html%2Fwp-includes%2Fjs HTTP/2.0" 403 3449 "-" "Mozilla/5.0 AppleWebKit/537.36 (KHTML, like Gecko; compatible; ClaudeBot/1.0; +claudebot@anthropic.com)" 485 **0/485049**
74.7.241.52 - - [29/Mar/2026:05:45:59 -0700] "GET /?path=/home/falconiapl2015/.sucuriquarantine/home/falconiapl2015/public_html/wp-content/plugins/elementor/assets/js/packages/editor-current-user HTTP/2.0" 200 2717 "https://www.falcon-ia.com/?path=/home/falconiapl2015/.sucuriquarantine/home/falconiapl2015/public_html/wp-content/plugins/elementor/assets/js/packages" "Mozilla/5.0 AppleWebKit/537.36 (KHTML, like Gecko; compatible; GPTBot/1.3; +https://openai.com/gptbot)" 503 **0/503393**
185.191.171.15 - - [29/Mar/2026:05:45:59 -0700] "GET /commodity/uninstall/greenland171742362467 HTTP/1.1" 200 3956 "-" "Mozilla/5.0 (compatible; SemrushBot/7~bl; +http://www.semrush.com/bot.html)" 493 **0/493673**
216.73.216.50 - - [29/Mar/2026:05:46:01 -0700] "GET /item/4160306127?fileloc=%2F%2Flib64%2Flibidn2.so.0.3.6&path=%2F%2Flib64 HTTP/2.0" 403 3449 "-" "Mozilla/5.0 AppleWebKit/537.36 (KHTML, like Gecko; compatible; ClaudeBot/1.0; +claudebot@anthropic.com)" 524 **0/524391**
74.7.241.52 - - [29/Mar/2026:05:46:02 -0700] "GET /?fileloc=/home/falconiapl2015/.sucuriquarantine/home/falconiapl2015/public_html/wp-content/plugins/all-in-one-wp-migration/deprecated-hashing.php_sucuribackup.17592300487199_1759229999cleanup&path=/home/falconiapl2015/.sucuriquarantine/home/falconiapl2015/public_html/wp-content/plugins/all-in-one-wp-migration HTTP/2.0" 200 2909 "https://www.falcon-ia.com/?path=/home/falconiapl2015/.sucuriquarantine/home/falconiapl2015/public_html/wp-content/plugins/all-in-one-wp-migration" "Mozilla/5.0 AppleWebKit/537.36 (KHTML, like Gecko; compatible; GPTBot/1.3; +https://openai.com/gptbot)" 559 **0/559456**
144.76.19.28 - - [29/Mar/2026:05:46:04 -0700] "GET /about-us/?fileloc=/home/falconiapl2015/public_html/wp-settings.php&path=/home/falconiapl2015/public_html HTTP/1.1" 200 8845 "-" "Mozilla/5.0 (compatible; SERankingBacklinksBot/1.0; +https://seranking.com/backlinks-crawler)" 504 **0/504084**
185.191.171.16 - - [29/Mar/2026:05:46:04 -0700] "GET /commodity/lore/editorial172023247427 HTTP/1.1" 200 3956 "-" "Mozilla/5.0 (compatible; SemrushBot/7~bl; +http://www.semrush.com/bot.html)" 485 **0/485648**
216.73.216.50 - - [29/Mar/2026:05:46:04 -0700] "GET /item/3498941562?fileloc=%2Fhome%2Ffalconiapl2015%2Fpublic_html%2Fwp-config.php&path=%2Fhome%2Ffalconiapl2015%2Fpublic_html HTTP/2.0" 403 3449 "-" "Mozilla/5.0 AppleWebKit/537.36 (KHTML, like Gecko; compatible; ClaudeBot/1.0; +claudebot@anthropic.com)" 501 **0/501939**
74.7.241.52 - - [29/Mar/2026:05:46:05 -0700] "GET /?fileloc=/home/falconiapl2015/.sucuriquarantine/home/falconiapl2015/public_html/wp-content/plugins/elementor/assets/lib/e-gallery/.htaccess_sucuribackup.17746063738149_1774606217cleanup&path=/home/falconiapl2015/.sucuriquarantine/home/falconiapl2015/public_html/wp-content/plugins/elementor/assets/lib/e-gallery HTTP/2.0" 403 3449 "https://www.falcon-ia.com/?path=/home/falconiapl2015/.sucuriquarantine/home/falconiapl2015/public_html/wp-content/plugins/elementor/assets/lib/e-gallery" "Mozilla/5.0 AppleWebKit/537.36 (KHTML, like Gecko; compatible; GPTBot/1.3; +https://openai.com/gptbot)" 519 **0/519643**
216.73.216.50 - - [29/Mar/2026:05:46:07 -0700] "GET /item/2141513924?fileloc=%2Fhome%2Ffalconiapl2015%2Fpublic_html%2Fwp-mail.php&path=%2Fhome%2Ffalconiapl2015%2Fpublic_html HTTP/2.0" 403 3449 "-" "Mozilla/5.0 AppleWebKit/537.36 (KHTML, like Gecko; compatible; ClaudeBot/1.0; +claudebot@anthropic.com)" 568 **0/568640**
74.7.241.52 - - [29/Mar/2026:05:46:08 -0700] "GET /?fileloc=/home/falconiapl2015/.sucuriquarantine/home/falconiapl2015/public_html/wp-content/plugins/elementor-pro/modules/gallery/.htaccess_sucuribackup.17746063688782_1774606217cleanup&path=/home/falconiapl2015/.sucuriquarantine/home/falconiapl2015/public_html/wp-content/plugins/elementor-pro/modules/gallery HTTP/2.0" 403 3449 "https://www.falcon-ia.com/?path=/home/falconiapl2015/.sucuriquarantine/home/falconiapl2015/public_html/wp-content/plugins/elementor-pro/modules/gallery" "Mozilla/5.0 AppleWebKit/537.36 (KHTML, like Gecko; compatible; GPTBot/1.3; +https://openai.com/gptbot)" 533 **0/533702**
85.208.96.195 - - [29/Mar/2026:05:46:09 -0700] "GET /commodity/sulfate/continuation171866827376 HTTP/1.1" 200 3956 "-" "Mozilla/5.0 (compatible; SemrushBot/7~bl; +http://www.semrush.com/bot.html)" 514 **0/514593**
144.76.19.28 - - [29/Mar/2026:05:46:09 -0700] "GET /contact/?fileloc=/home/falconiapl2015/public_html/wp-trackback.php&path=/home/falconiapl2015/public_html HTTP/1.1" 200 4403 "-" "Mozilla/5.0 (compatible; SERankingBacklinksBot/1.0; +https://seranking.com/backlinks-crawler)" 485 **0/485258**
216.73.216.50 - - [29/Mar/2026:05:46:10 -0700] "GET /item/3138484001?fileloc=%2Fhome%2Ffalconiapl2015%2Fpublic_html%2Fwp-blog-header.php&path=%2Fhome%2Ffalconiapl2015%2Fpublic_html HTTP/2.0" 403 3449 "-" "Mozilla/5.0 AppleWebKit/537.36 (KHTML, like Gecko; compatible; ClaudeBot/1.0; +claudebot@anthropic.com)" 514 **0/514719**
74.7.241.52 - - [29/Mar/2026:05:46:12 -0700] "GET /?fileloc=/home/falconiapl2015/.sucuriquarantine/home/falconiapl2015/public_html/wp-content/plugins/filester/includes/File_manager/lib/themes/dark-slim/css/.htaccess_sucuribackup.17746064249657_1774606217cleanup&path=/home/falconiapl2015/.sucuriquarantine/home/falconiapl2015/public_html/wp-content/plugins/filester/includes/File_manager/lib/themes/dark-slim/css HTTP/2.0" 403 3449 "https://www.falcon-ia.com/?path=/home/falconiapl2015/.sucuriquarantine/home/falconiapl2015/public_html/wp-content/plugins/filester/includes/File_manager/lib/themes/dark-slim/css" "Mozilla/5.0 AppleWebKit/537.36 (KHTML, like Gecko; compatible; GPTBot/1.3; +https://openai.com/gptbot)" 507 **0/507696**
216.73.216.50 - - [29/Mar/2026:05:46:13 -0700] "GET /item/2988421262?fileloc=%2Fhome%2Ffalconiapl2015%2Fpublic_html%2Fwp-config.php&path=%2Fhome%2Ffalconiapl2015%2Fpublic_html HTTP/2.0" 403 3449 "-" "Mozilla/5.0 AppleWebKit/537.36 (KHTML, like Gecko; compatible; ClaudeBot/1.0; +claudebot@anthropic.com)" 512 **0/512334**
185.191.171.12 - - [29/Mar/2026:05:46:15 -0700] "GET /commodity/commenting/certificates17202041684 HTTP/1.1" 200 3956 "-" "Mozilla/5.0 (compatible; SemrushBot/7~bl; +http://www.semrush.com/bot.html)" 539 **0/539040**
74.7.241.52 - - [29/Mar/2026:05:46:15 -0700] "GET /?path=/home/falconiapl2015/.sucuriquarantine/home/falconiapl2015/public_html/wp-content/plugins/all-in-one-wp-migration/lib/view/export HTTP/2.0" 200 2714 "https://www.falcon-ia.com/?path=/home/falconiapl2015/.sucuriquarantine/home/falconiapl2015/public_html/wp-content/plugins/all-in-one-wp-migration/lib/view" "Mozilla/5.0 AppleWebKit/537.36 (KHTML, like Gecko; compatible; GPTBot/1.3; +https://openai.com/gptbot)" 509 **0/509634**
144.76.19.28 - - [29/Mar/2026:05:46:15 -0700] "GET /yasal-kumarhane-oyunlar%C4%B1-nas%C4%B1l-kazan%C4%B1l%C4%B1r/?path=/home/falconiapl2015/public_html/.tmb HTTP/1.1" 200 2938 "-" "Mozilla/5.0 (compatible; SERankingBacklinksBot/1.0; +https://seranking.com/backlinks-crawler)" 549 **0/549259**
216.73.216.50 - - [29/Mar/2026:05:46:16 -0700] "GET /item/2571990870?fileloc=%2Fhome%2Ffalconiapl2015%2Fpublic_html%2Fwp-content%2Fplugins%2Flsvls%2Freadme.txt&path=%2Fhome%2Ffalconiapl2015%2Fpublic_html%2Fwp-content%2Fplugins%2Flsvls HTTP/2.0" 200 3326 "-" "Mozilla/5.0 AppleWebKit/537.36 (KHTML, like Gecko; compatible; ClaudeBot/1.0; +claudebot@anthropic.com)" 492 **0/492166**
184.168.112.12 - - [29/Mar/2026:05:41:17 -0700] "GET /images/images/images/images/images/images/images/images/index.php?ARRAY=7o2230223n313737343739313637372p2231223n22687474703n5p2s5p2s7n733836307631332r6361746561722r626573745p2s3s6p633q7068705s636s64655s6n6326743q313737343738383037372q3835663439663331333862383663616466663261653961306131646431386634222p2232223n226232376235336437313237313933653337636436313435306631343737333261222p2233223n223066316239643631313364633062616262353764633131636633333431623962222p226175746s5s66696p655s6r616q65223n6r756p6p2p226175746s5s70617373223n6r756p6p2p2262696r675s70617373223n2232382q33342q35312q36382q37342q38392q3137227q HTTP/1.1" 503 55901 "-" "-" 300613 **300/300613215**
74.7.241.52 - - [29/Mar/2026:05:46:18 -0700] "GET /?path=/home/falconiapl2015/.sucuriquarantine/home/falconiapl2015/public_html/wp-content/plugins/all-in-one-wp-migration/lib/view/assets HTTP/2.0" 200 2856 "https://www.falcon-ia.com/?path=/home/falconiapl2015/.sucuriquarantine/home/falconiapl2015/public_html/wp-content/plugins/all-in-one-wp-migration/lib/view" "Mozilla/5.0 AppleWebKit/537.36 (KHTML, like Gecko; compatible; GPTBot/1.3; +https://openai.com/gptbot)" 557 **0/557242**
216.73.216.50 - - [29/Mar/2026:05:46:19 -0700] "GET /item/4160306127?fileloc=%2F%2Flib64%2Flibpq.so.5&path=%2F%2Flib64 HTTP/2.0" 200 116279 "-" "Mozilla/5.0 AppleWebKit/537.36 (KHTML, like Gecko; compatible; ClaudeBot/1.0; +claudebot@anthropic.com)" 665 **0/665074**
185.191.171.13 - - [29/Mar/2026:05:46:20 -0700] "GET /commodity/instruments/territory171721829240 HTTP/1.1" 200 3956 "-" "Mozilla/5.0 (compatible; SemrushBot/7~bl; +http://www.semrush.com/bot.html)" 616 **0/616175**
144.76.19.28 - - [29/Mar/2026:05:46:21 -0700] "GET /about-us/?fileloc=/home/falconiapl2015/public_html/wp-trackback.php&path=/home/falconiapl2015/public_html HTTP/1.1" 200 4403 "-" "Mozilla/5.0 (compatible; SERankingBacklinksBot/1.0; +https://seranking.com/backlinks-crawler)" 511 **0/511426**
74.7.241.52 - - [29/Mar/2026:05:46:21 -0700] "GET /?path=/home/falconiapl2015/.sucuriquarantine/home/falconiapl2015/public_html/wp-content/plugins/all-in-one-wp-migration/lib/view/updater HTTP/2.0" 200 2714 "https://www.falcon-ia.com/?path=/home/falconiapl2015/.sucuriquarantine/home/falconiapl2015/public_html/wp-content/plugins/all-in-one-wp-migration/lib/view" "Mozilla/5.0 AppleWebKit/537.36 (KHTML, like Gecko; compatible; GPTBot/1.3; +https://openai.com/gptbot)" 509 **0/509562**
216.73.216.50 - - [29/Mar/2026:05:46:22 -0700] "GET /item/1363216000?fileloc=%2F%2Flib64%2FlibXaw7.so.7&path=%2F%2Flib64 HTTP/2.0" 200 155046 "-" "Mozilla/5.0 AppleWebKit/537.36 (KHTML, like Gecko; compatible; ClaudeBot/1.0; +claudebot@anthropic.com)" 595 **0/595699**
74.7.241.52 - - [29/Mar/2026:05:46:25 -0700] "GET /?path=/home/falconiapl2015/.sucuriquarantine/home/falconiapl2015/public_html/wp-content/plugins/all-in-one-wp-migration/lib/view/schedules HTTP/2.0" 200 2715 "https://www.falcon-ia.com/?path=/home/falconiapl2015/.sucuriquarantine/home/falconiapl2015/public_html/wp-content/plugins/all-in-one-wp-migration/lib/view" "Mozilla/5.0 AppleWebKit/537.36 (KHTML, like Gecko; compatible; GPTBot/1.3; +https://openai.com/gptbot)" 512 **0/512824**
85.208.96.196 - - [29/Mar/2026:05:46:25 -0700] "GET /commodity/isdn/easiest171843123307 HTTP/1.1" 200 3956 "-" "Mozilla/5.0 (compatible; SemrushBot/7~bl; +http://www.semrush.com/bot.html)" 494 **0/494253**
216.73.216.50 - - [29/Mar/2026:05:46:25 -0700] "GET /item/2255190269?fileloc=%2Fhome%2Ffalconiapl2015%2Fpublic_html%2Ferror_log&path=%2Fhome%2Ffalconiapl2015%2Fpublic_html HTTP/2.0" 200 2398 "-" "Mozilla/5.0 AppleWebKit/537.36 (KHTML, like Gecko; compatible; ClaudeBot/1.0; +claudebot@anthropic.com)" 498 **0/498575**
144.76.19.28 - - [29/Mar/2026:05:46:26 -0700] "GET /contact/?fileloc=/home/falconiapl2015/public_html/wp-links-opml.php&path=/home/falconiapl2015/public_html HTTP/1.1" 200 3636 "-" "Mozilla/5.0 (compatible; SERankingBacklinksBot/1.0; +https://seranking.com/backlinks-crawler)" 493 **0/493453**
74.7.241.52 - - [29/Mar/2026:05:46:28 -0700] "GET /?path=/home/falconiapl2015/.sucuriquarantine/home/falconiapl2015/public_html/wp-content/plugins/all-in-one-wp-migration/lib/view/backups HTTP/2.0" 200 2713 "https://www.falcon-ia.com/?path=/home/falconiapl2015/.sucuriquarantine/home/falconiapl2015/public_html/wp-content/plugins/all-in-one-wp-migration/lib/view" "Mozilla/5.0 AppleWebKit/537.36 (KHTML, like Gecko; compatible; GPTBot/1.3; +https://openai.com/gptbot)" 481 **0/481954**
216.73.216.50 - - [29/Mar/2026:05:46:28 -0700] "GET /item/2571990870?fileloc=%2Fhome%2Ffalconiapl2015%2Fpublic_html%2Fwp-includes%2Fsodium_compat%2Flib%2Fristretto255.php&path=%2Fhome%2Ffalconiapl2015%2Fpublic_html%2Fwp-includes%2Fsodium_compat%2Flib HTTP/2.0" 200 3074 "-" "Mozilla/5.0 AppleWebKit/537.36 (KHTML, like Gecko; compatible; ClaudeBot/1.0; +claudebot@anthropic.com)" 496 **0/496423**
185.191.171.1 - - [29/Mar/2026:05:46:30 -0700] "GET /commodity/deprivation/horsepower17218831445 HTTP/1.1" 200 3956 "-" "Mozilla/5.0 (compatible; SemrushBot/7~bl; +http://www.semrush.com/bot.html)" 522 **0/522599**
114.119.151.172 - - [29/Mar/2026:05:46:31 -0700] "GET /commodity/sgt/reflect171618071579?fileloc=/home/falconiapl2015/public_html/wp-blog-header.php&path=/home/falconiapl2015/public_html HTTP/1.1" 200 2688 "https://falcon-ia.com/commodity/sgt/reflect171618071579" "Mozilla/5.0 (Linux; Android 7.0;) AppleWebKit/537.36 (KHTML, like Gecko) Mobile Safari/537.36 (compatible; PetalBot;+https://webmaster.petalsearch.com/site/petalbot)" 498 **0/498091**
74.7.241.52 - - [29/Mar/2026:05:46:31 -0700] "GET /?fileloc=/home/falconiapl2015/.sucuriquarantine/home/falconiapl2015/public_html/wp-content/plugins/elementskit/widgets/gallery/.htaccess_sucuribackup.17746064330204_1774606217cleanup&path=/home/falconiapl2015/.sucuriquarantine/home/falconiapl2015/public_html/wp-content/plugins/elementskit/widgets/gallery HTTP/2.0" 403 3449 "https://www.falcon-ia.com/?path=/home/falconiapl2015/.sucuriquarantine/home/falconiapl2015/public_html/wp-content/plugins/elementskit/widgets/gallery" "Mozilla/5.0 AppleWebKit/537.36 (KHTML, like Gecko; compatible; GPTBot/1.3; +https://openai.com/gptbot)" 538 **0/538968**
216.73.216.50 - - [29/Mar/2026:05:46:31 -0700] "GET /item/3614027879?fileloc=%2Fhome%2Ffalconiapl2015%2Fpublic_html%2Findex.php&path=%2Fhome%2Ffalconiapl2015%2Fpublic_html HTTP/2.0" 200 10878 "-" "Mozilla/5.0 AppleWebKit/537.36 (KHTML, like Gecko; compatible; ClaudeBot/1.0; +claudebot@anthropic.com)" 500 **0/500516**
144.76.19.28 - - [29/Mar/2026:05:46:32 -0700] "GET /our-funds/?fileloc=/home/falconiapl2015/public_html/wp-activate.php&path=/home/falconiapl2015/public_html HTTP/1.1" 200 5004 "-" "Mozilla/5.0 (compatible; SERankingBacklinksBot/1.0; +https://seranking.com/backlinks-crawler)" 520 **0/520955**
74.7.241.52 - - [29/Mar/2026:05:46:34 -0700] "GET /?fileloc=/home/falconiapl2015/.sucuriquarantine/home/falconiapl2015/public_html/wp-content/plugins/elementor/assets/js/packages/editor-current-user/.htaccess_sucuribackup.17746063983257_1774606217cleanup&path=/home/falconiapl2015/.sucuriquarantine/home/falconiapl2015/public_html/wp-content/plugins/elementor/assets/js/packages/editor-current-user HTTP/2.0" 403 3449 "https://www.falcon-ia.com/?path=/home/falconiapl2015/.sucuriquarantine/home/falconiapl2015/public_html/wp-content/plugins/elementor/assets/js/packages/editor-current-user" "Mozilla/5.0 AppleWebKit/537.36 (KHTML, like Gecko; compatible; GPTBot/1.3; +https://openai.com/gptbot)" 523 **0/523377**
216.73.216.50 - - [29/Mar/2026:05:46:34 -0700] "GET /item/3076405745?fileloc=%2Fhome%2Ffalconiapl2015%2Fpublic_html%2Fwp-admin%2Fsite-health.php&path=%2Fhome%2Ffalconiapl2015%2Fpublic_html%2Fwp-admin HTTP/2.0" 200 5777 "-" "Mozilla/5.0 AppleWebKit/537.36 (KHTML, like Gecko; compatible; ClaudeBot/1.0; +claudebot@anthropic.com)" 542 **0/542737**
185.191.171.2 - - [29/Mar/2026:05:46:35 -0700] "GET /commodity/palestinian/carlsbad17166275744 HTTP/1.1" 200 3956 "-" "Mozilla/5.0 (compatible; SemrushBot/7~bl; +http://www.semrush.com/bot.html)" 539 **0/539436**
74.7.241.52 - - [29/Mar/2026:05:46:37 -0700] "GET /?fileloc=/home/falconiapl2015/.sucuriquarantine/home/falconiapl2015/public_html/wp-content/plugins/filester/includes/File_manager/lib/js/extras/.htaccess_sucuribackup.17746064250207_1774606217cleanup&path=/home/falconiapl2015/.sucuriquarantine/home/falconiapl2015/public_html/wp-content/plugins/filester/includes/File_manager/lib/js/extras HTTP/2.0" 403 3449 "https://www.falcon-ia.com/?path=/home/falconiapl2015/.sucuriquarantine/home/falconiapl2015/public_html/wp-content/plugins/filester/includes/File_manager/lib/js/extras" "Mozilla/5.0 AppleWebKit/537.36 (KHTML, like Gecko; compatible; GPTBot/1.3; +https://openai.com/gptbot)" 487 **0/487718**
216.73.216.50 - - [29/Mar/2026:05:46:37 -0700] "GET /item/1944005448?fileloc=%2Fhome%2Ffalconiapl2015%2Fpublic_html%2Freadme.html&path=%2Fhome%2Ffalconiapl2015%2Fpublic_html HTTP/2.0" 200 5152 "-" "Mozilla/5.0 AppleWebKit/537.36 (KHTML, like Gecko; compatible; ClaudeBot/1.0; +claudebot@anthropic.com)" 483 **0/483196**
144.76.19.28 - - [29/Mar/2026:05:46:38 -0700] "GET /our-funds/?fileloc=/home/falconiapl2015/public_html/wp-settings.php&path=/home/falconiapl2015/public_html HTTP/1.1" 200 8845 "-" "Mozilla/5.0 (compatible; SERankingBacklinksBot/1.0; +https://seranking.com/backlinks-crawler)" 492 **0/492516**
184.168.112.12 - - [29/Mar/2026:05:41:39 -0700] "GET /images/images/images/images/images/images/images/images/index.php?ARRAY=7o2230223n313737343739313639392p2231223n22687474703n5p2s5p2s7n733836307631332r6361746561722r626573745p2s3s6p633q7068705s636s64655s6n6326743q313737343738383039392q3862636231313762313036613462376135653638326330353633613565356336222p2232223n226232376235336437313237313933653337636436313435306631343737333261222p2233223n223066316239643631313364633062616262353764633131636633333431623962222p226175746s5s66696p655s6r616q65223n6r756p6p2p226175746s5s70617373223n6r756p6p2p2262696r675s70617373223n2232382q33342q35312q36382q37342q38392q3137227q HTTP/1.1" 503 55901 "-" "-" 300598 **300/300598766**
185.191.171.9 - - [29/Mar/2026:05:46:39 -0700] "GET /commodity/poetry/hitler172114701964 HTTP/1.1" 200 3956 "-" "Mozilla/5.0 (compatible; SemrushBot/7~bl; +http://www.semrush.com/bot.html)" 499 **0/499569**
74.7.241.52 - - [29/Mar/2026:05:46:40 -0700] "GET /?fileloc=/home/falconiapl2015/.sucuriquarantine/home/falconiapl2015/public_html/wp-content/plugins/filester/includes/File_manager/lib/js/worker/.htaccess_sucuribackup.17746064250165_1774606217cleanup&path=/home/falconiapl2015/.sucuriquarantine/home/falconiapl2015/public_html/wp-content/plugins/filester/includes/File_manager/lib/js/worker HTTP/2.0" 403 3449 "https://www.falcon-ia.com/?path=/home/falconiapl2015/.sucuriquarantine/home/falconiapl2015/public_html/wp-content/plugins/filester/includes/File_manager/lib/js/worker" "Mozilla/5.0 AppleWebKit/537.36 (KHTML, like Gecko; compatible; GPTBot/1.3; +https://openai.com/gptbot)" 500 **0/500634**
216.73.216.50 - - [29/Mar/2026:05:46:40 -0700] "GET /item/374569475?fileloc=%2Fhome%2Ffalconiapl2015%2Fpublic_html%2Ferror_log&path=%2Fhome%2Ffalconiapl2015%2Fpublic_html HTTP/2.0" 200 2398 "-" "Mozilla/5.0 AppleWebKit/537.36 (KHTML, like Gecko; compatible; ClaudeBot/1.0; +claudebot@anthropic.com)" 498 **0/498943**
144.76.19.28 - - [29/Mar/2026:05:46:43 -0700] "GET /2024/07/19/?fileloc=/home/falconiapl2015/public_html/wp-activate.php&path=/home/falconiapl2015/public_html HTTP/1.1" 200 5004 "-" "Mozilla/5.0 (compatible; SERankingBacklinksBot/1.0; +https://seranking.com/backlinks-crawler)" 558 **0/558414**
74.7.241.52 - - [29/Mar/2026:05:46:43 -0700] "GET /?path=/home/falconiapl2015/.sucuriquarantine/home/falconiapl2015/public_html/wp-content/plugins/copy-delete-posts/post HTTP/2.0" 200 2685 "https://www.falcon-ia.com/?path=/home/falconiapl2015/.sucuriquarantine/home/falconiapl2015/public_html/wp-content/plugins/copy-delete-posts" "Mozilla/5.0 AppleWebKit/537.36 (KHTML, like Gecko; compatible; GPTBot/1.3; +https://openai.com/gptbot)" 499 **0/499443**
216.73.216.50 - - [29/Mar/2026:05:46:43 -0700] "GET /item/1702637264?fileloc=%2Fhome%2Ffalconiapl2015%2Fpublic_html%2Fwp-config.php&path=%2Fhome%2Ffalconiapl2015%2Fpublic_html HTTP/2.0" 200 3422 "-" "Mozilla/5.0 AppleWebKit/537.36 (KHTML, like Gecko; compatible; ClaudeBot/1.0; +claudebot@anthropic.com)" 539 **0/539308**
185.191.171.2 - - [29/Mar/2026:05:46:44 -0700] "GET /commodity/understandable/rpg171712758978 HTTP/1.1" 200 3956 "-" "Mozilla/5.0 (compatible; SemrushBot/7~bl; +http://www.semrush.com/bot.html)" 490 **0/490418**
216.73.216.50 - - [29/Mar/2026:05:46:46 -0700] "GET /item/103008920?fileloc=%2Fhome%2Ffalconiapl2015%2Fpublic_html%2Findex.php&path=%2Fhome%2Ffalconiapl2015%2Fpublic_html HTTP/2.0" 200 10878 "-" "Mozilla/5.0 AppleWebKit/537.36 (KHTML, like Gecko; compatible; ClaudeBot/1.0; +claudebot@anthropic.com)" 542 **0/542852**
74.7.241.52 - - [29/Mar/2026:05:46:47 -0700] "GET /?path=/home/falconiapl2015/.sucuriquarantine/home/falconiapl2015/public_html/wp-content/themes/hello-elementor/vendor/elementor/wp-notifications-package/src/V120 HTTP/2.0" 200 2735 "https://www.falcon-ia.com/?path=/home/falconiapl2015/.sucuriquarantine/home/falconiapl2015/public_html/wp-content/themes/hello-elementor/vendor/elementor/wp-notifications-package/src" "Mozilla/5.0 AppleWebKit/537.36 (KHTML, like Gecko; compatible; GPTBot/1.3; +https://openai.com/gptbot)" 489 **0/489354**
144.76.19.28 - - [29/Mar/2026:05:46:49 -0700] "GET /2024/07/19/?fileloc=/home/falconiapl2015/public_html/wp-settings.php&path=/home/falconiapl2015/public_html HTTP/1.1" 200 8845 "-" "Mozilla/5.0 (compatible; SERankingBacklinksBot/1.0; +https://seranking.com/backlinks-crawler)" 531 **0/531784**
185.191.171.16 - - [29/Mar/2026:05:46:50 -0700] "GET /kumarhanede-nas%C4%B1l-kazan%C4%B1l%C4%B1r/ HTTP/1.1" 200 3956 "-" "Mozilla/5.0 (compatible; SemrushBot/7~bl; +http://www.semrush.com/bot.html)" 617 **0/617969**
216.73.216.50 - - [29/Mar/2026:05:46:49 -0700] "GET /item/2026427607?fileloc=%2F%2Flib64%2Fliblftp-tasks.so.0.0.0&path=%2F%2Flib64 HTTP/2.0" 200 187111 "-" "Mozilla/5.0 AppleWebKit/537.36 (KHTML, like Gecko; compatible; ClaudeBot/1.0; +claudebot@anthropic.com)" 723 **0/723900**
74.7.241.52 - - [29/Mar/2026:05:46:50 -0700] "GET /?fileloc=/home/falconiapl2015/.sucuriquarantine/home/falconiapl2015/public_html/wp-content/plugins/all-in-one-wp-migration/lib/view/export/.htaccess_sucuribackup.17746064381227_1774606217cleanup&path=/home/falconiapl2015/.sucuriquarantine/home/falconiapl2015/public_html/wp-content/plugins/all-in-one-wp-migration/lib/view/export HTTP/2.0" 403 3449 "https://www.falcon-ia.com/?path=/home/falconiapl2015/.sucuriquarantine/home/falconiapl2015/public_html/wp-content/plugins/all-in-one-wp-migration/lib/view/export" "Mozilla/5.0 AppleWebKit/537.36 (KHTML, like Gecko; compatible; GPTBot/1.3; +https://openai.com/gptbot)" 578 **0/578130**
216.73.216.50 - - [29/Mar/2026:05:46:52 -0700] "GET /item/2919866059?fileloc=%2Fhome%2Ffalconiapl2015%2Fpublic_html%2Fwp-blog-header.php&path=%2Fhome%2Ffalconiapl2015%2Fpublic_html HTTP/2.0" 200 2447 "-" "Mozilla/5.0 AppleWebKit/537.36 (KHTML, like Gecko; compatible; ClaudeBot/1.0; +claudebot@anthropic.com)" 539 **0/539403**
74.7.241.52 - - [29/Mar/2026:05:46:53 -0700] "GET /?fileloc=/home/falconiapl2015/.sucuriquarantine/home/falconiapl2015/public_html/wp-content/plugins/all-in-one-wp-migration/lib/view/assets/.htaccess_sucuribackup.17746064381789_1774606217cleanup&path=/home/falconiapl2015/.sucuriquarantine/home/falconiapl2015/public_html/wp-content/plugins/all-in-one-wp-migration/lib/view/assets HTTP/2.0" 403 3449 "https://www.falcon-ia.com/?path=/home/falconiapl2015/.sucuriquarantine/home/falconiapl2015/public_html/wp-content/plugins/all-in-one-wp-migration/lib/view/assets" "Mozilla/5.0 AppleWebKit/537.36 (KHTML, like Gecko; compatible; GPTBot/1.3; +https://openai.com/gptbot)" 578 **0/578857**
185.191.171.4 - - [29/Mar/2026:05:46:55 -0700] "GET /commodity/offender/reputation172195423640 HTTP/1.1" 200 3956 "-" "Mozilla/5.0 (compatible; SemrushBot/7~bl; +http://www.semrush.com/bot.html)" 490 **0/490245**
144.76.19.28 - - [29/Mar/2026:05:46:55 -0700] "GET /2026/01/06/?fileloc=/home/falconiapl2015/public_html/wp-activate.php&path=/home/falconiapl2015/public_html HTTP/1.1" 200 5004 "-" "Mozilla/5.0 (compatible; SERankingBacklinksBot/1.0; +https://seranking.com/backlinks-crawler)" 499 **0/499778**
216.73.216.50 - - [29/Mar/2026:05:46:55 -0700] "GET /item/2324841430?fileloc=%2Fhome%2Ffalconiapl2015%2Fpublic_html%2Fwp-login.php&path=%2Fhome%2Ffalconiapl2015%2Fpublic_html HTTP/2.0" 200 15079 "-" "Mozilla/5.0 AppleWebKit/537.36 (KHTML, like Gecko; compatible; ClaudeBot/1.0; +claudebot@anthropic.com)" 537 **0/537425**
74.7.241.52 - - [29/Mar/2026:05:46:56 -0700] "GET /?fileloc=/home/falconiapl2015/.sucuriquarantine/home/falconiapl2015/public_html/wp-content/plugins/all-in-one-wp-migration/lib/view/updater/.htaccess_sucuribackup.17746064383648_1774606217cleanup&path=/home/falconiapl2015/.sucuriquarantine/home/falconiapl2015/public_html/wp-content/plugins/all-in-one-wp-migration/lib/view/updater HTTP/2.0" 403 3449 "https://www.falcon-ia.com/?path=/home/falconiapl2015/.sucuriquarantine/home/falconiapl2015/public_html/wp-content/plugins/all-in-one-wp-migration/lib/view/updater" "Mozilla/5.0 AppleWebKit/537.36 (KHTML, like Gecko; compatible; GPTBot/1.3; +https://openai.com/gptbot)" 519 **0/519129**
216.73.216.50 - - [29/Mar/2026:05:46:58 -0700] "GET /item/1644098434?fileloc=%2Fhome%2Ffalconiapl2015%2Fpublic_html%2Fwp-blog-header.php&path=%2Fhome%2Ffalconiapl2015%2Fpublic_html HTTP/2.0" 200 2447 "-" "Mozilla/5.0 AppleWebKit/537.36 (KHTML, like Gecko; compatible; ClaudeBot/1.0; +claudebot@anthropic.com)" 539 **0/539993**
185.191.171.4 - - [29/Mar/2026:05:46:59 -0700] "GET /commodity/municipalities/japan17218795272 HTTP/1.1" 200 3956 "-" "Mozilla/5.0 (compatible; SemrushBot/7~bl; +http://www.semrush.com/bot.html)" 506 **0/506324**
74.7.241.52 - - [29/Mar/2026:05:47:00 -0700] "GET /?fileloc=/home/falconiapl2015/.sucuriquarantine/home/falconiapl2015/public_html/wp-content/plugins/all-in-one-wp-migration/lib/view/schedules/.htaccess_sucuribackup.17746064383732_1774606217cleanup&path=/home/falconiapl2015/.sucuriquarantine/home/falconiapl2015/public_html/wp-content/plugins/all-in-one-wp-migration/lib/view/schedules HTTP/2.0" 403 3449 "https://www.falcon-ia.com/?path=/home/falconiapl2015/.sucuriquarantine/home/falconiapl2015/public_html/wp-content/plugins/all-in-one-wp-migration/lib/view/schedules" "Mozilla/5.0 AppleWebKit/537.36 (KHTML, like Gecko; compatible; GPTBot/1.3; +https://openai.com/gptbot)" 624 **0/624224**
184.168.112.12 - - [29/Mar/2026:05:42:01 -0700] "GET /images/images/images/images/images/images/images/images/index.php?ARRAY=7o2230223n313737343739313732312p2231223n22687474703n5p2s5p2s7n733836307631332r6361746561722r626573745p2s3s6p633q7068705s636s64655s6n6326743q313737343738383132312q6531613534616566653663396263646366386238383161663338663661653062222p2232223n226232376235336437313237313933653337636436313435306631343737333261222p2233223n223066316239643631313364633062616262353764633131636633333431623962222p226175746s5s66696p655s6r616q65223n6r756p6p2p226175746s5s70617373223n6r756p6p2p2262696r675s70617373223n2232382q33342q35312q36382q37342q38392q3137227q HTTP/1.1" 503 55901 "-" "-" 300646 **300/300646843**
144.76.19.28 - - [29/Mar/2026:05:47:01 -0700] "GET /2026/01/06/?fileloc=/home/falconiapl2015/public_html/wp-settings.php&path=/home/falconiapl2015/public_html HTTP/1.1" 200 8845 "-" "Mozilla/5.0 (compatible; SERankingBacklinksBot/1.0; +https://seranking.com/backlinks-crawler)" 548 **0/548975**
