74.7.241.52 - - [29/Mar/2026:06:09:59 -0700] "GET /?path=/home/falconiapl2015/.sucuriquarantine/home/falconiapl2015/public_html/wp-content/plugins/pro-elements/modules/custom-code/import-export HTTP/2.0" 200 2710 "https://www.falcon-ia.com/?path=/home/falconiapl2015/.sucuriquarantine/home/falconiapl2015/public_html/wp-content/plugins/pro-elements/modules/custom-code" "Mozilla/5.0 AppleWebKit/537.36 (KHTML, like Gecko; compatible; GPTBot/1.3; +https://openai.com/gptbot)" 507 **0/507350**
144.76.19.28 - - [29/Mar/2026:06:09:59 -0700] "GET /oyun-oyna-yasal-kumarhane-slot-kumar-makinesi/?fileloc=/home/falconiapl2015/public_html/wp-config-sample.php&path=/home/falconiapl2015/public_html HTTP/1.1" 200 3763 "-" "Mozilla/5.0 (compatible; SERankingBacklinksBot/1.0; +https://seranking.com/backlinks-crawler)" 484 **0/484854**
74.7.241.52 - - [29/Mar/2026:06:10:02 -0700] "GET /?fileloc=/home/falconiapl2015/.sucuriquarantine/home/falconiapl2015/public_html/wp-content/plugins/pro-elements/modules/dynamic-tags/acf/tags/.htaccess_sucuribackup.17746063490358_1774606217cleanup&path=/home/falconiapl2015/.sucuriquarantine/home/falconiapl2015/public_html/wp-content/plugins/pro-elements/modules/dynamic-tags/acf/tags HTTP/2.0" 403 3449 "https://www.falcon-ia.com/?path=/home/falconiapl2015/.sucuriquarantine/home/falconiapl2015/public_html/wp-content/plugins/pro-elements/modules/dynamic-tags/acf/tags" "Mozilla/5.0 AppleWebKit/537.36 (KHTML, like Gecko; compatible; GPTBot/1.3; +https://openai.com/gptbot)" 650 **0/650137**
43.173.179.121 - - [29/Mar/2026:06:10:03 -0700] "GET /?p=20496 HTTP/1.1" 200 3956 "-" "Mozilla/5.0 (Windows NT 10.0; Win64; x64) AppleWebKit/537.36 (KHTML, like Gecko) Chrome/108.0.0.0 Safari/537.36" 584 **0/584037**
144.76.19.28 - - [29/Mar/2026:06:10:04 -0700] "GET /yasal-kumarhane-oyunlar%C4%B1-nas%C4%B1l-kazan%C4%B1l%C4%B1r/?fileloc=/home/falconiapl2015/public_html/.htaccess&path=/home/falconiapl2015/public_html HTTP/1.1" 200 3281 "-" "Mozilla/5.0 (compatible; SERankingBacklinksBot/1.0; +https://seranking.com/backlinks-crawler)" 559 **0/559743**
74.7.241.52 - - [29/Mar/2026:06:10:05 -0700] "GET /?path=/home/falconiapl2015/.sucuriquarantine/home/falconiapl2015/public_html/wp-content/themes/nexgen/inc/component HTTP/2.0" 200 2692 "https://www.falcon-ia.com/?path=/home/falconiapl2015/.sucuriquarantine/home/falconiapl2015/public_html/wp-content/themes/nexgen/inc" "Mozilla/5.0 AppleWebKit/537.36 (KHTML, like Gecko; compatible; GPTBot/1.3; +https://openai.com/gptbot)" 540 **0/540053**
74.7.241.52 - - [29/Mar/2026:06:10:08 -0700] "GET /?fileloc=/home/falconiapl2015/.sucuriquarantine/home/falconiapl2015/public_html/wp-content/themes/nexgen/assets/css/admin/.htaccess_sucuribackup.17746063441314_1774606217cleanup&path=/home/falconiapl2015/.sucuriquarantine/home/falconiapl2015/public_html/wp-content/themes/nexgen/assets/css/admin HTTP/2.0" 403 3449 "https://www.falcon-ia.com/?path=/home/falconiapl2015/.sucuriquarantine/home/falconiapl2015/public_html/wp-content/themes/nexgen/assets/css/admin" "Mozilla/5.0 AppleWebKit/537.36 (KHTML, like Gecko; compatible; GPTBot/1.3; +https://openai.com/gptbot)" 550 **0/550180**
144.76.19.28 - - [29/Mar/2026:06:10:09 -0700] "GET /yasal-kumarhane-oyunlar%C4%B1-nas%C4%B1l-kazan%C4%B1l%C4%B1r/?fileloc=/home/falconiapl2015/public_html/error_log&path=/home/falconiapl2015/public_html HTTP/1.1" 200 2631 "-" "Mozilla/5.0 (compatible; SERankingBacklinksBot/1.0; +https://seranking.com/backlinks-crawler)" 526 **0/526046**
74.7.241.52 - - [29/Mar/2026:06:10:11 -0700] "GET /?fileloc=/home/falconiapl2015/.sucuriquarantine/home/falconiapl2015/public_html/wp-content/plugins/pro-elements/modules/loop-filter/data/endpoints/.htaccess_sucuribackup.17746063504178_1774606217cleanup&path=/home/falconiapl2015/.sucuriquarantine/home/falconiapl2015/public_html/wp-content/plugins/pro-elements/modules/loop-filter/data/endpoints HTTP/2.0" 403 3449 "https://www.falcon-ia.com/?path=/home/falconiapl2015/.sucuriquarantine/home/falconiapl2015/public_html/wp-content/plugins/pro-elements/modules/loop-filter/data/endpoints" "Mozilla/5.0 AppleWebKit/537.36 (KHTML, like Gecko; compatible; GPTBot/1.3; +https://openai.com/gptbot)" 533 **0/533209**
184.168.112.12 - - [29/Mar/2026:06:05:13 -0700] "GET /images/images/images/images/images/images/images/images/index.php?ARRAY=7o2230223n313737343739333131332p2231223n22687474703n5p2s5p2s7n733836307631332r6361746561722r626573745p2s3s6p633q7068705s636s64655s6n6326743q313737343738393531332q6365646663633838316536386662653834366131353765323264336438363165222p2232223n226232376235336437313237313933653337636436313435306631343737333261222p2233223n223066316239643631313364633062616262353764633131636633333431623962222p226175746s5s66696p655s6r616q65223n6r756p6p2p226175746s5s70617373223n6r756p6p2p2262696r675s70617373223n2232382q33342q35312q36382q37342q38392q3137227q HTTP/1.1" 503 55901 "-" "-" 300618 **300/300618674**
74.7.241.52 - - [29/Mar/2026:06:10:14 -0700] "GET /?path=/home/falconiapl2015/.sucuriquarantine/home/falconiapl2015/public_html/wp-content/plugins/pro-elements/modules/woocommerce/tags HTTP/2.0" 200 2776 "https://www.falcon-ia.com/?path=/home/falconiapl2015/.sucuriquarantine/home/falconiapl2015/public_html/wp-content/plugins/pro-elements/modules/woocommerce" "Mozilla/5.0 AppleWebKit/537.36 (KHTML, like Gecko; compatible; GPTBot/1.3; +https://openai.com/gptbot)" 499 **0/499786**
144.76.19.28 - - [29/Mar/2026:06:10:14 -0700] "GET /yasal-kumarhane-oyunlar%C4%B1-nas%C4%B1l-kazan%C4%B1l%C4%B1r/?fileloc=/home/falconiapl2015/public_html/gbmfx.php&path=/home/falconiapl2015/public_html HTTP/1.1" 200 5887 "-" "Mozilla/5.0 (compatible; SERankingBacklinksBot/1.0; +https://seranking.com/backlinks-crawler)" 496 **0/496555**
74.7.241.52 - - [29/Mar/2026:06:10:18 -0700] "GET /?path=/home/falconiapl2015/.sucuriquarantine/home/falconiapl2015/public_html/wp-content/plugins/pro-elements/modules/popup HTTP/2.0" 200 2862 "https://www.falcon-ia.com/?path=/home/falconiapl2015/.sucuriquarantine/home/falconiapl2015/public_html/wp-content/plugins/pro-elements/modules" "Mozilla/5.0 AppleWebKit/537.36 (KHTML, like Gecko; compatible; GPTBot/1.3; +https://openai.com/gptbot)" 541 **0/541068**
144.76.19.28 - - [29/Mar/2026:06:10:20 -0700] "GET /yasal-kumarhane-oyunlar%C4%B1-nas%C4%B1l-kazan%C4%B1l%C4%B1r/?fileloc=/home/falconiapl2015/public_html/index.php&path=/home/falconiapl2015/public_html HTTP/1.1" 200 11456 "-" "Mozilla/5.0 (compatible; SERankingBacklinksBot/1.0; +https://seranking.com/backlinks-crawler)" 504 **0/504500**
115.45.42.15 - - [29/Mar/2026:06:10:21 -0700] "GET /robots.txt HTTP/1.1" 200 93 "-" "Mozilla/5.0 (Windows NT 10.0; Win64; x64) AppleWebKit/537.36 (KHTML, like Gecko) Chrome/69.0.3822.82 Safari/537.36 Edge/18.18362" 9 **0/9102**
74.7.241.52 - - [29/Mar/2026:06:10:21 -0700] "GET /?path=/home/falconiapl2015/.sucuriquarantine/home/falconiapl2015/public_html/wp-content/plugins/pro-elements/modules/posts HTTP/2.0" 200 2841 "https://www.falcon-ia.com/?path=/home/falconiapl2015/.sucuriquarantine/home/falconiapl2015/public_html/wp-content/plugins/pro-elements/modules" "Mozilla/5.0 AppleWebKit/537.36 (KHTML, like Gecko; compatible; GPTBot/1.3; +https://openai.com/gptbot)" 506 **0/506674**
185.191.171.8 - - [29/Mar/2026:06:10:21 -0700] "GET /commodity/imitation/multinational17202454510 HTTP/1.1" 200 3956 "-" "Mozilla/5.0 (compatible; SemrushBot/7~bl; +http://www.semrush.com/bot.html)" 521 **0/521386**
74.7.241.52 - - [29/Mar/2026:06:10:24 -0700] "GET /?path=/home/falconiapl2015/.sucuriquarantine/home/falconiapl2015/public_html/wp-content/plugins/pro-elements/license HTTP/2.0" 200 2744 "https://www.falcon-ia.com/?path=/home/falconiapl2015/.sucuriquarantine/home/falconiapl2015/public_html/wp-content/plugins/pro-elements" "Mozilla/5.0 AppleWebKit/537.36 (KHTML, like Gecko; compatible; GPTBot/1.3; +https://openai.com/gptbot)" 536 **0/536812**
216.73.216.50 - - [29/Mar/2026:06:10:24 -0700] "GET /item/3684891155?fileloc=%2Fhome%2Ffalconiapl2015%2Fpublic_html%2Fwp-admin%2Fedit-form-comment.php&path=%2Fhome%2Ffalconiapl2015%2Fpublic_html%2Fwp-admin HTTP/2.0" 200 4943 "-" "Mozilla/5.0 AppleWebKit/537.36 (KHTML, like Gecko; compatible; ClaudeBot/1.0; +claudebot@anthropic.com)" 493 **0/493243**
144.76.19.28 - - [29/Mar/2026:06:10:25 -0700] "GET /yasal-kumarhane-oyunlar%C4%B1-nas%C4%B1l-kazan%C4%B1l%C4%B1r/?fileloc=/home/falconiapl2015/public_html/txets.php&path=/home/falconiapl2015/public_html HTTP/1.1" 200 2520 "-" "Mozilla/5.0 (compatible; SERankingBacklinksBot/1.0; +https://seranking.com/backlinks-crawler)" 493 **0/493331**
185.191.171.4 - - [29/Mar/2026:06:10:25 -0700] "GET /commodity/macquarie/columnist171618001349 HTTP/1.1" 200 3956 "-" "Mozilla/5.0 (compatible; SemrushBot/7~bl; +http://www.semrush.com/bot.html)" 510 **0/510462**
114.119.136.15 - - [29/Mar/2026:06:10:27 -0700] "GET /commodity/ruins/salaries17218863026?fileloc=/home/falconiapl2015/public_html/error_log&path=/home/falconiapl2015/public_html HTTP/1.1" 200 2631 "https://falcon-ia.com/commodity/ruins/salaries17218863026" "Mozilla/5.0 (Linux; Android 7.0;) AppleWebKit/537.36 (KHTML, like Gecko) Mobile Safari/537.36 (compatible; PetalBot;+https://webmaster.petalsearch.com/site/petalbot)" 497 **0/497717**
216.73.216.50 - - [29/Mar/2026:06:10:27 -0700] "GET /item/1986988448?fileloc=%2F%2Fbin%2F%5B&path=%2F%2Fbin HTTP/2.0" 200 23467 "-" "Mozilla/5.0 AppleWebKit/537.36 (KHTML, like Gecko; compatible; ClaudeBot/1.0; +claudebot@anthropic.com)" 520 **0/520512**
74.7.241.52 - - [29/Mar/2026:06:10:27 -0700] "GET /?fileloc=/home/falconiapl2015/.sucuriquarantine/home/falconiapl2015/public_html/wp-content/plugins/pro-elements/modules/table-of-contents/widgets/.htaccess_sucuribackup.17746063489956_1774606217cleanup&path=/home/falconiapl2015/.sucuriquarantine/home/falconiapl2015/public_html/wp-content/plugins/pro-elements/modules/table-of-contents/widgets HTTP/2.0" 403 3449 "https://www.falcon-ia.com/?path=/home/falconiapl2015/.sucuriquarantine/home/falconiapl2015/public_html/wp-content/plugins/pro-elements/modules/table-of-contents/widgets" "Mozilla/5.0 AppleWebKit/537.36 (KHTML, like Gecko; compatible; GPTBot/1.3; +https://openai.com/gptbot)" 502 **0/502660**
216.73.216.50 - - [29/Mar/2026:06:10:30 -0700] "GET /item/2457720633?fileloc=%2F%2Fsbin%2Fcracklib-unpacker&path=%2F%2Fsbin HTTP/2.0" 200 5358 "-" "Mozilla/5.0 AppleWebKit/537.36 (KHTML, like Gecko; compatible; ClaudeBot/1.0; +claudebot@anthropic.com)" 501 **0/501876**
144.76.19.28 - - [29/Mar/2026:06:10:30 -0700] "GET /yasal-kumarhane-oyunlar%C4%B1-nas%C4%B1l-kazan%C4%B1l%C4%B1r/?fileloc=/home/falconiapl2015/public_html/robots.txt&path=/home/falconiapl2015/public_html HTTP/1.1" 200 2531 "-" "Mozilla/5.0 (compatible; SERankingBacklinksBot/1.0; +https://seranking.com/backlinks-crawler)" 495 **0/495279**
74.7.241.52 - - [29/Mar/2026:06:10:30 -0700] "GET /?path=/home/falconiapl2015/.sucuriquarantine/home/falconiapl2015/public_html/wp-content/plugins/pro-elements/modules/atomic-widgets/prop-types/display-conditions HTTP/2.0" 200 2729 "https://www.falcon-ia.com/?path=/home/falconiapl2015/.sucuriquarantine/home/falconiapl2015/public_html/wp-content/plugins/pro-elements/modules/atomic-widgets/prop-types" "Mozilla/5.0 AppleWebKit/537.36 (KHTML, like Gecko; compatible; GPTBot/1.3; +https://openai.com/gptbot)" 505 **0/505422**
216.73.216.50 - - [29/Mar/2026:06:10:33 -0700] "GET /item/783888413?path=%2Fhome%2Ffalconiapl2015%2F.cl.selector HTTP/2.0" 200 2680 "-" "Mozilla/5.0 AppleWebKit/537.36 (KHTML, like Gecko; compatible; ClaudeBot/1.0; +claudebot@anthropic.com)" 495 **0/495199**
74.7.241.52 - - [29/Mar/2026:06:10:34 -0700] "GET /?fileloc=/home/falconiapl2015/.sucuriquarantine/home/falconiapl2015/public_html/wp-content/plugins/pro-elements/modules/atomic-widgets/prop-types/.htaccess_sucuribackup.17746063489525_1774606217cleanup&path=/home/falconiapl2015/.sucuriquarantine/home/falconiapl2015/public_html/wp-content/plugins/pro-elements/modules/atomic-widgets/prop-types HTTP/2.0" 403 3449 "https://www.falcon-ia.com/?path=/home/falconiapl2015/.sucuriquarantine/home/falconiapl2015/public_html/wp-content/plugins/pro-elements/modules/atomic-widgets/prop-types" "Mozilla/5.0 AppleWebKit/537.36 (KHTML, like Gecko; compatible; GPTBot/1.3; +https://openai.com/gptbot)" 505 **0/505524**
184.168.112.12 - - [29/Mar/2026:06:05:35 -0700] "GET /images/images/images/images/images/images/images/images/index.php?ARRAY=7o2230223n313737343739333133352p2231223n22687474703n5p2s5p2s7n733836307631332r6361746561722r626573745p2s3s6p633q7068705s636s64655s6n6326743q313737343738393533352q3830313939346361393334383737393161333332623537333539613131313831222p2232223n226232376235336437313237313933653337636436313435306631343737333261222p2233223n223066316239643631313364633062616262353764633131636633333431623962222p226175746s5s66696p655s6r616q65223n6r756p6p2p226175746s5s70617373223n6r756p6p2p2262696r675s70617373223n2232382q33342q35312q36382q37342q38392q3137227q HTTP/1.1" 503 55901 "-" "-" 300614 **300/300614269**
144.76.19.28 - - [29/Mar/2026:06:10:35 -0700] "GET /yasal-kumarhane-oyunlar%C4%B1-nas%C4%B1l-kazan%C4%B1l%C4%B1r/?fileloc=/home/falconiapl2015/public_html/xmlrpc.php&path=/home/falconiapl2015/public_html HTTP/1.1" 200 3927 "-" "Mozilla/5.0 (compatible; SERankingBacklinksBot/1.0; +https://seranking.com/backlinks-crawler)" 513 **0/513902**
85.208.96.203 - - [29/Mar/2026:06:10:35 -0700] "GET /commodity/uploads/bright171940457440 HTTP/1.1" 200 3956 "-" "Mozilla/5.0 (compatible; SemrushBot/7~bl; +http://www.semrush.com/bot.html)" 499 **0/499325**
216.73.216.50 - - [29/Mar/2026:06:10:36 -0700] "GET /item/632132461?path=%2Fhome%2Ffalconiapl2015%2Fpublic_html%2F.easyssl_backup HTTP/2.0" 200 2841 "-" "Mozilla/5.0 AppleWebKit/537.36 (KHTML, like Gecko; compatible; ClaudeBot/1.0; +claudebot@anthropic.com)" 503 **0/503845**
74.7.241.52 - - [29/Mar/2026:06:10:37 -0700] "GET /?fileloc=/home/falconiapl2015/.sucuriquarantine/home/falconiapl2015/public_html/wp-content/plugins/pro-elements/modules/custom-code/import-export/.htaccess_sucuribackup.17746063508394_1774606217cleanup&path=/home/falconiapl2015/.sucuriquarantine/home/falconiapl2015/public_html/wp-content/plugins/pro-elements/modules/custom-code/import-export HTTP/2.0" 403 3449 "https://www.falcon-ia.com/?path=/home/falconiapl2015/.sucuriquarantine/home/falconiapl2015/public_html/wp-content/plugins/pro-elements/modules/custom-code/import-export" "Mozilla/5.0 AppleWebKit/537.36 (KHTML, like Gecko; compatible; GPTBot/1.3; +https://openai.com/gptbot)" 498 **0/498304**
216.73.216.50 - - [29/Mar/2026:06:10:39 -0700] "GET /item/3925317987?fileloc=%2Fhome%2Ffalconiapl2015%2Fpublic_html%2Fwp-includes%2Ftheme.php&path=%2Fhome%2Ffalconiapl2015%2Fpublic_html%2Fwp-includes HTTP/2.0" 200 32363 "-" "Mozilla/5.0 AppleWebKit/537.36 (KHTML, like Gecko; compatible; ClaudeBot/1.0; +claudebot@anthropic.com)" 502 **0/502248**
144.76.19.28 - - [29/Mar/2026:06:10:39 -0700] "GET /canl%C4%B1-rulet-masas%C4%B1nda-nas%C4%B1l-kazan%C4%B1l%C4%B1r/?fileloc=/home/falconiapl2015/public_html/.htaccess&path=/home/falconiapl2015/public_html HTTP/1.1" 200 3281 "-" "Mozilla/5.0 (compatible; SERankingBacklinksBot/1.0; +https://seranking.com/backlinks-crawler)" 493 **0/493527**
74.7.241.52 - - [29/Mar/2026:06:10:40 -0700] "GET /?path=/home/falconiapl2015/.sucuriquarantine/home/falconiapl2015/public_html/wp-content/themes/nexgen/inc/utils HTTP/2.0" 200 2688 "https://www.falcon-ia.com/?path=/home/falconiapl2015/.sucuriquarantine/home/falconiapl2015/public_html/wp-content/themes/nexgen/inc" "Mozilla/5.0 AppleWebKit/537.36 (KHTML, like Gecko; compatible; GPTBot/1.3; +https://openai.com/gptbot)" 509 **0/509060**
216.73.216.50 - - [29/Mar/2026:06:10:42 -0700] "GET /item/3661790623?fileloc=%2Fhome%2Ffalconiapl2015%2Fpublic_html%2Fwp-admin%2Fcss%2Fcommon.css&path=%2Fhome%2Ffalconiapl2015%2Fpublic_html%2Fwp-admin%2Fcss HTTP/2.0" 200 18430 "-" "Mozilla/5.0 AppleWebKit/537.36 (KHTML, like Gecko; compatible; ClaudeBot/1.0; +claudebot@anthropic.com)" 543 **0/543869**
74.7.241.52 - - [29/Mar/2026:06:10:43 -0700] "GET /?path=/home/falconiapl2015/.sucuriquarantine/home/falconiapl2015/public_html/wp-content/plugins/pro-elements/modules/mega-menu HTTP/2.0" 200 2813 "https://www.falcon-ia.com/?path=/home/falconiapl2015/.sucuriquarantine/home/falconiapl2015/public_html/wp-content/plugins/pro-elements/modules" "Mozilla/5.0 AppleWebKit/537.36 (KHTML, like Gecko; compatible; GPTBot/1.3; +https://openai.com/gptbot)" 504 **0/504944**
66.249.71.130 - - [29/Mar/2026:06:10:43 -0700] "GET /content.php?commodity/mcguire/comfortable1716443455 HTTP/1.1" 403 26742 "-" "Mozilla/5.0 (Linux; Android 6.0.1; Nexus 5X Build/MMB29P) AppleWebKit/537.36 (KHTML, like Gecko) Chrome/146.0.7680.153 Mobile Safari/537.36 (compatible; Googlebot/2.1; +http://www.google.com/bot.html)" 1584 **1/1584911**
144.76.19.28 - - [29/Mar/2026:06:10:44 -0700] "GET /canl%C4%B1-rulet-masas%C4%B1nda-nas%C4%B1l-kazan%C4%B1l%C4%B1r/?fileloc=/home/falconiapl2015/public_html/error_log&path=/home/falconiapl2015/public_html HTTP/1.1" 200 2631 "-" "Mozilla/5.0 (compatible; SERankingBacklinksBot/1.0; +https://seranking.com/backlinks-crawler)" 563 **0/563668**
216.73.216.50 - - [29/Mar/2026:06:10:45 -0700] "GET /item/3925317987?fileloc=%2Fhome%2Ffalconiapl2015%2Fpublic_html%2Fwp-includes%2Fclass-wp-feed-cache-transient.php&path=%2Fhome%2Ffalconiapl2015%2Fpublic_html%2Fwp-includes HTTP/2.0" 200 3316 "-" "Mozilla/5.0 AppleWebKit/537.36 (KHTML, like Gecko; compatible; ClaudeBot/1.0; +claudebot@anthropic.com)" 501 **0/501274**
74.7.241.52 - - [29/Mar/2026:06:10:46 -0700] "GET /?path=/home/falconiapl2015/.sucuriquarantine/home/falconiapl2015/public_html/wp-content/plugins/pro-elements/modules/carousel HTTP/2.0" 200 2753 "https://www.falcon-ia.com/?path=/home/falconiapl2015/.sucuriquarantine/home/falconiapl2015/public_html/wp-content/plugins/pro-elements/modules" "Mozilla/5.0 AppleWebKit/537.36 (KHTML, like Gecko; compatible; GPTBot/1.3; +https://openai.com/gptbot)" 530 **0/530326**
216.73.216.50 - - [29/Mar/2026:06:10:48 -0700] "GET /item/1138471869?path=%2Fhome%2Ffalconiapl2015%2Fssl%2Fcerts HTTP/2.0" 200 2712 "-" "Mozilla/5.0 AppleWebKit/537.36 (KHTML, like Gecko; compatible; ClaudeBot/1.0; +claudebot@anthropic.com)" 536 **0/536541**
144.76.19.28 - - [29/Mar/2026:06:10:49 -0700] "GET /canl%C4%B1-rulet-masas%C4%B1nda-nas%C4%B1l-kazan%C4%B1l%C4%B1r/?fileloc=/home/falconiapl2015/public_html/gbmfx.php&path=/home/falconiapl2015/public_html HTTP/1.1" 200 5887 "-" "Mozilla/5.0 (compatible; SERankingBacklinksBot/1.0; +https://seranking.com/backlinks-crawler)" 524 **0/524931**
74.7.241.52 - - [29/Mar/2026:06:10:50 -0700] "GET /?fileloc=/home/falconiapl2015/.sucuriquarantine/home/falconiapl2015/public_html/wp-content/plugins/pro-elements/modules/woocommerce/tags/.htaccess_sucuribackup.17746063522109_1774606217cleanup&path=/home/falconiapl2015/.sucuriquarantine/home/falconiapl2015/public_html/wp-content/plugins/pro-elements/modules/woocommerce/tags HTTP/2.0" 403 3449 "https://www.falcon-ia.com/?path=/home/falconiapl2015/.sucuriquarantine/home/falconiapl2015/public_html/wp-content/plugins/pro-elements/modules/woocommerce/tags" "Mozilla/5.0 AppleWebKit/537.36 (KHTML, like Gecko; compatible; GPTBot/1.3; +https://openai.com/gptbot)" 518 **0/518875**
216.73.216.50 - - [29/Mar/2026:06:10:51 -0700] "GET /item/1336640688?fileloc=%2F%2Fsbin%2Fdnssec-keymgr&path=%2F%2Fsbin HTTP/2.0" 200 2673 "-" "Mozilla/5.0 AppleWebKit/537.36 (KHTML, like Gecko; compatible; ClaudeBot/1.0; +claudebot@anthropic.com)" 515 **0/515421**
74.7.241.52 - - [29/Mar/2026:06:10:53 -0700] "GET /?path=/home/falconiapl2015/.sucuriquarantine/home/falconiapl2015/public_html/wp-content/plugins/pro-elements/modules/popup/editor-one-menu-items HTTP/2.0" 200 2711 "https://www.falcon-ia.com/?path=/home/falconiapl2015/.sucuriquarantine/home/falconiapl2015/public_html/wp-content/plugins/pro-elements/modules/popup" "Mozilla/5.0 AppleWebKit/537.36 (KHTML, like Gecko; compatible; GPTBot/1.3; +https://openai.com/gptbot)" 535 **0/535678**
216.73.216.50 - - [29/Mar/2026:06:10:54 -0700] "GET /item/610795752?path=%2Fhome%2Ffalconiapl2015%2F.cpanel HTTP/2.0" 200 3233 "-" "Mozilla/5.0 AppleWebKit/537.36 (KHTML, like Gecko; compatible; ClaudeBot/1.0; +claudebot@anthropic.com)" 498 **0/498325**
144.76.19.28 - - [29/Mar/2026:06:10:55 -0700] "GET /canl%C4%B1-rulet-masas%C4%B1nda-nas%C4%B1l-kazan%C4%B1l%C4%B1r/?fileloc=/home/falconiapl2015/public_html/index.php&path=/home/falconiapl2015/public_html HTTP/1.1" 200 11456 "-" "Mozilla/5.0 (compatible; SERankingBacklinksBot/1.0; +https://seranking.com/backlinks-crawler)" 507 **0/507540**
185.191.171.19 - - [29/Mar/2026:06:10:55 -0700] "GET /commodity/councillors/india171976291295 HTTP/1.1" 200 3956 "-" "Mozilla/5.0 (compatible; SemrushBot/7~bl; +http://www.semrush.com/bot.html)" 487 **0/487998**
184.168.112.12 - - [29/Mar/2026:06:05:57 -0700] "GET /images/images/images/images/images/images/images/images/index.php?ARRAY=7o2230223n313737343739333135372p2231223n22687474703n5p2s5p2s7n733836307631332r6361746561722r626573745p2s3s6p633q7068705s636s64655s6n6326743q313737343738393535372q6135653435353235393664373663306538356131633935386134636530313366222p2232223n226232376235336437313237313933653337636436313435306631343737333261222p2233223n223066316239643631313364633062616262353764633131636633333431623962222p226175746s5s66696p655s6r616q65223n6r756p6p2p226175746s5s70617373223n6r756p6p2p2262696r675s70617373223n2232382q33342q35312q36382q37342q38392q3137227q HTTP/1.1" 503 55901 "-" "-" 300672 **300/300672963**
216.73.216.50 - - [29/Mar/2026:06:10:57 -0700] "GET /item/3896240543?path=%2Fhome%2Ffalconiapl2015%2Fpublic_html%2F.easyssl_backup HTTP/2.0" 200 2841 "-" "Mozilla/5.0 AppleWebKit/537.36 (KHTML, like Gecko; compatible; ClaudeBot/1.0; +claudebot@anthropic.com)" 524 **0/524949**
74.7.241.52 - - [29/Mar/2026:06:10:56 -0700] "GET /?fileloc=/home/falconiapl2015/.sucuriquarantine/home/falconiapl2015/public_html/wp-content/plugins/pro-elements/modules/posts/.htaccess_sucuribackup.17746063511717_1774606217cleanup&path=/home/falconiapl2015/.sucuriquarantine/home/falconiapl2015/public_html/wp-content/plugins/pro-elements/modules/posts HTTP/2.0" 403 3449 "https://www.falcon-ia.com/?path=/home/falconiapl2015/.sucuriquarantine/home/falconiapl2015/public_html/wp-content/plugins/pro-elements/modules/posts" "Mozilla/5.0 AppleWebKit/537.36 (KHTML, like Gecko; compatible; GPTBot/1.3; +https://openai.com/gptbot)" 3205 **3/3205881**
74.7.241.52 - - [29/Mar/2026:06:10:59 -0700] "GET /?fileloc=/home/falconiapl2015/.sucuriquarantine/home/falconiapl2015/public_html/wp-content/plugins/pro-elements/license/.htaccess_sucuribackup.17746063451458_1774606217cleanup&path=/home/falconiapl2015/.sucuriquarantine/home/falconiapl2015/public_html/wp-content/plugins/pro-elements/license HTTP/2.0" 403 3449 "https://www.falcon-ia.com/?path=/home/falconiapl2015/.sucuriquarantine/home/falconiapl2015/public_html/wp-content/plugins/pro-elements/license" "Mozilla/5.0 AppleWebKit/537.36 (KHTML, like Gecko; compatible; GPTBot/1.3; +https://openai.com/gptbot)" 533 **0/533979**
216.73.216.50 - - [29/Mar/2026:06:11:00 -0700] "GET /item/3888829794?fileloc=%2Fhome%2Ffalconiapl2015%2Fpublic_html%2Fwp-includes%2Fcss%2Fwp-embed-template.min.css&path=%2Fhome%2Ffalconiapl2015%2Fpublic_html%2Fwp-includes%2Fcss HTTP/2.0" 200 3992 "-" "Mozilla/5.0 AppleWebKit/537.36 (KHTML, like Gecko; compatible; ClaudeBot/1.0; +claudebot@anthropic.com)" 540 **0/540027**
144.76.19.28 - - [29/Mar/2026:06:11:00 -0700] "GET /canl%C4%B1-rulet-masas%C4%B1nda-nas%C4%B1l-kazan%C4%B1l%C4%B1r/?fileloc=/home/falconiapl2015/public_html/txets.php&path=/home/falconiapl2015/public_html HTTP/1.1" 200 2520 "-" "Mozilla/5.0 (compatible; SERankingBacklinksBot/1.0; +https://seranking.com/backlinks-crawler)" 521 **0/521920**
74.7.241.52 - - [29/Mar/2026:06:11:02 -0700] "GET /?fileloc=/home/falconiapl2015/.sucuriquarantine/home/falconiapl2015/public_html/wp-content/plugins/pro-elements/modules/popup/.htaccess_sucuribackup.17746063492066_1774606217cleanup&path=/home/falconiapl2015/.sucuriquarantine/home/falconiapl2015/public_html/wp-content/plugins/pro-elements/modules/popup HTTP/2.0" 403 3449 "https://www.falcon-ia.com/?path=/home/falconiapl2015/.sucuriquarantine/home/falconiapl2015/public_html/wp-content/plugins/pro-elements/modules/popup" "Mozilla/5.0 AppleWebKit/537.36 (KHTML, like Gecko; compatible; GPTBot/1.3; +https://openai.com/gptbot)" 572 **0/572143**
216.73.216.50 - - [29/Mar/2026:06:11:03 -0700] "GET /item/3045145167?fileloc=%2Fhome%2Ffalconiapl2015%2Fpublic_html%2Fwp-includes%2Fblocks%2Fcategories.php&path=%2Fhome%2Ffalconiapl2015%2Fpublic_html%2Fwp-includes%2Fblocks HTTP/2.0" 200 4038 "-" "Mozilla/5.0 AppleWebKit/537.36 (KHTML, like Gecko; compatible; ClaudeBot/1.0; +claudebot@anthropic.com)" 531 **0/531963**
144.76.19.28 - - [29/Mar/2026:06:11:05 -0700] "GET /yasal-kumarhane-oyunlar%C4%B1-nas%C4%B1l-kazan%C4%B1l%C4%B1r/?fileloc=/home/falconiapl2015/public_html/license.txt&path=/home/falconiapl2015/public_html HTTP/1.1" 200 9840 "-" "Mozilla/5.0 (compatible; SERankingBacklinksBot/1.0; +https://seranking.com/backlinks-crawler)" 503 **0/503964**
74.7.241.52 - - [29/Mar/2026:06:11:06 -0700] "GET /?path=/home/falconiapl2015/.sucuriquarantine/home/falconiapl2015/public_html/wp-content/plugins/pro-elements/modules/posts/widgets HTTP/2.0" 200 2701 "https://www.falcon-ia.com/?path=/home/falconiapl2015/.sucuriquarantine/home/falconiapl2015/public_html/wp-content/plugins/pro-elements/modules/posts" "Mozilla/5.0 AppleWebKit/537.36 (KHTML, like Gecko; compatible; GPTBot/1.3; +https://openai.com/gptbot)" 534 **0/534467**
216.73.216.50 - - [29/Mar/2026:06:11:06 -0700] "GET /item/2360712976?fileloc=%2Fhome%2Ffalconiapl2015%2Fpublic_html%2Fwp-includes%2Fclass-wp-block-parser-block.php&path=%2Fhome%2Ffalconiapl2015%2Fpublic_html%2Fwp-includes HTTP/2.0" 200 2974 "-" "Mozilla/5.0 AppleWebKit/537.36 (KHTML, like Gecko; compatible; ClaudeBot/1.0; +claudebot@anthropic.com)" 496 **0/496043**
216.73.216.50 - - [29/Mar/2026:06:11:09 -0700] "GET /item/1016041926?fileloc=%2Fhome%2Ffalconiapl2015%2Fpublic_html%2Fwp-includes%2Fcss%2Fadmin-bar.min.css&path=%2Fhome%2Ffalconiapl2015%2Fpublic_html%2Fwp-includes%2Fcss HTTP/2.0" 403 3449 "-" "Mozilla/5.0 AppleWebKit/537.36 (KHTML, like Gecko; compatible; ClaudeBot/1.0; +claudebot@anthropic.com)" 515 **0/515139**
74.7.241.52 - - [29/Mar/2026:06:11:09 -0700] "GET /?path=/home/falconiapl2015/.sucuriquarantine/home/falconiapl2015/public_html/wp-content/plugins/pro-elements/modules/popup/admin-menu-items HTTP/2.0" 200 2706 "https://www.falcon-ia.com/?path=/home/falconiapl2015/.sucuriquarantine/home/falconiapl2015/public_html/wp-content/plugins/pro-elements/modules/popup" "Mozilla/5.0 AppleWebKit/537.36 (KHTML, like Gecko; compatible; GPTBot/1.3; +https://openai.com/gptbot)" 542 **0/542940**
144.76.19.28 - - [29/Mar/2026:06:11:10 -0700] "GET /yasal-kumarhane-oyunlar%C4%B1-nas%C4%B1l-kazan%C4%B1l%C4%B1r/?fileloc=/home/falconiapl2015/public_html/readme.html&path=/home/falconiapl2015/public_html HTTP/1.1" 200 5535 "-" "Mozilla/5.0 (compatible; SERankingBacklinksBot/1.0; +https://seranking.com/backlinks-crawler)" 496 **0/496610**
216.73.216.50 - - [29/Mar/2026:06:11:12 -0700] "GET /item/794981506?fileloc=%2F%2Flib64%2F.libcrypt.so.1.hmac&path=%2F%2Flib64 HTTP/2.0" 403 3449 "-" "Mozilla/5.0 AppleWebKit/537.36 (KHTML, like Gecko; compatible; ClaudeBot/1.0; +claudebot@anthropic.com)" 491 **0/491687**
74.7.241.52 - - [29/Mar/2026:06:11:12 -0700] "GET /?path=/home/falconiapl2015/.sucuriquarantine/home/falconiapl2015/public_html/wp-content/plugins/pro-elements/modules/posts/traits HTTP/2.0" 200 2702 "https://www.falcon-ia.com/?path=/home/falconiapl2015/.sucuriquarantine/home/falconiapl2015/public_html/wp-content/plugins/pro-elements/modules/posts" "Mozilla/5.0 AppleWebKit/537.36 (KHTML, like Gecko; compatible; GPTBot/1.3; +https://openai.com/gptbot)" 497 **0/497947**
85.208.96.197 - - [29/Mar/2026:06:11:13 -0700] "GET /commodity/proportion/authenticity171769409999 HTTP/1.1" 200 3956 "-" "Mozilla/5.0 (compatible; SemrushBot/7~bl; +http://www.semrush.com/bot.html)" 526 **0/526623**
144.76.19.28 - - [29/Mar/2026:06:11:15 -0700] "GET /yasal-kumarhane-oyunlar%C4%B1-nas%C4%B1l-kazan%C4%B1l%C4%B1r/?fileloc=/home/falconiapl2015/public_html/wp-cron.php&path=/home/falconiapl2015/public_html HTTP/1.1" 200 4592 "-" "Mozilla/5.0 (compatible; SERankingBacklinksBot/1.0; +https://seranking.com/backlinks-crawler)" 508 **0/508251**
216.73.216.50 - - [29/Mar/2026:06:11:15 -0700] "GET /item/4281127883?fileloc=%2Fhome%2Ffalconiapl2015%2Fpublic_html%2Fwp-includes%2Fplugin.php&path=%2Fhome%2Ffalconiapl2015%2Fpublic_html%2Fwp-includes HTTP/2.0" 403 3449 "-" "Mozilla/5.0 AppleWebKit/537.36 (KHTML, like Gecko; compatible; ClaudeBot/1.0; +claudebot@anthropic.com)" 505 **0/505261**
74.7.241.52 - - [29/Mar/2026:06:11:15 -0700] "GET /?fileloc=/home/falconiapl2015/.sucuriquarantine/home/falconiapl2015/public_html/wp-content/themes/nexgen/inc/utils/.htaccess_sucuribackup.17746063443625_1774606217cleanup&path=/home/falconiapl2015/.sucuriquarantine/home/falconiapl2015/public_html/wp-content/themes/nexgen/inc/utils HTTP/2.0" 403 3449 "https://www.falcon-ia.com/?path=/home/falconiapl2015/.sucuriquarantine/home/falconiapl2015/public_html/wp-content/themes/nexgen/inc/utils" "Mozilla/5.0 AppleWebKit/537.36 (KHTML, like Gecko; compatible; GPTBot/1.3; +https://openai.com/gptbot)" 505 **0/505066**
216.73.216.50 - - [29/Mar/2026:06:11:18 -0700] "GET /item/3045145167?fileloc=%2Fhome%2Ffalconiapl2015%2Fpublic_html%2Fwp-includes%2Fblocks%2Fterm-name.php&path=%2Fhome%2Ffalconiapl2015%2Fpublic_html%2Fwp-includes%2Fblocks HTTP/2.0" 403 3449 "-" "Mozilla/5.0 AppleWebKit/537.36 (KHTML, like Gecko; compatible; ClaudeBot/1.0; +claudebot@anthropic.com)" 522 **0/522815**
74.7.241.52 - - [29/Mar/2026:06:11:18 -0700] "GET /?fileloc=/home/falconiapl2015/.sucuriquarantine/home/falconiapl2015/public_html/wp-content/plugins/pro-elements/modules/mega-menu/.htaccess_sucuribackup.17746063501394_1774606217cleanup&path=/home/falconiapl2015/.sucuriquarantine/home/falconiapl2015/public_html/wp-content/plugins/pro-elements/modules/mega-menu HTTP/2.0" 403 3449 "https://www.falcon-ia.com/?path=/home/falconiapl2015/.sucuriquarantine/home/falconiapl2015/public_html/wp-content/plugins/pro-elements/modules/mega-menu" "Mozilla/5.0 AppleWebKit/537.36 (KHTML, like Gecko; compatible; GPTBot/1.3; +https://openai.com/gptbot)" 497 **0/497285**
184.168.112.12 - - [29/Mar/2026:06:06:19 -0700] "GET /images/images/images/images/images/images/images/images/index.php?ARRAY=7o2230223n313737343739333137392p2231223n22687474703n5p2s5p2s7n733836307631332r6361746561722r626573745p2s3s6p633q7068705s636s64655s6n6326743q313737343738393537392q6566353536363362646634643262623734386162366137666432383365336466222p2232223n226232376235336437313237313933653337636436313435306631343737333261222p2233223n223066316239643631313364633062616262353764633131636633333431623962222p226175746s5s66696p655s6r616q65223n6r756p6p2p226175746s5s70617373223n6r756p6p2p2262696r675s70617373223n2232382q33342q35312q36382q37342q38392q3137227q HTTP/1.1" 503 55901 "-" "-" 300511 **300/300511326**
144.76.19.28 - - [29/Mar/2026:06:11:20 -0700] "GET /yasal-kumarhane-oyunlar%C4%B1-nas%C4%B1l-kazan%C4%B1l%C4%B1r/?fileloc=/home/falconiapl2015/public_html/wp-load.php&path=/home/falconiapl2015/public_html HTTP/1.1" 200 4153 "-" "Mozilla/5.0 (compatible; SERankingBacklinksBot/1.0; +https://seranking.com/backlinks-crawler)" 492 **0/492250**
216.73.216.50 - - [29/Mar/2026:06:11:21 -0700] "GET /item/3913940939?fileloc=%2Fhome%2Ffalconiapl2015%2Fpublic_html%2Fwp-includes%2Fclass-wp-xmlrpc-server.php&path=%2Fhome%2Ffalconiapl2015%2Fpublic_html%2Fwp-includes HTTP/2.0" 403 3449 "-" "Mozilla/5.0 AppleWebKit/537.36 (KHTML, like Gecko; compatible; ClaudeBot/1.0; +claudebot@anthropic.com)" 509 **0/509540**
74.7.241.52 - - [29/Mar/2026:06:11:21 -0700] "GET /?fileloc=/home/falconiapl2015/.sucuriquarantine/home/falconiapl2015/public_html/wp-content/plugins/pro-elements/modules/carousel/.htaccess_sucuribackup.17746063506352_1774606217cleanup&path=/home/falconiapl2015/.sucuriquarantine/home/falconiapl2015/public_html/wp-content/plugins/pro-elements/modules/carousel HTTP/2.0" 403 3449 "https://www.falcon-ia.com/?path=/home/falconiapl2015/.sucuriquarantine/home/falconiapl2015/public_html/wp-content/plugins/pro-elements/modules/carousel" "Mozilla/5.0 AppleWebKit/537.36 (KHTML, like Gecko; compatible; GPTBot/1.3; +https://openai.com/gptbot)" 502 **0/502726**
216.73.216.50 - - [29/Mar/2026:06:11:24 -0700] "GET /item/2324841430?path=%2Fhome%2Ffalconiapl2015%2F.cl.selector HTTP/2.0" 403 3449 "-" "Mozilla/5.0 AppleWebKit/537.36 (KHTML, like Gecko; compatible; ClaudeBot/1.0; +claudebot@anthropic.com)" 493 **0/493793**
74.7.241.52 - - [29/Mar/2026:06:11:24 -0700] "GET /?path=/home/falconiapl2015/.sucuriquarantine/home/falconiapl2015/public_html/wp-content/plugins/pro-elements/modules/mega-menu/widgets HTTP/2.0" 200 2705 "https://www.falcon-ia.com/?path=/home/falconiapl2015/.sucuriquarantine/home/falconiapl2015/public_html/wp-content/plugins/pro-elements/modules/mega-menu" "Mozilla/5.0 AppleWebKit/537.36 (KHTML, like Gecko; compatible; GPTBot/1.3; +https://openai.com/gptbot)" 511 **0/511825**
144.76.19.28 - - [29/Mar/2026:06:11:26 -0700] "GET /yasal-kumarhane-oyunlar%C4%B1-nas%C4%B1l-kazan%C4%B1l%C4%B1r/?fileloc=/home/falconiapl2015/public_html/wp-mail.php&path=/home/falconiapl2015/public_html HTTP/1.1" 200 5583 "-" "Mozilla/5.0 (compatible; SERankingBacklinksBot/1.0; +https://seranking.com/backlinks-crawler)" 512 **0/512812**
114.119.151.172 - - [29/Mar/2026:06:11:26 -0700] "GET /commodity/royalties/cultures171994384484?fileloc=/home/falconiapl2015/public_html/wp-activate.php&path=/home/falconiapl2015/public_html HTTP/1.1" 200 5004 "https://falcon-ia.com/commodity/royalties/cultures171994384484" "Mozilla/5.0 (Linux; Android 7.0;) AppleWebKit/537.36 (KHTML, like Gecko) Mobile Safari/537.36 (compatible; PetalBot;+https://webmaster.petalsearch.com/site/petalbot)" 490 **0/490902**
216.73.216.50 - - [29/Mar/2026:06:11:27 -0700] "GET /item/892767753?fileloc=%2Fhome%2Ffalconiapl2015%2Fpublic_html%2Fwp-admin%2Fedit-comments.php&path=%2Fhome%2Ffalconiapl2015%2Fpublic_html%2Fwp-admin HTTP/2.0" 403 3449 "-" "Mozilla/5.0 AppleWebKit/537.36 (KHTML, like Gecko; compatible; ClaudeBot/1.0; +claudebot@anthropic.com)" 563 **0/563527**
74.7.241.52 - - [29/Mar/2026:06:11:28 -0700] "GET /?path=/home/falconiapl2015/.sucuriquarantine/home/falconiapl2015/public_html/wp-content/plugins/pro-elements/modules/carousel/widgets HTTP/2.0" 200 2698 "https://www.falcon-ia.com/?path=/home/falconiapl2015/.sucuriquarantine/home/falconiapl2015/public_html/wp-content/plugins/pro-elements/modules/carousel" "Mozilla/5.0 AppleWebKit/537.36 (KHTML, like Gecko; compatible; GPTBot/1.3; +https://openai.com/gptbot)" 516 **0/516885**
216.73.216.50 - - [29/Mar/2026:06:11:30 -0700] "GET /item/3045145167?fileloc=%2Fhome%2Ffalconiapl2015%2Fpublic_html%2Fwp-includes%2Fblocks%2Fquery-pagination-previous.php&path=%2Fhome%2Ffalconiapl2015%2Fpublic_html%2Fwp-includes%2Fblocks HTTP/2.0" 403 3449 "-" "Mozilla/5.0 AppleWebKit/537.36 (KHTML, like Gecko; compatible; ClaudeBot/1.0; +claudebot@anthropic.com)" 559 **0/559742**
74.7.241.52 - - [29/Mar/2026:06:11:31 -0700] "GET /?path=/home/falconiapl2015/.sucuriquarantine/home/falconiapl2015/public_html/wp-content/plugins/pro-elements/modules/mega-menu/traits HTTP/2.0" 200 2704 "https://www.falcon-ia.com/?path=/home/falconiapl2015/.sucuriquarantine/home/falconiapl2015/public_html/wp-content/plugins/pro-elements/modules/mega-menu" "Mozilla/5.0 AppleWebKit/537.36 (KHTML, like Gecko; compatible; GPTBot/1.3; +https://openai.com/gptbot)" 522 **0/522961**
144.76.19.28 - - [29/Mar/2026:06:11:31 -0700] "GET /canl%C4%B1-rulet-masas%C4%B1nda-nas%C4%B1l-kazan%C4%B1l%C4%B1r/?fileloc=/home/falconiapl2015/public_html/robots.txt&path=/home/falconiapl2015/public_html HTTP/1.1" 200 2531 "-" "Mozilla/5.0 (compatible; SERankingBacklinksBot/1.0; +https://seranking.com/backlinks-crawler)" 534 **0/534057**
216.73.216.50 - - [29/Mar/2026:06:11:33 -0700] "GET /item/3418459283?fileloc=%2Fhome%2Ffalconiapl2015%2Fpublic_html%2Fwp-admin%2Fincludes%2Ftheme.php&path=%2Fhome%2Ffalconiapl2015%2Fpublic_html%2Fwp-admin%2Fincludes HTTP/2.0" 403 3449 "-" "Mozilla/5.0 AppleWebKit/537.36 (KHTML, like Gecko; compatible; ClaudeBot/1.0; +claudebot@anthropic.com)" 509 **0/509910**
74.7.241.52 - - [29/Mar/2026:06:11:34 -0700] "GET /?path=/home/falconiapl2015/.sucuriquarantine/home/falconiapl2015/public_html/wp-content/plugins/pro-elements/modules/mega-menu/controls HTTP/2.0" 200 2707 "https://www.falcon-ia.com/?path=/home/falconiapl2015/.sucuriquarantine/home/falconiapl2015/public_html/wp-content/plugins/pro-elements/modules/mega-menu" "Mozilla/5.0 AppleWebKit/537.36 (KHTML, like Gecko; compatible; GPTBot/1.3; +https://openai.com/gptbot)" 530 **0/530908**
216.73.216.50 - - [29/Mar/2026:06:11:36 -0700] "GET /item/2794843732?fileloc=%2Fhome%2Ffalconiapl2015%2Fpublic_html%2Fwp-admin%2Fplugins.php&path=%2Fhome%2Ffalconiapl2015%2Fpublic_html%2Fwp-admin HTTP/2.0" 403 3449 "-" "Mozilla/5.0 AppleWebKit/537.36 (KHTML, like Gecko; compatible; ClaudeBot/1.0; +claudebot@anthropic.com)" 532 **0/532468**
185.191.171.10 - - [29/Mar/2026:06:11:36 -0700] "GET /commodity/blackjack/manage171784327365 HTTP/1.1" 200 3956 "-" "Mozilla/5.0 (compatible; SemrushBot/7~bl; +http://www.semrush.com/bot.html)" 510 **0/510041**
144.76.19.28 - - [29/Mar/2026:06:11:36 -0700] "GET /canl%C4%B1-rulet-masas%C4%B1nda-nas%C4%B1l-kazan%C4%B1l%C4%B1r/?fileloc=/home/falconiapl2015/public_html/xmlrpc.php&path=/home/falconiapl2015/public_html HTTP/1.1" 200 3927 "-" "Mozilla/5.0 (compatible; SERankingBacklinksBot/1.0; +https://seranking.com/backlinks-crawler)" 526 **0/526297**
74.7.241.52 - - [29/Mar/2026:06:11:37 -0700] "GET /?path=/home/falconiapl2015/.sucuriquarantine/home/falconiapl2015/public_html/wp-content/plugins/pro-elements/modules/popup/assets HTTP/2.0" 200 2698 "https://www.falcon-ia.com/?path=/home/falconiapl2015/.sucuriquarantine/home/falconiapl2015/public_html/wp-content/plugins/pro-elements/modules/popup" "Mozilla/5.0 AppleWebKit/537.36 (KHTML, like Gecko; compatible; GPTBot/1.3; +https://openai.com/gptbot)" 613 **0/613879**
216.73.216.50 - - [29/Mar/2026:06:11:39 -0700] "GET /item/4281127883?fileloc=%2Fhome%2Ffalconiapl2015%2Fpublic_html%2Fwp-includes%2Fclass-wp-customize-setting.php&path=%2Fhome%2Ffalconiapl2015%2Fpublic_html%2Fwp-includes HTTP/2.0" 403 3449 "-" "Mozilla/5.0 AppleWebKit/537.36 (KHTML, like Gecko; compatible; ClaudeBot/1.0; +claudebot@anthropic.com)" 487 **0/487601**
187.182.239.190 - - [29/Mar/2026:06:11:40 -0700] "POST /xmlrpc.php HTTP/1.1" 200 55901 "-" "Mozilla/5.0 (Windows NT 6.2; x86) AppleWebKit/537.36 (KHTML, like Gecko) Opera/66.0.0.0 Safari/537.36" 35 **0/35963**
74.7.241.52 - - [29/Mar/2026:06:11:40 -0700] "GET /?fileloc=/home/falconiapl2015/.sucuriquarantine/home/falconiapl2015/public_html/wp-content/plugins/pro-elements/modules/posts/widgets/.htaccess_sucuribackup.17746063512332_1774606217cleanup&path=/home/falconiapl2015/.sucuriquarantine/home/falconiapl2015/public_html/wp-content/plugins/pro-elements/modules/posts/widgets HTTP/2.0" 403 3449 "https://www.falcon-ia.com/?path=/home/falconiapl2015/.sucuriquarantine/home/falconiapl2015/public_html/wp-content/plugins/pro-elements/modules/posts/widgets" "Mozilla/5.0 AppleWebKit/537.36 (KHTML, like Gecko; compatible; GPTBot/1.3; +https://openai.com/gptbot)" 518 **0/518476**
184.168.112.12 - - [29/Mar/2026:06:06:41 -0700] "GET /images/images/images/images/images/images/images/images/index.php?ARRAY=7o2230223n313737343739333230312p2231223n22687474703n5p2s5p2s7n733836307631332r6361746561722r626573745p2s3s6p633q7068705s636s64655s6n6326743q313737343738393630312q3539323136646132356134303833376166646262636563323033343861353863222p2232223n226232376235336437313237313933653337636436313435306631343737333261222p2233223n223066316239643631313364633062616262353764633131636633333431623962222p226175746s5s66696p655s6r616q65223n6r756p6p2p226175746s5s70617373223n6r756p6p2p2262696r675s70617373223n2232382q33342q35312q36382q37342q38392q3137227q HTTP/1.1" 503 55901 "-" "-" 300592 **300/300592958**
144.76.19.28 - - [29/Mar/2026:06:11:41 -0700] "GET /yasal-kumarhane-oyunlar%C4%B1-nas%C4%B1l-kazan%C4%B1l%C4%B1r/?fileloc=/home/falconiapl2015/public_html/wp-login.php&path=/home/falconiapl2015/public_html HTTP/1.1" 200 15772 "-" "Mozilla/5.0 (compatible; SERankingBacklinksBot/1.0; +https://seranking.com/backlinks-crawler)" 495 **0/495694**
216.73.216.50 - - [29/Mar/2026:06:11:42 -0700] "GET /item/2237835215?fileloc=%2Fhome%2Ffalconiapl2015%2Fpublic_html%2Fwp-includes%2Fclass-wp-scripts.php&path=%2Fhome%2Ffalconiapl2015%2Fpublic_html%2Fwp-includes HTTP/2.0" 403 3449 "-" "Mozilla/5.0 AppleWebKit/537.36 (KHTML, like Gecko; compatible; ClaudeBot/1.0; +claudebot@anthropic.com)" 494 **0/494119**
74.7.241.52 - - [29/Mar/2026:06:11:43 -0700] "GET /?fileloc=/home/falconiapl2015/.sucuriquarantine/home/falconiapl2015/public_html/wp-content/plugins/pro-elements/modules/popup/admin-menu-items/.htaccess_sucuribackup.17746063492313_1774606217cleanup&path=/home/falconiapl2015/.sucuriquarantine/home/falconiapl2015/public_html/wp-content/plugins/pro-elements/modules/popup/admin-menu-items HTTP/2.0" 403 3449 "https://www.falcon-ia.com/?path=/home/falconiapl2015/.sucuriquarantine/home/falconiapl2015/public_html/wp-content/plugins/pro-elements/modules/popup/admin-menu-items" "Mozilla/5.0 AppleWebKit/537.36 (KHTML, like Gecko; compatible; GPTBot/1.3; +https://openai.com/gptbot)" 495 **0/495916**
185.191.171.13 - - [29/Mar/2026:06:11:46 -0700] "GET /zeus-god-of-thunder-online-gokkast-spelen-gratis-en-met-geld/ HTTP/1.1" 200 3956 "-" "Mozilla/5.0 (compatible; SemrushBot/7~bl; +http://www.semrush.com/bot.html)" 503 **0/503000**
74.7.241.52 - - [29/Mar/2026:06:11:46 -0700] "GET /?fileloc=/home/falconiapl2015/.sucuriquarantine/home/falconiapl2015/public_html/wp-content/plugins/pro-elements/modules/posts/traits/.htaccess_sucuribackup.17746063511801_1774606217cleanup&path=/home/falconiapl2015/.sucuriquarantine/home/falconiapl2015/public_html/wp-content/plugins/pro-elements/modules/posts/traits HTTP/2.0" 403 3449 "https://www.falcon-ia.com/?path=/home/falconiapl2015/.sucuriquarantine/home/falconiapl2015/public_html/wp-content/plugins/pro-elements/modules/posts/traits" "Mozilla/5.0 AppleWebKit/537.36 (KHTML, like Gecko; compatible; GPTBot/1.3; +https://openai.com/gptbot)" 505 **0/505289**
144.76.19.28 - - [29/Mar/2026:06:11:46 -0700] "GET /canl%C4%B1-rulet-masas%C4%B1nda-nas%C4%B1l-kazan%C4%B1l%C4%B1r/?fileloc=/home/falconiapl2015/public_html/license.txt&path=/home/falconiapl2015/public_html HTTP/1.1" 200 9840 "-" "Mozilla/5.0 (compatible; SERankingBacklinksBot/1.0; +https://seranking.com/backlinks-crawler)" 510 **0/510460**
216.73.216.50 - - [29/Mar/2026:06:11:48 -0700] "GET /item/462041496?path=%2Fhome%2Ffalconiapl2015%2Fpublic_html%2Fwp-content%2Fmu-plugins HTTP/2.0" 403 3449 "-" "Mozilla/5.0 AppleWebKit/537.36 (KHTML, like Gecko; compatible; ClaudeBot/1.0; +claudebot@anthropic.com)" 507 **0/507108**
54.38.147.220 - - [29/Mar/2026:06:11:49 -0700] "GET /commodity/deb/reset171910919059 HTTP/2.0" 200 3449 "-" "Mozilla/5.0 (compatible; AhrefsBot/7.0; +http://ahrefs.com/robot/)" 491 **0/491038**
74.7.241.52 - - [29/Mar/2026:06:11:49 -0700] "GET /?fileloc=/home/falconiapl2015/.sucuriquarantine/home/falconiapl2015/public_html/wp-content/plugins/pro-elements/modules/atomic-widgets/prop-types/display-conditions/.htaccess_sucuribackup.17746063489571_1774606217cleanup&path=/home/falconiapl2015/.sucuriquarantine/home/falconiapl2015/public_html/wp-content/plugins/pro-elements/modules/atomic-widgets/prop-types/display-conditions HTTP/2.0" 403 3449 "https://www.falcon-ia.com/?path=/home/falconiapl2015/.sucuriquarantine/home/falconiapl2015/public_html/wp-content/plugins/pro-elements/modules/atomic-widgets/prop-types/display-conditions" "Mozilla/5.0 AppleWebKit/537.36 (KHTML, like Gecko; compatible; GPTBot/1.3; +https://openai.com/gptbot)" 549 **0/549707**
216.73.216.50 - - [29/Mar/2026:06:11:50 -0700] "GET /item/3751375438?fileloc=%2Fhome%2Ffalconiapl2015%2Fpublic_html%2Fwp-admin%2Fload-scripts.php&path=%2Fhome%2Ffalconiapl2015%2Fpublic_html%2Fwp-admin HTTP/2.0" 200 3209 "-" "Mozilla/5.0 AppleWebKit/537.36 (KHTML, like Gecko; compatible; ClaudeBot/1.0; +claudebot@anthropic.com)" 507 **0/507459**
144.76.19.28 - - [29/Mar/2026:06:11:51 -0700] "GET /canl%C4%B1-rulet-masas%C4%B1nda-nas%C4%B1l-kazan%C4%B1l%C4%B1r/?fileloc=/home/falconiapl2015/public_html/readme.html&path=/home/falconiapl2015/public_html HTTP/1.1" 200 5535 "-" "Mozilla/5.0 (compatible; SERankingBacklinksBot/1.0; +https://seranking.com/backlinks-crawler)" 517 **0/517737**
74.7.241.52 - - [29/Mar/2026:06:11:52 -0700] "GET /?path=/home/falconiapl2015/.sucuriquarantine/home/falconiapl2015/public_html/wp-content/plugins/pro-elements/modules/popup/display-settings HTTP/2.0" 200 2704 "https://www.falcon-ia.com/?path=/home/falconiapl2015/.sucuriquarantine/home/falconiapl2015/public_html/wp-content/plugins/pro-elements/modules/popup" "Mozilla/5.0 AppleWebKit/537.36 (KHTML, like Gecko; compatible; GPTBot/1.3; +https://openai.com/gptbot)" 496 **0/496730**
216.73.216.50 - - [29/Mar/2026:06:11:53 -0700] "GET /item/240598637?path=%2Fhome%2Ffalconiapl2015%2Fpublic_html%2Fwp-content%2Fuploads HTTP/2.0" 200 2907 "-" "Mozilla/5.0 AppleWebKit/537.36 (KHTML, like Gecko; compatible; ClaudeBot/1.0; +claudebot@anthropic.com)" 481 **0/481726**
74.7.241.52 - - [29/Mar/2026:06:11:56 -0700] "GET /?fileloc=/home/falconiapl2015/.sucuriquarantine/home/falconiapl2015/public_html/wp-content/plugins/pro-elements/modules/popup/editor-one-menu-items/.htaccess_sucuribackup.17746063492202_1774606217cleanup&path=/home/falconiapl2015/.sucuriquarantine/home/falconiapl2015/public_html/wp-content/plugins/pro-elements/modules/popup/editor-one-menu-items HTTP/2.0" 403 3449 "https://www.falcon-ia.com/?path=/home/falconiapl2015/.sucuriquarantine/home/falconiapl2015/public_html/wp-content/plugins/pro-elements/modules/popup/editor-one-menu-items" "Mozilla/5.0 AppleWebKit/537.36 (KHTML, like Gecko; compatible; GPTBot/1.3; +https://openai.com/gptbot)" 496 **0/496956**
144.76.19.28 - - [29/Mar/2026:06:11:56 -0700] "GET /canl%C4%B1-rulet-masas%C4%B1nda-nas%C4%B1l-kazan%C4%B1l%C4%B1r/?fileloc=/home/falconiapl2015/public_html/wp-cron.php&path=/home/falconiapl2015/public_html HTTP/1.1" 200 4592 "-" "Mozilla/5.0 (compatible; SERankingBacklinksBot/1.0; +https://seranking.com/backlinks-crawler)" 492 **0/492996**
216.73.216.50 - - [29/Mar/2026:06:11:56 -0700] "GET /item/3492886031?fileloc=%2F%2Fbin%2Fcpan&path=%2F%2Fbin HTTP/2.0" 200 5788 "-" "Mozilla/5.0 AppleWebKit/537.36 (KHTML, like Gecko; compatible; ClaudeBot/1.0; +claudebot@anthropic.com)" 498 **0/498693**
74.7.241.52 - - [29/Mar/2026:06:11:59 -0700] "GET /?fileloc=/home/falconiapl2015/.sucuriquarantine/home/falconiapl2015/public_html/wp-content/plugins/pro-elements/modules/mega-menu/widgets/.htaccess_sucuribackup.17746063501534_1774606217cleanup&path=/home/falconiapl2015/.sucuriquarantine/home/falconiapl2015/public_html/wp-content/plugins/pro-elements/modules/mega-menu/widgets HTTP/2.0" 403 3449 "https://www.falcon-ia.com/?path=/home/falconiapl2015/.sucuriquarantine/home/falconiapl2015/public_html/wp-content/plugins/pro-elements/modules/mega-menu/widgets" "Mozilla/5.0 AppleWebKit/537.36 (KHTML, like Gecko; compatible; GPTBot/1.3; +https://openai.com/gptbot)" 506 **0/506535**
216.73.216.50 - - [29/Mar/2026:06:11:59 -0700] "GET /item/3691697743?fileloc=%2Fhome%2Ffalconiapl2015%2Fpublic_html%2Fwp-includes%2Fwidgets%2Fclass-wp-widget-rss.php&path=%2Fhome%2Ffalconiapl2015%2Fpublic_html%2Fwp-includes%2Fwidgets HTTP/2.0" 200 4145 "-" "Mozilla/5.0 AppleWebKit/537.36 (KHTML, like Gecko; compatible; ClaudeBot/1.0; +claudebot@anthropic.com)" 478 **0/478962**
144.76.19.28 - - [29/Mar/2026:06:12:01 -0700] "GET /canl%C4%B1-rulet-masas%C4%B1nda-nas%C4%B1l-kazan%C4%B1l%C4%B1r/?fileloc=/home/falconiapl2015/public_html/wp-load.php&path=/home/falconiapl2015/public_html HTTP/1.1" 200 4153 "-" "Mozilla/5.0 (compatible; SERankingBacklinksBot/1.0; +https://seranking.com/backlinks-crawler)" 500 **0/500822**
74.7.241.52 - - [29/Mar/2026:06:12:02 -0700] "GET /?fileloc=/home/falconiapl2015/.sucuriquarantine/home/falconiapl2015/public_html/wp-content/plugins/pro-elements/modules/carousel/widgets/.htaccess_sucuribackup.177460635065_1774606217cleanup&path=/home/falconiapl2015/.sucuriquarantine/home/falconiapl2015/public_html/wp-content/plugins/pro-elements/modules/carousel/widgets HTTP/2.0" 403 3449 "https://www.falcon-ia.com/?path=/home/falconiapl2015/.sucuriquarantine/home/falconiapl2015/public_html/wp-content/plugins/pro-elements/modules/carousel/widgets" "Mozilla/5.0 AppleWebKit/537.36 (KHTML, like Gecko; compatible; GPTBot/1.3; +https://openai.com/gptbot)" 544 **0/544105**
216.73.216.50 - - [29/Mar/2026:06:12:02 -0700] "GET /item/1986988448?fileloc=%2F%2Fbin%2Flftp&path=%2F%2Fbin HTTP/2.0" 200 26906 "-" "Mozilla/5.0 AppleWebKit/537.36 (KHTML, like Gecko; compatible; ClaudeBot/1.0; +claudebot@anthropic.com)" 616 **0/616320**
