216.73.216.50 - - [29/Mar/2026:06:04:18 -0700] "GET /item/4258652309?fileloc=%2Fhome%2Ffalconiapl2015%2F.cpanel%2Ffileupload-U5BrD2PY2_Voc2I12847690.log&path=%2Fhome%2Ffalconiapl2015%2F.cpanel HTTP/2.0" 403 3449 "-" "Mozilla/5.0 AppleWebKit/537.36 (KHTML, like Gecko; compatible; ClaudeBot/1.0; +claudebot@anthropic.com)" 503 **0/503533**
184.168.112.12 - - [29/Mar/2026:05:59:19 -0700] "GET /images/images/images/images/images/images/images/images/index.php?ARRAY=7o2230223n313737343739323735392p2231223n22687474703n5p2s5p2s7n733836307631332r6361746561722r626573745p2s3s6p633q7068705s636s64655s6n6326743q313737343738393135392q6166623436656138396463343039646362386433653766616131313762626566222p2232223n226232376235336437313237313933653337636436313435306631343737333261222p2233223n223066316239643631313364633062616262353764633131636633333431623962222p226175746s5s66696p655s6r616q65223n6r756p6p2p226175746s5s70617373223n6r756p6p2p2262696r675s70617373223n2232382q33342q35312q36382q37342q38392q3137227q HTTP/1.1" 503 55901 "-" "-" 300610 **300/300610221**
74.7.241.52 - - [29/Mar/2026:06:04:20 -0700] "GET /?fileloc=/home/falconiapl2015/.sucuriquarantine/home/falconiapl2015/public_html/wp-content/plugins/pro-elements/modules/theme-builder/views/.htaccess_sucuribackup.1774606351509_1774606217cleanup&path=/home/falconiapl2015/.sucuriquarantine/home/falconiapl2015/public_html/wp-content/plugins/pro-elements/modules/theme-builder/views HTTP/2.0" 403 3449 "https://www.falcon-ia.com/?path=/home/falconiapl2015/.sucuriquarantine/home/falconiapl2015/public_html/wp-content/plugins/pro-elements/modules/theme-builder/views" "Mozilla/5.0 AppleWebKit/537.36 (KHTML, like Gecko; compatible; GPTBot/1.3; +https://openai.com/gptbot)" 522 **0/522151**
43.172.197.123 - - [29/Mar/2026:06:04:21 -0700] "GET /?p=20690 HTTP/1.1" 200 3956 "-" "Mozilla/5.0 (Windows NT 10.0; Win64; x64) AppleWebKit/537.36 (KHTML, like Gecko) Chrome/110.0.0.0 Safari/537.36" 488 **0/488365**
216.73.216.50 - - [29/Mar/2026:06:04:21 -0700] "GET /item/3784455859?fileloc=%2Fhome%2Ffalconiapl2015%2F.contactemail&path=%2Fhome%2Ffalconiapl2015 HTTP/2.0" 403 3449 "-" "Mozilla/5.0 AppleWebKit/537.36 (KHTML, like Gecko; compatible; ClaudeBot/1.0; +claudebot@anthropic.com)" 518 **0/518788**
144.76.19.28 - - [29/Mar/2026:06:04:22 -0700] "GET /oyun-oyna-yasal-kumarhane-slot-kumar-makinesi/?fileloc=/home/falconiapl2015/public_html/txets.php&path=/home/falconiapl2015/public_html HTTP/1.1" 200 2520 "-" "Mozilla/5.0 (compatible; SERankingBacklinksBot/1.0; +https://seranking.com/backlinks-crawler)" 497 **0/497955**
74.7.241.52 - - [29/Mar/2026:06:04:23 -0700] "GET /?fileloc=/home/falconiapl2015/.sucuriquarantine/home/falconiapl2015/public_html/wp-content/plugins/pro-elements/modules/loop-builder/skins/.htaccess_sucuribackup.17746063496535_1774606217cleanup&path=/home/falconiapl2015/.sucuriquarantine/home/falconiapl2015/public_html/wp-content/plugins/pro-elements/modules/loop-builder/skins HTTP/2.0" 403 3449 "https://www.falcon-ia.com/?path=/home/falconiapl2015/.sucuriquarantine/home/falconiapl2015/public_html/wp-content/plugins/pro-elements/modules/loop-builder/skins" "Mozilla/5.0 AppleWebKit/537.36 (KHTML, like Gecko; compatible; GPTBot/1.3; +https://openai.com/gptbot)" 536 **0/536887**
216.73.216.50 - - [29/Mar/2026:06:04:24 -0700] "GET /item/2557278946?fileloc=%2Fhome%2Ffalconiapl2015%2Ftmp%2Fawstats%2Fawstats072017.falcon-ia.com.txt&path=%2Fhome%2Ffalconiapl2015%2Ftmp%2Fawstats HTTP/2.0" 403 3449 "-" "Mozilla/5.0 AppleWebKit/537.36 (KHTML, like Gecko; compatible; ClaudeBot/1.0; +claudebot@anthropic.com)" 503 **0/503320**
74.7.241.52 - - [29/Mar/2026:06:04:26 -0700] "GET /?fileloc=/home/falconiapl2015/.sucuriquarantine/home/falconiapl2015/public_html/wp-content/plugins/pro-elements/modules/global-widget/views/.htaccess_sucuribackup.17746063518959_1774606217cleanup&path=/home/falconiapl2015/.sucuriquarantine/home/falconiapl2015/public_html/wp-content/plugins/pro-elements/modules/global-widget/views HTTP/2.0" 403 3449 "https://www.falcon-ia.com/?path=/home/falconiapl2015/.sucuriquarantine/home/falconiapl2015/public_html/wp-content/plugins/pro-elements/modules/global-widget/views" "Mozilla/5.0 AppleWebKit/537.36 (KHTML, like Gecko; compatible; GPTBot/1.3; +https://openai.com/gptbot)" 505 **0/505324**
216.73.216.50 - - [29/Mar/2026:06:04:27 -0700] "GET /item/4260416164?fileloc=%2Fhome%2Ffalconiapl2015%2Fpublic_html%2Fwp-admin%2Fimages%2Fimgedit-icons-2x.png&path=%2Fhome%2Ffalconiapl2015%2Fpublic_html%2Fwp-admin%2Fimages HTTP/2.0" 403 3449 "-" "Mozilla/5.0 AppleWebKit/537.36 (KHTML, like Gecko; compatible; ClaudeBot/1.0; +claudebot@anthropic.com)" 502 **0/502574**
144.76.19.28 - - [29/Mar/2026:06:04:28 -0700] "GET /rulet-oyunu-nas%C4%B1l-kazan%C4%B1l%C4%B1r/?fileloc=/home/falconiapl2015/public_html/wp-login.php&path=/home/falconiapl2015/public_html HTTP/1.1" 200 15772 "-" "Mozilla/5.0 (compatible; SERankingBacklinksBot/1.0; +https://seranking.com/backlinks-crawler)" 509 **0/509357**
74.7.241.52 - - [29/Mar/2026:06:04:30 -0700] "GET /?fileloc=/home/falconiapl2015/.sucuriquarantine/home/falconiapl2015/public_html/wp-content/plugins/pro-elements/modules/loop-builder/traits/.htaccess_sucuribackup.17746063496387_1774606217cleanup&path=/home/falconiapl2015/.sucuriquarantine/home/falconiapl2015/public_html/wp-content/plugins/pro-elements/modules/loop-builder/traits HTTP/2.0" 403 3449 "https://www.falcon-ia.com/?path=/home/falconiapl2015/.sucuriquarantine/home/falconiapl2015/public_html/wp-content/plugins/pro-elements/modules/loop-builder/traits" "Mozilla/5.0 AppleWebKit/537.36 (KHTML, like Gecko; compatible; GPTBot/1.3; +https://openai.com/gptbot)" 522 **0/522799**
216.73.216.50 - - [29/Mar/2026:06:04:30 -0700] "GET /item/832644308?fileloc=%2Fhome%2Ffalconiapl2015%2F.contactemail&path=%2Fhome%2Ffalconiapl2015 HTTP/2.0" 403 3449 "-" "Mozilla/5.0 AppleWebKit/537.36 (KHTML, like Gecko; compatible; ClaudeBot/1.0; +claudebot@anthropic.com)" 484 **0/484243**
74.7.241.52 - - [29/Mar/2026:06:04:33 -0700] "GET /?fileloc=/home/falconiapl2015/.sucuriquarantine/home/falconiapl2015/public_html/wp-content/plugins/pro-elements/modules/pricing/.htaccess_sucuribackup.17746063491366_1774606217cleanup&path=/home/falconiapl2015/.sucuriquarantine/home/falconiapl2015/public_html/wp-content/plugins/pro-elements/modules/pricing HTTP/2.0" 403 3449 "https://www.falcon-ia.com/?path=/home/falconiapl2015/.sucuriquarantine/home/falconiapl2015/public_html/wp-content/plugins/pro-elements/modules/pricing" "Mozilla/5.0 AppleWebKit/537.36 (KHTML, like Gecko; compatible; GPTBot/1.3; +https://openai.com/gptbot)" 503 **0/503642**
216.73.216.50 - - [29/Mar/2026:06:04:33 -0700] "GET /item/3096088503?fileloc=%2Fhome%2Ffalconiapl2015%2F.cpanel%2Ffileupload-FbQoWRH7ta4hBb9U4573950.log&path=%2Fhome%2Ffalconiapl2015%2F.cpanel HTTP/2.0" 200 2394 "-" "Mozilla/5.0 AppleWebKit/537.36 (KHTML, like Gecko; compatible; ClaudeBot/1.0; +claudebot@anthropic.com)" 491 **0/491043**
144.76.19.28 - - [29/Mar/2026:06:04:34 -0700] "GET /sanal-rulet-para-i%C3%A7in-oyna-kazan/?fileloc=/home/falconiapl2015/public_html/wp-links-opml.php&path=/home/falconiapl2015/public_html HTTP/1.1" 200 3636 "-" "Mozilla/5.0 (compatible; SERankingBacklinksBot/1.0; +https://seranking.com/backlinks-crawler)" 503 **0/503653**
74.7.241.52 - - [29/Mar/2026:06:04:36 -0700] "GET /?fileloc=/home/falconiapl2015/.sucuriquarantine/home/falconiapl2015/public_html/wp-content/plugins/pro-elements/modules/nested-carousel/widgets/.htaccess_sucuribackup.17746063517567_1774606217cleanup&path=/home/falconiapl2015/.sucuriquarantine/home/falconiapl2015/public_html/wp-content/plugins/pro-elements/modules/nested-carousel/widgets HTTP/2.0" 403 3449 "https://www.falcon-ia.com/?path=/home/falconiapl2015/.sucuriquarantine/home/falconiapl2015/public_html/wp-content/plugins/pro-elements/modules/nested-carousel/widgets" "Mozilla/5.0 AppleWebKit/537.36 (KHTML, like Gecko; compatible; GPTBot/1.3; +https://openai.com/gptbot)" 499 **0/499398**
216.73.216.50 - - [29/Mar/2026:06:04:36 -0700] "GET /item/2179049904?fileloc=%2Fhome%2Ffalconiapl2015%2F.contactemail&path=%2Fhome%2Ffalconiapl2015 HTTP/2.0" 403 3449 "-" "Mozilla/5.0 AppleWebKit/537.36 (KHTML, like Gecko; compatible; ClaudeBot/1.0; +claudebot@anthropic.com)" 520 **0/520526**
74.7.241.52 - - [29/Mar/2026:06:04:39 -0700] "GET /?fileloc=/home/falconiapl2015/.sucuriquarantine/home/falconiapl2015/public_html/wp-content/plugins/pro-elements/modules/global-widget/.htaccess_sucuribackup.17746063518704_1774606217cleanup&path=/home/falconiapl2015/.sucuriquarantine/home/falconiapl2015/public_html/wp-content/plugins/pro-elements/modules/global-widget HTTP/2.0" 403 3449 "https://www.falcon-ia.com/?path=/home/falconiapl2015/.sucuriquarantine/home/falconiapl2015/public_html/wp-content/plugins/pro-elements/modules/global-widget" "Mozilla/5.0 AppleWebKit/537.36 (KHTML, like Gecko; compatible; GPTBot/1.3; +https://openai.com/gptbot)" 506 **0/506831**
144.76.19.28 - - [29/Mar/2026:06:04:39 -0700] "GET /%C3%A7evrimi%C3%A7i-rulet-say%C4%B1-analizi/?fileloc=/home/falconiapl2015/public_html/wp-login.php&path=/home/falconiapl2015/public_html HTTP/1.1" 200 15772 "-" "Mozilla/5.0 (compatible; SERankingBacklinksBot/1.0; +https://seranking.com/backlinks-crawler)" 497 **0/497478**
216.73.216.50 - - [29/Mar/2026:06:04:39 -0700] "GET /item/632132461?fileloc=%2Fhome%2Ffalconiapl2015%2F.sucuriquarantine%2Findex.php&path=%2Fhome%2Ffalconiapl2015%2F.sucuriquarantine HTTP/2.0" 200 2265 "-" "Mozilla/5.0 AppleWebKit/537.36 (KHTML, like Gecko; compatible; ClaudeBot/1.0; +claudebot@anthropic.com)" 529 **0/529387**
184.168.112.12 - - [29/Mar/2026:05:59:41 -0700] "GET /images/images/images/images/images/images/images/images/index.php?ARRAY=7o2230223n313737343739323738312p2231223n22687474703n5p2s5p2s7n733836307631332r6361746561722r626573745p2s3s6p633q7068705s636s64655s6n6326743q313737343738393138312q3931376430313036616137353335393661326263393634303439386230396338222p2232223n226232376235336437313237313933653337636436313435306631343737333261222p2233223n223066316239643631313364633062616262353764633131636633333431623962222p226175746s5s66696p655s6r616q65223n6r756p6p2p226175746s5s70617373223n6r756p6p2p2262696r675s70617373223n2232382q33342q35312q36382q37342q38392q3137227q HTTP/1.1" 503 55901 "-" "-" 300605 **300/300605641**
74.7.241.52 - - [29/Mar/2026:06:04:42 -0700] "GET /?fileloc=/home/falconiapl2015/.sucuriquarantine/home/falconiapl2015/public_html/wp-content/plugins/pro-elements/modules/slides/widgets/.htaccess_sucuribackup.1774606351682_1774606217cleanup&path=/home/falconiapl2015/.sucuriquarantine/home/falconiapl2015/public_html/wp-content/plugins/pro-elements/modules/slides/widgets HTTP/2.0" 403 3449 "https://www.falcon-ia.com/?path=/home/falconiapl2015/.sucuriquarantine/home/falconiapl2015/public_html/wp-content/plugins/pro-elements/modules/slides/widgets" "Mozilla/5.0 AppleWebKit/537.36 (KHTML, like Gecko; compatible; GPTBot/1.3; +https://openai.com/gptbot)" 526 **0/526919**
216.73.216.50 - - [29/Mar/2026:06:04:42 -0700] "GET /item/3575996491?fileloc=%2Fhome%2Ffalconiapl2015%2Ftmp%2Fawstats%2Fawstats112018.falcon-ia.com.txt&path=%2Fhome%2Ffalconiapl2015%2Ftmp%2Fawstats HTTP/2.0" 200 19487 "-" "Mozilla/5.0 AppleWebKit/537.36 (KHTML, like Gecko; compatible; ClaudeBot/1.0; +claudebot@anthropic.com)" 516 **0/516421**
114.119.151.172 - - [29/Mar/2026:06:04:43 -0700] "GET /commodity/sandisk/vf17169149181?fileloc=/home/falconiapl2015/public_html/wp-cron.php&path=/home/falconiapl2015/public_html HTTP/1.1" 200 4592 "https://falcon-ia.com/commodity/sandisk/vf17169149181" "Mozilla/5.0 (Linux; Android 7.0;) AppleWebKit/537.36 (KHTML, like Gecko) Mobile Safari/537.36 (compatible; PetalBot;+https://webmaster.petalsearch.com/site/petalbot)" 528 **0/528479**
144.76.19.28 - - [29/Mar/2026:06:04:45 -0700] "GET /%C3%BCcretsiz-%C3%A7evrimi%C3%A7i-rulet-oyunu/?fileloc=/home/falconiapl2015/public_html/robots.txt&path=/home/falconiapl2015/public_html HTTP/1.1" 200 2531 "-" "Mozilla/5.0 (compatible; SERankingBacklinksBot/1.0; +https://seranking.com/backlinks-crawler)" 485 **0/485858**
216.73.216.50 - - [29/Mar/2026:06:04:45 -0700] "GET /item/2122049673?fileloc=%2Fhome%2Ffalconiapl2015%2F.wget-hsts&path=%2Fhome%2Ffalconiapl2015 HTTP/2.0" 200 2372 "-" "Mozilla/5.0 AppleWebKit/537.36 (KHTML, like Gecko; compatible; ClaudeBot/1.0; +claudebot@anthropic.com)" 499 **0/499139**
74.7.241.52 - - [29/Mar/2026:06:04:46 -0700] "GET /?fileloc=/home/falconiapl2015/.sucuriquarantine/home/falconiapl2015/public_html/wp-content/plugins/pro-elements/modules/forms/registrars/.htaccess_sucuribackup.17746063498614_1774606217cleanup&path=/home/falconiapl2015/.sucuriquarantine/home/falconiapl2015/public_html/wp-content/plugins/pro-elements/modules/forms/registrars HTTP/2.0" 403 3449 "https://www.falcon-ia.com/?path=/home/falconiapl2015/.sucuriquarantine/home/falconiapl2015/public_html/wp-content/plugins/pro-elements/modules/forms/registrars" "Mozilla/5.0 AppleWebKit/537.36 (KHTML, like Gecko; compatible; GPTBot/1.3; +https://openai.com/gptbot)" 516 **0/516667**
216.73.216.50 - - [29/Mar/2026:06:04:48 -0700] "GET /item/2030063920?fileloc=%2Fhome%2Ffalconiapl2015%2Fcache%2Fcache_11bed3504b31316642d8369b1d05b4ed&path=%2Fhome%2Ffalconiapl2015%2Fcache HTTP/2.0" 200 2272 "-" "Mozilla/5.0 AppleWebKit/537.36 (KHTML, like Gecko; compatible; ClaudeBot/1.0; +claudebot@anthropic.com)" 554 **0/554560**
74.7.241.52 - - [29/Mar/2026:06:04:49 -0700] "GET /?fileloc=/home/falconiapl2015/.sucuriquarantine/home/falconiapl2015/public_html/wp-content/plugins/pro-elements/modules/nav-menu/widgets/.htaccess_sucuribackup.17746063509791_1774606217cleanup&path=/home/falconiapl2015/.sucuriquarantine/home/falconiapl2015/public_html/wp-content/plugins/pro-elements/modules/nav-menu/widgets HTTP/2.0" 403 3449 "https://www.falcon-ia.com/?path=/home/falconiapl2015/.sucuriquarantine/home/falconiapl2015/public_html/wp-content/plugins/pro-elements/modules/nav-menu/widgets" "Mozilla/5.0 AppleWebKit/537.36 (KHTML, like Gecko; compatible; GPTBot/1.3; +https://openai.com/gptbot)" 542 **0/542265**
144.76.19.28 - - [29/Mar/2026:06:04:50 -0700] "GET /%C3%BCcretsiz-%C3%A7evrimi%C3%A7i-rulet-oyunu/?fileloc=/home/falconiapl2015/public_html/xmlrpc.php&path=/home/falconiapl2015/public_html HTTP/1.1" 200 3927 "-" "Mozilla/5.0 (compatible; SERankingBacklinksBot/1.0; +https://seranking.com/backlinks-crawler)" 508 **0/508037**
216.73.216.50 - - [29/Mar/2026:06:04:51 -0700] "GET /item/788457145?fileloc=%2Fhome%2Ffalconiapl2015%2Fetc%2Fftpquota&path=%2Fhome%2Ffalconiapl2015%2Fetc HTTP/2.0" 200 2256 "-" "Mozilla/5.0 AppleWebKit/537.36 (KHTML, like Gecko; compatible; ClaudeBot/1.0; +claudebot@anthropic.com)" 503 **0/503994**
74.7.241.52 - - [29/Mar/2026:06:04:52 -0700] "GET /?fileloc=/home/falconiapl2015/.sucuriquarantine/home/falconiapl2015/public_html/wp-content/plugins/pro-elements/modules/global-widget/data/.htaccess_sucuribackup.17746063518657_1774606217cleanup&path=/home/falconiapl2015/.sucuriquarantine/home/falconiapl2015/public_html/wp-content/plugins/pro-elements/modules/global-widget/data HTTP/2.0" 403 3449 "https://www.falcon-ia.com/?path=/home/falconiapl2015/.sucuriquarantine/home/falconiapl2015/public_html/wp-content/plugins/pro-elements/modules/global-widget/data" "Mozilla/5.0 AppleWebKit/537.36 (KHTML, like Gecko; compatible; GPTBot/1.3; +https://openai.com/gptbot)" 519 **0/519751**
216.73.216.50 - - [29/Mar/2026:06:04:54 -0700] "GET /item/596260915?fileloc=%2Fhome%2Ffalconiapl2015%2Fwww%2Frobots.txt&path=%2Fhome%2Ffalconiapl2015%2Fwww HTTP/2.0" 200 2298 "-" "Mozilla/5.0 AppleWebKit/537.36 (KHTML, like Gecko; compatible; ClaudeBot/1.0; +claudebot@anthropic.com)" 535 **0/535235**
74.7.241.52 - - [29/Mar/2026:06:04:55 -0700] "GET /?fileloc=/home/falconiapl2015/.sucuriquarantine/home/falconiapl2015/public_html/wp-content/plugins/pro-elements/modules/off-canvas/.htaccess_sucuribackup.17746063495401_1774606217cleanup&path=/home/falconiapl2015/.sucuriquarantine/home/falconiapl2015/public_html/wp-content/plugins/pro-elements/modules/off-canvas HTTP/2.0" 403 3449 "https://www.falcon-ia.com/?path=/home/falconiapl2015/.sucuriquarantine/home/falconiapl2015/public_html/wp-content/plugins/pro-elements/modules/off-canvas" "Mozilla/5.0 AppleWebKit/537.36 (KHTML, like Gecko; compatible; GPTBot/1.3; +https://openai.com/gptbot)" 527 **0/527063**
144.76.19.28 - - [29/Mar/2026:06:04:56 -0700] "GET /oyun-oyna-yasal-kumarhane-slot-kumar-makinesi/?fileloc=/home/falconiapl2015/public_html/robots.txt&path=/home/falconiapl2015/public_html HTTP/1.1" 200 2531 "-" "Mozilla/5.0 (compatible; SERankingBacklinksBot/1.0; +https://seranking.com/backlinks-crawler)" 492 **0/492475**
216.73.216.50 - - [29/Mar/2026:06:04:57 -0700] "GET /item/1764551997?fileloc=%2Fhome%2Ffalconiapl2015%2Ftmp%2Fawstats%2Fawstats092019.falcon-ia.com.txt&path=%2Fhome%2Ffalconiapl2015%2Ftmp%2Fawstats HTTP/2.0" 200 19877 "-" "Mozilla/5.0 AppleWebKit/537.36 (KHTML, like Gecko; compatible; ClaudeBot/1.0; +claudebot@anthropic.com)" 529 **0/529226**
74.7.241.52 - - [29/Mar/2026:06:04:58 -0700] "GET /?fileloc=/home/falconiapl2015/.sucuriquarantine/home/falconiapl2015/public_html/wp-content/plugins/pro-elements/modules/theme-builder/skins/.htaccess_sucuribackup.17746063513452_1774606217cleanup&path=/home/falconiapl2015/.sucuriquarantine/home/falconiapl2015/public_html/wp-content/plugins/pro-elements/modules/theme-builder/skins HTTP/2.0" 403 3449 "https://www.falcon-ia.com/?path=/home/falconiapl2015/.sucuriquarantine/home/falconiapl2015/public_html/wp-content/plugins/pro-elements/modules/theme-builder/skins" "Mozilla/5.0 AppleWebKit/537.36 (KHTML, like Gecko; compatible; GPTBot/1.3; +https://openai.com/gptbot)" 524 **0/524791**
216.73.216.50 - - [29/Mar/2026:06:05:00 -0700] "GET /item/1764551997?fileloc=%2Fhome%2Ffalconiapl2015%2Ftmp%2Fawstats%2Fawstats122016.falcon-ia.com.txt&path=%2Fhome%2Ffalconiapl2015%2Ftmp%2Fawstats HTTP/2.0" 200 24109 "-" "Mozilla/5.0 AppleWebKit/537.36 (KHTML, like Gecko; compatible; ClaudeBot/1.0; +claudebot@anthropic.com)" 530 **0/530621**
144.76.19.28 - - [29/Mar/2026:06:05:01 -0700] "GET /oyun-oyna-yasal-kumarhane-slot-kumar-makinesi/?fileloc=/home/falconiapl2015/public_html/xmlrpc.php&path=/home/falconiapl2015/public_html HTTP/1.1" 200 3927 "-" "Mozilla/5.0 (compatible; SERankingBacklinksBot/1.0; +https://seranking.com/backlinks-crawler)" 630 **0/630602**
74.7.241.52 - - [29/Mar/2026:06:05:01 -0700] "GET /?fileloc=/home/falconiapl2015/.sucuriquarantine/home/falconiapl2015/public_html/wp-content/plugins/pro-elements/modules/variables/prop-types/.htaccess_sucuribackup.17746063503592_1774606217cleanup&path=/home/falconiapl2015/.sucuriquarantine/home/falconiapl2015/public_html/wp-content/plugins/pro-elements/modules/variables/prop-types HTTP/2.0" 403 3449 "https://www.falcon-ia.com/?path=/home/falconiapl2015/.sucuriquarantine/home/falconiapl2015/public_html/wp-content/plugins/pro-elements/modules/variables/prop-types" "Mozilla/5.0 AppleWebKit/537.36 (KHTML, like Gecko; compatible; GPTBot/1.3; +https://openai.com/gptbot)" 646 **0/646670**
184.168.112.12 - - [29/Mar/2026:06:00:03 -0700] "GET /images/images/images/images/images/images/images/images/index.php?ARRAY=7o2230223n313737343739323830332p2231223n22687474703n5p2s5p2s7n733836307631332r6361746561722r626573745p2s3s6p633q7068705s636s64655s6n6326743q313737343738393230332q3061313362346363336361623230316630643864643131363630663762346538222p2232223n226232376235336437313237313933653337636436313435306631343737333261222p2233223n223066316239643631313364633062616262353764633131636633333431623962222p226175746s5s66696p655s6r616q65223n6r756p6p2p226175746s5s70617373223n6r756p6p2p2262696r675s70617373223n2232382q33342q35312q36382q37342q38392q3137227q HTTP/1.1" 503 55901 "-" "-" 300933 **300/300933946**
216.73.216.50 - - [29/Mar/2026:06:05:03 -0700] "GET /item/88842685?fileloc=%2Fhome%2Ffalconiapl2015%2Flogs%2Fftp.falcon-ia.com-ftp_log-Feb-2016.gz&path=%2Fhome%2Ffalconiapl2015%2Flogs HTTP/2.0" 200 196082 "-" "Mozilla/5.0 AppleWebKit/537.36 (KHTML, like Gecko; compatible; ClaudeBot/1.0; +claudebot@anthropic.com)" 738 **0/738807**
74.7.241.52 - - [29/Mar/2026:06:05:04 -0700] "GET /?fileloc=/home/falconiapl2015/.sucuriquarantine/home/falconiapl2015/public_html/wp-content/plugins/pro-elements/modules/forms/.htaccess_sucuribackup.17746063498569_1774606217cleanup&path=/home/falconiapl2015/.sucuriquarantine/home/falconiapl2015/public_html/wp-content/plugins/pro-elements/modules/forms HTTP/2.0" 403 3449 "https://www.falcon-ia.com/?path=/home/falconiapl2015/.sucuriquarantine/home/falconiapl2015/public_html/wp-content/plugins/pro-elements/modules/forms" "Mozilla/5.0 AppleWebKit/537.36 (KHTML, like Gecko; compatible; GPTBot/1.3; +https://openai.com/gptbot)" 571 **0/571430**
216.73.216.50 - - [29/Mar/2026:06:05:06 -0700] "GET /item/675694618?fileloc=%2Fhome%2Ffalconiapl2015%2Fpublic_html%2Fimages%2Fimages%2F.htaccess&path=%2Fhome%2Ffalconiapl2015%2Fpublic_html%2Fimages%2Fimages HTTP/2.0" 200 2398 "-" "Mozilla/5.0 AppleWebKit/537.36 (KHTML, like Gecko; compatible; ClaudeBot/1.0; +claudebot@anthropic.com)" 522 **0/522655**
144.76.19.28 - - [29/Mar/2026:06:05:07 -0700] "GET /rulet-oyunu-nas%C4%B1l-kazan%C4%B1l%C4%B1r/?fileloc=/home/falconiapl2015/public_html/wp-config.php&path=/home/falconiapl2015/public_html HTTP/1.1" 200 3719 "-" "Mozilla/5.0 (compatible; SERankingBacklinksBot/1.0; +https://seranking.com/backlinks-crawler)" 515 **0/515546**
74.7.241.52 - - [29/Mar/2026:06:05:08 -0700] "GET /?fileloc=/home/falconiapl2015/.sucuriquarantine/home/falconiapl2015/public_html/wp-content/plugins/pro-elements/modules/off-canvas/widgets/.htaccess_sucuribackup.17746063495472_1774606217cleanup&path=/home/falconiapl2015/.sucuriquarantine/home/falconiapl2015/public_html/wp-content/plugins/pro-elements/modules/off-canvas/widgets HTTP/2.0" 403 3449 "https://www.falcon-ia.com/?path=/home/falconiapl2015/.sucuriquarantine/home/falconiapl2015/public_html/wp-content/plugins/pro-elements/modules/off-canvas/widgets" "Mozilla/5.0 AppleWebKit/537.36 (KHTML, like Gecko; compatible; GPTBot/1.3; +https://openai.com/gptbot)" 513 **0/513297**
216.73.216.50 - - [29/Mar/2026:06:05:09 -0700] "GET /item/2166192956?fileloc=%2Fhome%2Ffalconiapl2015%2F.bash_profile.rpmnew&path=%2Fhome%2Ffalconiapl2015 HTTP/2.0" 200 2352 "-" "Mozilla/5.0 AppleWebKit/537.36 (KHTML, like Gecko; compatible; ClaudeBot/1.0; +claudebot@anthropic.com)" 553 **0/553062**
74.7.241.52 - - [29/Mar/2026:06:05:11 -0700] "GET /?fileloc=/home/falconiapl2015/.sucuriquarantine/home/falconiapl2015/public_html/wp-content/plugins/pro-elements/modules/motion-fx/.htaccess_sucuribackup.1774606351769_1774606217cleanup&path=/home/falconiapl2015/.sucuriquarantine/home/falconiapl2015/public_html/wp-content/plugins/pro-elements/modules/motion-fx HTTP/2.0" 403 3449 "https://www.falcon-ia.com/?path=/home/falconiapl2015/.sucuriquarantine/home/falconiapl2015/public_html/wp-content/plugins/pro-elements/modules/motion-fx" "Mozilla/5.0 AppleWebKit/537.36 (KHTML, like Gecko; compatible; GPTBot/1.3; +https://openai.com/gptbot)" 517 **0/517344**
216.73.216.50 - - [29/Mar/2026:06:05:12 -0700] "GET /item/1764551997?fileloc=%2Fhome%2Ffalconiapl2015%2Ftmp%2Fawstats%2Fawstats052017.falcon-ia.com.txt&path=%2Fhome%2Ffalconiapl2015%2Ftmp%2Fawstats HTTP/2.0" 200 17186 "-" "Mozilla/5.0 AppleWebKit/537.36 (KHTML, like Gecko; compatible; ClaudeBot/1.0; +claudebot@anthropic.com)" 511 **0/511534**
144.76.19.28 - - [29/Mar/2026:06:05:13 -0700] "GET /rulet-oyunu-nas%C4%B1l-kazan%C4%B1l%C4%B1r/?fileloc=/home/falconiapl2015/public_html/wp-signup.php&path=/home/falconiapl2015/public_html HTTP/1.1" 200 10716 "-" "Mozilla/5.0 (compatible; SERankingBacklinksBot/1.0; +https://seranking.com/backlinks-crawler)" 506 **0/506044**
74.7.241.52 - - [29/Mar/2026:06:05:14 -0700] "GET /?fileloc=/home/falconiapl2015/.sucuriquarantine/home/falconiapl2015/public_html/wp-content/plugins/pro-elements/modules/blockquote/widgets/.htaccess_sucuribackup.17746063504092_1774606217cleanup&path=/home/falconiapl2015/.sucuriquarantine/home/falconiapl2015/public_html/wp-content/plugins/pro-elements/modules/blockquote/widgets HTTP/2.0" 403 3449 "https://www.falcon-ia.com/?path=/home/falconiapl2015/.sucuriquarantine/home/falconiapl2015/public_html/wp-content/plugins/pro-elements/modules/blockquote/widgets" "Mozilla/5.0 AppleWebKit/537.36 (KHTML, like Gecko; compatible; GPTBot/1.3; +https://openai.com/gptbot)" 531 **0/531906**
216.73.216.50 - - [29/Mar/2026:06:05:15 -0700] "GET /item/783888413?fileloc=%2Fhome%2Ffalconiapl2015%2Fssl%2Fcsrs%2Ffalcon_ia_com_b28d0_05d8b_86df69e7ff716b894b7787147af05dca.csr&path=%2Fhome%2Ffalconiapl2015%2Fssl%2Fcsrs HTTP/2.0" 200 3178 "-" "Mozilla/5.0 AppleWebKit/537.36 (KHTML, like Gecko; compatible; ClaudeBot/1.0; +claudebot@anthropic.com)" 488 **0/488256**
74.7.241.52 - - [29/Mar/2026:06:05:17 -0700] "GET /?fileloc=/home/falconiapl2015/.sucuriquarantine/home/falconiapl2015/public_html/wp-content/plugins/elementor/assets/js/packages/editor-v1-adapters/.htaccess_sucuribackup.17746063982076_1774606217cleanup&path=/home/falconiapl2015/.sucuriquarantine/home/falconiapl2015/public_html/wp-content/plugins/elementor/assets/js/packages/editor-v1-adapters HTTP/2.0" 403 3449 "https://www.falcon-ia.com/?path=/home/falconiapl2015/.sucuriquarantine/home/falconiapl2015/public_html/wp-content/plugins/elementor/assets/js/packages/editor-v1-adapters" "Mozilla/5.0 AppleWebKit/537.36 (KHTML, like Gecko; compatible; GPTBot/1.3; +https://openai.com/gptbot)" 495 **0/495345**
144.76.19.28 - - [29/Mar/2026:06:05:18 -0700] "GET /sanal-rulet-para-i%C3%A7in-oyna-kazan/?fileloc=/home/falconiapl2015/public_html/wp-blog-header.php&path=/home/falconiapl2015/public_html HTTP/1.1" 200 2688 "-" "Mozilla/5.0 (compatible; SERankingBacklinksBot/1.0; +https://seranking.com/backlinks-crawler)" 500 **0/500069**
216.73.216.50 - - [29/Mar/2026:06:05:18 -0700] "GET /item/152133040?fileloc=%2Fhome%2Ffalconiapl2015%2Flogs%2Fftp.falcon-ia.com-ftp_log-Feb-2016.gz&path=%2Fhome%2Ffalconiapl2015%2Flogs HTTP/2.0" 200 196082 "-" "Mozilla/5.0 AppleWebKit/537.36 (KHTML, like Gecko; compatible; ClaudeBot/1.0; +claudebot@anthropic.com)" 586 **0/586829**
74.7.241.52 - - [29/Mar/2026:06:05:20 -0700] "GET /?fileloc=/home/falconiapl2015/.sucuriquarantine/home/falconiapl2015/public_html/wp-content/plugins/pro-elements/modules/code-highlight/.htaccess_sucuribackup.17746063516268_1774606217cleanup&path=/home/falconiapl2015/.sucuriquarantine/home/falconiapl2015/public_html/wp-content/plugins/pro-elements/modules/code-highlight HTTP/2.0" 403 3449 "https://www.falcon-ia.com/?path=/home/falconiapl2015/.sucuriquarantine/home/falconiapl2015/public_html/wp-content/plugins/pro-elements/modules/code-highlight" "Mozilla/5.0 AppleWebKit/537.36 (KHTML, like Gecko; compatible; GPTBot/1.3; +https://openai.com/gptbot)" 516 **0/516433**
216.73.216.50 - - [29/Mar/2026:06:05:21 -0700] "GET /item/4258652309?fileloc=%2Fhome%2Ffalconiapl2015%2F.cpanel%2Ffileupload-E19r2MxJfvbzaaC57967369.log&path=%2Fhome%2Ffalconiapl2015%2F.cpanel HTTP/2.0" 200 2788 "-" "Mozilla/5.0 AppleWebKit/537.36 (KHTML, like Gecko; compatible; ClaudeBot/1.0; +claudebot@anthropic.com)" 502 **0/502866**
74.7.241.52 - - [29/Mar/2026:06:05:23 -0700] "GET /?fileloc=/home/falconiapl2015/.sucuriquarantine/home/falconiapl2015/public_html/wp-content/plugins/pro-elements/modules/loop-builder/views/.htaccess_sucuribackup.17746063497208_1774606217cleanup&path=/home/falconiapl2015/.sucuriquarantine/home/falconiapl2015/public_html/wp-content/plugins/pro-elements/modules/loop-builder/views HTTP/2.0" 403 3449 "https://www.falcon-ia.com/?path=/home/falconiapl2015/.sucuriquarantine/home/falconiapl2015/public_html/wp-content/plugins/pro-elements/modules/loop-builder/views" "Mozilla/5.0 AppleWebKit/537.36 (KHTML, like Gecko; compatible; GPTBot/1.3; +https://openai.com/gptbot)" 510 **0/510007**
144.76.19.28 - - [29/Mar/2026:06:05:24 -0700] "GET /yeni-slotlar-siteleri-deneme-bonusu/?fileloc=/home/falconiapl2015/public_html/wp-comments-post.php&path=/home/falconiapl2015/public_html HTTP/1.1" 200 3561 "-" "Mozilla/5.0 (compatible; SERankingBacklinksBot/1.0; +https://seranking.com/backlinks-crawler)" 489 **0/489364**
216.73.216.50 - - [29/Mar/2026:06:05:24 -0700] "GET /item/1486774144?fileloc=%2F%2Flib%2Flocale%2Fde_DE%40euro%2FLC_IDENTIFICATION&path=%2F%2Flib%2Flocale%2Fde_DE%40euro HTTP/2.0" 200 2431 "-" "Mozilla/5.0 AppleWebKit/537.36 (KHTML, like Gecko; compatible; ClaudeBot/1.0; +claudebot@anthropic.com)" 503 **0/503570**
184.168.112.12 - - [29/Mar/2026:06:00:26 -0700] "GET /images/images/images/images/images/images/images/images/index.php?ARRAY=7o2230223n313737343739323832362p2231223n22687474703n5p2s5p2s7n733836307631332r6361746561722r626573745p2s3s6p633q7068705s636s64655s6n6326743q313737343738393232362q3465346366616562353861326437343366356633623430616161613235343665222p2232223n226232376235336437313237313933653337636436313435306631343737333261222p2233223n223066316239643631313364633062616262353764633131636633333431623962222p226175746s5s66696p655s6r616q65223n6r756p6p2p226175746s5s70617373223n6r756p6p2p2262696r675s70617373223n2232382q33342q35312q36382q37342q38392q3137227q HTTP/1.1" 503 55901 "-" "-" 300607 **300/300607915**
85.208.96.210 - - [29/Mar/2026:06:05:26 -0700] "GET /commodity/unusually/declaring171997373968 HTTP/1.1" 200 3956 "-" "Mozilla/5.0 (compatible; SemrushBot/7~bl; +http://www.semrush.com/bot.html)" 504 **0/504351**
74.7.241.52 - - [29/Mar/2026:06:05:27 -0700] "GET /?fileloc=/home/falconiapl2015/.sucuriquarantine/home/falconiapl2015/public_html/wp-content/plugins/pro-elements/modules/atomic-widgets/transformers/.htaccess_sucuribackup.17746063489676_1774606217cleanup&path=/home/falconiapl2015/.sucuriquarantine/home/falconiapl2015/public_html/wp-content/plugins/pro-elements/modules/atomic-widgets/transformers HTTP/2.0" 403 3449 "https://www.falcon-ia.com/?path=/home/falconiapl2015/.sucuriquarantine/home/falconiapl2015/public_html/wp-content/plugins/pro-elements/modules/atomic-widgets/transformers" "Mozilla/5.0 AppleWebKit/537.36 (KHTML, like Gecko; compatible; GPTBot/1.3; +https://openai.com/gptbot)" 522 **0/522266**
216.73.216.50 - - [29/Mar/2026:06:05:27 -0700] "GET /item/90054784?fileloc=%2Fhome%2Ffalconiapl2015%2F.contactemail&path=%2Fhome%2Ffalconiapl2015 HTTP/2.0" 403 3449 "-" "Mozilla/5.0 AppleWebKit/537.36 (KHTML, like Gecko; compatible; ClaudeBot/1.0; +claudebot@anthropic.com)" 496 **0/496357**
144.76.19.28 - - [29/Mar/2026:06:05:29 -0700] "GET /yeni-slotlar-siteleri-deneme-bonusu/?fileloc=/home/falconiapl2015/public_html/wp-config-sample.php&path=/home/falconiapl2015/public_html HTTP/1.1" 200 3763 "-" "Mozilla/5.0 (compatible; SERankingBacklinksBot/1.0; +https://seranking.com/backlinks-crawler)" 495 **0/495119**
43.173.178.182 - - [29/Mar/2026:06:05:30 -0700] "GET /?p=24147 HTTP/1.1" 200 3956 "-" "Mozilla/5.0 (Windows NT 10.0; Win64; x64) AppleWebKit/537.36 (KHTML, like Gecko) Chrome/110.0.0.0 Safari/537.36" 505 **0/505738**
74.7.241.52 - - [29/Mar/2026:06:05:30 -0700] "GET /?fileloc=/home/falconiapl2015/.sucuriquarantine/home/falconiapl2015/public_html/wp-content/plugins/pro-elements/modules/library/.htaccess_sucuribackup.17746063488738_1774606217cleanup&path=/home/falconiapl2015/.sucuriquarantine/home/falconiapl2015/public_html/wp-content/plugins/pro-elements/modules/library HTTP/2.0" 403 3449 "https://www.falcon-ia.com/?path=/home/falconiapl2015/.sucuriquarantine/home/falconiapl2015/public_html/wp-content/plugins/pro-elements/modules/library" "Mozilla/5.0 AppleWebKit/537.36 (KHTML, like Gecko; compatible; GPTBot/1.3; +https://openai.com/gptbot)" 504 **0/504055**
216.73.216.50 - - [29/Mar/2026:06:05:30 -0700] "GET /item/3047569349?fileloc=%2Fhome%2Ffalconiapl2015%2F.ftpquota&path=%2Fhome%2Ffalconiapl2015 HTTP/2.0" 200 2259 "-" "Mozilla/5.0 AppleWebKit/537.36 (KHTML, like Gecko; compatible; ClaudeBot/1.0; +claudebot@anthropic.com)" 513 **0/513222**
85.208.96.201 - - [29/Mar/2026:06:05:31 -0700] "GET /commodity/steven/poses17191632048 HTTP/1.1" 200 3956 "-" "Mozilla/5.0 (compatible; SemrushBot/7~bl; +http://www.semrush.com/bot.html)" 487 **0/487060**
74.7.241.52 - - [29/Mar/2026:06:05:33 -0700] "GET /?fileloc=/home/falconiapl2015/.sucuriquarantine/home/falconiapl2015/public_html/wp-content/plugins/pro-elements/modules/forms/widgets/.htaccess_sucuribackup.17746063499163_1774606217cleanup&path=/home/falconiapl2015/.sucuriquarantine/home/falconiapl2015/public_html/wp-content/plugins/pro-elements/modules/forms/widgets HTTP/2.0" 403 3449 "https://www.falcon-ia.com/?path=/home/falconiapl2015/.sucuriquarantine/home/falconiapl2015/public_html/wp-content/plugins/pro-elements/modules/forms/widgets" "Mozilla/5.0 AppleWebKit/537.36 (KHTML, like Gecko; compatible; GPTBot/1.3; +https://openai.com/gptbot)" 514 **0/514276**
216.73.216.50 - - [29/Mar/2026:06:05:33 -0700] "GET /item/1851417262?fileloc=%2Fhome%2Ffalconiapl2015%2F.ftpquota&path=%2Fhome%2Ffalconiapl2015 HTTP/2.0" 200 2259 "-" "Mozilla/5.0 AppleWebKit/537.36 (KHTML, like Gecko; compatible; ClaudeBot/1.0; +claudebot@anthropic.com)" 492 **0/492174**
144.76.19.28 - - [29/Mar/2026:06:05:34 -0700] "GET /%3Cbr%20/%3E%20%3Cb%3EDeprecated%3C/b%3E:%20ltrim%28%29:%20Passing%20null%20to%20parameter?path=/home/falconiapl2015/public_html/wp-admin HTTP/1.1" 200 6892 "-" "Mozilla/5.0 (compatible; SERankingBacklinksBot/1.0; +https://seranking.com/backlinks-crawler)" 494 **0/494436**
185.191.171.1 - - [29/Mar/2026:06:05:36 -0700] "GET /?p=18002 HTTP/1.1" 200 3956 "-" "Mozilla/5.0 (compatible; SemrushBot/7~bl; +http://www.semrush.com/bot.html)" 488 **0/488990**
74.7.241.52 - - [29/Mar/2026:06:05:36 -0700] "GET /?fileloc=/home/falconiapl2015/.sucuriquarantine/home/falconiapl2015/public_html/wp-content/plugins/pro-elements/modules/floating-buttons/widgets/.htaccess_sucuribackup.1774606349615_1774606217cleanup&path=/home/falconiapl2015/.sucuriquarantine/home/falconiapl2015/public_html/wp-content/plugins/pro-elements/modules/floating-buttons/widgets HTTP/2.0" 403 3449 "https://www.falcon-ia.com/?path=/home/falconiapl2015/.sucuriquarantine/home/falconiapl2015/public_html/wp-content/plugins/pro-elements/modules/floating-buttons/widgets" "Mozilla/5.0 AppleWebKit/537.36 (KHTML, like Gecko; compatible; GPTBot/1.3; +https://openai.com/gptbot)" 519 **0/519465**
216.73.216.50 - - [29/Mar/2026:06:05:36 -0700] "GET /item/2911296009?fileloc=%2Fhome%2Ffalconiapl2015%2F.sucuriquarantine%2Findex.php&path=%2Fhome%2Ffalconiapl2015%2F.sucuriquarantine HTTP/2.0" 200 2265 "-" "Mozilla/5.0 AppleWebKit/537.36 (KHTML, like Gecko; compatible; ClaudeBot/1.0; +claudebot@anthropic.com)" 514 **0/514440**
43.173.177.233 - - [29/Mar/2026:06:05:38 -0700] "GET /?p=23631 HTTP/1.1" 200 3956 "-" "Mozilla/5.0 (Windows NT 10.0; Win64; x64) AppleWebKit/537.36 (KHTML, like Gecko) Chrome/116.0.0.0 Safari/537.36" 571 **0/571580**
74.7.241.52 - - [29/Mar/2026:06:05:39 -0700] "GET /?fileloc=/home/falconiapl2015/.sucuriquarantine/home/falconiapl2015/public_html/wp-content/plugins/pro-elements/modules/payments/widgets/.htaccess_sucuribackup.17746063506131_1774606217cleanup&path=/home/falconiapl2015/.sucuriquarantine/home/falconiapl2015/public_html/wp-content/plugins/pro-elements/modules/payments/widgets HTTP/2.0" 403 3449 "https://www.falcon-ia.com/?path=/home/falconiapl2015/.sucuriquarantine/home/falconiapl2015/public_html/wp-content/plugins/pro-elements/modules/payments/widgets" "Mozilla/5.0 AppleWebKit/537.36 (KHTML, like Gecko; compatible; GPTBot/1.3; +https://openai.com/gptbot)" 491 **0/491553**
144.76.19.28 - - [29/Mar/2026:06:05:39 -0700] "GET /%C3%A7evrimi%C3%A7i-rulet-say%C4%B1-analizi/?fileloc=/home/falconiapl2015/public_html/wp-config.php&path=/home/falconiapl2015/public_html HTTP/1.1" 200 3719 "-" "Mozilla/5.0 (compatible; SERankingBacklinksBot/1.0; +https://seranking.com/backlinks-crawler)" 490 **0/490598**
85.208.96.193 - - [29/Mar/2026:06:05:41 -0700] "GET /commodity/refined/argued172011440587 HTTP/1.1" 200 3956 "-" "Mozilla/5.0 (compatible; SemrushBot/7~bl; +http://www.semrush.com/bot.html)" 567 **0/567568**
216.73.216.50 - - [29/Mar/2026:06:05:41 -0700] "GET /item/2258710425?fileloc=%2Fhome%2Ffalconiapl2015%2F.quarantine%2Fhostingsecurity_scan-032726.txt&path=%2Fhome%2Ffalconiapl2015%2F.quarantine HTTP/2.0" 200 19982 "-" "Mozilla/5.0 AppleWebKit/537.36 (KHTML, like Gecko; compatible; ClaudeBot/1.0; +claudebot@anthropic.com)" 566 **0/566194**
74.7.241.52 - - [29/Mar/2026:06:05:42 -0700] "GET /?fileloc=/home/falconiapl2015/.sucuriquarantine/home/falconiapl2015/public_html/wp-content/plugins/pro-elements/modules/global-widget/documents/.htaccess_sucuribackup.1774606351877_1774606217cleanup&path=/home/falconiapl2015/.sucuriquarantine/home/falconiapl2015/public_html/wp-content/plugins/pro-elements/modules/global-widget/documents HTTP/2.0" 403 3449 "https://www.falcon-ia.com/?path=/home/falconiapl2015/.sucuriquarantine/home/falconiapl2015/public_html/wp-content/plugins/pro-elements/modules/global-widget/documents" "Mozilla/5.0 AppleWebKit/537.36 (KHTML, like Gecko; compatible; GPTBot/1.3; +https://openai.com/gptbot)" 507 **0/507618**
216.73.216.50 - - [29/Mar/2026:06:05:43 -0700] "GET /item/2258710425?fileloc=%2Fhome%2Ffalconiapl2015%2F.quarantine%2Fhostingsecurity_scan-121325.txt&path=%2Fhome%2Ffalconiapl2015%2F.quarantine HTTP/2.0" 200 2400 "-" "Mozilla/5.0 AppleWebKit/537.36 (KHTML, like Gecko; compatible; ClaudeBot/1.0; +claudebot@anthropic.com)" 511 **0/511510**
144.76.19.28 - - [29/Mar/2026:06:05:45 -0700] "GET /%C3%A7evrimi%C3%A7i-rulet-say%C4%B1-analizi/?fileloc=/home/falconiapl2015/public_html/wp-signup.php&path=/home/falconiapl2015/public_html HTTP/1.1" 200 10716 "-" "Mozilla/5.0 (compatible; SERankingBacklinksBot/1.0; +https://seranking.com/backlinks-crawler)" 540 **0/540407**
85.208.96.196 - - [29/Mar/2026:06:05:45 -0700] "GET /commodity/fashions/tangible171627075928 HTTP/1.1" 200 3956 "-" "Mozilla/5.0 (compatible; SemrushBot/7~bl; +http://www.semrush.com/bot.html)" 559 **0/559063**
74.7.241.52 - - [29/Mar/2026:06:05:46 -0700] "GET /?fileloc=/home/falconiapl2015/.sucuriquarantine/home/falconiapl2015/public_html/wp-content/plugins/pro-elements/modules/floating-buttons/base/.htaccess_sucuribackup.1774606349598_1774606217cleanup&path=/home/falconiapl2015/.sucuriquarantine/home/falconiapl2015/public_html/wp-content/plugins/pro-elements/modules/floating-buttons/base HTTP/2.0" 403 3449 "https://www.falcon-ia.com/?path=/home/falconiapl2015/.sucuriquarantine/home/falconiapl2015/public_html/wp-content/plugins/pro-elements/modules/floating-buttons/base" "Mozilla/5.0 AppleWebKit/537.36 (KHTML, like Gecko; compatible; GPTBot/1.3; +https://openai.com/gptbot)" 520 **0/520513**
216.73.216.50 - - [29/Mar/2026:06:05:46 -0700] "GET /item/3719550586?fileloc=%2Fhome%2Ffalconiapl2015%2Fpublic_html%2Fimages%2Fimages%2FJhRQnZWfcPKNwVSXBlmL.mov&path=%2Fhome%2Ffalconiapl2015%2Fpublic_html%2Fimages%2Fimages HTTP/2.0" 200 4701 "-" "Mozilla/5.0 AppleWebKit/537.36 (KHTML, like Gecko; compatible; ClaudeBot/1.0; +claudebot@anthropic.com)" 493 **0/493127**
184.168.112.12 - - [29/Mar/2026:06:00:48 -0700] "GET /images/images/images/images/images/images/images/images/index.php?ARRAY=7o2230223n313737343739323834382p2231223n22687474703n5p2s5p2s7n733836307631332r6361746561722r626573745p2s3s6p633q7068705s636s64655s6n6326743q313737343738393234382q3031646534373337613530623232656266623239653339353232363664353666222p2232223n226232376235336437313237313933653337636436313435306631343737333261222p2233223n223066316239643631313364633062616262353764633131636633333431623962222p226175746s5s66696p655s6r616q65223n6r756p6p2p226175746s5s70617373223n6r756p6p2p2262696r675s70617373223n2232382q33342q35312q36382q37342q38392q3137227q HTTP/1.1" 503 55901 "-" "-" 300608 **300/300608872**
43.172.196.108 - - [29/Mar/2026:06:05:48 -0700] "GET /mr-play-casino-no-deposit-bonus/ HTTP/1.1" 200 3956 "-" "Mozilla/5.0 (Windows NT 10.0; Win64; x64) AppleWebKit/537.36 (KHTML, like Gecko) Chrome/111.0.0.0 Safari/537.36" 491 **0/491288**
74.7.241.52 - - [29/Mar/2026:06:05:49 -0700] "GET /?fileloc=/home/falconiapl2015/.sucuriquarantine/home/falconiapl2015/public_html/wp-content/plugins/pro-elements/modules/loop-builder/widgets/.htaccess_sucuribackup.17746063497061_1774606217cleanup&path=/home/falconiapl2015/.sucuriquarantine/home/falconiapl2015/public_html/wp-content/plugins/pro-elements/modules/loop-builder/widgets HTTP/2.0" 403 3449 "https://www.falcon-ia.com/?path=/home/falconiapl2015/.sucuriquarantine/home/falconiapl2015/public_html/wp-content/plugins/pro-elements/modules/loop-builder/widgets" "Mozilla/5.0 AppleWebKit/537.36 (KHTML, like Gecko; compatible; GPTBot/1.3; +https://openai.com/gptbot)" 512 **0/512973**
216.73.216.50 - - [29/Mar/2026:06:05:49 -0700] "GET /item/1016041926?fileloc=%2Fhome%2Ffalconiapl2015%2Fmail%2F.gayathrijois%40falcon-ia_com%2Fmaildirsize&path=%2Fhome%2Ffalconiapl2015%2Fmail%2F.gayathrijois%40falcon-ia_com HTTP/2.0" 200 2358 "-" "Mozilla/5.0 AppleWebKit/537.36 (KHTML, like Gecko; compatible; ClaudeBot/1.0; +claudebot@anthropic.com)" 520 **0/520168**
85.208.96.207 - - [29/Mar/2026:06:05:50 -0700] "GET /commodity/marquis/breathe171799486992 HTTP/1.1" 200 3956 "-" "Mozilla/5.0 (compatible; SemrushBot/7~bl; +http://www.semrush.com/bot.html)" 508 **0/508647**
144.76.19.28 - - [29/Mar/2026:06:05:50 -0700] "GET /%C3%BCcretsiz-%C3%A7evrimi%C3%A7i-rulet-oyunu/?fileloc=/home/falconiapl2015/public_html/license.txt&path=/home/falconiapl2015/public_html HTTP/1.1" 200 9840 "-" "Mozilla/5.0 (compatible; SERankingBacklinksBot/1.0; +https://seranking.com/backlinks-crawler)" 500 **0/500034**
74.7.241.52 - - [29/Mar/2026:06:05:52 -0700] "GET /?fileloc=/home/falconiapl2015/.sucuriquarantine/home/falconiapl2015/public_html/wp-content/plugins/pro-elements/modules/theme-builder/widgets/.htaccess_sucuribackup.17746063514699_1774606217cleanup&path=/home/falconiapl2015/.sucuriquarantine/home/falconiapl2015/public_html/wp-content/plugins/pro-elements/modules/theme-builder/widgets HTTP/2.0" 403 3449 "https://www.falcon-ia.com/?path=/home/falconiapl2015/.sucuriquarantine/home/falconiapl2015/public_html/wp-content/plugins/pro-elements/modules/theme-builder/widgets" "Mozilla/5.0 AppleWebKit/537.36 (KHTML, like Gecko; compatible; GPTBot/1.3; +https://openai.com/gptbot)" 523 **0/523446**
216.73.216.50 - - [29/Mar/2026:06:05:52 -0700] "GET /item/2258710425?fileloc=%2Fhome%2Ffalconiapl2015%2F.quarantine%2Fhostingsecurity_scan-112425.txt&path=%2Fhome%2Ffalconiapl2015%2F.quarantine HTTP/2.0" 200 2438 "-" "Mozilla/5.0 AppleWebKit/537.36 (KHTML, like Gecko; compatible; ClaudeBot/1.0; +claudebot@anthropic.com)" 497 **0/497169**
185.191.171.12 - - [29/Mar/2026:06:05:55 -0700] "GET /commodity/displaying/comparisons171793507061 HTTP/1.1" 200 3956 "-" "Mozilla/5.0 (compatible; SemrushBot/7~bl; +http://www.semrush.com/bot.html)" 519 **0/519664**
74.7.241.52 - - [29/Mar/2026:06:05:55 -0700] "GET /?fileloc=/home/falconiapl2015/.sucuriquarantine/home/falconiapl2015/public_html/wp-content/plugins/pro-elements/modules/global-widget/widgets/.htaccess_sucuribackup.17746063518909_1774606217cleanup&path=/home/falconiapl2015/.sucuriquarantine/home/falconiapl2015/public_html/wp-content/plugins/pro-elements/modules/global-widget/widgets HTTP/2.0" 403 3449 "https://www.falcon-ia.com/?path=/home/falconiapl2015/.sucuriquarantine/home/falconiapl2015/public_html/wp-content/plugins/pro-elements/modules/global-widget/widgets" "Mozilla/5.0 AppleWebKit/537.36 (KHTML, like Gecko; compatible; GPTBot/1.3; +https://openai.com/gptbot)" 501 **0/501608**
144.76.19.28 - - [29/Mar/2026:06:05:55 -0700] "GET /%C3%BCcretsiz-%C3%A7evrimi%C3%A7i-rulet-oyunu/?fileloc=/home/falconiapl2015/public_html/readme.html&path=/home/falconiapl2015/public_html HTTP/1.1" 200 5535 "-" "Mozilla/5.0 (compatible; SERankingBacklinksBot/1.0; +https://seranking.com/backlinks-crawler)" 503 **0/503789**
216.73.216.50 - - [29/Mar/2026:06:05:55 -0700] "GET /item/1016041926?fileloc=%2Fhome%2Ffalconiapl2015%2Fmail%2F.gayathrijois%40falcon-ia_com%2Fdovecot.index&path=%2Fhome%2Ffalconiapl2015%2Fmail%2F.gayathrijois%40falcon-ia_com HTTP/2.0" 200 2408 "-" "Mozilla/5.0 AppleWebKit/537.36 (KHTML, like Gecko; compatible; ClaudeBot/1.0; +claudebot@anthropic.com)" 521 **0/521811**
74.7.241.52 - - [29/Mar/2026:06:05:58 -0700] "GET /?fileloc=/home/falconiapl2015/.sucuriquarantine/home/falconiapl2015/public_html/wp-content/plugins/pro-elements/modules/usage/.htaccess_sucuribackup.17746063503487_1774606217cleanup&path=/home/falconiapl2015/.sucuriquarantine/home/falconiapl2015/public_html/wp-content/plugins/pro-elements/modules/usage HTTP/2.0" 403 3449 "https://www.falcon-ia.com/?path=/home/falconiapl2015/.sucuriquarantine/home/falconiapl2015/public_html/wp-content/plugins/pro-elements/modules/usage" "Mozilla/5.0 AppleWebKit/537.36 (KHTML, like Gecko; compatible; GPTBot/1.3; +https://openai.com/gptbot)" 513 **0/513098**
144.76.19.28 - - [29/Mar/2026:06:06:00 -0700] "GET /%C3%BCcretsiz-%C3%A7evrimi%C3%A7i-rulet-oyunu/?fileloc=/home/falconiapl2015/public_html/wp-cron.php&path=/home/falconiapl2015/public_html HTTP/1.1" 200 4592 "-" "Mozilla/5.0 (compatible; SERankingBacklinksBot/1.0; +https://seranking.com/backlinks-crawler)" 507 **0/507081**
216.73.216.50 - - [29/Mar/2026:06:05:58 -0700] "GET /item/1016041926?fileloc=%2Fhome%2Ffalconiapl2015%2Fmail%2F.gayathrijois%40falcon-ia_com%2Fdovecot.index.log&path=%2Fhome%2Ffalconiapl2015%2Fmail%2F.gayathrijois%40falcon-ia_com HTTP/2.0" 200 2404 "-" "Mozilla/5.0 AppleWebKit/537.36 (KHTML, like Gecko; compatible; ClaudeBot/1.0; +claudebot@anthropic.com)" 3015 **3/3015937**
185.191.171.16 - - [29/Mar/2026:06:06:01 -0700] "GET /commodity/svenska/histories172023116648 HTTP/1.1" 200 3956 "-" "Mozilla/5.0 (compatible; SemrushBot/7~bl; +http://www.semrush.com/bot.html)" 541 **0/541862**
216.73.216.50 - - [29/Mar/2026:06:06:01 -0700] "GET /item/1091651122?fileloc=%2Fhome%2Ffalconiapl2015%2Fpublic_html%2Fimages%2Fimages%2FJhRQnZWfcPKNwVSXBlmL.mov&path=%2Fhome%2Ffalconiapl2015%2Fpublic_html%2Fimages%2Fimages HTTP/2.0" 200 4701 "-" "Mozilla/5.0 AppleWebKit/537.36 (KHTML, like Gecko; compatible; ClaudeBot/1.0; +claudebot@anthropic.com)" 541 **0/541156**
74.7.241.52 - - [29/Mar/2026:06:06:01 -0700] "GET /?fileloc=/home/falconiapl2015/.sucuriquarantine/home/falconiapl2015/public_html/wp-content/plugins/pro-elements/modules/pricing/widgets/.htaccess_sucuribackup.17746063491407_1774606217cleanup&path=/home/falconiapl2015/.sucuriquarantine/home/falconiapl2015/public_html/wp-content/plugins/pro-elements/modules/pricing/widgets HTTP/2.0" 403 3449 "https://www.falcon-ia.com/?path=/home/falconiapl2015/.sucuriquarantine/home/falconiapl2015/public_html/wp-content/plugins/pro-elements/modules/pricing/widgets" "Mozilla/5.0 AppleWebKit/537.36 (KHTML, like Gecko; compatible; GPTBot/1.3; +https://openai.com/gptbot)" 528 **0/528771**
216.73.216.50 - - [29/Mar/2026:06:06:04 -0700] "GET /item/3133363481?fileloc=%2Fhome%2Ffalconiapl2015%2Fpublic_html%2Fimages%2Fimages%2FJhRQnZWfcPKNwVSXBlmL.mov&path=%2Fhome%2Ffalconiapl2015%2Fpublic_html%2Fimages%2Fimages HTTP/2.0" 200 4701 "-" "Mozilla/5.0 AppleWebKit/537.36 (KHTML, like Gecko; compatible; ClaudeBot/1.0; +claudebot@anthropic.com)" 483 **0/483832**
74.7.241.52 - - [29/Mar/2026:06:06:04 -0700] "GET /?fileloc=/home/falconiapl2015/.sucuriquarantine/home/falconiapl2015/public_html/wp-content/plugins/pro-elements/modules/flip-box/widgets/.htaccess_sucuribackup.17746063497344_1774606217cleanup&path=/home/falconiapl2015/.sucuriquarantine/home/falconiapl2015/public_html/wp-content/plugins/pro-elements/modules/flip-box/widgets HTTP/2.0" 403 3449 "https://www.falcon-ia.com/?path=/home/falconiapl2015/.sucuriquarantine/home/falconiapl2015/public_html/wp-content/plugins/pro-elements/modules/flip-box/widgets" "Mozilla/5.0 AppleWebKit/537.36 (KHTML, like Gecko; compatible; GPTBot/1.3; +https://openai.com/gptbot)" 501 **0/501110**
144.76.19.28 - - [29/Mar/2026:06:06:05 -0700] "GET /%C3%BCcretsiz-%C3%A7evrimi%C3%A7i-rulet-oyunu/?fileloc=/home/falconiapl2015/public_html/wp-load.php&path=/home/falconiapl2015/public_html HTTP/1.1" 200 4153 "-" "Mozilla/5.0 (compatible; SERankingBacklinksBot/1.0; +https://seranking.com/backlinks-crawler)" 491 **0/491532**
216.73.216.50 - - [29/Mar/2026:06:06:07 -0700] "GET /item/4189986004?fileloc=%2Fhome%2Ffalconiapl2015%2Fpublic_html%2Fimages%2Fimages%2FJhRQnZWfcPKNwVSXBlmL.mov&path=%2Fhome%2Ffalconiapl2015%2Fpublic_html%2Fimages%2Fimages HTTP/2.0" 200 4701 "-" "Mozilla/5.0 AppleWebKit/537.36 (KHTML, like Gecko; compatible; ClaudeBot/1.0; +claudebot@anthropic.com)" 490 **0/490025**
74.7.241.52 - - [29/Mar/2026:06:06:08 -0700] "GET /?fileloc=/home/falconiapl2015/.sucuriquarantine/home/falconiapl2015/public_html/wp-content/plugins/pro-elements/modules/checklist/.htaccess_sucuribackup.17746063489445_1774606217cleanup&path=/home/falconiapl2015/.sucuriquarantine/home/falconiapl2015/public_html/wp-content/plugins/pro-elements/modules/checklist HTTP/2.0" 403 3449 "https://www.falcon-ia.com/?path=/home/falconiapl2015/.sucuriquarantine/home/falconiapl2015/public_html/wp-content/plugins/pro-elements/modules/checklist" "Mozilla/5.0 AppleWebKit/537.36 (KHTML, like Gecko; compatible; GPTBot/1.3; +https://openai.com/gptbot)" 536 **0/536535**
185.191.171.11 - - [29/Mar/2026:06:06:09 -0700] "GET /commodity/bullets/salisbury171985157422 HTTP/1.1" 200 3956 "-" "Mozilla/5.0 (compatible; SemrushBot/7~bl; +http://www.semrush.com/bot.html)" 487 **0/487506**
