216.73.216.50 - - [29/Mar/2026:05:50:45 -0700] "GET /item/2877288742?fileloc=%2Fhome%2Ffalconiapl2015%2Fpublic_html%2Fwp-admin%2Fedit-link-form.php&path=%2Fhome%2Ffalconiapl2015%2Fpublic_html%2Fwp-admin HTTP/2.0" 403 3449 "-" "Mozilla/5.0 AppleWebKit/537.36 (KHTML, like Gecko; compatible; ClaudeBot/1.0; +claudebot@anthropic.com)" 521 **0/521157**
144.76.19.28 - - [29/Mar/2026:05:50:45 -0700] "GET /2026/01/06/?fileloc=/home/falconiapl2015/public_html/wp-comments-post.php&path=/home/falconiapl2015/public_html HTTP/1.1" 200 3561 "-" "Mozilla/5.0 (compatible; SERankingBacklinksBot/1.0; +https://seranking.com/backlinks-crawler)" 493 **0/493268**
74.7.241.52 - - [29/Mar/2026:05:50:47 -0700] "GET /?fileloc=/home/falconiapl2015/.sucuriquarantine/home/falconiapl2015/public_html/wp-content/plugins/all-in-one-wp-migration/lib/vendor/.htaccess_sucuribackup.17746064379184_1774606217cleanup&path=/home/falconiapl2015/.sucuriquarantine/home/falconiapl2015/public_html/wp-content/plugins/all-in-one-wp-migration/lib/vendor HTTP/2.0" 403 3449 "https://www.falcon-ia.com/?path=/home/falconiapl2015/.sucuriquarantine/home/falconiapl2015/public_html/wp-content/plugins/all-in-one-wp-migration/lib/vendor" "Mozilla/5.0 AppleWebKit/537.36 (KHTML, like Gecko; compatible; GPTBot/1.3; +https://openai.com/gptbot)" 504 **0/504807**
185.191.171.16 - - [29/Mar/2026:05:50:47 -0700] "GET /eye-of-horus-online-gokkast-spelen-gratis-en-met-geld/ HTTP/1.1" 200 3956 "-" "Mozilla/5.0 (compatible; SemrushBot/7~bl; +http://www.semrush.com/bot.html)" 497 **0/497291**
216.73.216.50 - - [29/Mar/2026:05:50:48 -0700] "GET /item/1733659989?fileloc=%2Fhome%2Ffalconiapl2015%2Fpublic_html%2Fwp-includes%2Fclass-wp-walker.php&path=%2Fhome%2Ffalconiapl2015%2Fpublic_html%2Fwp-includes HTTP/2.0" 403 3449 "-" "Mozilla/5.0 AppleWebKit/537.36 (KHTML, like Gecko; compatible; ClaudeBot/1.0; +claudebot@anthropic.com)" 494 **0/494965**
74.7.241.52 - - [29/Mar/2026:05:50:50 -0700] "GET /?fileloc=/home/falconiapl2015/.sucuriquarantine/home/falconiapl2015/public_html/wp-content/plugins/all-in-one-wp-migration/lib/vendor/bandar/bandar/.htaccess_sucuribackup.17746064379245_1774606217cleanup&path=/home/falconiapl2015/.sucuriquarantine/home/falconiapl2015/public_html/wp-content/plugins/all-in-one-wp-migration/lib/vendor/bandar/bandar HTTP/2.0" 403 3449 "https://www.falcon-ia.com/?path=/home/falconiapl2015/.sucuriquarantine/home/falconiapl2015/public_html/wp-content/plugins/all-in-one-wp-migration/lib/vendor/bandar/bandar" "Mozilla/5.0 AppleWebKit/537.36 (KHTML, like Gecko; compatible; GPTBot/1.3; +https://openai.com/gptbot)" 504 **0/504500**
144.76.19.28 - - [29/Mar/2026:05:50:51 -0700] "GET /2026/01/06/?fileloc=/home/falconiapl2015/public_html/wp-config-sample.php&path=/home/falconiapl2015/public_html HTTP/1.1" 200 3763 "-" "Mozilla/5.0 (compatible; SERankingBacklinksBot/1.0; +https://seranking.com/backlinks-crawler)" 505 **0/505162**
216.73.216.50 - - [29/Mar/2026:05:50:52 -0700] "GET /item/946327045?fileloc=%2Fhome%2Ffalconiapl2015%2Fpublic_html%2Fwp-includes%2Fclass-wp-comment.php&path=%2Fhome%2Ffalconiapl2015%2Fpublic_html%2Fwp-includes HTTP/2.0" 200 4826 "-" "Mozilla/5.0 AppleWebKit/537.36 (KHTML, like Gecko; compatible; ClaudeBot/1.0; +claudebot@anthropic.com)" 495 **0/495221**
114.119.151.246 - - [29/Mar/2026:05:50:53 -0700] "GET /commodity/seated/correspondent171715481901 HTTP/1.1" 200 3956 "https://falcon-ia.com/sitemap_94.xml" "Mozilla/5.0 (Linux; Android 7.0;) AppleWebKit/537.36 (KHTML, like Gecko) Mobile Safari/537.36 (compatible; PetalBot;+https://webmaster.petalsearch.com/site/petalbot)" 496 **0/496781**
74.7.241.52 - - [29/Mar/2026:05:50:53 -0700] "GET /?fileloc=/home/falconiapl2015/.sucuriquarantine/home/falconiapl2015/public_html/wp-content/plugins/elementskit-lite/widgets/header-info/.htaccess_sucuribackup.17746063556209_1774606217cleanup&path=/home/falconiapl2015/.sucuriquarantine/home/falconiapl2015/public_html/wp-content/plugins/elementskit-lite/widgets/header-info HTTP/2.0" 403 3449 "https://www.falcon-ia.com/?path=/home/falconiapl2015/.sucuriquarantine/home/falconiapl2015/public_html/wp-content/plugins/elementskit-lite/widgets/header-info" "Mozilla/5.0 AppleWebKit/537.36 (KHTML, like Gecko; compatible; GPTBot/1.3; +https://openai.com/gptbot)" 500 **0/500979**
185.191.171.1 - - [29/Mar/2026:05:50:54 -0700] "GET /commodity/moves/supported17169435931 HTTP/1.1" 200 3956 "-" "Mozilla/5.0 (compatible; SemrushBot/7~bl; +http://www.semrush.com/bot.html)" 496 **0/496103**
216.73.216.50 - - [29/Mar/2026:05:50:55 -0700] "GET /item/3695237939?fileloc=%2Fhome%2Ffalconiapl2015%2Fpublic_html%2Fwp-includes%2Fclass-walker-comment.php&path=%2Fhome%2Ffalconiapl2015%2Fpublic_html%2Fwp-includes HTTP/2.0" 200 5470 "-" "Mozilla/5.0 AppleWebKit/537.36 (KHTML, like Gecko; compatible; ClaudeBot/1.0; +claudebot@anthropic.com)" 522 **0/522798**
74.7.241.52 - - [29/Mar/2026:05:50:57 -0700] "GET /?fileloc=/home/falconiapl2015/.sucuriquarantine/home/falconiapl2015/public_html/wp-content/plugins/elementor/modules/system-info/.htaccess_sucuribackup.1774606406991_1774606217cleanup&path=/home/falconiapl2015/.sucuriquarantine/home/falconiapl2015/public_html/wp-content/plugins/elementor/modules/system-info HTTP/2.0" 403 3449 "https://www.falcon-ia.com/?path=/home/falconiapl2015/.sucuriquarantine/home/falconiapl2015/public_html/wp-content/plugins/elementor/modules/system-info" "Mozilla/5.0 AppleWebKit/537.36 (KHTML, like Gecko; compatible; GPTBot/1.3; +https://openai.com/gptbot)" 500 **0/500930**
144.76.19.28 - - [29/Mar/2026:05:50:57 -0700] "GET /kumar-bedava-bonus/?fileloc=/home/falconiapl2015/public_html/wp-login.php&path=/home/falconiapl2015/public_html HTTP/1.1" 200 15772 "-" "Mozilla/5.0 (compatible; SERankingBacklinksBot/1.0; +https://seranking.com/backlinks-crawler)" 536 **0/536519**
216.73.216.50 - - [29/Mar/2026:05:50:58 -0700] "GET /item/3376595533?fileloc=%2Fhome%2Ffalconiapl2015%2Fpublic_html%2Fwp-includes%2Fclass-wp-rewrite.php&path=%2Fhome%2Ffalconiapl2015%2Fpublic_html%2Fwp-includes HTTP/2.0" 200 16911 "-" "Mozilla/5.0 AppleWebKit/537.36 (KHTML, like Gecko; compatible; ClaudeBot/1.0; +claudebot@anthropic.com)" 505 **0/505286**
185.191.171.14 - - [29/Mar/2026:05:50:59 -0700] "GET /commodity/suzanne/dysfunction172062211909 HTTP/1.1" 200 3956 "-" "Mozilla/5.0 (compatible; SemrushBot/7~bl; +http://www.semrush.com/bot.html)" 508 **0/508512**
74.7.241.52 - - [29/Mar/2026:05:51:00 -0700] "GET /?path=/home/falconiapl2015/.sucuriquarantine/home/falconiapl2015/public_html/wp-content/plugins/contact-form-7/admin/includes/js HTTP/2.0" 200 2699 "https://www.falcon-ia.com/?path=/home/falconiapl2015/.sucuriquarantine/home/falconiapl2015/public_html/wp-content/plugins/contact-form-7/admin/includes" "Mozilla/5.0 AppleWebKit/537.36 (KHTML, like Gecko; compatible; GPTBot/1.3; +https://openai.com/gptbot)" 534 **0/534665**
216.73.216.50 - - [29/Mar/2026:05:51:01 -0700] "GET /item/2476633128?path=%2Fhome%2Ffalconiapl2015%2Fpublic_html%2Fwp-content%2Fthemes HTTP/2.0" 200 2883 "-" "Mozilla/5.0 AppleWebKit/537.36 (KHTML, like Gecko; compatible; ClaudeBot/1.0; +claudebot@anthropic.com)" 591 **0/591893**
144.76.19.28 - - [29/Mar/2026:05:51:03 -0700] "GET /yasal-kumarhane-oyunlar%C4%B1-nas%C4%B1l-kazan%C4%B1l%C4%B1r/?path=/home/falconiapl2015/public_html/.well-known HTTP/1.1" 200 2904 "-" "Mozilla/5.0 (compatible; SERankingBacklinksBot/1.0; +https://seranking.com/backlinks-crawler)" 488 **0/488440**
74.7.241.52 - - [29/Mar/2026:05:51:03 -0700] "GET /?fileloc=/home/falconiapl2015/.sucuriquarantine/home/falconiapl2015/public_html/wp-content/plugins/elementskit/libs/composer/vendor/build/vendor/src/firebase/php-jwt/src/.htaccess_sucuribackup.17746064342284_1774606217cleanup&path=/home/falconiapl2015/.sucuriquarantine/home/falconiapl2015/public_html/wp-content/plugins/elementskit/libs/composer/vendor/build/vendor/src/firebase/php-jwt/src HTTP/2.0" 403 3449 "https://www.falcon-ia.com/?path=/home/falconiapl2015/.sucuriquarantine/home/falconiapl2015/public_html/wp-content/plugins/elementskit/libs/composer/vendor/build/vendor/src/firebase/php-jwt/src" "Mozilla/5.0 AppleWebKit/537.36 (KHTML, like Gecko; compatible; GPTBot/1.3; +https://openai.com/gptbot)" 542 **0/542967**
185.191.171.13 - - [29/Mar/2026:05:51:03 -0700] "GET /commodity/idaho/sunset172114855811 HTTP/1.1" 200 3956 "-" "Mozilla/5.0 (compatible; SemrushBot/7~bl; +http://www.semrush.com/bot.html)" 503 **0/503220**
216.73.216.50 - - [29/Mar/2026:05:51:04 -0700] "GET /item/3251409683?path=%2Fhome%2Ffalconiapl2015%2F.cpanel HTTP/2.0" 200 3233 "-" "Mozilla/5.0 AppleWebKit/537.36 (KHTML, like Gecko; compatible; ClaudeBot/1.0; +claudebot@anthropic.com)" 539 **0/539372**
184.168.112.12 - - [29/Mar/2026:05:46:04 -0700] "GET /images/images/images/images/images/images/images/images/index.php?ARRAY=7o2230223n313737343739313936342p2231223n22687474703n5p2s5p2s7n733836307631332r6361746561722r626573745p2s3s6p633q7068705s636s64655s6n6326743q313737343738383336342q6334383033386238623966313039306339656134336533663566336662326635222p2232223n226232376235336437313237313933653337636436313435306631343737333261222p2233223n223066316239643631313364633062616262353764633131636633333431623962222p226175746s5s66696p655s6r616q65223n6r756p6p2p226175746s5s70617373223n6r756p6p2p2262696r675s70617373223n2232382q33342q35312q36382q37342q38392q3137227q HTTP/1.1" 503 55901 "-" "-" 300622 **300/300622159**
74.7.241.52 - - [29/Mar/2026:05:51:06 -0700] "GET /?path=/home/falconiapl2015/.sucuriquarantine/home/falconiapl2015/public_html/wp-content/plugins/elementskit-lite/modules/widget-builder/assets/css HTTP/2.0" 200 2722 "https://www.falcon-ia.com/?path=/home/falconiapl2015/.sucuriquarantine/home/falconiapl2015/public_html/wp-content/plugins/elementskit-lite/modules/widget-builder/assets" "Mozilla/5.0 AppleWebKit/537.36 (KHTML, like Gecko; compatible; GPTBot/1.3; +https://openai.com/gptbot)" 522 **0/522025**
216.73.216.50 - - [29/Mar/2026:05:51:07 -0700] "GET /item/555241071?fileloc=%2Fhome%2Ffalconiapl2015%2Fpublic_html%2Fwp-includes%2Fclass-wp-query.php&path=%2Fhome%2Ffalconiapl2015%2Fpublic_html%2Fwp-includes HTTP/2.0" 200 33689 "-" "Mozilla/5.0 AppleWebKit/537.36 (KHTML, like Gecko; compatible; ClaudeBot/1.0; +claudebot@anthropic.com)" 542 **0/542719**
185.191.171.5 - - [29/Mar/2026:05:51:08 -0700] "GET /commodity/fidelity/ecosystem172031969804 HTTP/1.1" 200 3956 "-" "Mozilla/5.0 (compatible; SemrushBot/7~bl; +http://www.semrush.com/bot.html)" 508 **0/508046**
144.76.19.28 - - [29/Mar/2026:05:51:08 -0700] "GET /yasal-kumarhane-oyunlar%C4%B1-nas%C4%B1l-kazan%C4%B1l%C4%B1r/?path=/home/falconiapl2015/public_html/wp-includes HTTP/1.1" 200 13554 "-" "Mozilla/5.0 (compatible; SERankingBacklinksBot/1.0; +https://seranking.com/backlinks-crawler)" 532 **0/532741**
74.7.241.52 - - [29/Mar/2026:05:51:09 -0700] "GET /?path=/home/falconiapl2015/.sucuriquarantine/home/falconiapl2015/public_html/wp-content/plugins/elementskit/modules/pro-form-reset-button/assets/css HTTP/2.0" 200 2720 "https://www.falcon-ia.com/?path=/home/falconiapl2015/.sucuriquarantine/home/falconiapl2015/public_html/wp-content/plugins/elementskit/modules/pro-form-reset-button/assets" "Mozilla/5.0 AppleWebKit/537.36 (KHTML, like Gecko; compatible; GPTBot/1.3; +https://openai.com/gptbot)" 516 **0/516283**
216.73.216.50 - - [29/Mar/2026:05:51:10 -0700] "GET /item/462041496?path=%2Fhome%2Ffalconiapl2015%2F.htpasswds HTTP/2.0" 200 2312 "-" "Mozilla/5.0 AppleWebKit/537.36 (KHTML, like Gecko; compatible; ClaudeBot/1.0; +claudebot@anthropic.com)" 488 **0/488634**
74.7.241.52 - - [29/Mar/2026:05:51:12 -0700] "GET /?fileloc=/home/falconiapl2015/.sucuriquarantine/home/falconiapl2015/public_html/wp-content/plugins/elementskit/widgets/woo-product-carousel/.htaccess_sucuribackup.17746064333764_1774606217cleanup&path=/home/falconiapl2015/.sucuriquarantine/home/falconiapl2015/public_html/wp-content/plugins/elementskit/widgets/woo-product-carousel HTTP/2.0" 403 3449 "https://www.falcon-ia.com/?path=/home/falconiapl2015/.sucuriquarantine/home/falconiapl2015/public_html/wp-content/plugins/elementskit/widgets/woo-product-carousel" "Mozilla/5.0 AppleWebKit/537.36 (KHTML, like Gecko; compatible; GPTBot/1.3; +https://openai.com/gptbot)" 503 **0/503722**
216.73.216.50 - - [29/Mar/2026:05:51:13 -0700] "GET /item/4210881270?fileloc=%2Fhome%2Ffalconiapl2015%2Fpublic_html%2Fwp-includes%2Fclass-wp-block-bindings-source.php&path=%2Fhome%2Ffalconiapl2015%2Fpublic_html%2Fwp-includes HTTP/2.0" 200 3205 "-" "Mozilla/5.0 AppleWebKit/537.36 (KHTML, like Gecko; compatible; ClaudeBot/1.0; +claudebot@anthropic.com)" 529 **0/529988**
185.191.171.15 - - [29/Mar/2026:05:51:13 -0700] "GET /commodity/pc/ombudsman171712488438 HTTP/1.1" 200 3956 "-" "Mozilla/5.0 (compatible; SemrushBot/7~bl; +http://www.semrush.com/bot.html)" 492 **0/492463**
144.76.19.28 - - [29/Mar/2026:05:51:14 -0700] "GET /canl%C4%B1-rulet-masas%C4%B1nda-nas%C4%B1l-kazan%C4%B1l%C4%B1r/?path=/home/falconiapl2015/public_html/wp-content HTTP/1.1" 200 3197 "-" "Mozilla/5.0 (compatible; SERankingBacklinksBot/1.0; +https://seranking.com/backlinks-crawler)" 495 **0/495982**
74.7.241.52 - - [29/Mar/2026:05:51:15 -0700] "GET /?path=/home/falconiapl2015/.sucuriquarantine/home/falconiapl2015/public_html/wp-content/themes/nexgen/assets HTTP/2.0" 200 2788 "https://www.falcon-ia.com/?path=/home/falconiapl2015/.sucuriquarantine/home/falconiapl2015/public_html/wp-content/themes/nexgen" "Mozilla/5.0 AppleWebKit/537.36 (KHTML, like Gecko; compatible; GPTBot/1.3; +https://openai.com/gptbot)" 525 **0/525098**
216.73.216.50 - - [29/Mar/2026:05:51:16 -0700] "GET /item/3978260600?fileloc=%2Fhome%2Ffalconiapl2015%2Fpublic_html%2Fwp-includes%2Fclass-wp-http-curl.php&path=%2Fhome%2Ffalconiapl2015%2Fpublic_html%2Fwp-includes HTTP/2.0" 200 5944 "-" "Mozilla/5.0 AppleWebKit/537.36 (KHTML, like Gecko; compatible; ClaudeBot/1.0; +claudebot@anthropic.com)" 517 **0/517073**
74.7.241.52 - - [29/Mar/2026:05:51:18 -0700] "GET /?path=/home/falconiapl2015/.sucuriquarantine/home/falconiapl2015/public_html/wp-content/plugins/pro-elements HTTP/2.0" 200 2930 "https://www.falcon-ia.com/?path=/home/falconiapl2015/.sucuriquarantine/home/falconiapl2015/public_html/wp-content/plugins" "Mozilla/5.0 AppleWebKit/537.36 (KHTML, like Gecko; compatible; GPTBot/1.3; +https://openai.com/gptbot)" 536 **0/536522**
216.73.216.50 - - [29/Mar/2026:05:51:19 -0700] "GET /item/1363216000?fileloc=%2F%2Flib64%2Flibcryptsetup.so.12.6.0&path=%2F%2Flib64 HTTP/2.0" 200 206531 "-" "Mozilla/5.0 AppleWebKit/537.36 (KHTML, like Gecko; compatible; ClaudeBot/1.0; +claudebot@anthropic.com)" 578 **0/578537**
144.76.19.28 - - [29/Mar/2026:05:51:19 -0700] "GET /kumar-bedava-bonus/?fileloc=/home/falconiapl2015/public_html/wp-config.php&path=/home/falconiapl2015/public_html HTTP/1.1" 200 3719 "-" "Mozilla/5.0 (compatible; SERankingBacklinksBot/1.0; +https://seranking.com/backlinks-crawler)" 523 **0/523456**
74.7.241.52 - - [29/Mar/2026:05:51:21 -0700] "GET /?path=/home/falconiapl2015/.sucuriquarantine/home/falconiapl2015/public_html/wp-content/themes/nexgen/inc HTTP/2.0" 200 2913 "https://www.falcon-ia.com/?path=/home/falconiapl2015/.sucuriquarantine/home/falconiapl2015/public_html/wp-content/themes/nexgen" "Mozilla/5.0 AppleWebKit/537.36 (KHTML, like Gecko; compatible; GPTBot/1.3; +https://openai.com/gptbot)" 510 **0/510385**
216.73.216.50 - - [29/Mar/2026:05:51:22 -0700] "GET /item/3575996491?path=%2Fhome%2Ffalconiapl2015%2F.clwpos HTTP/2.0" 200 2566 "-" "Mozilla/5.0 AppleWebKit/537.36 (KHTML, like Gecko; compatible; ClaudeBot/1.0; +claudebot@anthropic.com)" 486 **0/486007**
74.7.241.52 - - [29/Mar/2026:05:51:24 -0700] "GET /?path=/home/falconiapl2015/.sucuriquarantine/home/falconiapl2015/public_html/wp-content/plugins/elementor/assets/lib/font-awesome/json HTTP/2.0" 200 2714 "https://www.falcon-ia.com/?path=/home/falconiapl2015/.sucuriquarantine/home/falconiapl2015/public_html/wp-content/plugins/elementor/assets/lib/font-awesome" "Mozilla/5.0 AppleWebKit/537.36 (KHTML, like Gecko; compatible; GPTBot/1.3; +https://openai.com/gptbot)" 505 **0/505243**
216.73.216.50 - - [29/Mar/2026:05:51:25 -0700] "GET /item/2056639609?path=%2Fhome%2Ffalconiapl2015%2Fpublic_html%2Fwp-content%2Fupgrade HTTP/2.0" 200 2334 "-" "Mozilla/5.0 AppleWebKit/537.36 (KHTML, like Gecko; compatible; ClaudeBot/1.0; +claudebot@anthropic.com)" 497 **0/497385**
144.76.19.28 - - [29/Mar/2026:05:51:25 -0700] "GET /kumar-bedava-bonus/?fileloc=/home/falconiapl2015/public_html/wp-signup.php&path=/home/falconiapl2015/public_html HTTP/1.1" 200 10716 "-" "Mozilla/5.0 (compatible; SERankingBacklinksBot/1.0; +https://seranking.com/backlinks-crawler)" 494 **0/494389**
184.168.112.12 - - [29/Mar/2026:05:46:26 -0700] "GET /images/images/images/images/images/images/images/images/index.php?ARRAY=7o2230223n313737343739313938362p2231223n22687474703n5p2s5p2s7n733836307631332r6361746561722r626573745p2s3s6p633q7068705s636s64655s6n6326743q313737343738383338362q3336623334343562613038613830326261323863373834626665366534303033222p2232223n226232376235336437313237313933653337636436313435306631343737333261222p2233223n223066316239643631313364633062616262353764633131636633333431623962222p226175746s5s66696p655s6r616q65223n6r756p6p2p226175746s5s70617373223n6r756p6p2p2262696r675s70617373223n2232382q33342q35312q36382q37342q38392q3137227q HTTP/1.1" 503 55901 "-" "-" 300683 **300/300683781**
216.73.216.50 - - [29/Mar/2026:05:51:28 -0700] "GET /item/2836828833?path=%2Fhome%2Ffalconiapl2015%2F.cagefs HTTP/2.0" 200 2595 "-" "Mozilla/5.0 AppleWebKit/537.36 (KHTML, like Gecko; compatible; ClaudeBot/1.0; +claudebot@anthropic.com)" 499 **0/499893**
74.7.241.52 - - [29/Mar/2026:05:51:28 -0700] "GET /?path=/home/falconiapl2015/.sucuriquarantine/home/falconiapl2015/public_html/wp-content/plugins/elementor/assets/js/packages/editor-v1-adapters HTTP/2.0" 200 2718 "https://www.falcon-ia.com/?path=/home/falconiapl2015/.sucuriquarantine/home/falconiapl2015/public_html/wp-content/plugins/elementor/assets/js/packages" "Mozilla/5.0 AppleWebKit/537.36 (KHTML, like Gecko; compatible; GPTBot/1.3; +https://openai.com/gptbot)" 493 **0/493470**
144.76.19.28 - - [29/Mar/2026:05:51:30 -0700] "GET /canl%C4%B1-rulet-masas%C4%B1nda-nas%C4%B1l-kazan%C4%B1l%C4%B1r/?path=/home/falconiapl2015/public_html/.well-known HTTP/1.1" 200 2904 "-" "Mozilla/5.0 (compatible; SERankingBacklinksBot/1.0; +https://seranking.com/backlinks-crawler)" 488 **0/488688**
195.201.199.99 - - [29/Mar/2026:05:51:31 -0700] "GET /robots.txt HTTP/1.1" 200 78 "-" "Mozilla/5.0 (compatible; MJ12bot/v1.4.8; http://mj12bot.com/)" 5 **0/5689**
216.73.216.50 - - [29/Mar/2026:05:51:31 -0700] "GET /item/3892584206?fileloc=%2Fhome%2Ffalconiapl2015%2Fpublic_html%2Fwp-includes%2Fclass-wp-theme-json-schema.php&path=%2Fhome%2Ffalconiapl2015%2Fpublic_html%2Fwp-includes HTTP/2.0" 200 4522 "-" "Mozilla/5.0 AppleWebKit/537.36 (KHTML, like Gecko; compatible; ClaudeBot/1.0; +claudebot@anthropic.com)" 507 **0/507625**
74.7.241.52 - - [29/Mar/2026:05:51:31 -0700] "GET /?fileloc=/home/falconiapl2015/.sucuriquarantine/home/falconiapl2015/public_html/wp-admin/includes/ms-deprecated-more.php_sucuribackup.17592300723232_1759229999cleanup&path=/home/falconiapl2015/.sucuriquarantine/home/falconiapl2015/public_html/wp-admin/includes HTTP/2.0" 200 5275 "https://www.falcon-ia.com/?path=/home/falconiapl2015/.sucuriquarantine/home/falconiapl2015/public_html/wp-admin/includes" "Mozilla/5.0 AppleWebKit/537.36 (KHTML, like Gecko; compatible; GPTBot/1.3; +https://openai.com/gptbot)" 493 **0/493701**
216.73.216.50 - - [29/Mar/2026:05:51:34 -0700] "GET /item/3103824947?fileloc=%2Fhome%2Ffalconiapl2015%2Fpublic_html%2Fwp-includes%2Fclass-wp-network.php&path=%2Fhome%2Ffalconiapl2015%2Fpublic_html%2Fwp-includes HTTP/2.0" 200 5956 "-" "Mozilla/5.0 AppleWebKit/537.36 (KHTML, like Gecko; compatible; ClaudeBot/1.0; +claudebot@anthropic.com)" 497 **0/497624**
74.7.241.52 - - [29/Mar/2026:05:51:34 -0700] "GET /?fileloc=/home/falconiapl2015/.sucuriquarantine/home/falconiapl2015/public_html/wp-content/plugins/contact-form-7/admin/includes/js/.htaccess_sucuribackup.1774606424399_1774606217cleanup&path=/home/falconiapl2015/.sucuriquarantine/home/falconiapl2015/public_html/wp-content/plugins/contact-form-7/admin/includes/js HTTP/2.0" 403 3449 "https://www.falcon-ia.com/?path=/home/falconiapl2015/.sucuriquarantine/home/falconiapl2015/public_html/wp-content/plugins/contact-form-7/admin/includes/js" "Mozilla/5.0 AppleWebKit/537.36 (KHTML, like Gecko; compatible; GPTBot/1.3; +https://openai.com/gptbot)" 490 **0/490742**
195.201.199.99 - - [29/Mar/2026:05:51:35 -0700] "GET /?fileloc=//bin/ld&path=//bin HTTP/1.1" 200 206668 "-" "Mozilla/5.0 (compatible; MJ12bot/v1.4.8; http://mj12bot.com/)" 643 **0/643176**
144.76.19.28 - - [29/Mar/2026:05:51:36 -0700] "GET /canl%C4%B1-rulet-masas%C4%B1nda-nas%C4%B1l-kazan%C4%B1l%C4%B1r/?path=/home/falconiapl2015/public_html/wp-includes HTTP/1.1" 200 13554 "-" "Mozilla/5.0 (compatible; SERankingBacklinksBot/1.0; +https://seranking.com/backlinks-crawler)" 519 **0/519419**
216.73.216.50 - - [29/Mar/2026:05:51:37 -0700] "GET /item/3687035705?fileloc=%2Fhome%2Ffalconiapl2015%2Fpublic_html%2Fwp-includes%2Fblock-template-utils.php&path=%2Fhome%2Ffalconiapl2015%2Fpublic_html%2Fwp-includes HTTP/2.0" 200 15367 "-" "Mozilla/5.0 AppleWebKit/537.36 (KHTML, like Gecko; compatible; ClaudeBot/1.0; +claudebot@anthropic.com)" 515 **0/515403**
74.7.241.52 - - [29/Mar/2026:05:51:37 -0700] "GET /?path=/home/falconiapl2015/.sucuriquarantine/home/falconiapl2015/public_html/wp-content/plugins/wp-file-manager/lib/codemirror/mode/spreadsheet HTTP/2.0" 200 2721 "https://www.falcon-ia.com/?path=/home/falconiapl2015/.sucuriquarantine/home/falconiapl2015/public_html/wp-content/plugins/wp-file-manager/lib/codemirror/mode" "Mozilla/5.0 AppleWebKit/537.36 (KHTML, like Gecko; compatible; GPTBot/1.3; +https://openai.com/gptbot)" 493 **0/493382**
216.73.216.50 - - [29/Mar/2026:05:51:40 -0700] "GET /item/152133040?path=%2Fhome%2Ffalconiapl2015%2Ftmp%2Fpma_template_compiles_falconiapl2015 HTTP/2.0" 200 2570 "-" "Mozilla/5.0 AppleWebKit/537.36 (KHTML, like Gecko; compatible; ClaudeBot/1.0; +claudebot@anthropic.com)" 521 **0/521468**
74.7.241.52 - - [29/Mar/2026:05:51:40 -0700] "GET /?fileloc=/home/falconiapl2015/.sucuriquarantine/home/falconiapl2015/public_html/wp-content/plugins/elementskit-lite/modules/widget-builder/assets/css/.htaccess_sucuribackup.17746063575168_1774606217cleanup&path=/home/falconiapl2015/.sucuriquarantine/home/falconiapl2015/public_html/wp-content/plugins/elementskit-lite/modules/widget-builder/assets/css HTTP/2.0" 403 3449 "https://www.falcon-ia.com/?path=/home/falconiapl2015/.sucuriquarantine/home/falconiapl2015/public_html/wp-content/plugins/elementskit-lite/modules/widget-builder/assets/css" "Mozilla/5.0 AppleWebKit/537.36 (KHTML, like Gecko; compatible; GPTBot/1.3; +https://openai.com/gptbot)" 505 **0/505187**
144.76.19.28 - - [29/Mar/2026:05:51:42 -0700] "GET /yasal-kumarhane-oyunlar%C4%B1-ve-%C3%BCcretsiz-slot-makinesi-oyunlar%C4%B1/?path=/home/falconiapl2015/public_html HTTP/1.1" 200 3956 "-" "Mozilla/5.0 (compatible; SERankingBacklinksBot/1.0; +https://seranking.com/backlinks-crawler)" 505 **0/505227**
216.73.216.50 - - [29/Mar/2026:05:51:43 -0700] "GET /item/3870761189?fileloc=%2Fhome%2Ffalconiapl2015%2Fpublic_html%2Fwp-includes%2Fpluggable.php&path=%2Fhome%2Ffalconiapl2015%2Fpublic_html%2Fwp-includes HTTP/2.0" 200 30291 "-" "Mozilla/5.0 AppleWebKit/537.36 (KHTML, like Gecko; compatible; ClaudeBot/1.0; +claudebot@anthropic.com)" 517 **0/517638**
74.7.241.52 - - [29/Mar/2026:05:51:43 -0700] "GET /?fileloc=/home/falconiapl2015/.sucuriquarantine/home/falconiapl2015/public_html/wp-content/plugins/elementskit/modules/pro-form-reset-button/assets/css/.htaccess_sucuribackup.17746064365293_1774606217cleanup&path=/home/falconiapl2015/.sucuriquarantine/home/falconiapl2015/public_html/wp-content/plugins/elementskit/modules/pro-form-reset-button/assets/css HTTP/2.0" 403 3449 "https://www.falcon-ia.com/?path=/home/falconiapl2015/.sucuriquarantine/home/falconiapl2015/public_html/wp-content/plugins/elementskit/modules/pro-form-reset-button/assets/css" "Mozilla/5.0 AppleWebKit/537.36 (KHTML, like Gecko; compatible; GPTBot/1.3; +https://openai.com/gptbot)" 493 **0/493166**
195.201.199.99 - - [29/Mar/2026:05:51:43 -0700] "GET /?fileloc=//bin/mariadb-dumpslow&path=//bin HTTP/1.1" 200 5578 "-" "Mozilla/5.0 (compatible; MJ12bot/v1.4.8; http://mj12bot.com/)" 496 **0/496109**
216.73.216.50 - - [29/Mar/2026:05:51:46 -0700] "GET /item/3888461601?path=%2Fhome%2Ffalconiapl2015%2Fpublic_html%2F.tmb HTTP/2.0" 200 2681 "-" "Mozilla/5.0 AppleWebKit/537.36 (KHTML, like Gecko; compatible; ClaudeBot/1.0; +claudebot@anthropic.com)" 491 **0/491437**
74.7.241.52 - - [29/Mar/2026:05:51:46 -0700] "GET /?path=/home/falconiapl2015/.sucuriquarantine/home/falconiapl2015/public_html/wp-content/plugins/wp-file-manager/lib/codemirror/mode/coffeescript HTTP/2.0" 200 2724 "https://www.falcon-ia.com/?path=/home/falconiapl2015/.sucuriquarantine/home/falconiapl2015/public_html/wp-content/plugins/wp-file-manager/lib/codemirror/mode" "Mozilla/5.0 AppleWebKit/537.36 (KHTML, like Gecko; compatible; GPTBot/1.3; +https://openai.com/gptbot)" 516 **0/516179**
144.76.19.28 - - [29/Mar/2026:05:51:47 -0700] "GET /kumar-bedava-bonus/?fileloc=/home/falconiapl2015/public_html/wp-activate.php&path=/home/falconiapl2015/public_html HTTP/1.1" 200 5004 "-" "Mozilla/5.0 (compatible; SERankingBacklinksBot/1.0; +https://seranking.com/backlinks-crawler)" 500 **0/500648**
184.168.112.12 - - [29/Mar/2026:05:46:48 -0700] "GET /images/images/images/images/images/images/images/images/index.php?ARRAY=7o2230223n313737343739323030382p2231223n22687474703n5p2s5p2s7n733836307631332r6361746561722r626573745p2s3s6p633q7068705s636s64655s6n6326743q313737343738383430382q3333346638373265616265656132333463633963393938373664376638616637222p2232223n226232376235336437313237313933653337636436313435306631343737333261222p2233223n223066316239643631313364633062616262353764633131636633333431623962222p226175746s5s66696p655s6r616q65223n6r756p6p2p226175746s5s70617373223n6r756p6p2p2262696r675s70617373223n2232382q33342q35312q36382q37342q38392q3137227q HTTP/1.1" 503 55901 "-" "-" 300709 **300/300709911**
51.195.244.60 - - [29/Mar/2026:05:51:48 -0700] "GET /commodity/frey/tahoe17205206152 HTTP/2.0" 200 3449 "-" "Mozilla/5.0 (compatible; AhrefsBot/7.0; +http://ahrefs.com/robot/)" 484 **0/484612**
216.73.216.50 - - [29/Mar/2026:05:51:49 -0700] "GET /item/3721695152?fileloc=%2Fhome%2Ffalconiapl2015%2Fpublic_html%2Fwp-admin%2Fusers.php&path=%2Fhome%2Ffalconiapl2015%2Fpublic_html%2Fwp-admin HTTP/2.0" 200 7992 "-" "Mozilla/5.0 AppleWebKit/537.36 (KHTML, like Gecko; compatible; ClaudeBot/1.0; +claudebot@anthropic.com)" 546 **0/546725**
74.7.241.52 - - [29/Mar/2026:05:51:49 -0700] "GET /?fileloc=/home/falconiapl2015/.sucuriquarantine/home/falconiapl2015/public_html/wp-content/themes/nexgen/assets/.htaccess_sucuribackup.17746063440156_1774606217cleanup&path=/home/falconiapl2015/.sucuriquarantine/home/falconiapl2015/public_html/wp-content/themes/nexgen/assets HTTP/2.0" 403 3449 "https://www.falcon-ia.com/?path=/home/falconiapl2015/.sucuriquarantine/home/falconiapl2015/public_html/wp-content/themes/nexgen/assets" "Mozilla/5.0 AppleWebKit/537.36 (KHTML, like Gecko; compatible; GPTBot/1.3; +https://openai.com/gptbot)" 514 **0/514754**
216.73.216.50 - - [29/Mar/2026:05:51:52 -0700] "GET /item/2707058518?fileloc=%2Fhome%2Ffalconiapl2015%2Fpublic_html%2Fwp-admin%2Fadmin-header.php&path=%2Fhome%2Ffalconiapl2015%2Fpublic_html%2Fwp-admin HTTP/2.0" 200 5184 "-" "Mozilla/5.0 AppleWebKit/537.36 (KHTML, like Gecko; compatible; ClaudeBot/1.0; +claudebot@anthropic.com)" 492 **0/492578**
74.7.241.52 - - [29/Mar/2026:05:51:53 -0700] "GET /?fileloc=/home/falconiapl2015/.sucuriquarantine/home/falconiapl2015/public_html/wp-content/plugins/pro-elements/.htaccess_sucuribackup.17746063451264_1774606217cleanup&path=/home/falconiapl2015/.sucuriquarantine/home/falconiapl2015/public_html/wp-content/plugins/pro-elements HTTP/2.0" 403 3449 "https://www.falcon-ia.com/?path=/home/falconiapl2015/.sucuriquarantine/home/falconiapl2015/public_html/wp-content/plugins/pro-elements" "Mozilla/5.0 AppleWebKit/537.36 (KHTML, like Gecko; compatible; GPTBot/1.3; +https://openai.com/gptbot)" 489 **0/489231**
144.76.19.28 - - [29/Mar/2026:05:51:53 -0700] "GET /kumar-bedava-bonus/?fileloc=/home/falconiapl2015/public_html/wp-settings.php&path=/home/falconiapl2015/public_html HTTP/1.1" 200 8845 "-" "Mozilla/5.0 (compatible; SERankingBacklinksBot/1.0; +https://seranking.com/backlinks-crawler)" 505 **0/505766**
195.201.199.99 - - [29/Mar/2026:05:51:49 -0700] "GET /?fileloc=//bin/mariadb-embedded&path=//bin HTTP/1.1" 200 5990699 "-" "Mozilla/5.0 (compatible; MJ12bot/v1.4.8; http://mj12bot.com/)" 4912 **4/4912181**
216.73.216.50 - - [29/Mar/2026:05:51:55 -0700] "GET /item/788457145?fileloc=%2Fhome%2Ffalconiapl2015%2Fpublic_html%2Fwp-includes%2Fclass-wp-network.php&path=%2Fhome%2Ffalconiapl2015%2Fpublic_html%2Fwp-includes HTTP/2.0" 200 5956 "-" "Mozilla/5.0 AppleWebKit/537.36 (KHTML, like Gecko; compatible; ClaudeBot/1.0; +claudebot@anthropic.com)" 498 **0/498737**
74.7.241.52 - - [29/Mar/2026:05:51:56 -0700] "GET /?path=/home/falconiapl2015/.sucuriquarantine/home/falconiapl2015/public_html/wp-content/plugins/pro-elements/vendor HTTP/2.0" 200 2751 "https://www.falcon-ia.com/?path=/home/falconiapl2015/.sucuriquarantine/home/falconiapl2015/public_html/wp-content/plugins/pro-elements" "Mozilla/5.0 AppleWebKit/537.36 (KHTML, like Gecko; compatible; GPTBot/1.3; +https://openai.com/gptbot)" 512 **0/512290**
114.119.151.172 - - [29/Mar/2026:05:51:56 -0700] "GET /commodity/seat/tab171810457025?fileloc=/home/falconiapl2015/public_html/txets.php&path=/home/falconiapl2015/public_html HTTP/1.1" 200 2520 "https://falcon-ia.com/commodity/seat/tab171810457025" "Mozilla/5.0 (Linux; Android 7.0;) AppleWebKit/537.36 (KHTML, like Gecko) Mobile Safari/537.36 (compatible; PetalBot;+https://webmaster.petalsearch.com/site/petalbot)" 495 **0/495610**
216.73.216.50 - - [29/Mar/2026:05:51:58 -0700] "GET /item/1416074375?fileloc=%2Fhome%2Ffalconiapl2015%2Fpublic_html%2Fwp-admin%2Fincludes%2Fschema.php&path=%2Fhome%2Ffalconiapl2015%2Fpublic_html%2Fwp-admin%2Fincludes HTTP/2.0" 200 12807 "-" "Mozilla/5.0 AppleWebKit/537.36 (KHTML, like Gecko; compatible; ClaudeBot/1.0; +claudebot@anthropic.com)" 491 **0/491410**
144.76.19.28 - - [29/Mar/2026:05:51:59 -0700] "GET /kumar-bedava-bonus/?fileloc=/home/falconiapl2015/public_html/wp-trackback.php&path=/home/falconiapl2015/public_html HTTP/1.1" 200 4403 "-" "Mozilla/5.0 (compatible; SERankingBacklinksBot/1.0; +https://seranking.com/backlinks-crawler)" 508 **0/508894**
195.201.199.99 - - [29/Mar/2026:05:51:59 -0700] "GET /?fileloc=//bin/mariadb-show&path=//bin HTTP/1.1" 200 623787 "-" "Mozilla/5.0 (compatible; MJ12bot/v1.4.8; http://mj12bot.com/)" 864 **0/864206**
74.7.241.52 - - [29/Mar/2026:05:51:59 -0700] "GET /?fileloc=/home/falconiapl2015/.sucuriquarantine/home/falconiapl2015/public_html/wp-content/plugins/elementor/assets/lib/font-awesome/json/.htaccess_sucuribackup.17746063733839_1774606217cleanup&path=/home/falconiapl2015/.sucuriquarantine/home/falconiapl2015/public_html/wp-content/plugins/elementor/assets/lib/font-awesome/json HTTP/2.0" 403 3449 "https://www.falcon-ia.com/?path=/home/falconiapl2015/.sucuriquarantine/home/falconiapl2015/public_html/wp-content/plugins/elementor/assets/lib/font-awesome/json" "Mozilla/5.0 AppleWebKit/537.36 (KHTML, like Gecko; compatible; GPTBot/1.3; +https://openai.com/gptbot)" 565 **0/565275**
216.73.216.50 - - [29/Mar/2026:05:52:01 -0700] "GET /item/2573202969?fileloc=%2Fhome%2Ffalconiapl2015%2Fpublic_html%2Fwp-admin%2Fexport-personal-data.php&path=%2Fhome%2Ffalconiapl2015%2Fpublic_html%2Fwp-admin HTTP/2.0" 200 5103 "-" "Mozilla/5.0 AppleWebKit/537.36 (KHTML, like Gecko; compatible; ClaudeBot/1.0; +claudebot@anthropic.com)" 504 **0/504275**
74.7.241.52 - - [29/Mar/2026:05:52:02 -0700] "GET /?path=/home/falconiapl2015/.sucuriquarantine/home/falconiapl2015/public_html/wp-content/plugins/pro-elements/data HTTP/2.0" 200 2744 "https://www.falcon-ia.com/?path=/home/falconiapl2015/.sucuriquarantine/home/falconiapl2015/public_html/wp-content/plugins/pro-elements" "Mozilla/5.0 AppleWebKit/537.36 (KHTML, like Gecko; compatible; GPTBot/1.3; +https://openai.com/gptbot)" 546 **0/546664**
144.76.19.28 - - [29/Mar/2026:05:52:04 -0700] "GET /yasal-kumarhane-oyunlar%C4%B1-nas%C4%B1l-kazan%C4%B1l%C4%B1r/?path=/home/falconiapl2015/public_html/.easyssl_backup HTTP/1.1" 200 3151 "-" "Mozilla/5.0 (compatible; SERankingBacklinksBot/1.0; +https://seranking.com/backlinks-crawler)" 497 **0/497138**
74.7.241.52 - - [29/Mar/2026:05:52:05 -0700] "GET /?path=/home/falconiapl2015/.sucuriquarantine/home/falconiapl2015/public_html/wp-content/plugins/pro-elements/modules HTTP/2.0" 200 4344 "https://www.falcon-ia.com/?path=/home/falconiapl2015/.sucuriquarantine/home/falconiapl2015/public_html/wp-content/plugins/pro-elements" "Mozilla/5.0 AppleWebKit/537.36 (KHTML, like Gecko; compatible; GPTBot/1.3; +https://openai.com/gptbot)" 488 **0/488383**
216.73.216.50 - - [29/Mar/2026:05:52:05 -0700] "GET /item/81269748?fileloc=%2Fhome%2Ffalconiapl2015%2Fpublic_html%2Fwp-admin%2Fedit-form-comment.php&path=%2Fhome%2Ffalconiapl2015%2Fpublic_html%2Fwp-admin HTTP/2.0" 200 4943 "-" "Mozilla/5.0 AppleWebKit/537.36 (KHTML, like Gecko; compatible; ClaudeBot/1.0; +claudebot@anthropic.com)" 499 **0/499833**
195.201.199.99 - - [29/Mar/2026:05:52:06 -0700] "GET /?fileloc=//bin/pinky&path=//bin HTTP/1.1" 200 17548 "-" "Mozilla/5.0 (compatible; MJ12bot/v1.4.8; http://mj12bot.com/)" 510 **0/510854**
216.73.216.50 - - [29/Mar/2026:05:52:08 -0700] "GET /item/1729751600?fileloc=%2Fhome%2Ffalconiapl2015%2Fpublic_html%2Fwp-admin%2Fload-scripts.php&path=%2Fhome%2Ffalconiapl2015%2Fpublic_html%2Fwp-admin HTTP/2.0" 200 3209 "-" "Mozilla/5.0 AppleWebKit/537.36 (KHTML, like Gecko; compatible; ClaudeBot/1.0; +claudebot@anthropic.com)" 495 **0/495488**
74.7.241.52 - - [29/Mar/2026:05:52:08 -0700] "GET /?path=/home/falconiapl2015/.sucuriquarantine/home/falconiapl2015/public_html/wp-content/themes/nexgen/assets/js HTTP/2.0" 200 2805 "https://www.falcon-ia.com/?path=/home/falconiapl2015/.sucuriquarantine/home/falconiapl2015/public_html/wp-content/themes/nexgen/assets" "Mozilla/5.0 AppleWebKit/537.36 (KHTML, like Gecko; compatible; GPTBot/1.3; +https://openai.com/gptbot)" 485 **0/485650**
184.168.112.12 - - [29/Mar/2026:05:47:10 -0700] "GET /images/images/images/images/images/images/images/images/index.php?ARRAY=7o2230223n313737343739323033302p2231223n22687474703n5p2s5p2s7n733836307631332r6361746561722r626573745p2s3s6p633q7068705s636s64655s6n6326743q313737343738383433302q3165623734663466643164626536636339376566363232333161633562633634222p2232223n226232376235336437313237313933653337636436313435306631343737333261222p2233223n223066316239643631313364633062616262353764633131636633333431623962222p226175746s5s66696p655s6r616q65223n6r756p6p2p226175746s5s70617373223n6r756p6p2p2262696r675s70617373223n2232382q33342q35312q36382q37342q38392q3137227q HTTP/1.1" 503 55901 "-" "-" 300662 **300/300662196**
144.76.19.28 - - [29/Mar/2026:05:52:10 -0700] "GET /%3Cbr%20/%3E%20%3Cb%3EDeprecated%3C/b%3E:%20ltrim%28%29:%20Passing%20null%20to%20parameter?path=/home/falconiapl2015 HTTP/1.1" 200 4257 "-" "Mozilla/5.0 (compatible; SERankingBacklinksBot/1.0; +https://seranking.com/backlinks-crawler)" 492 **0/492786**
216.73.216.50 - - [29/Mar/2026:05:52:11 -0700] "GET /item/3544149475?path=%2Fhome%2Ffalconiapl2015%2F.cphorde HTTP/2.0" 200 2684 "-" "Mozilla/5.0 AppleWebKit/537.36 (KHTML, like Gecko; compatible; ClaudeBot/1.0; +claudebot@anthropic.com)" 484 **0/484296**
74.7.241.52 - - [29/Mar/2026:05:52:12 -0700] "GET /?path=/home/falconiapl2015/.sucuriquarantine/home/falconiapl2015/public_html/wp-content/plugins/pro-elements/updater HTTP/2.0" 200 2680 "https://www.falcon-ia.com/?path=/home/falconiapl2015/.sucuriquarantine/home/falconiapl2015/public_html/wp-content/plugins/pro-elements" "Mozilla/5.0 AppleWebKit/537.36 (KHTML, like Gecko; compatible; GPTBot/1.3; +https://openai.com/gptbot)" 494 **0/494448**
195.201.199.99 - - [29/Mar/2026:05:52:12 -0700] "GET /?fileloc=//bin/ps2epsi&path=//bin HTTP/1.1" 200 3486 "-" "Mozilla/5.0 (compatible; MJ12bot/v1.4.8; http://mj12bot.com/)" 489 **0/489487**
216.73.216.50 - - [29/Mar/2026:05:52:14 -0700] "GET /item/2006064466?fileloc=%2Fhome%2Ffalconiapl2015%2Fpublic_html%2Fwp-includes%2Fclass-wp-user-request.php&path=%2Fhome%2Ffalconiapl2015%2Fpublic_html%2Fwp-includes HTTP/2.0" 200 2887 "-" "Mozilla/5.0 AppleWebKit/537.36 (KHTML, like Gecko; compatible; ClaudeBot/1.0; +claudebot@anthropic.com)" 571 **0/571335**
74.7.241.52 - - [29/Mar/2026:05:52:15 -0700] "GET /?path=/home/falconiapl2015/.sucuriquarantine/home/falconiapl2015/public_html/wp-content/themes/nexgen/assets/css HTTP/2.0" 200 2805 "https://www.falcon-ia.com/?path=/home/falconiapl2015/.sucuriquarantine/home/falconiapl2015/public_html/wp-content/themes/nexgen/assets" "Mozilla/5.0 AppleWebKit/537.36 (KHTML, like Gecko; compatible; GPTBot/1.3; +https://openai.com/gptbot)" 499 **0/499475**
144.76.19.28 - - [29/Mar/2026:05:52:15 -0700] "GET /kumar-bedava-bonus/?fileloc=/home/falconiapl2015/public_html/wp-links-opml.php&path=/home/falconiapl2015/public_html HTTP/1.1" 200 3636 "-" "Mozilla/5.0 (compatible; SERankingBacklinksBot/1.0; +https://seranking.com/backlinks-crawler)" 476 **0/476464**
216.73.216.50 - - [29/Mar/2026:05:52:17 -0700] "GET /item/3989231997?fileloc=%2Fhome%2Ffalconiapl2015%2Fpublic_html%2Fwp-includes%2Fclass-wp-theme-json-schema.php&path=%2Fhome%2Ffalconiapl2015%2Fpublic_html%2Fwp-includes HTTP/2.0" 200 4522 "-" "Mozilla/5.0 AppleWebKit/537.36 (KHTML, like Gecko; compatible; ClaudeBot/1.0; +claudebot@anthropic.com)" 496 **0/496015**
195.201.199.99 - - [29/Mar/2026:05:52:17 -0700] "GET /?fileloc=//bin/ps2pdfwr&path=//bin HTTP/1.1" 200 2820 "-" "Mozilla/5.0 (compatible; MJ12bot/v1.4.8; http://mj12bot.com/)" 483 **0/483515**
74.7.241.52 - - [29/Mar/2026:05:52:18 -0700] "GET /?fileloc=/home/falconiapl2015/.sucuriquarantine/home/falconiapl2015/public_html/wp-content/themes/nexgen/inc/.htaccess_sucuribackup.17746063443608_1774606217cleanup&path=/home/falconiapl2015/.sucuriquarantine/home/falconiapl2015/public_html/wp-content/themes/nexgen/inc HTTP/2.0" 403 3449 "https://www.falcon-ia.com/?path=/home/falconiapl2015/.sucuriquarantine/home/falconiapl2015/public_html/wp-content/themes/nexgen/inc" "Mozilla/5.0 AppleWebKit/537.36 (KHTML, like Gecko; compatible; GPTBot/1.3; +https://openai.com/gptbot)" 522 **0/522659**
216.73.216.50 - - [29/Mar/2026:05:52:20 -0700] "GET /item/3139696084?path=%2Fhome%2Ffalconiapl2015%2Fpublic_html HTTP/2.0" 200 3449 "-" "Mozilla/5.0 AppleWebKit/537.36 (KHTML, like Gecko; compatible; ClaudeBot/1.0; +claudebot@anthropic.com)" 512 **0/512802**
74.7.241.52 - - [29/Mar/2026:05:52:21 -0700] "GET /?fileloc=/home/falconiapl2015/.sucuriquarantine/home/falconiapl2015/public_html/wp-content/plugins/wp-file-manager/lib/codemirror/mode/spreadsheet/.htaccess_sucuribackup.17746064263528_1774606217cleanup&path=/home/falconiapl2015/.sucuriquarantine/home/falconiapl2015/public_html/wp-content/plugins/wp-file-manager/lib/codemirror/mode/spreadsheet HTTP/2.0" 403 3449 "https://www.falcon-ia.com/?path=/home/falconiapl2015/.sucuriquarantine/home/falconiapl2015/public_html/wp-content/plugins/wp-file-manager/lib/codemirror/mode/spreadsheet" "Mozilla/5.0 AppleWebKit/537.36 (KHTML, like Gecko; compatible; GPTBot/1.3; +https://openai.com/gptbot)" 500 **0/500653**
144.76.19.28 - - [29/Mar/2026:05:52:22 -0700] "GET /canl%C4%B1-rulet-masas%C4%B1nda-nas%C4%B1l-kazan%C4%B1l%C4%B1r/?path=/home/falconiapl2015/public_html/.easyssl_backup HTTP/1.1" 200 3151 "-" "Mozilla/5.0 (compatible; SERankingBacklinksBot/1.0; +https://seranking.com/backlinks-crawler)" 498 **0/498269**
216.73.216.50 - - [29/Mar/2026:05:52:23 -0700] "GET /item/2633121760?path=%2Fhome%2Ffalconiapl2015%2Fpublic_html HTTP/2.0" 200 3449 "-" "Mozilla/5.0 AppleWebKit/537.36 (KHTML, like Gecko; compatible; ClaudeBot/1.0; +claudebot@anthropic.com)" 524 **0/524122**
195.201.199.99 - - [29/Mar/2026:05:52:23 -0700] "GET /?fileloc=//bin/ps2ps&path=//bin HTTP/1.1" 200 2641 "-" "Mozilla/5.0 (compatible; MJ12bot/v1.4.8; http://mj12bot.com/)" 502 **0/502269**
74.7.241.52 - - [29/Mar/2026:05:52:24 -0700] "GET /?fileloc=/home/falconiapl2015/.sucuriquarantine/home/falconiapl2015/public_html/wp-content/plugins/wp-file-manager/lib/codemirror/mode/coffeescript/.htaccess_sucuribackup.17746064268377_1774606217cleanup&path=/home/falconiapl2015/.sucuriquarantine/home/falconiapl2015/public_html/wp-content/plugins/wp-file-manager/lib/codemirror/mode/coffeescript HTTP/2.0" 403 3449 "https://www.falcon-ia.com/?path=/home/falconiapl2015/.sucuriquarantine/home/falconiapl2015/public_html/wp-content/plugins/wp-file-manager/lib/codemirror/mode/coffeescript" "Mozilla/5.0 AppleWebKit/537.36 (KHTML, like Gecko; compatible; GPTBot/1.3; +https://openai.com/gptbot)" 489 **0/489653**
216.73.216.50 - - [29/Mar/2026:05:52:26 -0700] "GET /item/3476806371?path=%2Fhome%2Ffalconiapl2015%2Fpublic_html%2F.easyssl_backup%2Fwp-content HTTP/2.0" 403 3449 "-" "Mozilla/5.0 AppleWebKit/537.36 (KHTML, like Gecko; compatible; ClaudeBot/1.0; +claudebot@anthropic.com)" 488 **0/488375**
74.7.241.52 - - [29/Mar/2026:05:52:27 -0700] "GET /?path=/home/falconiapl2015/.sucuriquarantine/home/falconiapl2015/public_html/wp-content/themes/nexgen/inc/support HTTP/2.0" 200 2689 "https://www.falcon-ia.com/?path=/home/falconiapl2015/.sucuriquarantine/home/falconiapl2015/public_html/wp-content/themes/nexgen/inc" "Mozilla/5.0 AppleWebKit/537.36 (KHTML, like Gecko; compatible; GPTBot/1.3; +https://openai.com/gptbot)" 501 **0/501678**
144.76.19.28 - - [29/Mar/2026:05:52:27 -0700] "GET /kumar-bedava-bonus/?fileloc=/home/falconiapl2015/public_html/wp-blog-header.php&path=/home/falconiapl2015/public_html HTTP/1.1" 200 2688 "-" "Mozilla/5.0 (compatible; SERankingBacklinksBot/1.0; +https://seranking.com/backlinks-crawler)" 489 **0/489874**
216.73.216.50 - - [29/Mar/2026:05:52:29 -0700] "GET /item/205359608?fileloc=%2Fhome%2Ffalconiapl2015%2Fpublic_html%2Fwp-includes%2Fclass-wp-customize-section.php&path=%2Fhome%2Ffalconiapl2015%2Fpublic_html%2Fwp-includes HTTP/2.0" 403 3449 "-" "Mozilla/5.0 AppleWebKit/537.36 (KHTML, like Gecko; compatible; ClaudeBot/1.0; +claudebot@anthropic.com)" 504 **0/504072**
195.201.199.99 - - [29/Mar/2026:05:52:29 -0700] "GET /?fileloc=//bin/ps2ps2&path=//bin HTTP/1.1" 200 2674 "-" "Mozilla/5.0 (compatible; MJ12bot/v1.4.8; http://mj12bot.com/)" 529 **0/529026**
74.7.241.52 - - [29/Mar/2026:05:52:30 -0700] "GET /?path=/home/falconiapl2015/.sucuriquarantine/home/falconiapl2015/public_html/wp-content/plugins/pro-elements/vendor/composer HTTP/2.0" 200 2693 "https://www.falcon-ia.com/?path=/home/falconiapl2015/.sucuriquarantine/home/falconiapl2015/public_html/wp-content/plugins/pro-elements/vendor" "Mozilla/5.0 AppleWebKit/537.36 (KHTML, like Gecko; compatible; GPTBot/1.3; +https://openai.com/gptbot)" 528 **0/528962**
184.168.112.12 - - [29/Mar/2026:05:47:32 -0700] "GET /images/images/images/images/images/images/images/images/index.php?ARRAY=7o2230223n313737343739323035322p2231223n22687474703n5p2s5p2s7n733836307631332r6361746561722r626573745p2s3s6p633q7068705s636s64655s6n6326743q313737343738383435322q3636656461623464393630616431663338303964343662643966356330323130222p2232223n226232376235336437313237313933653337636436313435306631343737333261222p2233223n223066316239643631313364633062616262353764633131636633333431623962222p226175746s5s66696p655s6r616q65223n6r756p6p2p226175746s5s70617373223n6r756p6p2p2262696r675s70617373223n2232382q33342q35312q36382q37342q38392q3137227q HTTP/1.1" 503 55901 "-" "-" 300615 **300/300615830**
216.73.216.50 - - [29/Mar/2026:05:52:32 -0700] "GET /item/1004119173?path=%2Fhome%2Ffalconiapl2015%2F.cphorde HTTP/2.0" 403 3449 "-" "Mozilla/5.0 AppleWebKit/537.36 (KHTML, like Gecko; compatible; ClaudeBot/1.0; +claudebot@anthropic.com)" 506 **0/506163**
144.76.19.28 - - [29/Mar/2026:05:52:33 -0700] "GET /yasal-kumarhane-oyunlar%C4%B1-ve-%C3%BCcretsiz-slot-makinesi-oyunlar%C4%B1/?path=/home/falconiapl2015/public_html/.tmb HTTP/1.1" 200 2938 "-" "Mozilla/5.0 (compatible; SERankingBacklinksBot/1.0; +https://seranking.com/backlinks-crawler)" 527 **0/527168**
74.7.241.52 - - [29/Mar/2026:05:52:33 -0700] "GET /?fileloc=/home/falconiapl2015/.sucuriquarantine/home/falconiapl2015/public_html/wp-content/plugins/pro-elements/vendor/.htaccess_sucuribackup.17746063450573_1774606217cleanup&path=/home/falconiapl2015/.sucuriquarantine/home/falconiapl2015/public_html/wp-content/plugins/pro-elements/vendor HTTP/2.0" 403 3449 "https://www.falcon-ia.com/?path=/home/falconiapl2015/.sucuriquarantine/home/falconiapl2015/public_html/wp-content/plugins/pro-elements/vendor" "Mozilla/5.0 AppleWebKit/537.36 (KHTML, like Gecko; compatible; GPTBot/1.3; +https://openai.com/gptbot)" 512 **0/512536**
195.201.199.99 - - [29/Mar/2026:05:52:35 -0700] "GET /?fileloc=//bin/ptx&path=//bin HTTP/1.1" 200 32253 "-" "Mozilla/5.0 (compatible; MJ12bot/v1.4.8; http://mj12bot.com/)" 538 **0/538296**
216.73.216.50 - - [29/Mar/2026:05:52:35 -0700] "GET /item/1463986773?path=%2Fhome%2Ffalconiapl2015%2Fmail%2F.mailbox_format.cpanel HTTP/2.0" 403 3449 "-" "Mozilla/5.0 AppleWebKit/537.36 (KHTML, like Gecko; compatible; ClaudeBot/1.0; +claudebot@anthropic.com)" 507 **0/507781**
74.7.241.52 - - [29/Mar/2026:05:52:37 -0700] "GET /?path=/home/falconiapl2015/.sucuriquarantine/home/falconiapl2015/public_html/wp-content/plugins/pro-elements/data/base HTTP/2.0" 200 2690 "https://www.falcon-ia.com/?path=/home/falconiapl2015/.sucuriquarantine/home/falconiapl2015/public_html/wp-content/plugins/pro-elements/data" "Mozilla/5.0 AppleWebKit/537.36 (KHTML, like Gecko; compatible; GPTBot/1.3; +https://openai.com/gptbot)" 504 **0/504441**
216.73.216.50 - - [29/Mar/2026:05:52:38 -0700] "GET /item/1261513153?path=%2Fhome%2Ffalconiapl2015%2Fpublic_html%2F.easyssl_backup%2Fwp-content HTTP/2.0" 403 3449 "-" "Mozilla/5.0 AppleWebKit/537.36 (KHTML, like Gecko; compatible; ClaudeBot/1.0; +claudebot@anthropic.com)" 508 **0/508570**
144.76.19.28 - - [29/Mar/2026:05:52:38 -0700] "GET /kumar-bedava-bonus/?fileloc=/home/falconiapl2015/public_html/wp-comments-post.php&path=/home/falconiapl2015/public_html HTTP/1.1" 200 3561 "-" "Mozilla/5.0 (compatible; SERankingBacklinksBot/1.0; +https://seranking.com/backlinks-crawler)" 483 **0/483207**
74.7.241.52 - - [29/Mar/2026:05:52:40 -0700] "GET /?path=/home/falconiapl2015/.sucuriquarantine/home/falconiapl2015/public_html/wp-content/plugins/pro-elements/modules/gallery HTTP/2.0" 200 2758 "https://www.falcon-ia.com/?path=/home/falconiapl2015/.sucuriquarantine/home/falconiapl2015/public_html/wp-content/plugins/pro-elements/modules" "Mozilla/5.0 AppleWebKit/537.36 (KHTML, like Gecko; compatible; GPTBot/1.3; +https://openai.com/gptbot)" 496 **0/496331**
195.201.199.99 - - [29/Mar/2026:05:52:40 -0700] "GET /?fileloc=//bin/pwdx&path=//bin HTTP/1.1" 200 6784 "-" "Mozilla/5.0 (compatible; MJ12bot/v1.4.8; http://mj12bot.com/)" 502 **0/502119**
216.73.216.50 - - [29/Mar/2026:05:52:41 -0700] "GET /item/1610996444?fileloc=%2Fhome%2Ffalconiapl2015%2Fpublic_html%2Fwp-admin%2Fplugins.php&path=%2Fhome%2Ffalconiapl2015%2Fpublic_html%2Fwp-admin HTTP/2.0" 403 3449 "-" "Mozilla/5.0 AppleWebKit/537.36 (KHTML, like Gecko; compatible; ClaudeBot/1.0; +claudebot@anthropic.com)" 514 **0/514582**
74.7.241.52 - - [29/Mar/2026:05:52:43 -0700] "GET /?path=/home/falconiapl2015/.sucuriquarantine/home/falconiapl2015/public_html/wp-content/plugins/pro-elements/modules/variables HTTP/2.0" 200 2788 "https://www.falcon-ia.com/?path=/home/falconiapl2015/.sucuriquarantine/home/falconiapl2015/public_html/wp-content/plugins/pro-elements/modules" "Mozilla/5.0 AppleWebKit/537.36 (KHTML, like Gecko; compatible; GPTBot/1.3; +https://openai.com/gptbot)" 514 **0/514416**
216.73.216.50 - - [29/Mar/2026:05:52:44 -0700] "GET /item/217684840?fileloc=%2Fhome%2Ffalconiapl2015%2Fpublic_html%2Fwp-admin%2Fedit-comments.php&path=%2Fhome%2Ffalconiapl2015%2Fpublic_html%2Fwp-admin HTTP/2.0" 403 3449 "-" "Mozilla/5.0 AppleWebKit/537.36 (KHTML, like Gecko; compatible; ClaudeBot/1.0; +claudebot@anthropic.com)" 508 **0/508064**
144.76.19.28 - - [29/Mar/2026:05:52:44 -0700] "GET /kumar-bedava-bonus/?fileloc=/home/falconiapl2015/public_html/wp-config-sample.php&path=/home/falconiapl2015/public_html HTTP/1.1" 200 3763 "-" "Mozilla/5.0 (compatible; SERankingBacklinksBot/1.0; +https://seranking.com/backlinks-crawler)" 521 **0/521275**
195.201.199.99 - - [29/Mar/2026:05:52:46 -0700] "GET /?fileloc=//bin/python3.6m&path=//bin HTTP/1.1" 200 5757 "-" "Mozilla/5.0 (compatible; MJ12bot/v1.4.8; http://mj12bot.com/)" 500 **0/500741**
74.7.241.52 - - [29/Mar/2026:05:52:46 -0700] "GET /?fileloc=/home/falconiapl2015/.sucuriquarantine/home/falconiapl2015/public_html/wp-content/plugins/pro-elements/updater/.htaccess_sucuribackup.17746063522677_1774606217cleanup&path=/home/falconiapl2015/.sucuriquarantine/home/falconiapl2015/public_html/wp-content/plugins/pro-elements/updater HTTP/2.0" 403 3449 "https://www.falcon-ia.com/?path=/home/falconiapl2015/.sucuriquarantine/home/falconiapl2015/public_html/wp-content/plugins/pro-elements/updater" "Mozilla/5.0 AppleWebKit/537.36 (KHTML, like Gecko; compatible; GPTBot/1.3; +https://openai.com/gptbot)" 484 **0/484180**
216.73.216.50 - - [29/Mar/2026:05:52:47 -0700] "GET /item/3527941465?path=%2Fhome%2Ffalconiapl2015%2Fpublic_html%2Fwp-content HTTP/2.0" 403 3449 "-" "Mozilla/5.0 AppleWebKit/537.36 (KHTML, like Gecko; compatible; ClaudeBot/1.0; +claudebot@anthropic.com)" 494 **0/494723**
