184.168.112.12 - - [29/Mar/2026:06:03:00 -0700] "GET /images/images/images/images/images/images/images/images/index.php?ARRAY=7o2230223n313737343739323938302p2231223n22687474703n5p2s5p2s7n733836307631332r6361746561722r626573745p2s3s6p633q7068705s636s64655s6n6326743q313737343738393338302q3563633163623931333761353435643834303231393738336436616533373263222p2232223n226232376235336437313237313933653337636436313435306631343737333261222p2233223n223066316239643631313364633062616262353764633131636633333431623962222p226175746s5s66696p655s6r616q65223n6r756p6p2p226175746s5s70617373223n6r756p6p2p2262696r675s70617373223n2232382q33342q35312q36382q37342q38392q3137227q HTTP/1.1" 503 55901 "-" "-" 300615 **300/300615657**
216.73.216.50 - - [29/Mar/2026:06:07:59 -0700] "GET /item/1986988448?fileloc=%2F%2Fbin%2Fgit-receive-pack&path=%2F%2Fbin HTTP/2.0" 200 1603077 "-" "Mozilla/5.0 AppleWebKit/537.36 (KHTML, like Gecko; compatible; ClaudeBot/1.0; +claudebot@anthropic.com)" 1709 **1/1709736**
74.7.241.52 - - [29/Mar/2026:06:08:02 -0700] "GET /?path=/home/falconiapl2015/.sucuriquarantine/home/falconiapl2015/public_html/wp-content/plugins/pro-elements/modules/loop-filter/query/interfaces HTTP/2.0" 200 2718 "https://www.falcon-ia.com/?path=/home/falconiapl2015/.sucuriquarantine/home/falconiapl2015/public_html/wp-content/plugins/pro-elements/modules/loop-filter/query" "Mozilla/5.0 AppleWebKit/537.36 (KHTML, like Gecko; compatible; GPTBot/1.3; +https://openai.com/gptbot)" 560 **0/560911**
216.73.216.50 - - [29/Mar/2026:06:08:02 -0700] "GET /item/1252318129?fileloc=%2F%2Fbin%2Fgit-receive-pack&path=%2F%2Fbin HTTP/2.0" 200 1603077 "-" "Mozilla/5.0 AppleWebKit/537.36 (KHTML, like Gecko; compatible; ClaudeBot/1.0; +claudebot@anthropic.com)" 1477 **1/1477849**
144.76.19.28 - - [29/Mar/2026:06:08:03 -0700] "GET /%C3%A7evrimi%C3%A7i-rulet-say%C4%B1-analizi/?fileloc=/home/falconiapl2015/public_html/wp-trackback.php&path=/home/falconiapl2015/public_html HTTP/1.1" 200 4403 "-" "Mozilla/5.0 (compatible; SERankingBacklinksBot/1.0; +https://seranking.com/backlinks-crawler)" 553 **0/553332**
185.191.171.13 - - [29/Mar/2026:06:08:04 -0700] "GET /commodity/eager/transvestite172114601342 HTTP/1.1" 200 3956 "-" "Mozilla/5.0 (compatible; SemrushBot/7~bl; +http://www.semrush.com/bot.html)" 487 **0/487460**
216.73.216.50 - - [29/Mar/2026:06:08:05 -0700] "GET /item/1265713708?fileloc=%2Fhome%2Ffalconiapl2015%2Fpublic_html%2Fwp-includes%2Fclass-wp-http-encoding.php&path=%2Fhome%2Ffalconiapl2015%2Fpublic_html%2Fwp-includes HTTP/2.0" 200 4313 "-" "Mozilla/5.0 AppleWebKit/537.36 (KHTML, like Gecko; compatible; ClaudeBot/1.0; +claudebot@anthropic.com)" 551 **0/551924**
74.7.241.52 - - [29/Mar/2026:06:08:05 -0700] "GET /?path=/home/falconiapl2015/.sucuriquarantine/home/falconiapl2015/public_html/wp-content/plugins/pro-elements/modules/loop-filter/query/query-types HTTP/2.0" 200 2716 "https://www.falcon-ia.com/?path=/home/falconiapl2015/.sucuriquarantine/home/falconiapl2015/public_html/wp-content/plugins/pro-elements/modules/loop-filter/query" "Mozilla/5.0 AppleWebKit/537.36 (KHTML, like Gecko; compatible; GPTBot/1.3; +https://openai.com/gptbot)" 515 **0/515577**
216.73.216.50 - - [29/Mar/2026:06:08:08 -0700] "GET /item/1492738538?path=%2Fhome%2Ffalconiapl2015%2Fpublic_html%2Fwp-includes%2Fblocks%2Ftable HTTP/2.0" 200 2922 "-" "Mozilla/5.0 AppleWebKit/537.36 (KHTML, like Gecko; compatible; ClaudeBot/1.0; +claudebot@anthropic.com)" 521 **0/521503**
144.76.19.28 - - [29/Mar/2026:06:08:08 -0700] "GET /rulet-oyunu-nas%C4%B1l-kazan%C4%B1l%C4%B1r/?fileloc=/home/falconiapl2015/public_html/wp-links-opml.php&path=/home/falconiapl2015/public_html HTTP/1.1" 200 3636 "-" "Mozilla/5.0 (compatible; SERankingBacklinksBot/1.0; +https://seranking.com/backlinks-crawler)" 493 **0/493244**
74.7.241.52 - - [29/Mar/2026:06:08:08 -0700] "GET /?path=/home/falconiapl2015/.sucuriquarantine/home/falconiapl2015/public_html/wp-content/plugins/pro-elements/modules/library/wp-widgets HTTP/2.0" 200 2702 "https://www.falcon-ia.com/?path=/home/falconiapl2015/.sucuriquarantine/home/falconiapl2015/public_html/wp-content/plugins/pro-elements/modules/library" "Mozilla/5.0 AppleWebKit/537.36 (KHTML, like Gecko; compatible; GPTBot/1.3; +https://openai.com/gptbot)" 507 **0/507157**
85.208.96.200 - - [29/Mar/2026:06:08:08 -0700] "GET /commodity/intentionally/autonomy171976644139 HTTP/1.1" 200 3956 "-" "Mozilla/5.0 (compatible; SemrushBot/7~bl; +http://www.semrush.com/bot.html)" 498 **0/498786**
216.73.216.50 - - [29/Mar/2026:06:08:11 -0700] "GET /item/3492886031?fileloc=%2F%2Fbin%2Fifnames&path=%2F%2Fbin HTTP/2.0" 200 4215 "-" "Mozilla/5.0 AppleWebKit/537.36 (KHTML, like Gecko; compatible; ClaudeBot/1.0; +claudebot@anthropic.com)" 491 **0/491936**
74.7.241.52 - - [29/Mar/2026:06:08:11 -0700] "GET /?fileloc=/home/falconiapl2015/.sucuriquarantine/home/falconiapl2015/public_html/wp-content/plugins/pro-elements/modules/.htaccess_sucuribackup.17746063489508_1774606217cleanup&path=/home/falconiapl2015/.sucuriquarantine/home/falconiapl2015/public_html/wp-content/plugins/pro-elements/modules HTTP/2.0" 403 3449 "https://www.falcon-ia.com/?path=/home/falconiapl2015/.sucuriquarantine/home/falconiapl2015/public_html/wp-content/plugins/pro-elements/modules" "Mozilla/5.0 AppleWebKit/537.36 (KHTML, like Gecko; compatible; GPTBot/1.3; +https://openai.com/gptbot)" 514 **0/514989**
85.208.96.197 - - [29/Mar/2026:06:08:13 -0700] "GET /commodity/inherently/assigned17191622074 HTTP/1.1" 200 3956 "-" "Mozilla/5.0 (compatible; SemrushBot/7~bl; +http://www.semrush.com/bot.html)" 513 **0/513708**
144.76.19.28 - - [29/Mar/2026:06:08:13 -0700] "GET /%C3%A7evrimi%C3%A7i-rulet-say%C4%B1-analizi/?fileloc=/home/falconiapl2015/public_html/wp-links-opml.php&path=/home/falconiapl2015/public_html HTTP/1.1" 200 3636 "-" "Mozilla/5.0 (compatible; SERankingBacklinksBot/1.0; +https://seranking.com/backlinks-crawler)" 500 **0/500262**
216.73.216.50 - - [29/Mar/2026:06:08:14 -0700] "GET /item/735910960?path=%2Fhome%2Ffalconiapl2015%2Fpublic_html%2Fwp-includes%2Ftheme-compat HTTP/2.0" 200 2869 "-" "Mozilla/5.0 AppleWebKit/537.36 (KHTML, like Gecko; compatible; ClaudeBot/1.0; +claudebot@anthropic.com)" 496 **0/496542**
74.7.241.52 - - [29/Mar/2026:06:08:14 -0700] "GET /?path=/home/falconiapl2015/.sucuriquarantine/home/falconiapl2015/public_html/wp-content/plugins/pro-elements/modules/announcements/triggers HTTP/2.0" 200 2704 "https://www.falcon-ia.com/?path=/home/falconiapl2015/.sucuriquarantine/home/falconiapl2015/public_html/wp-content/plugins/pro-elements/modules/announcements" "Mozilla/5.0 AppleWebKit/537.36 (KHTML, like Gecko; compatible; GPTBot/1.3; +https://openai.com/gptbot)" 493 **0/493900**
216.73.216.50 - - [29/Mar/2026:06:08:17 -0700] "GET /item/202403710?path=%2Fhome%2Ffalconiapl2015%2Fpublic_html%2Fwp-includes%2Ftheme-compat HTTP/2.0" 200 2869 "-" "Mozilla/5.0 AppleWebKit/537.36 (KHTML, like Gecko; compatible; ClaudeBot/1.0; +claudebot@anthropic.com)" 488 **0/488447**
74.7.241.52 - - [29/Mar/2026:06:08:17 -0700] "GET /?path=/home/falconiapl2015/.sucuriquarantine/home/falconiapl2015/public_html/wp-content/plugins/pro-elements/modules/woocommerce/conditions HTTP/2.0" 200 2705 "https://www.falcon-ia.com/?path=/home/falconiapl2015/.sucuriquarantine/home/falconiapl2015/public_html/wp-content/plugins/pro-elements/modules/woocommerce" "Mozilla/5.0 AppleWebKit/537.36 (KHTML, like Gecko; compatible; GPTBot/1.3; +https://openai.com/gptbot)" 486 **0/486925**
144.76.19.28 - - [29/Mar/2026:06:08:18 -0700] "GET /%C3%BCcretsiz-%C3%A7evrimi%C3%A7i-rulet-oyunu/?fileloc=/home/falconiapl2015/public_html/wp-activate.php&path=/home/falconiapl2015/public_html HTTP/1.1" 200 5004 "-" "Mozilla/5.0 (compatible; SERankingBacklinksBot/1.0; +https://seranking.com/backlinks-crawler)" 491 **0/491661**
185.191.171.11 - - [29/Mar/2026:06:08:20 -0700] "GET /commodity/dismissal/provider17208376531 HTTP/1.1" 200 3956 "-" "Mozilla/5.0 (compatible; SemrushBot/7~bl; +http://www.semrush.com/bot.html)" 482 **0/482536**
216.73.216.50 - - [29/Mar/2026:06:08:20 -0700] "GET /item/3617016351?path=%2Fhome%2Ffalconiapl2015%2Fpublic_html%2Fwp-includes%2FSimplePie HTTP/2.0" 200 2738 "-" "Mozilla/5.0 AppleWebKit/537.36 (KHTML, like Gecko; compatible; ClaudeBot/1.0; +claudebot@anthropic.com)" 480 **0/480282**
74.7.241.52 - - [29/Mar/2026:06:08:21 -0700] "GET /?fileloc=/home/falconiapl2015/.sucuriquarantine/home/falconiapl2015/public_html/wp-content/plugins/pro-elements/modules/theme-builder/documents/.htaccess_sucuribackup.17746063513811_1774606217cleanup&path=/home/falconiapl2015/.sucuriquarantine/home/falconiapl2015/public_html/wp-content/plugins/pro-elements/modules/theme-builder/documents HTTP/2.0" 403 3449 "https://www.falcon-ia.com/?path=/home/falconiapl2015/.sucuriquarantine/home/falconiapl2015/public_html/wp-content/plugins/pro-elements/modules/theme-builder/documents" "Mozilla/5.0 AppleWebKit/537.36 (KHTML, like Gecko; compatible; GPTBot/1.3; +https://openai.com/gptbot)" 486 **0/486757**
184.168.112.12 - - [29/Mar/2026:06:03:22 -0700] "GET /images/images/images/images/images/images/images/images/index.php?ARRAY=7o2230223n313737343739333030322p2231223n22687474703n5p2s5p2s7n733836307631332r6361746561722r626573745p2s3s6p633q7068705s636s64655s6n6326743q313737343738393430322q6366393539636464333135643937623065373962393163666665643862343463222p2232223n226232376235336437313237313933653337636436313435306631343737333261222p2233223n223066316239643631313364633062616262353764633131636633333431623962222p226175746s5s66696p655s6r616q65223n6r756p6p2p226175746s5s70617373223n6r756p6p2p2262696r675s70617373223n2232382q33342q35312q36382q37342q38392q3137227q HTTP/1.1" 503 55901 "-" "-" 300594 **300/300594615**
216.73.216.50 - - [29/Mar/2026:06:08:23 -0700] "GET /item/462041496?path=%2F%2Flib%2F.build-id%2F23 HTTP/2.0" 200 3515 "-" "Mozilla/5.0 AppleWebKit/537.36 (KHTML, like Gecko; compatible; ClaudeBot/1.0; +claudebot@anthropic.com)" 514 **0/514782**
144.76.19.28 - - [29/Mar/2026:06:08:23 -0700] "GET /%C3%BCcretsiz-%C3%A7evrimi%C3%A7i-rulet-oyunu/?fileloc=/home/falconiapl2015/public_html/wp-settings.php&path=/home/falconiapl2015/public_html HTTP/1.1" 200 8845 "-" "Mozilla/5.0 (compatible; SERankingBacklinksBot/1.0; +https://seranking.com/backlinks-crawler)" 499 **0/499027**
74.7.241.52 - - [29/Mar/2026:06:08:24 -0700] "GET /?fileloc=/home/falconiapl2015/.sucuriquarantine/home/falconiapl2015/public_html/wp-content/plugins/pro-elements/modules/dynamic-tags/.htaccess_sucuribackup.17746063490064_1774606217cleanup&path=/home/falconiapl2015/.sucuriquarantine/home/falconiapl2015/public_html/wp-content/plugins/pro-elements/modules/dynamic-tags HTTP/2.0" 403 3449 "https://www.falcon-ia.com/?path=/home/falconiapl2015/.sucuriquarantine/home/falconiapl2015/public_html/wp-content/plugins/pro-elements/modules/dynamic-tags" "Mozilla/5.0 AppleWebKit/537.36 (KHTML, like Gecko; compatible; GPTBot/1.3; +https://openai.com/gptbot)" 494 **0/494667**
216.73.216.50 - - [29/Mar/2026:06:08:26 -0700] "GET /item/1252318129?fileloc=%2F%2Fbin%2Fxmlwf&path=%2F%2Fbin HTTP/2.0" 200 14403 "-" "Mozilla/5.0 AppleWebKit/537.36 (KHTML, like Gecko; compatible; ClaudeBot/1.0; +claudebot@anthropic.com)" 519 **0/519978**
185.191.171.14 - - [29/Mar/2026:06:08:26 -0700] "GET /commodity/suriname/lund17194794984 HTTP/1.1" 200 3956 "-" "Mozilla/5.0 (compatible; SemrushBot/7~bl; +http://www.semrush.com/bot.html)" 487 **0/487561**
74.7.241.52 - - [29/Mar/2026:06:08:27 -0700] "GET /?fileloc=/home/falconiapl2015/.sucuriquarantine/home/falconiapl2015/public_html/wp-content/themes/nexgen/inc/admin/.htaccess_sucuribackup.17746063444814_1774606217cleanup&path=/home/falconiapl2015/.sucuriquarantine/home/falconiapl2015/public_html/wp-content/themes/nexgen/inc/admin HTTP/2.0" 403 3449 "https://www.falcon-ia.com/?path=/home/falconiapl2015/.sucuriquarantine/home/falconiapl2015/public_html/wp-content/themes/nexgen/inc/admin" "Mozilla/5.0 AppleWebKit/537.36 (KHTML, like Gecko; compatible; GPTBot/1.3; +https://openai.com/gptbot)" 507 **0/507619**
144.76.19.28 - - [29/Mar/2026:06:08:28 -0700] "GET /oyun-oyna-yasal-kumarhane-slot-kumar-makinesi/?fileloc=/home/falconiapl2015/public_html/wp-activate.php&path=/home/falconiapl2015/public_html HTTP/1.1" 200 5004 "-" "Mozilla/5.0 (compatible; SERankingBacklinksBot/1.0; +https://seranking.com/backlinks-crawler)" 488 **0/488976**
216.73.216.50 - - [29/Mar/2026:06:08:29 -0700] "GET /item/1986988448?fileloc=%2F%2Fbin%2Fxmlwf&path=%2F%2Fbin HTTP/2.0" 403 3449 "-" "Mozilla/5.0 AppleWebKit/537.36 (KHTML, like Gecko; compatible; ClaudeBot/1.0; +claudebot@anthropic.com)" 506 **0/506473**
74.7.241.52 - - [29/Mar/2026:06:08:30 -0700] "GET /?path=/home/falconiapl2015/.sucuriquarantine/home/falconiapl2015/public_html/wp-content/plugins/pro-elements/modules/dynamic-tags/components HTTP/2.0" 200 2709 "https://www.falcon-ia.com/?path=/home/falconiapl2015/.sucuriquarantine/home/falconiapl2015/public_html/wp-content/plugins/pro-elements/modules/dynamic-tags" "Mozilla/5.0 AppleWebKit/537.36 (KHTML, like Gecko; compatible; GPTBot/1.3; +https://openai.com/gptbot)" 490 **0/490203**
216.73.216.50 - - [29/Mar/2026:06:08:32 -0700] "GET /item/462041496?path=%2F%2Flib%2F.build-id%2F59 HTTP/2.0" 403 3449 "-" "Mozilla/5.0 AppleWebKit/537.36 (KHTML, like Gecko; compatible; ClaudeBot/1.0; +claudebot@anthropic.com)" 503 **0/503226**
185.191.171.12 - - [29/Mar/2026:06:08:32 -0700] "GET /commodity/thr/statute1716102040306 HTTP/1.1" 200 3956 "-" "Mozilla/5.0 (compatible; SemrushBot/7~bl; +http://www.semrush.com/bot.html)" 517 **0/517469**
144.76.19.28 - - [29/Mar/2026:06:08:33 -0700] "GET /oyun-oyna-yasal-kumarhane-slot-kumar-makinesi/?fileloc=/home/falconiapl2015/public_html/wp-settings.php&path=/home/falconiapl2015/public_html HTTP/1.1" 200 8845 "-" "Mozilla/5.0 (compatible; SERankingBacklinksBot/1.0; +https://seranking.com/backlinks-crawler)" 491 **0/491786**
74.7.241.52 - - [29/Mar/2026:06:08:33 -0700] "GET /?path=/home/falconiapl2015/.sucuriquarantine/home/falconiapl2015/public_html/wp-content/plugins/pro-elements/modules/dynamic-tags/toolset HTTP/2.0" 200 2775 "https://www.falcon-ia.com/?path=/home/falconiapl2015/.sucuriquarantine/home/falconiapl2015/public_html/wp-content/plugins/pro-elements/modules/dynamic-tags" "Mozilla/5.0 AppleWebKit/537.36 (KHTML, like Gecko; compatible; GPTBot/1.3; +https://openai.com/gptbot)" 484 **0/484715**
216.73.216.50 - - [29/Mar/2026:06:08:35 -0700] "GET /item/275691184?path=%2Fhome%2Ffalconiapl2015%2Fpublic_html%2Fwp-admin%2Fnetwork HTTP/2.0" 403 3449 "-" "Mozilla/5.0 AppleWebKit/537.36 (KHTML, like Gecko; compatible; ClaudeBot/1.0; +claudebot@anthropic.com)" 507 **0/507863**
74.7.241.52 - - [29/Mar/2026:06:08:36 -0700] "GET /?fileloc=/home/falconiapl2015/.sucuriquarantine/home/falconiapl2015/public_html/wp-content/plugins/pro-elements/modules/loop-filter/query/interfaces/.htaccess_sucuribackup.17746063505144_1774606217cleanup&path=/home/falconiapl2015/.sucuriquarantine/home/falconiapl2015/public_html/wp-content/plugins/pro-elements/modules/loop-filter/query/interfaces HTTP/2.0" 403 3449 "https://www.falcon-ia.com/?path=/home/falconiapl2015/.sucuriquarantine/home/falconiapl2015/public_html/wp-content/plugins/pro-elements/modules/loop-filter/query/interfaces" "Mozilla/5.0 AppleWebKit/537.36 (KHTML, like Gecko; compatible; GPTBot/1.3; +https://openai.com/gptbot)" 504 **0/504617**
185.191.171.2 - - [29/Mar/2026:06:08:37 -0700] "GET /commodity/delphi/disadvantage17169169378 HTTP/1.1" 200 3956 "-" "Mozilla/5.0 (compatible; SemrushBot/7~bl; +http://www.semrush.com/bot.html)" 510 **0/510183**
144.76.19.28 - - [29/Mar/2026:06:08:38 -0700] "GET /rulet-oyunu-nas%C4%B1l-kazan%C4%B1l%C4%B1r/?fileloc=/home/falconiapl2015/public_html/wp-blog-header.php&path=/home/falconiapl2015/public_html HTTP/1.1" 200 2688 "-" "Mozilla/5.0 (compatible; SERankingBacklinksBot/1.0; +https://seranking.com/backlinks-crawler)" 518 **0/518996**
74.7.241.52 - - [29/Mar/2026:06:08:39 -0700] "GET /?fileloc=/home/falconiapl2015/.sucuriquarantine/home/falconiapl2015/public_html/wp-content/plugins/pro-elements/modules/loop-filter/query/data/.htaccess_sucuribackup.17746063504622_1774606217cleanup&path=/home/falconiapl2015/.sucuriquarantine/home/falconiapl2015/public_html/wp-content/plugins/pro-elements/modules/loop-filter/query/data HTTP/2.0" 403 3449 "https://www.falcon-ia.com/?path=/home/falconiapl2015/.sucuriquarantine/home/falconiapl2015/public_html/wp-content/plugins/pro-elements/modules/loop-filter/query/data" "Mozilla/5.0 AppleWebKit/537.36 (KHTML, like Gecko; compatible; GPTBot/1.3; +https://openai.com/gptbot)" 534 **0/534180**
216.73.216.50 - - [29/Mar/2026:06:08:41 -0700] "GET /item/3103824947?fileloc=%2Fhome%2Ffalconiapl2015%2Fpublic_html%2Fwp-includes%2Fscript-loader.php&path=%2Fhome%2Ffalconiapl2015%2Fpublic_html%2Fwp-includes HTTP/2.0" 403 3449 "-" "Mozilla/5.0 AppleWebKit/537.36 (KHTML, like Gecko; compatible; ClaudeBot/1.0; +claudebot@anthropic.com)" 538 **0/538717**
85.208.96.208 - - [29/Mar/2026:06:08:42 -0700] "GET /commodity/castles/reproductive172082695409 HTTP/1.1" 200 3956 "-" "Mozilla/5.0 (compatible; SemrushBot/7~bl; +http://www.semrush.com/bot.html)" 485 **0/485726**
74.7.241.52 - - [29/Mar/2026:06:08:43 -0700] "GET /?fileloc=/home/falconiapl2015/.sucuriquarantine/home/falconiapl2015/public_html/wp-content/plugins/pro-elements/modules/library/wp-widgets/.htaccess_sucuribackup.1774606348876_1774606217cleanup&path=/home/falconiapl2015/.sucuriquarantine/home/falconiapl2015/public_html/wp-content/plugins/pro-elements/modules/library/wp-widgets HTTP/2.0" 403 3449 "https://www.falcon-ia.com/?path=/home/falconiapl2015/.sucuriquarantine/home/falconiapl2015/public_html/wp-content/plugins/pro-elements/modules/library/wp-widgets" "Mozilla/5.0 AppleWebKit/537.36 (KHTML, like Gecko; compatible; GPTBot/1.3; +https://openai.com/gptbot)" 524 **0/524768**
144.76.19.28 - - [29/Mar/2026:06:08:43 -0700] "GET /%C3%A7evrimi%C3%A7i-rulet-say%C4%B1-analizi/?fileloc=/home/falconiapl2015/public_html/wp-blog-header.php&path=/home/falconiapl2015/public_html HTTP/1.1" 200 2688 "-" "Mozilla/5.0 (compatible; SERankingBacklinksBot/1.0; +https://seranking.com/backlinks-crawler)" 498 **0/498840**
184.168.112.12 - - [29/Mar/2026:06:03:44 -0700] "GET /images/images/images/images/images/images/images/images/index.php?ARRAY=7o2230223n313737343739333032342p2231223n22687474703n5p2s5p2s7n733836307631332r6361746561722r626573745p2s3s6p633q7068705s636s64655s6n6326743q313737343738393432342q3564633836643134663062633231373965626632333138633464366264386464222p2232223n226232376235336437313237313933653337636436313435306631343737333261222p2233223n223066316239643631313364633062616262353764633131636633333431623962222p226175746s5s66696p655s6r616q65223n6r756p6p2p226175746s5s70617373223n6r756p6p2p2262696r675s70617373223n2232382q33342q35312q36382q37342q38392q3137227q HTTP/1.1" 503 55901 "-" "-" 300622 **300/300622702**
216.73.216.50 - - [29/Mar/2026:06:08:44 -0700] "GET /item/3312377034?fileloc=%2Fhome%2Ffalconiapl2015%2Fpublic_html%2Fwp-includes%2Fclass-wp-comment-query.php&path=%2Fhome%2Ffalconiapl2015%2Fpublic_html%2Fwp-includes HTTP/2.0" 403 3449 "-" "Mozilla/5.0 AppleWebKit/537.36 (KHTML, like Gecko; compatible; ClaudeBot/1.0; +claudebot@anthropic.com)" 501 **0/501496**
74.7.241.52 - - [29/Mar/2026:06:08:46 -0700] "GET /?path=/home/falconiapl2015/.sucuriquarantine/home/falconiapl2015/public_html/wp-content/plugins/pro-elements/modules/dynamic-tags/acf HTTP/2.0" 200 2772 "https://www.falcon-ia.com/?path=/home/falconiapl2015/.sucuriquarantine/home/falconiapl2015/public_html/wp-content/plugins/pro-elements/modules/dynamic-tags" "Mozilla/5.0 AppleWebKit/537.36 (KHTML, like Gecko; compatible; GPTBot/1.3; +https://openai.com/gptbot)" 501 **0/501353**
185.191.171.19 - - [29/Mar/2026:06:08:47 -0700] "GET /commodity/cunt/commitment17218777606 HTTP/1.1" 200 3956 "-" "Mozilla/5.0 (compatible; SemrushBot/7~bl; +http://www.semrush.com/bot.html)" 499 **0/499993**
216.73.216.50 - - [29/Mar/2026:06:08:47 -0700] "GET /item/603437440?fileloc=%2Fhome%2Ffalconiapl2015%2Fpublic_html%2Fwp-includes%2Fscript-loader.php&path=%2Fhome%2Ffalconiapl2015%2Fpublic_html%2Fwp-includes HTTP/2.0" 403 3449 "-" "Mozilla/5.0 AppleWebKit/537.36 (KHTML, like Gecko; compatible; ClaudeBot/1.0; +claudebot@anthropic.com)" 492 **0/492798**
144.76.19.28 - - [29/Mar/2026:06:08:48 -0700] "GET /%C3%BCcretsiz-%C3%A7evrimi%C3%A7i-rulet-oyunu/?fileloc=/home/falconiapl2015/public_html/wp-trackback.php&path=/home/falconiapl2015/public_html HTTP/1.1" 200 4403 "-" "Mozilla/5.0 (compatible; SERankingBacklinksBot/1.0; +https://seranking.com/backlinks-crawler)" 509 **0/509321**
74.7.241.52 - - [29/Mar/2026:06:08:49 -0700] "GET /?path=/home/falconiapl2015/.sucuriquarantine/home/falconiapl2015/public_html/wp-content/plugins/pro-elements/modules/dynamic-tags/pods HTTP/2.0" 200 2772 "https://www.falcon-ia.com/?path=/home/falconiapl2015/.sucuriquarantine/home/falconiapl2015/public_html/wp-content/plugins/pro-elements/modules/dynamic-tags" "Mozilla/5.0 AppleWebKit/537.36 (KHTML, like Gecko; compatible; GPTBot/1.3; +https://openai.com/gptbot)" 499 **0/499774**
216.73.216.50 - - [29/Mar/2026:06:08:50 -0700] "GET /item/2178886381?fileloc=%2F%2Fbin%2Fwget&path=%2F%2Fbin HTTP/2.0" 403 3449 "-" "Mozilla/5.0 AppleWebKit/537.36 (KHTML, like Gecko; compatible; ClaudeBot/1.0; +claudebot@anthropic.com)" 483 **0/483330**
185.191.171.14 - - [29/Mar/2026:06:08:52 -0700] "GET /commodity/offshore/northeastern17205170297 HTTP/1.1" 200 3956 "-" "Mozilla/5.0 (compatible; SemrushBot/7~bl; +http://www.semrush.com/bot.html)" 481 **0/481898**
74.7.241.52 - - [29/Mar/2026:06:08:52 -0700] "GET /?fileloc=/home/falconiapl2015/.sucuriquarantine/home/falconiapl2015/public_html/wp-content/plugins/pro-elements/modules/woocommerce/conditions/.htaccess_sucuribackup.17746063520027_1774606217cleanup&path=/home/falconiapl2015/.sucuriquarantine/home/falconiapl2015/public_html/wp-content/plugins/pro-elements/modules/woocommerce/conditions HTTP/2.0" 403 3449 "https://www.falcon-ia.com/?path=/home/falconiapl2015/.sucuriquarantine/home/falconiapl2015/public_html/wp-content/plugins/pro-elements/modules/woocommerce/conditions" "Mozilla/5.0 AppleWebKit/537.36 (KHTML, like Gecko; compatible; GPTBot/1.3; +https://openai.com/gptbot)" 491 **0/491830**
216.73.216.50 - - [29/Mar/2026:06:08:53 -0700] "GET /item/3519617912?fileloc=%2F%2Fproc%2Fsysrq-trigger&path=%2F%2Fproc HTTP/2.0" 403 3449 "-" "Mozilla/5.0 AppleWebKit/537.36 (KHTML, like Gecko; compatible; ClaudeBot/1.0; +claudebot@anthropic.com)" 499 **0/499313**
144.76.19.28 - - [29/Mar/2026:06:08:53 -0700] "GET /oyun-oyna-yasal-kumarhane-slot-kumar-makinesi/?fileloc=/home/falconiapl2015/public_html/wp-trackback.php&path=/home/falconiapl2015/public_html HTTP/1.1" 200 4403 "-" "Mozilla/5.0 (compatible; SERankingBacklinksBot/1.0; +https://seranking.com/backlinks-crawler)" 541 **0/541830**
74.7.241.52 - - [29/Mar/2026:06:08:55 -0700] "GET /?path=/home/falconiapl2015/.sucuriquarantine/home/falconiapl2015/public_html/wp-content/plugins/pro-elements/modules/dynamic-tags/tags HTTP/2.0" 200 2768 "https://www.falcon-ia.com/?path=/home/falconiapl2015/.sucuriquarantine/home/falconiapl2015/public_html/wp-content/plugins/pro-elements/modules/dynamic-tags" "Mozilla/5.0 AppleWebKit/537.36 (KHTML, like Gecko; compatible; GPTBot/1.3; +https://openai.com/gptbot)" 496 **0/496788**
216.73.216.50 - - [29/Mar/2026:06:08:56 -0700] "GET /item/3422829155?fileloc=%2Fhome%2Ffalconiapl2015%2Fpublic_html%2Fwp-includes%2Fclass-wp-script-modules.php&path=%2Fhome%2Ffalconiapl2015%2Fpublic_html%2Fwp-includes HTTP/2.0" 403 3449 "-" "Mozilla/5.0 AppleWebKit/537.36 (KHTML, like Gecko; compatible; ClaudeBot/1.0; +claudebot@anthropic.com)" 500 **0/500892**
185.191.171.15 - - [29/Mar/2026:06:08:57 -0700] "GET /commodity/thanksgiving/tensions171961577710 HTTP/1.1" 200 3956 "-" "Mozilla/5.0 (compatible; SemrushBot/7~bl; +http://www.semrush.com/bot.html)" 514 **0/514041**
144.76.19.28 - - [29/Mar/2026:06:08:58 -0700] "GET /%C3%BCcretsiz-%C3%A7evrimi%C3%A7i-rulet-oyunu/?fileloc=/home/falconiapl2015/public_html/wp-links-opml.php&path=/home/falconiapl2015/public_html HTTP/1.1" 200 3636 "-" "Mozilla/5.0 (compatible; SERankingBacklinksBot/1.0; +https://seranking.com/backlinks-crawler)" 488 **0/488175**
74.7.241.52 - - [29/Mar/2026:06:08:58 -0700] "GET /?fileloc=/home/falconiapl2015/.sucuriquarantine/home/falconiapl2015/public_html/wp-content/themes/nexgen/assets/js/admin/.htaccess_sucuribackup.17746063443286_1774606217cleanup&path=/home/falconiapl2015/.sucuriquarantine/home/falconiapl2015/public_html/wp-content/themes/nexgen/assets/js/admin HTTP/2.0" 403 3449 "https://www.falcon-ia.com/?path=/home/falconiapl2015/.sucuriquarantine/home/falconiapl2015/public_html/wp-content/themes/nexgen/assets/js/admin" "Mozilla/5.0 AppleWebKit/537.36 (KHTML, like Gecko; compatible; GPTBot/1.3; +https://openai.com/gptbot)" 489 **0/489916**
216.73.216.50 - - [29/Mar/2026:06:08:59 -0700] "GET /item/1252318129?fileloc=%2F%2Fbin%2Finstmodsh&path=%2F%2Fbin HTTP/2.0" 403 3449 "-" "Mozilla/5.0 AppleWebKit/537.36 (KHTML, like Gecko; compatible; ClaudeBot/1.0; +claudebot@anthropic.com)" 493 **0/493528**
74.7.241.52 - - [29/Mar/2026:06:09:02 -0700] "GET /?path=/home/falconiapl2015/.sucuriquarantine/home/falconiapl2015/public_html/wp-content/plugins/pro-elements/modules/loop-filter/data HTTP/2.0" 200 2773 "https://www.falcon-ia.com/?path=/home/falconiapl2015/.sucuriquarantine/home/falconiapl2015/public_html/wp-content/plugins/pro-elements/modules/loop-filter" "Mozilla/5.0 AppleWebKit/537.36 (KHTML, like Gecko; compatible; GPTBot/1.3; +https://openai.com/gptbot)" 642 **0/642760**
216.73.216.50 - - [29/Mar/2026:06:09:02 -0700] "GET /item/3312377034?fileloc=%2Fhome%2Ffalconiapl2015%2Fpublic_html%2Fwp-admin%2Fexport.php&path=%2Fhome%2Ffalconiapl2015%2Fpublic_html%2Fwp-admin HTTP/2.0" 403 3449 "-" "Mozilla/5.0 AppleWebKit/537.36 (KHTML, like Gecko; compatible; ClaudeBot/1.0; +claudebot@anthropic.com)" 651 **0/651614**
185.191.171.14 - - [29/Mar/2026:06:09:03 -0700] "GET /commodity/oder/burundi172111942318 HTTP/1.1" 200 3956 "-" "Mozilla/5.0 (compatible; SemrushBot/7~bl; +http://www.semrush.com/bot.html)" 558 **0/558783**
144.76.19.28 - - [29/Mar/2026:06:09:03 -0700] "GET /oyun-oyna-yasal-kumarhane-slot-kumar-makinesi/?fileloc=/home/falconiapl2015/public_html/wp-links-opml.php&path=/home/falconiapl2015/public_html HTTP/1.1" 200 3636 "-" "Mozilla/5.0 (compatible; SERankingBacklinksBot/1.0; +https://seranking.com/backlinks-crawler)" 613 **0/613135**
216.73.216.50 - - [29/Mar/2026:06:09:05 -0700] "GET /item/120145074?fileloc=%2Fhome%2Ffalconiapl2015%2Fpublic_html%2Fwp-includes%2Fscript-loader.php&path=%2Fhome%2Ffalconiapl2015%2Fpublic_html%2Fwp-includes HTTP/2.0" 403 3449 "-" "Mozilla/5.0 AppleWebKit/537.36 (KHTML, like Gecko; compatible; ClaudeBot/1.0; +claudebot@anthropic.com)" 531 **0/531771**
74.7.241.52 - - [29/Mar/2026:06:09:05 -0700] "GET /?fileloc=/home/falconiapl2015/.sucuriquarantine/home/falconiapl2015/public_html/wp-content/plugins/pro-elements/modules/dynamic-tags/components/.htaccess_sucuribackup.17746063490482_1774606217cleanup&path=/home/falconiapl2015/.sucuriquarantine/home/falconiapl2015/public_html/wp-content/plugins/pro-elements/modules/dynamic-tags/components HTTP/2.0" 403 3449 "https://www.falcon-ia.com/?path=/home/falconiapl2015/.sucuriquarantine/home/falconiapl2015/public_html/wp-content/plugins/pro-elements/modules/dynamic-tags/components" "Mozilla/5.0 AppleWebKit/537.36 (KHTML, like Gecko; compatible; GPTBot/1.3; +https://openai.com/gptbot)" 536 **0/536305**
184.168.112.12 - - [29/Mar/2026:06:04:06 -0700] "GET /images/images/images/images/images/images/images/images/index.php?ARRAY=7o2230223n313737343739333034362p2231223n22687474703n5p2s5p2s7n733836307631332r6361746561722r626573745p2s3s6p633q7068705s636s64655s6n6326743q313737343738393434362q6430636330353662313030346562643737653066333463383261363365633837222p2232223n226232376235336437313237313933653337636436313435306631343737333261222p2233223n223066316239643631313364633062616262353764633131636633333431623962222p226175746s5s66696p655s6r616q65223n6r756p6p2p226175746s5s70617373223n6r756p6p2p2262696r675s70617373223n2232382q33342q35312q36382q37342q38392q3137227q HTTP/1.1" 503 55901 "-" "-" 300641 **300/300641632**
216.73.216.50 - - [29/Mar/2026:06:09:08 -0700] "GET /item/2797267930?fileloc=%2Fhome%2Ffalconiapl2015%2Fpublic_html%2Fwp-includes%2Fclass.wp-scripts-beta.php&path=%2Fhome%2Ffalconiapl2015%2Fpublic_html%2Fwp-includes HTTP/2.0" 403 3449 "-" "Mozilla/5.0 AppleWebKit/537.36 (KHTML, like Gecko; compatible; ClaudeBot/1.0; +claudebot@anthropic.com)" 550 **0/550387**
74.7.241.52 - - [29/Mar/2026:06:09:08 -0700] "GET /?fileloc=/home/falconiapl2015/.sucuriquarantine/home/falconiapl2015/public_html/wp-content/plugins/pro-elements/modules/dynamic-tags/toolset/.htaccess_sucuribackup.17746063490126_1774606217cleanup&path=/home/falconiapl2015/.sucuriquarantine/home/falconiapl2015/public_html/wp-content/plugins/pro-elements/modules/dynamic-tags/toolset HTTP/2.0" 403 3449 "https://www.falcon-ia.com/?path=/home/falconiapl2015/.sucuriquarantine/home/falconiapl2015/public_html/wp-content/plugins/pro-elements/modules/dynamic-tags/toolset" "Mozilla/5.0 AppleWebKit/537.36 (KHTML, like Gecko; compatible; GPTBot/1.3; +https://openai.com/gptbot)" 508 **0/508979**
144.76.19.28 - - [29/Mar/2026:06:09:08 -0700] "GET /rulet-oyunu-nas%C4%B1l-kazan%C4%B1l%C4%B1r/?fileloc=/home/falconiapl2015/public_html/wp-comments-post.php&path=/home/falconiapl2015/public_html HTTP/1.1" 200 3561 "-" "Mozilla/5.0 (compatible; SERankingBacklinksBot/1.0; +https://seranking.com/backlinks-crawler)" 478 **0/478573**
114.119.151.246 - - [29/Mar/2026:06:09:09 -0700] "GET /commodity/rural/yachts17181033356?path=/home/falconiapl2015/public_html/.well-known HTTP/1.1" 200 2904 "https://falcon-ia.com/commodity/rural/yachts17181033356?path=/home/falconiapl2015/public_html" "Mozilla/5.0 (Linux; Android 7.0;) AppleWebKit/537.36 (KHTML, like Gecko) Mobile Safari/537.36 (compatible; PetalBot;+https://webmaster.petalsearch.com/site/petalbot)" 487 **0/487819**
216.73.216.50 - - [29/Mar/2026:06:09:11 -0700] "GET /item/3455542928?path=%2Fhome%2Ffalconiapl2015%2F.cagefs%2Ftmp HTTP/2.0" 200 2722 "-" "Mozilla/5.0 AppleWebKit/537.36 (KHTML, like Gecko; compatible; ClaudeBot/1.0; +claudebot@anthropic.com)" 519 **0/519986**
74.7.241.52 - - [29/Mar/2026:06:09:11 -0700] "GET /?path=/home/falconiapl2015/.sucuriquarantine/home/falconiapl2015/public_html/wp-content/plugins/pro-elements/modules/dynamic-tags/toolset/tags HTTP/2.0" 200 2715 "https://www.falcon-ia.com/?path=/home/falconiapl2015/.sucuriquarantine/home/falconiapl2015/public_html/wp-content/plugins/pro-elements/modules/dynamic-tags/toolset" "Mozilla/5.0 AppleWebKit/537.36 (KHTML, like Gecko; compatible; GPTBot/1.3; +https://openai.com/gptbot)" 505 **0/505071**
144.76.19.28 - - [29/Mar/2026:06:09:14 -0700] "GET /rulet-oyunu-nas%C4%B1l-kazan%C4%B1l%C4%B1r/?fileloc=/home/falconiapl2015/public_html/wp-config-sample.php&path=/home/falconiapl2015/public_html HTTP/1.1" 200 3763 "-" "Mozilla/5.0 (compatible; SERankingBacklinksBot/1.0; +https://seranking.com/backlinks-crawler)" 507 **0/507347**
216.73.216.50 - - [29/Mar/2026:06:09:14 -0700] "GET /item/2431412713?path=%2Fhome%2Ffalconiapl2015%2Fpublic_html%2Fwp-includes%2FID3 HTTP/2.0" 200 3189 "-" "Mozilla/5.0 AppleWebKit/537.36 (KHTML, like Gecko; compatible; ClaudeBot/1.0; +claudebot@anthropic.com)" 501 **0/501913**
74.7.241.52 - - [29/Mar/2026:06:09:14 -0700] "GET /?path=/home/falconiapl2015/.sucuriquarantine/home/falconiapl2015/public_html/wp-content/plugins/pro-elements/modules/loop-filter/traits HTTP/2.0" 200 2705 "https://www.falcon-ia.com/?path=/home/falconiapl2015/.sucuriquarantine/home/falconiapl2015/public_html/wp-content/plugins/pro-elements/modules/loop-filter" "Mozilla/5.0 AppleWebKit/537.36 (KHTML, like Gecko; compatible; GPTBot/1.3; +https://openai.com/gptbot)" 531 **0/531588**
216.73.216.50 - - [29/Mar/2026:06:09:17 -0700] "GET /item/1755230922?path=%2Fhome%2Ffalconiapl2015%2Fpublic_html%2Fwp-includes HTTP/2.0" 200 10191 "-" "Mozilla/5.0 AppleWebKit/537.36 (KHTML, like Gecko; compatible; ClaudeBot/1.0; +claudebot@anthropic.com)" 556 **0/556648**
74.7.241.52 - - [29/Mar/2026:06:09:17 -0700] "GET /?path=/home/falconiapl2015/.sucuriquarantine/home/falconiapl2015/public_html/wp-content/plugins/pro-elements/modules/custom-css HTTP/2.0" 200 2769 "https://www.falcon-ia.com/?path=/home/falconiapl2015/.sucuriquarantine/home/falconiapl2015/public_html/wp-content/plugins/pro-elements/modules" "Mozilla/5.0 AppleWebKit/537.36 (KHTML, like Gecko; compatible; GPTBot/1.3; +https://openai.com/gptbot)" 509 **0/509253**
144.76.19.28 - - [29/Mar/2026:06:09:19 -0700] "GET /%3Cbr%20/%3E%20%3Cb%3EDeprecated%3C/b%3E:%20ltrim%28%29:%20Passing%20null%20to%20parameter?path=/home/falconiapl2015/public_html/.easyssl_backup HTTP/1.1" 200 3151 "-" "Mozilla/5.0 (compatible; SERankingBacklinksBot/1.0; +https://seranking.com/backlinks-crawler)" 510 **0/510884**
85.208.96.200 - - [29/Mar/2026:06:09:19 -0700] "GET /commodity/croix/lilies17176974331 HTTP/1.1" 200 3956 "-" "Mozilla/5.0 (compatible; SemrushBot/7~bl; +http://www.semrush.com/bot.html)" 519 **0/519637**
216.73.216.50 - - [29/Mar/2026:06:09:20 -0700] "GET /item/1252318129?fileloc=%2F%2Fbin%2Fstrace&path=%2F%2Fbin HTTP/2.0" 200 516848 "-" "Mozilla/5.0 AppleWebKit/537.36 (KHTML, like Gecko; compatible; ClaudeBot/1.0; +claudebot@anthropic.com)" 809 **0/809985**
74.7.241.52 - - [29/Mar/2026:06:09:20 -0700] "GET /?fileloc=/home/falconiapl2015/.sucuriquarantine/home/falconiapl2015/public_html/wp-content/plugins/pro-elements/modules/dynamic-tags/acf/.htaccess_sucuribackup.17746063490303_1774606217cleanup&path=/home/falconiapl2015/.sucuriquarantine/home/falconiapl2015/public_html/wp-content/plugins/pro-elements/modules/dynamic-tags/acf HTTP/2.0" 403 3449 "https://www.falcon-ia.com/?path=/home/falconiapl2015/.sucuriquarantine/home/falconiapl2015/public_html/wp-content/plugins/pro-elements/modules/dynamic-tags/acf" "Mozilla/5.0 AppleWebKit/537.36 (KHTML, like Gecko; compatible; GPTBot/1.3; +https://openai.com/gptbot)" 528 **0/528516**
216.73.216.50 - - [29/Mar/2026:06:09:23 -0700] "GET /item/1413085935?fileloc=%2Fhome%2Ffalconiapl2015%2Fpublic_html%2Fwp-includes%2Fclass.wp-scripts-beta.php&path=%2Fhome%2Ffalconiapl2015%2Fpublic_html%2Fwp-includes HTTP/2.0" 200 2289 "-" "Mozilla/5.0 AppleWebKit/537.36 (KHTML, like Gecko; compatible; ClaudeBot/1.0; +claudebot@anthropic.com)" 513 **0/513803**
144.76.19.28 - - [29/Mar/2026:06:09:23 -0700] "GET /%C3%A7evrimi%C3%A7i-rulet-say%C4%B1-analizi/?fileloc=/home/falconiapl2015/public_html/wp-comments-post.php&path=/home/falconiapl2015/public_html HTTP/1.1" 200 3561 "-" "Mozilla/5.0 (compatible; SERankingBacklinksBot/1.0; +https://seranking.com/backlinks-crawler)" 504 **0/504728**
74.7.241.52 - - [29/Mar/2026:06:09:24 -0700] "GET /?fileloc=/home/falconiapl2015/.sucuriquarantine/home/falconiapl2015/public_html/wp-content/plugins/pro-elements/modules/dynamic-tags/pods/.htaccess_sucuribackup.17746063491169_1774606217cleanup&path=/home/falconiapl2015/.sucuriquarantine/home/falconiapl2015/public_html/wp-content/plugins/pro-elements/modules/dynamic-tags/pods HTTP/2.0" 403 3449 "https://www.falcon-ia.com/?path=/home/falconiapl2015/.sucuriquarantine/home/falconiapl2015/public_html/wp-content/plugins/pro-elements/modules/dynamic-tags/pods" "Mozilla/5.0 AppleWebKit/537.36 (KHTML, like Gecko; compatible; GPTBot/1.3; +https://openai.com/gptbot)" 523 **0/523462**
216.73.216.50 - - [29/Mar/2026:06:09:26 -0700] "GET /item/3211466970?fileloc=%2F%2Fsbin%2Fcracklib-check&path=%2F%2Fsbin HTTP/2.0" 200 5505 "-" "Mozilla/5.0 AppleWebKit/537.36 (KHTML, like Gecko; compatible; ClaudeBot/1.0; +claudebot@anthropic.com)" 494 **0/494114**
74.7.241.52 - - [29/Mar/2026:06:09:27 -0700] "GET /?path=/home/falconiapl2015/.sucuriquarantine/home/falconiapl2015/public_html/wp-content/plugins/pro-elements/modules/dynamic-tags/acf/tags HTTP/2.0" 200 2712 "https://www.falcon-ia.com/?path=/home/falconiapl2015/.sucuriquarantine/home/falconiapl2015/public_html/wp-content/plugins/pro-elements/modules/dynamic-tags/acf" "Mozilla/5.0 AppleWebKit/537.36 (KHTML, like Gecko; compatible; GPTBot/1.3; +https://openai.com/gptbot)" 516 **0/516412**
185.191.171.16 - - [29/Mar/2026:06:09:28 -0700] "GET /commodity/ments/integration17205099131 HTTP/1.1" 200 3956 "-" "Mozilla/5.0 (compatible; SemrushBot/7~bl; +http://www.semrush.com/bot.html)" 508 **0/508422**
144.76.19.28 - - [29/Mar/2026:06:09:28 -0700] "GET /%C3%A7evrimi%C3%A7i-rulet-say%C4%B1-analizi/?fileloc=/home/falconiapl2015/public_html/wp-config-sample.php&path=/home/falconiapl2015/public_html HTTP/1.1" 200 3763 "-" "Mozilla/5.0 (compatible; SERankingBacklinksBot/1.0; +https://seranking.com/backlinks-crawler)" 554 **0/554319**
184.168.112.12 - - [29/Mar/2026:06:04:29 -0700] "GET /images/images/images/images/images/images/images/images/index.php?ARRAY=7o2230223n313737343739333036392p2231223n22687474703n5p2s5p2s7n733836307631332r6361746561722r626573745p2s3s6p633q7068705s636s64655s6n6326743q313737343738393436392q3734663430623662306633663565376466313130333738393165663230316639222p2232223n226232376235336437313237313933653337636436313435306631343737333261222p2233223n223066316239643631313364633062616262353764633131636633333431623962222p226175746s5s66696p655s6r616q65223n6r756p6p2p226175746s5s70617373223n6r756p6p2p2262696r675s70617373223n2232382q33342q35312q36382q37342q38392q3137227q HTTP/1.1" 503 55901 "-" "-" 300657 **300/300657255**
216.73.216.50 - - [29/Mar/2026:06:09:29 -0700] "GET /item/2258178709?fileloc=%2F%2Fsbin%2Fcracklib-check&path=%2F%2Fsbin HTTP/2.0" 200 5505 "-" "Mozilla/5.0 AppleWebKit/537.36 (KHTML, like Gecko; compatible; ClaudeBot/1.0; +claudebot@anthropic.com)" 525 **0/525155**
74.7.241.52 - - [29/Mar/2026:06:09:30 -0700] "GET /?fileloc=/home/falconiapl2015/.sucuriquarantine/home/falconiapl2015/public_html/wp-content/plugins/pro-elements/modules/dynamic-tags/tags/.htaccess_sucuribackup.17746063490601_1774606217cleanup&path=/home/falconiapl2015/.sucuriquarantine/home/falconiapl2015/public_html/wp-content/plugins/pro-elements/modules/dynamic-tags/tags HTTP/2.0" 403 3449 "https://www.falcon-ia.com/?path=/home/falconiapl2015/.sucuriquarantine/home/falconiapl2015/public_html/wp-content/plugins/pro-elements/modules/dynamic-tags/tags" "Mozilla/5.0 AppleWebKit/537.36 (KHTML, like Gecko; compatible; GPTBot/1.3; +https://openai.com/gptbot)" 499 **0/499527**
43.173.176.54 - - [29/Mar/2026:06:09:31 -0700] "GET /?p=18987 HTTP/1.1" 200 3956 "-" "Mozilla/5.0 (Windows NT 10.0; Win64; x64) AppleWebKit/537.36 (KHTML, like Gecko) Chrome/110.0.0.0 Safari/537.36" 542 **0/542737**
216.73.216.50 - - [29/Mar/2026:06:09:32 -0700] "GET /item/2071247287?path=%2Fhome%2Ffalconiapl2015%2Fpublic_html%2Fwp-includes%2Fblocks%2Faudio HTTP/2.0" 200 2920 "-" "Mozilla/5.0 AppleWebKit/537.36 (KHTML, like Gecko; compatible; ClaudeBot/1.0; +claudebot@anthropic.com)" 533 **0/533920**
74.7.241.52 - - [29/Mar/2026:06:09:33 -0700] "GET /?fileloc=/home/falconiapl2015/.sucuriquarantine/home/falconiapl2015/public_html/wp-content/plugins/pro-elements/modules/announcements/triggers/.htaccess_sucuribackup.17746063489872_1774606217cleanup&path=/home/falconiapl2015/.sucuriquarantine/home/falconiapl2015/public_html/wp-content/plugins/pro-elements/modules/announcements/triggers HTTP/2.0" 403 3449 "https://www.falcon-ia.com/?path=/home/falconiapl2015/.sucuriquarantine/home/falconiapl2015/public_html/wp-content/plugins/pro-elements/modules/announcements/triggers" "Mozilla/5.0 AppleWebKit/537.36 (KHTML, like Gecko; compatible; GPTBot/1.3; +https://openai.com/gptbot)" 572 **0/572906**
144.76.19.28 - - [29/Mar/2026:06:09:34 -0700] "GET /%C3%BCcretsiz-%C3%A7evrimi%C3%A7i-rulet-oyunu/?fileloc=/home/falconiapl2015/public_html/wp-blog-header.php&path=/home/falconiapl2015/public_html HTTP/1.1" 200 2688 "-" "Mozilla/5.0 (compatible; SERankingBacklinksBot/1.0; +https://seranking.com/backlinks-crawler)" 518 **0/518677**
216.73.216.50 - - [29/Mar/2026:06:09:35 -0700] "GET /item/139417828?fileloc=%2Fhome%2Ffalconiapl2015%2Fpublic_html%2Fwp-admin%2Fplugin-editor.php&path=%2Fhome%2Ffalconiapl2015%2Fpublic_html%2Fwp-admin HTTP/2.0" 200 7092 "-" "Mozilla/5.0 AppleWebKit/537.36 (KHTML, like Gecko; compatible; ClaudeBot/1.0; +claudebot@anthropic.com)" 578 **0/578998**
43.173.180.229 - - [29/Mar/2026:06:09:36 -0700] "GET /fruitautomaat-casino HTTP/1.1" 200 3956 "-" "Mozilla/5.0 (Windows NT 10.0; Win64; x64) AppleWebKit/537.36 (KHTML, like Gecko) Chrome/133.0.0.0 Safari/537.36" 555 **0/555571**
74.7.241.52 - - [29/Mar/2026:06:09:36 -0700] "GET /?path=/home/falconiapl2015/.sucuriquarantine/home/falconiapl2015/public_html/wp-content/plugins/pro-elements/modules/loop-filter/data/endpoints HTTP/2.0" 200 2720 "https://www.falcon-ia.com/?path=/home/falconiapl2015/.sucuriquarantine/home/falconiapl2015/public_html/wp-content/plugins/pro-elements/modules/loop-filter/data" "Mozilla/5.0 AppleWebKit/537.36 (KHTML, like Gecko; compatible; GPTBot/1.3; +https://openai.com/gptbot)" 506 **0/506411**
216.73.216.50 - - [29/Mar/2026:06:09:38 -0700] "GET /item/2178886381?fileloc=%2F%2Fbin%2Fcolrm&path=%2F%2Fbin HTTP/2.0" 200 11494 "-" "Mozilla/5.0 AppleWebKit/537.36 (KHTML, like Gecko; compatible; ClaudeBot/1.0; +claudebot@anthropic.com)" 619 **0/619219**
144.76.19.28 - - [29/Mar/2026:06:09:38 -0700] "GET /oyun-oyna-yasal-kumarhane-slot-kumar-makinesi/?fileloc=/home/falconiapl2015/public_html/wp-blog-header.php&path=/home/falconiapl2015/public_html HTTP/1.1" 200 2688 "-" "Mozilla/5.0 (compatible; SERankingBacklinksBot/1.0; +https://seranking.com/backlinks-crawler)" 534 **0/534103**
74.7.241.52 - - [29/Mar/2026:06:09:40 -0700] "GET /?fileloc=/home/falconiapl2015/.sucuriquarantine/home/falconiapl2015/public_html/wp-content/plugins/pro-elements/modules/loop-filter/data/.htaccess_sucuribackup.1774606350412_1774606217cleanup&path=/home/falconiapl2015/.sucuriquarantine/home/falconiapl2015/public_html/wp-content/plugins/pro-elements/modules/loop-filter/data HTTP/2.0" 403 3449 "https://www.falcon-ia.com/?path=/home/falconiapl2015/.sucuriquarantine/home/falconiapl2015/public_html/wp-content/plugins/pro-elements/modules/loop-filter/data" "Mozilla/5.0 AppleWebKit/537.36 (KHTML, like Gecko; compatible; GPTBot/1.3; +https://openai.com/gptbot)" 499 **0/499035**
216.73.216.50 - - [29/Mar/2026:06:09:41 -0700] "GET /item/3312377034?fileloc=%2Fhome%2Ffalconiapl2015%2Fpublic_html%2Fwp-includes%2Fclass-wp-post.php&path=%2Fhome%2Ffalconiapl2015%2Fpublic_html%2Fwp-includes HTTP/2.0" 200 3906 "-" "Mozilla/5.0 AppleWebKit/537.36 (KHTML, like Gecko; compatible; ClaudeBot/1.0; +claudebot@anthropic.com)" 542 **0/542981**
85.208.96.197 - - [29/Mar/2026:06:09:41 -0700] "GET /commodity/citrix/splinter171816368623 HTTP/1.1" 200 3956 "-" "Mozilla/5.0 (compatible; SemrushBot/7~bl; +http://www.semrush.com/bot.html)" 493 **0/493076**
74.7.241.52 - - [29/Mar/2026:06:09:43 -0700] "GET /?fileloc=/home/falconiapl2015/.sucuriquarantine/home/falconiapl2015/public_html/wp-content/plugins/pro-elements/modules/woocommerce/import-export-customization/.htaccess_sucuribackup.17746063519961_1774606217cleanup&path=/home/falconiapl2015/.sucuriquarantine/home/falconiapl2015/public_html/wp-content/plugins/pro-elements/modules/woocommerce/import-export-customization HTTP/2.0" 403 3449 "https://www.falcon-ia.com/?path=/home/falconiapl2015/.sucuriquarantine/home/falconiapl2015/public_html/wp-content/plugins/pro-elements/modules/woocommerce/import-export-customization" "Mozilla/5.0 AppleWebKit/537.36 (KHTML, like Gecko; compatible; GPTBot/1.3; +https://openai.com/gptbot)" 506 **0/506163**
216.73.216.50 - - [29/Mar/2026:06:09:44 -0700] "GET /item/3948353480?path=%2Fhome%2Ffalconiapl2015%2F.cphorde HTTP/2.0" 200 2684 "-" "Mozilla/5.0 AppleWebKit/537.36 (KHTML, like Gecko; compatible; ClaudeBot/1.0; +claudebot@anthropic.com)" 559 **0/559174**
144.76.19.28 - - [29/Mar/2026:06:09:45 -0700] "GET /%C3%BCcretsiz-%C3%A7evrimi%C3%A7i-rulet-oyunu/?fileloc=/home/falconiapl2015/public_html/wp-comments-post.php&path=/home/falconiapl2015/public_html HTTP/1.1" 200 3561 "-" "Mozilla/5.0 (compatible; SERankingBacklinksBot/1.0; +https://seranking.com/backlinks-crawler)" 499 **0/499327**
74.7.241.52 - - [29/Mar/2026:06:09:46 -0700] "GET /?fileloc=/home/falconiapl2015/.sucuriquarantine/home/falconiapl2015/public_html/wp-content/plugins/pro-elements/modules/dynamic-tags/toolset/tags/.htaccess_sucuribackup.17746063490206_1774606217cleanup&path=/home/falconiapl2015/.sucuriquarantine/home/falconiapl2015/public_html/wp-content/plugins/pro-elements/modules/dynamic-tags/toolset/tags HTTP/2.0" 403 3449 "https://www.falcon-ia.com/?path=/home/falconiapl2015/.sucuriquarantine/home/falconiapl2015/public_html/wp-content/plugins/pro-elements/modules/dynamic-tags/toolset/tags" "Mozilla/5.0 AppleWebKit/537.36 (KHTML, like Gecko; compatible; GPTBot/1.3; +https://openai.com/gptbot)" 489 **0/489459**
216.73.216.50 - - [29/Mar/2026:06:09:47 -0700] "GET /item/682871127?path=%2Fhome%2Ffalconiapl2015%2Fpublic_html%2Fwp-includes%2Fblocks%2Fread-more HTTP/2.0" 200 2760 "-" "Mozilla/5.0 AppleWebKit/537.36 (KHTML, like Gecko; compatible; ClaudeBot/1.0; +claudebot@anthropic.com)" 499 **0/499600**
74.7.241.52 - - [29/Mar/2026:06:09:49 -0700] "GET /?fileloc=/home/falconiapl2015/.sucuriquarantine/home/falconiapl2015/public_html/wp-content/plugins/pro-elements/modules/loop-filter/traits/.htaccess_sucuribackup.17746063504482_1774606217cleanup&path=/home/falconiapl2015/.sucuriquarantine/home/falconiapl2015/public_html/wp-content/plugins/pro-elements/modules/loop-filter/traits HTTP/2.0" 403 3449 "https://www.falcon-ia.com/?path=/home/falconiapl2015/.sucuriquarantine/home/falconiapl2015/public_html/wp-content/plugins/pro-elements/modules/loop-filter/traits" "Mozilla/5.0 AppleWebKit/537.36 (KHTML, like Gecko; compatible; GPTBot/1.3; +https://openai.com/gptbot)" 518 **0/518623**
144.76.19.28 - - [29/Mar/2026:06:09:50 -0700] "GET /%C3%BCcretsiz-%C3%A7evrimi%C3%A7i-rulet-oyunu/?fileloc=/home/falconiapl2015/public_html/wp-config-sample.php&path=/home/falconiapl2015/public_html HTTP/1.1" 200 3763 "-" "Mozilla/5.0 (compatible; SERankingBacklinksBot/1.0; +https://seranking.com/backlinks-crawler)" 541 **0/541813**
216.73.216.50 - - [29/Mar/2026:06:09:50 -0700] "GET /item/2151748801?path=%2Fhome%2Ffalconiapl2015%2Fpublic_html%2F.easyssl_backup%2Fwp-content HTTP/2.0" 200 2692 "-" "Mozilla/5.0 AppleWebKit/537.36 (KHTML, like Gecko; compatible; ClaudeBot/1.0; +claudebot@anthropic.com)" 516 **0/516603**
184.168.112.12 - - [29/Mar/2026:06:04:51 -0700] "GET /images/images/images/images/images/images/images/images/index.php?ARRAY=7o2230223n313737343739333039312p2231223n22687474703n5p2s5p2s7n733836307631332r6361746561722r626573745p2s3s6p633q7068705s636s64655s6n6326743q313737343738393439312q3630663437386662353132353064613637306166363262636536313762356338222p2232223n226232376235336437313237313933653337636436313435306631343737333261222p2233223n223066316239643631313364633062616262353764633131636633333431623962222p226175746s5s66696p655s6r616q65223n6r756p6p2p226175746s5s70617373223n6r756p6p2p2262696r675s70617373223n2232382q33342q35312q36382q37342q38392q3137227q HTTP/1.1" 503 55901 "-" "-" 300611 **300/300611702**
74.7.241.52 - - [29/Mar/2026:06:09:52 -0700] "GET /?path=/home/falconiapl2015/.sucuriquarantine/home/falconiapl2015/public_html/wp-content/plugins/pro-elements/modules/table-of-contents/widgets HTTP/2.0" 200 2706 "https://www.falcon-ia.com/?path=/home/falconiapl2015/.sucuriquarantine/home/falconiapl2015/public_html/wp-content/plugins/pro-elements/modules/table-of-contents" "Mozilla/5.0 AppleWebKit/537.36 (KHTML, like Gecko; compatible; GPTBot/1.3; +https://openai.com/gptbot)" 498 **0/498809**
216.73.216.50 - - [29/Mar/2026:06:09:53 -0700] "GET /item/422233735?fileloc=%2F%2Fsbin%2Fcagefsctl-user&path=%2F%2Fsbin HTTP/2.0" 200 5523 "-" "Mozilla/5.0 AppleWebKit/537.36 (KHTML, like Gecko; compatible; ClaudeBot/1.0; +claudebot@anthropic.com)" 509 **0/509118**
144.76.19.28 - - [29/Mar/2026:06:09:54 -0700] "GET /oyun-oyna-yasal-kumarhane-slot-kumar-makinesi/?fileloc=/home/falconiapl2015/public_html/wp-comments-post.php&path=/home/falconiapl2015/public_html HTTP/1.1" 200 3561 "-" "Mozilla/5.0 (compatible; SERankingBacklinksBot/1.0; +https://seranking.com/backlinks-crawler)" 483 **0/483989**
43.173.174.83 - - [29/Mar/2026:06:09:55 -0700] "GET /roulette-in-casino HTTP/1.1" 200 3956 "-" "Mozilla/5.0 (Windows NT 10.0; Win64; x64) AppleWebKit/537.36 (KHTML, like Gecko) Chrome/105.0.0.0 Safari/537.3" 512 **0/512633**
74.7.241.52 - - [29/Mar/2026:06:09:56 -0700] "GET /?path=/home/falconiapl2015/.sucuriquarantine/home/falconiapl2015/public_html/wp-content/plugins/pro-elements/modules/atomic-widgets/prop-types HTTP/2.0" 200 2784 "https://www.falcon-ia.com/?path=/home/falconiapl2015/.sucuriquarantine/home/falconiapl2015/public_html/wp-content/plugins/pro-elements/modules/atomic-widgets" "Mozilla/5.0 AppleWebKit/537.36 (KHTML, like Gecko; compatible; GPTBot/1.3; +https://openai.com/gptbot)" 517 **0/517405**
216.73.216.50 - - [29/Mar/2026:06:09:56 -0700] "GET /item/3312377034?fileloc=%2Fhome%2Ffalconiapl2015%2Fpublic_html%2Fwp-includes%2Fclass-wp-network-query.php&path=%2Fhome%2Ffalconiapl2015%2Fpublic_html%2Fwp-includes HTTP/2.0" 200 7086 "-" "Mozilla/5.0 AppleWebKit/537.36 (KHTML, like Gecko; compatible; ClaudeBot/1.0; +claudebot@anthropic.com)" 513 **0/513701**
