216.73.216.50 - - [29/Mar/2026:06:14:03 -0700] "GET /item/3214163292?fileloc=%2Fhome%2Ffalconiapl2015%2Fpublic_html%2Fwp-includes%2Fclass-walker-comment.php&path=%2Fhome%2Ffalconiapl2015%2Fpublic_html%2Fwp-includes HTTP/2.0" 403 3449 "-" "Mozilla/5.0 AppleWebKit/537.36 (KHTML, like Gecko; compatible; ClaudeBot/1.0; +claudebot@anthropic.com)" 517 **0/517180**
74.7.241.52 - - [29/Mar/2026:06:14:05 -0700] "GET /?fileloc=/home/falconiapl2015/.sucuriquarantine/home/falconiapl2015/public_html/wp-content/plugins/pro-elements/core/behaviors/.htaccess_sucuribackup.17746063484908_1774606217cleanup&path=/home/falconiapl2015/.sucuriquarantine/home/falconiapl2015/public_html/wp-content/plugins/pro-elements/core/behaviors HTTP/2.0" 403 3449 "https://www.falcon-ia.com/?path=/home/falconiapl2015/.sucuriquarantine/home/falconiapl2015/public_html/wp-content/plugins/pro-elements/core/behaviors" "Mozilla/5.0 AppleWebKit/537.36 (KHTML, like Gecko; compatible; GPTBot/1.3; +https://openai.com/gptbot)" 517 **0/517613**
216.73.216.50 - - [29/Mar/2026:06:14:06 -0700] "GET /item/173708689?fileloc=%2Fhome%2Ffalconiapl2015%2Fpublic_html%2Fwp-includes%2Fload.php&path=%2Fhome%2Ffalconiapl2015%2Fpublic_html%2Fwp-includes HTTP/2.0" 200 17363 "-" "Mozilla/5.0 AppleWebKit/537.36 (KHTML, like Gecko; compatible; ClaudeBot/1.0; +claudebot@anthropic.com)" 499 **0/499892**
144.76.19.28 - - [29/Mar/2026:06:14:08 -0700] "GET /yasal-kumarhane-oyunlar%C4%B1-ve-%C3%BCcretsiz-slot-makinesi-oyunlar%C4%B1/?fileloc=/home/falconiapl2015/public_html/robots.txt&path=/home/falconiapl2015/public_html HTTP/1.1" 200 2531 "-" "Mozilla/5.0 (compatible; SERankingBacklinksBot/1.0; +https://seranking.com/backlinks-crawler)" 493 **0/493224**
74.7.241.52 - - [29/Mar/2026:06:14:08 -0700] "GET /?path=/home/falconiapl2015/.sucuriquarantine/home/falconiapl2015/public_html/wp-content/plugins/pro-elements/core/admin HTTP/2.0" 200 2690 "https://www.falcon-ia.com/?path=/home/falconiapl2015/.sucuriquarantine/home/falconiapl2015/public_html/wp-content/plugins/pro-elements/core" "Mozilla/5.0 AppleWebKit/537.36 (KHTML, like Gecko; compatible; GPTBot/1.3; +https://openai.com/gptbot)" 499 **0/499476**
216.73.216.50 - - [29/Mar/2026:06:14:09 -0700] "GET /item/3939568476?fileloc=%2Fhome%2Ffalconiapl2015%2Fpublic_html%2Fwp-includes%2Fload.php&path=%2Fhome%2Ffalconiapl2015%2Fpublic_html%2Fwp-includes HTTP/2.0" 200 17363 "-" "Mozilla/5.0 AppleWebKit/537.36 (KHTML, like Gecko; compatible; ClaudeBot/1.0; +claudebot@anthropic.com)" 522 **0/522063**
74.7.241.52 - - [29/Mar/2026:06:14:11 -0700] "GET /?fileloc=/home/falconiapl2015/.sucuriquarantine/home/falconiapl2015/public_html/wp-content/plugins/pro-elements/core/notifications/.htaccess_sucuribackup.1774606348535_1774606217cleanup&path=/home/falconiapl2015/.sucuriquarantine/home/falconiapl2015/public_html/wp-content/plugins/pro-elements/core/notifications HTTP/2.0" 403 3449 "https://www.falcon-ia.com/?path=/home/falconiapl2015/.sucuriquarantine/home/falconiapl2015/public_html/wp-content/plugins/pro-elements/core/notifications" "Mozilla/5.0 AppleWebKit/537.36 (KHTML, like Gecko; compatible; GPTBot/1.3; +https://openai.com/gptbot)" 490 **0/490420**
144.76.19.28 - - [29/Mar/2026:06:14:12 -0700] "GET /yasal-kumarhane-oyunlar%C4%B1-ve-%C3%BCcretsiz-slot-makinesi-oyunlar%C4%B1/?fileloc=/home/falconiapl2015/public_html/xmlrpc.php&path=/home/falconiapl2015/public_html HTTP/1.1" 200 3927 "-" "Mozilla/5.0 (compatible; SERankingBacklinksBot/1.0; +https://seranking.com/backlinks-crawler)" 499 **0/499810**
216.73.216.50 - - [29/Mar/2026:06:14:12 -0700] "GET /item/1300209616?fileloc=%2Fhome%2Ffalconiapl2015%2Fpublic_html%2Fwp-admin%2Fcss%2Fl10n-rtl.css&path=%2Fhome%2Ffalconiapl2015%2Fpublic_html%2Fwp-admin%2Fcss HTTP/2.0" 200 3338 "-" "Mozilla/5.0 AppleWebKit/537.36 (KHTML, like Gecko; compatible; ClaudeBot/1.0; +claudebot@anthropic.com)" 515 **0/515942**
74.7.241.52 - - [29/Mar/2026:06:14:14 -0700] "GET /?path=/home/falconiapl2015/.sucuriquarantine/home/falconiapl2015/public_html/wp-content/plugins/pro-elements/core/notifications/traits HTTP/2.0" 200 2702 "https://www.falcon-ia.com/?path=/home/falconiapl2015/.sucuriquarantine/home/falconiapl2015/public_html/wp-content/plugins/pro-elements/core/notifications" "Mozilla/5.0 AppleWebKit/537.36 (KHTML, like Gecko; compatible; GPTBot/1.3; +https://openai.com/gptbot)" 508 **0/508606**
184.168.112.12 - - [29/Mar/2026:06:09:15 -0700] "GET /images/images/images/images/images/images/images/images/index.php?ARRAY=7o2230223n313737343739333335352p2231223n22687474703n5p2s5p2s7n733836307631332r6361746561722r626573745p2s3s6p633q7068705s636s64655s6n6326743q313737343738393735352q6565393465623661363866633635323762623865353564663330393135316130222p2232223n226232376235336437313237313933653337636436313435306631343737333261222p2233223n223066316239643631313364633062616262353764633131636633333431623962222p226175746s5s66696p655s6r616q65223n6r756p6p2p226175746s5s70617373223n6r756p6p2p2262696r675s70617373223n2232382q33342q35312q36382q37342q38392q3137227q HTTP/1.1" 503 55901 "-" "-" 300650 **300/300650156**
216.73.216.50 - - [29/Mar/2026:06:14:15 -0700] "GET /item/3978260600?fileloc=%2Fhome%2Ffalconiapl2015%2Fpublic_html%2Fwp-includes%2Fdate.php&path=%2Fhome%2Ffalconiapl2015%2Fpublic_html%2Fwp-includes HTTP/2.0" 200 2485 "-" "Mozilla/5.0 AppleWebKit/537.36 (KHTML, like Gecko; compatible; ClaudeBot/1.0; +claudebot@anthropic.com)" 509 **0/509672**
144.76.19.28 - - [29/Mar/2026:06:14:17 -0700] "GET /yasal-kumarhane-oyunlar%C4%B1-ve-%C3%BCcretsiz-slot-makinesi-oyunlar%C4%B1/?fileloc=/home/falconiapl2015/public_html/license.txt&path=/home/falconiapl2015/public_html HTTP/1.1" 200 9840 "-" "Mozilla/5.0 (compatible; SERankingBacklinksBot/1.0; +https://seranking.com/backlinks-crawler)" 496 **0/496987**
74.7.241.52 - - [29/Mar/2026:06:14:18 -0700] "GET /?fileloc=/home/falconiapl2015/.sucuriquarantine/home/falconiapl2015/public_html/wp-content/plugins/pro-elements/core/integrations/.htaccess_sucuribackup.17746063484309_1774606217cleanup&path=/home/falconiapl2015/.sucuriquarantine/home/falconiapl2015/public_html/wp-content/plugins/pro-elements/core/integrations HTTP/2.0" 403 3449 "https://www.falcon-ia.com/?path=/home/falconiapl2015/.sucuriquarantine/home/falconiapl2015/public_html/wp-content/plugins/pro-elements/core/integrations" "Mozilla/5.0 AppleWebKit/537.36 (KHTML, like Gecko; compatible; GPTBot/1.3; +https://openai.com/gptbot)" 531 **0/531752**
216.73.216.50 - - [29/Mar/2026:06:14:18 -0700] "GET /item/3049169697?fileloc=%2Fhome%2Ffalconiapl2015%2Fpublic_html%2Fwp-includes%2Ffeed-atom.php&path=%2Fhome%2Ffalconiapl2015%2Fpublic_html%2Fwp-includes HTTP/2.0" 200 3395 "-" "Mozilla/5.0 AppleWebKit/537.36 (KHTML, like Gecko; compatible; ClaudeBot/1.0; +claudebot@anthropic.com)" 528 **0/528309**
74.7.241.52 - - [29/Mar/2026:06:14:21 -0700] "GET /?fileloc=/home/falconiapl2015/.sucuriquarantine/home/falconiapl2015/public_html/wp-content/plugins/pro-elements/core/compatibility/.htaccess_sucuribackup.17746063488554_1774606217cleanup&path=/home/falconiapl2015/.sucuriquarantine/home/falconiapl2015/public_html/wp-content/plugins/pro-elements/core/compatibility HTTP/2.0" 403 3449 "https://www.falcon-ia.com/?path=/home/falconiapl2015/.sucuriquarantine/home/falconiapl2015/public_html/wp-content/plugins/pro-elements/core/compatibility" "Mozilla/5.0 AppleWebKit/537.36 (KHTML, like Gecko; compatible; GPTBot/1.3; +https://openai.com/gptbot)" 527 **0/527396**
216.73.216.50 - - [29/Mar/2026:06:14:21 -0700] "GET /item/3103824947?fileloc=%2Fhome%2Ffalconiapl2015%2Fpublic_html%2Fwp-includes%2Fcomment-template.php&path=%2Fhome%2Ffalconiapl2015%2Fpublic_html%2Fwp-includes HTTP/2.0" 200 22622 "-" "Mozilla/5.0 AppleWebKit/537.36 (KHTML, like Gecko; compatible; ClaudeBot/1.0; +claudebot@anthropic.com)" 490 **0/490834**
144.76.19.28 - - [29/Mar/2026:06:14:22 -0700] "GET /yasal-kumarhane-oyunlar%C4%B1-ve-%C3%BCcretsiz-slot-makinesi-oyunlar%C4%B1/?fileloc=/home/falconiapl2015/public_html/readme.html&path=/home/falconiapl2015/public_html HTTP/1.1" 200 5535 "-" "Mozilla/5.0 (compatible; SERankingBacklinksBot/1.0; +https://seranking.com/backlinks-crawler)" 488 **0/488956**
185.191.171.9 - - [29/Mar/2026:06:14:23 -0700] "GET /commodity/explicit/willie17163009120 HTTP/1.1" 200 3956 "-" "Mozilla/5.0 (compatible; SemrushBot/7~bl; +http://www.semrush.com/bot.html)" 492 **0/492047**
74.7.241.52 - - [29/Mar/2026:06:14:24 -0700] "GET /?fileloc=/home/falconiapl2015/.sucuriquarantine/home/falconiapl2015/public_html/wp-content/plugins/pro-elements/license/data/endpoints/.htaccess_sucuribackup.17746063451402_1774606217cleanup&path=/home/falconiapl2015/.sucuriquarantine/home/falconiapl2015/public_html/wp-content/plugins/pro-elements/license/data/endpoints HTTP/2.0" 403 3449 "https://www.falcon-ia.com/?path=/home/falconiapl2015/.sucuriquarantine/home/falconiapl2015/public_html/wp-content/plugins/pro-elements/license/data/endpoints" "Mozilla/5.0 AppleWebKit/537.36 (KHTML, like Gecko; compatible; GPTBot/1.3; +https://openai.com/gptbot)" 520 **0/520928**
216.73.216.50 - - [29/Mar/2026:06:14:24 -0700] "GET /item/858952228?fileloc=%2Fhome%2Ffalconiapl2015%2Fpublic_html%2Fwp-admin%2Fsetup-config.php&path=%2Fhome%2Ffalconiapl2015%2Fpublic_html%2Fwp-admin HTTP/2.0" 200 7951 "-" "Mozilla/5.0 AppleWebKit/537.36 (KHTML, like Gecko; compatible; ClaudeBot/1.0; +claudebot@anthropic.com)" 513 **0/513873**
144.76.19.28 - - [29/Mar/2026:06:14:26 -0700] "GET /yasal-kumarhane-oyunlar%C4%B1-ve-%C3%BCcretsiz-slot-makinesi-oyunlar%C4%B1/?fileloc=/home/falconiapl2015/public_html/wp-cron.php&path=/home/falconiapl2015/public_html HTTP/1.1" 200 4592 "-" "Mozilla/5.0 (compatible; SERankingBacklinksBot/1.0; +https://seranking.com/backlinks-crawler)" 518 **0/518414**
74.7.241.52 - - [29/Mar/2026:06:14:27 -0700] "GET /?path=/home/falconiapl2015/.sucuriquarantine/home/falconiapl2015/public_html/wp-content/plugins/pro-elements/core/integrations/exceptions HTTP/2.0" 200 2704 "https://www.falcon-ia.com/?path=/home/falconiapl2015/.sucuriquarantine/home/falconiapl2015/public_html/wp-content/plugins/pro-elements/core/integrations" "Mozilla/5.0 AppleWebKit/537.36 (KHTML, like Gecko; compatible; GPTBot/1.3; +https://openai.com/gptbot)" 503 **0/503699**
216.73.216.50 - - [29/Mar/2026:06:14:27 -0700] "GET /item/3939568476?fileloc=%2Fhome%2Ffalconiapl2015%2Fpublic_html%2Fwp-includes%2Ffunctions.wp-styles.php&path=%2Fhome%2Ffalconiapl2015%2Fpublic_html%2Fwp-includes HTTP/2.0" 200 4513 "-" "Mozilla/5.0 AppleWebKit/537.36 (KHTML, like Gecko; compatible; ClaudeBot/1.0; +claudebot@anthropic.com)" 506 **0/506932**
185.191.171.17 - - [29/Mar/2026:06:14:28 -0700] "GET /commodity/statutory/password172073952484 HTTP/1.1" 200 3956 "-" "Mozilla/5.0 (compatible; SemrushBot/7~bl; +http://www.semrush.com/bot.html)" 488 **0/488332**
74.7.241.52 - - [29/Mar/2026:06:14:30 -0700] "GET /?fileloc=/home/falconiapl2015/.sucuriquarantine/home/falconiapl2015/public_html/wp-content/plugins/pro-elements/modules/social/classes/.htaccess_sucuribackup.17746063491629_1774606217cleanup&path=/home/falconiapl2015/.sucuriquarantine/home/falconiapl2015/public_html/wp-content/plugins/pro-elements/modules/social/classes HTTP/2.0" 403 3449 "https://www.falcon-ia.com/?path=/home/falconiapl2015/.sucuriquarantine/home/falconiapl2015/public_html/wp-content/plugins/pro-elements/modules/social/classes" "Mozilla/5.0 AppleWebKit/537.36 (KHTML, like Gecko; compatible; GPTBot/1.3; +https://openai.com/gptbot)" 505 **0/505378**
216.73.216.50 - - [29/Mar/2026:06:14:30 -0700] "GET /item/3870761189?fileloc=%2Fhome%2Ffalconiapl2015%2Fpublic_html%2Fwp-includes%2Ffeed-rss.php&path=%2Fhome%2Ffalconiapl2015%2Fpublic_html%2Fwp-includes HTTP/2.0" 200 2824 "-" "Mozilla/5.0 AppleWebKit/537.36 (KHTML, like Gecko; compatible; ClaudeBot/1.0; +claudebot@anthropic.com)" 508 **0/508931**
144.76.19.28 - - [29/Mar/2026:06:14:31 -0700] "GET /yasal-kumarhane-oyunlar%C4%B1-ve-%C3%BCcretsiz-slot-makinesi-oyunlar%C4%B1/?fileloc=/home/falconiapl2015/public_html/wp-load.php&path=/home/falconiapl2015/public_html HTTP/1.1" 200 4153 "-" "Mozilla/5.0 (compatible; SERankingBacklinksBot/1.0; +https://seranking.com/backlinks-crawler)" 507 **0/507359**
216.73.216.50 - - [29/Mar/2026:06:14:33 -0700] "GET /item/491268233?fileloc=%2Fhome%2Ffalconiapl2015%2Fpublic_html%2Fwp-admin%2Fms-edit.php&path=%2Fhome%2Ffalconiapl2015%2Fpublic_html%2Fwp-admin HTTP/2.0" 200 2405 "-" "Mozilla/5.0 AppleWebKit/537.36 (KHTML, like Gecko; compatible; ClaudeBot/1.0; +claudebot@anthropic.com)" 482 **0/482987**
74.7.241.52 - - [29/Mar/2026:06:14:34 -0700] "GET /?path=/home/falconiapl2015/.sucuriquarantine/home/falconiapl2015/public_html/wp-content/plugins/pro-elements/core/integrations/actions HTTP/2.0" 200 2772 "https://www.falcon-ia.com/?path=/home/falconiapl2015/.sucuriquarantine/home/falconiapl2015/public_html/wp-content/plugins/pro-elements/core/integrations" "Mozilla/5.0 AppleWebKit/537.36 (KHTML, like Gecko; compatible; GPTBot/1.3; +https://openai.com/gptbot)" 497 **0/497617**
144.76.19.28 - - [29/Mar/2026:06:14:35 -0700] "GET /yasal-kumarhane-oyunlar%C4%B1-ve-%C3%BCcretsiz-slot-makinesi-oyunlar%C4%B1/?fileloc=/home/falconiapl2015/public_html/wp-mail.php&path=/home/falconiapl2015/public_html HTTP/1.1" 200 5583 "-" "Mozilla/5.0 (compatible; SERankingBacklinksBot/1.0; +https://seranking.com/backlinks-crawler)" 490 **0/490735**
216.73.216.50 - - [29/Mar/2026:06:14:36 -0700] "GET /item/5590457?fileloc=%2Fhome%2Ffalconiapl2015%2Fpublic_html%2Fwp-includes%2Frobots-template.php&path=%2Fhome%2Ffalconiapl2015%2Fpublic_html%2Fwp-includes HTTP/2.0" 200 3420 "-" "Mozilla/5.0 AppleWebKit/537.36 (KHTML, like Gecko; compatible; ClaudeBot/1.0; +claudebot@anthropic.com)" 547 **0/547898**
74.7.241.52 - - [29/Mar/2026:06:14:36 -0700] "GET /?path=/home/falconiapl2015/.sucuriquarantine/home/falconiapl2015/public_html/wp-content/plugins/pro-elements/core/utils HTTP/2.0" 200 2691 "https://www.falcon-ia.com/?path=/home/falconiapl2015/.sucuriquarantine/home/falconiapl2015/public_html/wp-content/plugins/pro-elements/core" "Mozilla/5.0 AppleWebKit/537.36 (KHTML, like Gecko; compatible; GPTBot/1.3; +https://openai.com/gptbot)" 487 **0/487901**
184.168.112.12 - - [29/Mar/2026:06:09:38 -0700] "GET /images/images/images/images/images/images/images/images/index.php?ARRAY=7o2230223n313737343739333337382p2231223n22687474703n5p2s5p2s7n733836307631332r6361746561722r626573745p2s3s6p633q7068705s636s64655s6n6326743q313737343738393737382q3336643562666665333561313263336537346535356662323839363839653139222p2232223n226232376235336437313237313933653337636436313435306631343737333261222p2233223n223066316239643631313364633062616262353764633131636633333431623962222p226175746s5s66696p655s6r616q65223n6r756p6p2p226175746s5s70617373223n6r756p6p2p2262696r675s70617373223n2232382q33342q35312q36382q37342q38392q3137227q HTTP/1.1" 503 55901 "-" "-" 300597 **300/300597183**
216.73.216.50 - - [29/Mar/2026:06:14:39 -0700] "GET /item/5590457?fileloc=%2Fhome%2Ffalconiapl2015%2Fpublic_html%2Fwp-includes%2Fblocks.php&path=%2Fhome%2Ffalconiapl2015%2Fpublic_html%2Fwp-includes HTTP/2.0" 200 25013 "-" "Mozilla/5.0 AppleWebKit/537.36 (KHTML, like Gecko; compatible; ClaudeBot/1.0; +claudebot@anthropic.com)" 500 **0/500461**
74.7.241.52 - - [29/Mar/2026:06:14:40 -0700] "GET /?path=/home/falconiapl2015/.sucuriquarantine/home/falconiapl2015/public_html/wp-content/plugins/pro-elements/core/connect HTTP/2.0" 200 2756 "https://www.falcon-ia.com/?path=/home/falconiapl2015/.sucuriquarantine/home/falconiapl2015/public_html/wp-content/plugins/pro-elements/core" "Mozilla/5.0 AppleWebKit/537.36 (KHTML, like Gecko; compatible; GPTBot/1.3; +https://openai.com/gptbot)" 508 **0/508937**
144.76.19.28 - - [29/Mar/2026:06:14:40 -0700] "GET /yasal-kumarhane-oyunlar%C4%B1-ve-%C3%BCcretsiz-slot-makinesi-oyunlar%C4%B1/?fileloc=/home/falconiapl2015/public_html/wp-login.php&path=/home/falconiapl2015/public_html HTTP/1.1" 200 15772 "-" "Mozilla/5.0 (compatible; SERankingBacklinksBot/1.0; +https://seranking.com/backlinks-crawler)" 493 **0/493882**
216.73.216.50 - - [29/Mar/2026:06:14:42 -0700] "GET /item/3284050222?fileloc=%2Fhome%2Ffalconiapl2015%2Fpublic_html%2Fwp-admin%2Fnetwork.php&path=%2Fhome%2Ffalconiapl2015%2Fpublic_html%2Fwp-admin HTTP/2.0" 200 4373 "-" "Mozilla/5.0 AppleWebKit/537.36 (KHTML, like Gecko; compatible; ClaudeBot/1.0; +claudebot@anthropic.com)" 512 **0/512994**
74.7.241.52 - - [29/Mar/2026:06:14:43 -0700] "GET /?fileloc=/home/falconiapl2015/.sucuriquarantine/home/falconiapl2015/public_html/wp-content/plugins/pro-elements/core/admin/.htaccess_sucuribackup.17746063485491_1774606217cleanup&path=/home/falconiapl2015/.sucuriquarantine/home/falconiapl2015/public_html/wp-content/plugins/pro-elements/core/admin HTTP/2.0" 403 3449 "https://www.falcon-ia.com/?path=/home/falconiapl2015/.sucuriquarantine/home/falconiapl2015/public_html/wp-content/plugins/pro-elements/core/admin" "Mozilla/5.0 AppleWebKit/537.36 (KHTML, like Gecko; compatible; GPTBot/1.3; +https://openai.com/gptbot)" 507 **0/507627**
114.119.155.69 - - [29/Mar/2026:06:14:43 -0700] "GET /commodity/royale/vinegar17208310072?path=/home/falconiapl2015/public_html/.easyssl_backup HTTP/1.1" 200 3151 "https://falcon-ia.com/commodity/royale/vinegar17208310072" "Mozilla/5.0 (Linux; Android 7.0;) AppleWebKit/537.36 (KHTML, like Gecko) Mobile Safari/537.36 (compatible; PetalBot;+https://webmaster.petalsearch.com/site/petalbot)" 502 **0/502886**
144.76.19.28 - - [29/Mar/2026:06:14:45 -0700] "GET /yasal-kumarhane-oyunlar%C4%B1-ve-%C3%BCcretsiz-slot-makinesi-oyunlar%C4%B1/?fileloc=/home/falconiapl2015/public_html/wp-config.php&path=/home/falconiapl2015/public_html HTTP/1.1" 200 3719 "-" "Mozilla/5.0 (compatible; SERankingBacklinksBot/1.0; +https://seranking.com/backlinks-crawler)" 495 **0/495715**
85.208.96.211 - - [29/Mar/2026:06:14:45 -0700] "GET /commodity/fucks/neuroscience171949762042 HTTP/1.1" 200 3956 "-" "Mozilla/5.0 (compatible; SemrushBot/7~bl; +http://www.semrush.com/bot.html)" 495 **0/495478**
216.73.216.50 - - [29/Mar/2026:06:14:45 -0700] "GET /item/3099356623?fileloc=%2Fhome%2Ffalconiapl2015%2Fpublic_html%2Fwp-includes%2Ffunctions.wp-styles.php&path=%2Fhome%2Ffalconiapl2015%2Fpublic_html%2Fwp-includes HTTP/2.0" 200 4513 "-" "Mozilla/5.0 AppleWebKit/537.36 (KHTML, like Gecko; compatible; ClaudeBot/1.0; +claudebot@anthropic.com)" 504 **0/504754**
74.7.241.52 - - [29/Mar/2026:06:14:46 -0700] "GET /?path=/home/falconiapl2015/.sucuriquarantine/home/falconiapl2015/public_html/wp-content/plugins/pro-elements/core/isolation HTTP/2.0" 200 2693 "https://www.falcon-ia.com/?path=/home/falconiapl2015/.sucuriquarantine/home/falconiapl2015/public_html/wp-content/plugins/pro-elements/core" "Mozilla/5.0 AppleWebKit/537.36 (KHTML, like Gecko; compatible; GPTBot/1.3; +https://openai.com/gptbot)" 489 **0/489780**
216.73.216.50 - - [29/Mar/2026:06:14:48 -0700] "GET /item/1729751600?fileloc=%2Fhome%2Ffalconiapl2015%2Fpublic_html%2Fwp-includes%2Fclass-wp-comment-query.php&path=%2Fhome%2Ffalconiapl2015%2Fpublic_html%2Fwp-includes HTTP/2.0" 200 12801 "-" "Mozilla/5.0 AppleWebKit/537.36 (KHTML, like Gecko; compatible; ClaudeBot/1.0; +claudebot@anthropic.com)" 511 **0/511367**
74.7.241.52 - - [29/Mar/2026:06:14:49 -0700] "GET /?fileloc=/home/falconiapl2015/.sucuriquarantine/home/falconiapl2015/public_html/wp-content/plugins/pro-elements/core/notifications/traits/.htaccess_sucuribackup.17746063485373_1774606217cleanup&path=/home/falconiapl2015/.sucuriquarantine/home/falconiapl2015/public_html/wp-content/plugins/pro-elements/core/notifications/traits HTTP/2.0" 403 3449 "https://www.falcon-ia.com/?path=/home/falconiapl2015/.sucuriquarantine/home/falconiapl2015/public_html/wp-content/plugins/pro-elements/core/notifications/traits" "Mozilla/5.0 AppleWebKit/537.36 (KHTML, like Gecko; compatible; GPTBot/1.3; +https://openai.com/gptbot)" 506 **0/506407**
144.76.19.28 - - [29/Mar/2026:06:14:50 -0700] "GET /yasal-kumarhane-oyunlar%C4%B1-ve-%C3%BCcretsiz-slot-makinesi-oyunlar%C4%B1/?fileloc=/home/falconiapl2015/public_html/wp-signup.php&path=/home/falconiapl2015/public_html HTTP/1.1" 200 10716 "-" "Mozilla/5.0 (compatible; SERankingBacklinksBot/1.0; +https://seranking.com/backlinks-crawler)" 494 **0/494410**
216.73.216.50 - - [29/Mar/2026:06:14:51 -0700] "GET /item/1833898685?fileloc=%2Fhome%2Ffalconiapl2015%2Fpublic_html%2Fwp-includes%2Fpost-template.php&path=%2Fhome%2Ffalconiapl2015%2Fpublic_html%2Fwp-includes HTTP/2.0" 200 18525 "-" "Mozilla/5.0 AppleWebKit/537.36 (KHTML, like Gecko; compatible; ClaudeBot/1.0; +claudebot@anthropic.com)" 536 **0/536052**
74.7.241.52 - - [29/Mar/2026:06:14:52 -0700] "GET /?path=/home/falconiapl2015/.sucuriquarantine/home/falconiapl2015/public_html/wp-content/themes/nexgen/inc/resources/modules HTTP/2.0" 200 2702 "https://www.falcon-ia.com/?path=/home/falconiapl2015/.sucuriquarantine/home/falconiapl2015/public_html/wp-content/themes/nexgen/inc/resources" "Mozilla/5.0 AppleWebKit/537.36 (KHTML, like Gecko; compatible; GPTBot/1.3; +https://openai.com/gptbot)" 489 **0/489779**
216.73.216.50 - - [29/Mar/2026:06:14:54 -0700] "GET /item/3687716088?fileloc=%2Fhome%2Ffalconiapl2015%2Fpublic_html%2Fwp-includes%2Ffeed-rss2.php&path=%2Fhome%2Ffalconiapl2015%2Fpublic_html%2Fwp-includes HTTP/2.0" 200 3652 "-" "Mozilla/5.0 AppleWebKit/537.36 (KHTML, like Gecko; compatible; ClaudeBot/1.0; +claudebot@anthropic.com)" 543 **0/543040**
74.7.241.52 - - [29/Mar/2026:06:14:55 -0700] "GET /?path=/home/falconiapl2015/.sucuriquarantine/home/falconiapl2015/public_html/wp-content/plugins/pro-elements/core/editor HTTP/2.0" 200 2692 "https://www.falcon-ia.com/?path=/home/falconiapl2015/.sucuriquarantine/home/falconiapl2015/public_html/wp-content/plugins/pro-elements/core" "Mozilla/5.0 AppleWebKit/537.36 (KHTML, like Gecko; compatible; GPTBot/1.3; +https://openai.com/gptbot)" 523 **0/523828**
144.76.19.28 - - [29/Mar/2026:06:14:56 -0700] "GET /yasal-kumarhane-oyunlar%C4%B1-ve-%C3%BCcretsiz-slot-makinesi-oyunlar%C4%B1/?fileloc=/home/falconiapl2015/public_html/wp-activate.php&path=/home/falconiapl2015/public_html HTTP/1.1" 200 5004 "-" "Mozilla/5.0 (compatible; SERankingBacklinksBot/1.0; +https://seranking.com/backlinks-crawler)" 488 **0/488469**
216.73.216.50 - - [29/Mar/2026:06:14:57 -0700] "GET /item/3870761189?fileloc=%2Fhome%2Ffalconiapl2015%2Fpublic_html%2Fwp-includes%2Fclass-feed.php&path=%2Fhome%2Ffalconiapl2015%2Fpublic_html%2Fwp-includes HTTP/2.0" 200 2505 "-" "Mozilla/5.0 AppleWebKit/537.36 (KHTML, like Gecko; compatible; ClaudeBot/1.0; +claudebot@anthropic.com)" 502 **0/502368**
74.7.241.52 - - [29/Mar/2026:06:14:59 -0700] "GET /?path=/home/falconiapl2015/.sucuriquarantine/home/falconiapl2015/public_html/wp-content/themes/nexgen/assets/fonts/icons HTTP/2.0" 200 2697 "https://www.falcon-ia.com/?path=/home/falconiapl2015/.sucuriquarantine/home/falconiapl2015/public_html/wp-content/themes/nexgen/assets/fonts" "Mozilla/5.0 AppleWebKit/537.36 (KHTML, like Gecko; compatible; GPTBot/1.3; +https://openai.com/gptbot)" 505 **0/505392**
184.168.112.12 - - [29/Mar/2026:06:10:00 -0700] "GET /images/images/images/images/images/images/images/images/index.php?ARRAY=7o2230223n313737343739333430302p2231223n22687474703n5p2s5p2s7n733836307631332r6361746561722r626573745p2s3s6p633q7068705s636s64655s6n6326743q313737343738393830302q3266666534346661313633363363656263613063363964646239346334306161222p2232223n226232376235336437313237313933653337636436313435306631343737333261222p2233223n223066316239643631313364633062616262353764633131636633333431623962222p226175746s5s66696p655s6r616q65223n6r756p6p2p226175746s5s70617373223n6r756p6p2p2262696r675s70617373223n2232382q33342q35312q36382q37342q38392q3137227q HTTP/1.1" 503 55901 "-" "-" 300610 **300/300610728**
216.73.216.50 - - [29/Mar/2026:06:15:00 -0700] "GET /item/839592255?fileloc=%2Fhome%2Ffalconiapl2015%2Fpublic_html%2Fwp-includes%2Fclass-wp-styles.php&path=%2Fhome%2Ffalconiapl2015%2Fpublic_html%2Fwp-includes HTTP/2.0" 200 5822 "-" "Mozilla/5.0 AppleWebKit/537.36 (KHTML, like Gecko; compatible; ClaudeBot/1.0; +claudebot@anthropic.com)" 514 **0/514861**
74.7.241.52 - - [29/Mar/2026:06:15:02 -0700] "GET /?fileloc=/home/falconiapl2015/.sucuriquarantine/home/falconiapl2015/public_html/wp-content/plugins/pro-elements/core/integrations/exceptions/.htaccess_sucuribackup.17746063484447_1774606217cleanup&path=/home/falconiapl2015/.sucuriquarantine/home/falconiapl2015/public_html/wp-content/plugins/pro-elements/core/integrations/exceptions HTTP/2.0" 403 3449 "https://www.falcon-ia.com/?path=/home/falconiapl2015/.sucuriquarantine/home/falconiapl2015/public_html/wp-content/plugins/pro-elements/core/integrations/exceptions" "Mozilla/5.0 AppleWebKit/537.36 (KHTML, like Gecko; compatible; GPTBot/1.3; +https://openai.com/gptbot)" 543 **0/543072**
216.73.216.50 - - [29/Mar/2026:06:15:03 -0700] "GET /item/243587077?fileloc=%2Fhome%2Ffalconiapl2015%2Fpublic_html%2Fwp-includes%2Ffeed-rss2.php&path=%2Fhome%2Ffalconiapl2015%2Fpublic_html%2Fwp-includes HTTP/2.0" 200 3652 "-" "Mozilla/5.0 AppleWebKit/537.36 (KHTML, like Gecko; compatible; ClaudeBot/1.0; +claudebot@anthropic.com)" 596 **0/596243**
74.7.241.52 - - [29/Mar/2026:06:15:05 -0700] "GET /?path=/home/falconiapl2015/.sucuriquarantine/home/falconiapl2015/public_html/wp-content/plugins/pro-elements/core/security HTTP/2.0" 200 2691 "https://www.falcon-ia.com/?path=/home/falconiapl2015/.sucuriquarantine/home/falconiapl2015/public_html/wp-content/plugins/pro-elements/core" "Mozilla/5.0 AppleWebKit/537.36 (KHTML, like Gecko; compatible; GPTBot/1.3; +https://openai.com/gptbot)" 588 **0/588361**
216.73.216.50 - - [29/Mar/2026:06:15:06 -0700] "GET /item/1398860680?fileloc=%2Fhome%2Ffalconiapl2015%2Fpublic_html%2Fwp-includes%2Fclass-wp-hook.php&path=%2Fhome%2Ffalconiapl2015%2Fpublic_html%2Fwp-includes HTTP/2.0" 200 6154 "-" "Mozilla/5.0 AppleWebKit/537.36 (KHTML, like Gecko; compatible; ClaudeBot/1.0; +claudebot@anthropic.com)" 517 **0/517293**
74.7.241.52 - - [29/Mar/2026:06:15:08 -0700] "GET /?fileloc=/home/falconiapl2015/.sucuriquarantine/home/falconiapl2015/public_html/wp-content/plugins/pro-elements/core/integrations/actions/.htaccess_sucuribackup.17746063484334_1774606217cleanup&path=/home/falconiapl2015/.sucuriquarantine/home/falconiapl2015/public_html/wp-content/plugins/pro-elements/core/integrations/actions HTTP/2.0" 403 3449 "https://www.falcon-ia.com/?path=/home/falconiapl2015/.sucuriquarantine/home/falconiapl2015/public_html/wp-content/plugins/pro-elements/core/integrations/actions" "Mozilla/5.0 AppleWebKit/537.36 (KHTML, like Gecko; compatible; GPTBot/1.3; +https://openai.com/gptbot)" 503 **0/503337**
216.73.216.50 - - [29/Mar/2026:06:15:09 -0700] "GET /item/2794843732?fileloc=%2Fhome%2Ffalconiapl2015%2Fpublic_html%2Fwp-includes%2Fatomlib.php&path=%2Fhome%2Ffalconiapl2015%2Fpublic_html%2Fwp-includes HTTP/2.0" 200 5555 "-" "Mozilla/5.0 AppleWebKit/537.36 (KHTML, like Gecko; compatible; ClaudeBot/1.0; +claudebot@anthropic.com)" 524 **0/524401**
216.73.216.50 - - [29/Mar/2026:06:15:12 -0700] "GET /item/3168022928?fileloc=%2Fhome%2Ffalconiapl2015%2Fpublic_html%2Fwp-admin%2Fedit-form-blocks.php&path=%2Fhome%2Ffalconiapl2015%2Fpublic_html%2Fwp-admin HTTP/2.0" 200 7372 "-" "Mozilla/5.0 AppleWebKit/537.36 (KHTML, like Gecko; compatible; ClaudeBot/1.0; +claudebot@anthropic.com)" 501 **0/501991**
74.7.241.52 - - [29/Mar/2026:06:15:11 -0700] "GET /?fileloc=/home/falconiapl2015/.sucuriquarantine/home/falconiapl2015/public_html/wp-content/plugins/pro-elements/core/utils/.htaccess_sucuribackup.17746063484965_1774606217cleanup&path=/home/falconiapl2015/.sucuriquarantine/home/falconiapl2015/public_html/wp-content/plugins/pro-elements/core/utils HTTP/2.0" 403 3449 "https://www.falcon-ia.com/?path=/home/falconiapl2015/.sucuriquarantine/home/falconiapl2015/public_html/wp-content/plugins/pro-elements/core/utils" "Mozilla/5.0 AppleWebKit/537.36 (KHTML, like Gecko; compatible; GPTBot/1.3; +https://openai.com/gptbot)" 3230 **3/3230593**
74.7.241.52 - - [29/Mar/2026:06:15:14 -0700] "GET /?fileloc=/home/falconiapl2015/.sucuriquarantine/home/falconiapl2015/public_html/wp-content/plugins/pro-elements/core/connect/.htaccess_sucuribackup.17746063484587_1774606217cleanup&path=/home/falconiapl2015/.sucuriquarantine/home/falconiapl2015/public_html/wp-content/plugins/pro-elements/core/connect HTTP/2.0" 403 3449 "https://www.falcon-ia.com/?path=/home/falconiapl2015/.sucuriquarantine/home/falconiapl2015/public_html/wp-content/plugins/pro-elements/core/connect" "Mozilla/5.0 AppleWebKit/537.36 (KHTML, like Gecko; compatible; GPTBot/1.3; +https://openai.com/gptbot)" 522 **0/522853**
216.73.216.50 - - [29/Mar/2026:06:15:15 -0700] "GET /item/3939568476?fileloc=%2Fhome%2Ffalconiapl2015%2Fpublic_html%2Fwp-includes%2Fclass-wp-simplepie-file.php&path=%2Fhome%2Ffalconiapl2015%2Fpublic_html%2Fwp-includes HTTP/2.0" 200 3628 "-" "Mozilla/5.0 AppleWebKit/537.36 (KHTML, like Gecko; compatible; ClaudeBot/1.0; +claudebot@anthropic.com)" 506 **0/506474**
74.7.241.52 - - [29/Mar/2026:06:15:18 -0700] "GET /?path=/home/falconiapl2015/.sucuriquarantine/home/falconiapl2015/public_html/wp-content/plugins/pro-elements/core/integrations/actions/email HTTP/2.0" 200 2716 "https://www.falcon-ia.com/?path=/home/falconiapl2015/.sucuriquarantine/home/falconiapl2015/public_html/wp-content/plugins/pro-elements/core/integrations/actions" "Mozilla/5.0 AppleWebKit/537.36 (KHTML, like Gecko; compatible; GPTBot/1.3; +https://openai.com/gptbot)" 499 **0/499472**
74.7.241.52 - - [29/Mar/2026:06:15:21 -0700] "GET /?fileloc=/home/falconiapl2015/.sucuriquarantine/home/falconiapl2015/public_html/wp-content/plugins/pro-elements/core/isolation/.htaccess_sucuribackup.17746063488626_1774606217cleanup&path=/home/falconiapl2015/.sucuriquarantine/home/falconiapl2015/public_html/wp-content/plugins/pro-elements/core/isolation HTTP/2.0" 403 3449 "https://www.falcon-ia.com/?path=/home/falconiapl2015/.sucuriquarantine/home/falconiapl2015/public_html/wp-content/plugins/pro-elements/core/isolation" "Mozilla/5.0 AppleWebKit/537.36 (KHTML, like Gecko; compatible; GPTBot/1.3; +https://openai.com/gptbot)" 504 **0/504376**
184.168.112.12 - - [29/Mar/2026:06:10:22 -0700] "GET /images/images/images/images/images/images/images/images/index.php?ARRAY=7o2230223n313737343739333432322p2231223n22687474703n5p2s5p2s7n733836307631332r6361746561722r626573745p2s3s6p633q7068705s636s64655s6n6326743q313737343738393832322q6134613132616165323866653633643562396232333236666133376461326139222p2232223n226232376235336437313237313933653337636436313435306631343737333261222p2233223n223066316239643631313364633062616262353764633131636633333431623962222p226175746s5s66696p655s6r616q65223n6r756p6p2p226175746s5s70617373223n6r756p6p2p2262696r675s70617373223n2232382q33342q35312q36382q37342q38392q3137227q HTTP/1.1" 503 55901 "-" "-" 300603 **300/300603255**
216.73.216.50 - - [29/Mar/2026:06:15:20 -0700] "GET /item/1350664311?fileloc=%2Fhome%2Ffalconiapl2015%2Fpublic_html%2Fwp-admin%2Fasync-upload.php&path=%2Fhome%2Ffalconiapl2015%2Fpublic_html%2Fwp-admin HTTP/2.0" 200 4468 "-" "Mozilla/5.0 AppleWebKit/537.36 (KHTML, like Gecko; compatible; ClaudeBot/1.0; +claudebot@anthropic.com)" 2309 **2/2309031**
216.73.216.50 - - [29/Mar/2026:06:15:23 -0700] "GET /item/2237835215?fileloc=%2Fhome%2Ffalconiapl2015%2Fpublic_html%2Fwp-includes%2Fclass-wp-customize-panel.php&path=%2Fhome%2Ffalconiapl2015%2Fpublic_html%2Fwp-includes HTTP/2.0" 200 5288 "-" "Mozilla/5.0 AppleWebKit/537.36 (KHTML, like Gecko; compatible; ClaudeBot/1.0; +claudebot@anthropic.com)" 500 **0/500787**
74.7.241.52 - - [29/Mar/2026:06:15:24 -0700] "GET /?path=/home/falconiapl2015/.sucuriquarantine/home/falconiapl2015/public_html/wp-content/plugins/pro-elements/core/connect/apps HTTP/2.0" 200 2701 "https://www.falcon-ia.com/?path=/home/falconiapl2015/.sucuriquarantine/home/falconiapl2015/public_html/wp-content/plugins/pro-elements/core/connect" "Mozilla/5.0 AppleWebKit/537.36 (KHTML, like Gecko; compatible; GPTBot/1.3; +https://openai.com/gptbot)" 506 **0/506259**
74.7.241.52 - - [29/Mar/2026:06:15:27 -0700] "GET /?fileloc=/home/falconiapl2015/.sucuriquarantine/home/falconiapl2015/public_html/wp-content/themes/nexgen/inc/resources/modules/.htaccess_sucuribackup.17746063448166_1774606217cleanup&path=/home/falconiapl2015/.sucuriquarantine/home/falconiapl2015/public_html/wp-content/themes/nexgen/inc/resources/modules HTTP/2.0" 403 3449 "https://www.falcon-ia.com/?path=/home/falconiapl2015/.sucuriquarantine/home/falconiapl2015/public_html/wp-content/themes/nexgen/inc/resources/modules" "Mozilla/5.0 AppleWebKit/537.36 (KHTML, like Gecko; compatible; GPTBot/1.3; +https://openai.com/gptbot)" 511 **0/511087**
216.73.216.50 - - [29/Mar/2026:06:15:26 -0700] "GET /item/2944742948?path=%2Fhome%2Ffalconiapl2015%2Fpublic_html%2F.well-known HTTP/2.0" 200 2658 "-" "Mozilla/5.0 AppleWebKit/537.36 (KHTML, like Gecko; compatible; ClaudeBot/1.0; +claudebot@anthropic.com)" 3006 **3/3006741**
216.73.216.50 - - [29/Mar/2026:06:15:29 -0700] "GET /item/3892584206?fileloc=%2Fhome%2Ffalconiapl2015%2Fpublic_html%2Fwp-includes%2Fwidgets%2Fclass-wp-widget-media-audio.php&path=%2Fhome%2Ffalconiapl2015%2Fpublic_html%2Fwp-includes%2Fwidgets HTTP/2.0" 200 4371 "-" "Mozilla/5.0 AppleWebKit/537.36 (KHTML, like Gecko; compatible; ClaudeBot/1.0; +claudebot@anthropic.com)" 512 **0/512440**
74.7.241.52 - - [29/Mar/2026:06:15:30 -0700] "GET /?fileloc=/home/falconiapl2015/.sucuriquarantine/home/falconiapl2015/public_html/wp-content/plugins/pro-elements/core/editor/.htaccess_sucuribackup.17746063485023_1774606217cleanup&path=/home/falconiapl2015/.sucuriquarantine/home/falconiapl2015/public_html/wp-content/plugins/pro-elements/core/editor HTTP/2.0" 403 3449 "https://www.falcon-ia.com/?path=/home/falconiapl2015/.sucuriquarantine/home/falconiapl2015/public_html/wp-content/plugins/pro-elements/core/editor" "Mozilla/5.0 AppleWebKit/537.36 (KHTML, like Gecko; compatible; GPTBot/1.3; +https://openai.com/gptbot)" 519 **0/519493**
216.73.216.50 - - [29/Mar/2026:06:15:32 -0700] "GET /item/2794843732?fileloc=%2Fhome%2Ffalconiapl2015%2Fpublic_html%2Fwp-includes%2Fclass-wp-customize-nav-menus.php&path=%2Fhome%2Ffalconiapl2015%2Fpublic_html%2Fwp-includes HTTP/2.0" 200 16711 "-" "Mozilla/5.0 AppleWebKit/537.36 (KHTML, like Gecko; compatible; ClaudeBot/1.0; +claudebot@anthropic.com)" 505 **0/505552**
74.7.241.52 - - [29/Mar/2026:06:15:33 -0700] "GET /?fileloc=/home/falconiapl2015/.sucuriquarantine/home/falconiapl2015/public_html/wp-content/themes/nexgen/assets/fonts/icons/.htaccess_sucuribackup.1774606344347_1774606217cleanup&path=/home/falconiapl2015/.sucuriquarantine/home/falconiapl2015/public_html/wp-content/themes/nexgen/assets/fonts/icons HTTP/2.0" 403 3449 "https://www.falcon-ia.com/?path=/home/falconiapl2015/.sucuriquarantine/home/falconiapl2015/public_html/wp-content/themes/nexgen/assets/fonts/icons" "Mozilla/5.0 AppleWebKit/537.36 (KHTML, like Gecko; compatible; GPTBot/1.3; +https://openai.com/gptbot)" 497 **0/497753**
216.73.216.50 - - [29/Mar/2026:06:15:35 -0700] "GET /item/3053370252?fileloc=%2Fhome%2Ffalconiapl2015%2Fpublic_html%2Fwp-includes%2Fclass-snoopy.php&path=%2Fhome%2Ffalconiapl2015%2Fpublic_html%2Fwp-includes HTTP/2.0" 200 10205 "-" "Mozilla/5.0 AppleWebKit/537.36 (KHTML, like Gecko; compatible; ClaudeBot/1.0; +claudebot@anthropic.com)" 521 **0/521017**
74.7.241.52 - - [29/Mar/2026:06:15:36 -0700] "GET /?path=/home/falconiapl2015/.sucuriquarantine/home/falconiapl2015/public_html/wp-content/plugins/pro-elements/core/app HTTP/2.0" 200 2777 "https://www.falcon-ia.com/?path=/home/falconiapl2015/.sucuriquarantine/home/falconiapl2015/public_html/wp-content/plugins/pro-elements/core" "Mozilla/5.0 AppleWebKit/537.36 (KHTML, like Gecko; compatible; GPTBot/1.3; +https://openai.com/gptbot)" 528 **0/528277**
216.73.216.50 - - [29/Mar/2026:06:15:38 -0700] "GET /item/1035401931?fileloc=%2Fhome%2Ffalconiapl2015%2Fpublic_html%2Fwp-includes%2Fclass-wp-image-editor-gd.php&path=%2Fhome%2Ffalconiapl2015%2Fpublic_html%2Fwp-includes HTTP/2.0" 200 7232 "-" "Mozilla/5.0 AppleWebKit/537.36 (KHTML, like Gecko; compatible; ClaudeBot/1.0; +claudebot@anthropic.com)" 501 **0/501571**
74.7.241.52 - - [29/Mar/2026:06:15:40 -0700] "GET /?fileloc=/home/falconiapl2015/.sucuriquarantine/home/falconiapl2015/public_html/wp-content/plugins/pro-elements/core/security/.htaccess_sucuribackup.17746063485561_1774606217cleanup&path=/home/falconiapl2015/.sucuriquarantine/home/falconiapl2015/public_html/wp-content/plugins/pro-elements/core/security HTTP/2.0" 403 3449 "https://www.falcon-ia.com/?path=/home/falconiapl2015/.sucuriquarantine/home/falconiapl2015/public_html/wp-content/plugins/pro-elements/core/security" "Mozilla/5.0 AppleWebKit/537.36 (KHTML, like Gecko; compatible; GPTBot/1.3; +https://openai.com/gptbot)" 501 **0/501757**
216.73.216.50 - - [29/Mar/2026:06:15:41 -0700] "GET /item/909754614?fileloc=%2Fhome%2Ffalconiapl2015%2Fpublic_html%2Fwp-includes%2Ffeed-atom.php&path=%2Fhome%2Ffalconiapl2015%2Fpublic_html%2Fwp-includes HTTP/2.0" 403 3449 "-" "Mozilla/5.0 AppleWebKit/537.36 (KHTML, like Gecko; compatible; ClaudeBot/1.0; +claudebot@anthropic.com)" 516 **0/516411**
74.7.241.52 - - [29/Mar/2026:06:15:43 -0700] "GET /?path=/home/falconiapl2015/.sucuriquarantine/home/falconiapl2015/public_html/wp-content/plugins/pro-elements/modules/editor-one HTTP/2.0" 200 2695 "https://www.falcon-ia.com/?path=/home/falconiapl2015/.sucuriquarantine/home/falconiapl2015/public_html/wp-content/plugins/pro-elements/modules" "Mozilla/5.0 AppleWebKit/537.36 (KHTML, like Gecko; compatible; GPTBot/1.3; +https://openai.com/gptbot)" 504 **0/504804**
216.73.216.50 - - [29/Mar/2026:06:15:44 -0700] "GET /item/1035401931?fileloc=%2Fhome%2Ffalconiapl2015%2Fpublic_html%2Fwp-includes%2Frevision.php&path=%2Fhome%2Ffalconiapl2015%2Fpublic_html%2Fwp-includes HTTP/2.0" 403 3449 "-" "Mozilla/5.0 AppleWebKit/537.36 (KHTML, like Gecko; compatible; ClaudeBot/1.0; +claudebot@anthropic.com)" 507 **0/507791**
184.168.112.12 - - [29/Mar/2026:06:10:44 -0700] "GET /images/images/images/images/images/images/images/images/index.php?ARRAY=7o2230223n313737343739333434342p2231223n22687474703n5p2s5p2s7n733836307631332r6361746561722r626573745p2s3s6p633q7068705s636s64655s6n6326743q313737343738393834342q6132653664613263343866653239633364363439663233653931356336343631222p2232223n226232376235336437313237313933653337636436313435306631343737333261222p2233223n223066316239643631313364633062616262353764633131636633333431623962222p226175746s5s66696p655s6r616q65223n6r756p6p2p226175746s5s70617373223n6r756p6p2p2262696r675s70617373223n2232382q33342q35312q36382q37342q38392q3137227q HTTP/1.1" 503 55901 "-" "-" 300602 **300/300602903**
51.195.244.120 - - [29/Mar/2026:06:15:44 -0700] "GET /commodity/creamy/faa17184431480 HTTP/2.0" 200 3449 "-" "Mozilla/5.0 (compatible; AhrefsBot/7.0; +http://ahrefs.com/robot/)" 486 **0/486396**
74.7.241.52 - - [29/Mar/2026:06:15:46 -0700] "GET /?path=/home/falconiapl2015/.sucuriquarantine/home/falconiapl2015/public_html/wp-content/plugins/pro-elements/modules/tiers HTTP/2.0" 200 2765 "https://www.falcon-ia.com/?path=/home/falconiapl2015/.sucuriquarantine/home/falconiapl2015/public_html/wp-content/plugins/pro-elements/modules" "Mozilla/5.0 AppleWebKit/537.36 (KHTML, like Gecko; compatible; GPTBot/1.3; +https://openai.com/gptbot)" 505 **0/505597**
216.73.216.50 - - [29/Mar/2026:06:15:47 -0700] "GET /item/1387379354?path=%2Fhome%2Ffalconiapl2015%2Fnew HTTP/2.0" 403 3449 "-" "Mozilla/5.0 AppleWebKit/537.36 (KHTML, like Gecko; compatible; ClaudeBot/1.0; +claudebot@anthropic.com)" 505 **0/505063**
74.7.241.52 - - [29/Mar/2026:06:15:49 -0700] "GET /?path=/home/falconiapl2015/.sucuriquarantine/home/falconiapl2015/public_html/wp-content/plugins/pro-elements/core/database HTTP/2.0" 200 2689 "https://www.falcon-ia.com/?path=/home/falconiapl2015/.sucuriquarantine/home/falconiapl2015/public_html/wp-content/plugins/pro-elements/core" "Mozilla/5.0 AppleWebKit/537.36 (KHTML, like Gecko; compatible; GPTBot/1.3; +https://openai.com/gptbot)" 493 **0/493689**
216.73.216.50 - - [29/Mar/2026:06:15:50 -0700] "GET /item/28159289?fileloc=%2Fhome%2Ffalconiapl2015%2Fpublic_html%2Fwp-includes%2Fbookmark.php&path=%2Fhome%2Ffalconiapl2015%2Fpublic_html%2Fwp-includes HTTP/2.0" 403 3449 "-" "Mozilla/5.0 AppleWebKit/537.36 (KHTML, like Gecko; compatible; ClaudeBot/1.0; +claudebot@anthropic.com)" 511 **0/511861**
74.7.241.52 - - [29/Mar/2026:06:15:52 -0700] "GET /?fileloc=/home/falconiapl2015/.sucuriquarantine/home/falconiapl2015/public_html/wp-content/plugins/pro-elements/core/integrations/actions/email/.htaccess_sucuribackup.17746063484388_1774606217cleanup&path=/home/falconiapl2015/.sucuriquarantine/home/falconiapl2015/public_html/wp-content/plugins/pro-elements/core/integrations/actions/email HTTP/2.0" 403 3449 "https://www.falcon-ia.com/?path=/home/falconiapl2015/.sucuriquarantine/home/falconiapl2015/public_html/wp-content/plugins/pro-elements/core/integrations/actions/email" "Mozilla/5.0 AppleWebKit/537.36 (KHTML, like Gecko; compatible; GPTBot/1.3; +https://openai.com/gptbot)" 511 **0/511208**
216.73.216.50 - - [29/Mar/2026:06:15:53 -0700] "GET /item/1416074375?fileloc=%2Fhome%2Ffalconiapl2015%2Fpublic_html%2Fwp-admin%2Fincludes%2Ftaxonomy.php&path=%2Fhome%2Ffalconiapl2015%2Fpublic_html%2Fwp-admin%2Fincludes HTTP/2.0" 403 3449 "-" "Mozilla/5.0 AppleWebKit/537.36 (KHTML, like Gecko; compatible; ClaudeBot/1.0; +claudebot@anthropic.com)" 500 **0/500677**
74.7.241.52 - - [29/Mar/2026:06:15:55 -0700] "GET /?path=/home/falconiapl2015/.sucuriquarantine/home/falconiapl2015/public_html/wp-content/plugins/pro-elements/core/preview HTTP/2.0" 200 2689 "https://www.falcon-ia.com/?path=/home/falconiapl2015/.sucuriquarantine/home/falconiapl2015/public_html/wp-content/plugins/pro-elements/core" "Mozilla/5.0 AppleWebKit/537.36 (KHTML, like Gecko; compatible; GPTBot/1.3; +https://openai.com/gptbot)" 528 **0/528093**
216.73.216.50 - - [29/Mar/2026:06:15:56 -0700] "GET /item/4210881270?fileloc=%2Fhome%2Ffalconiapl2015%2Fpublic_html%2Fwp-includes%2Fadmin-bar.php&path=%2Fhome%2Ffalconiapl2015%2Fpublic_html%2Fwp-includes HTTP/2.0" 403 3449 "-" "Mozilla/5.0 AppleWebKit/537.36 (KHTML, like Gecko; compatible; ClaudeBot/1.0; +claudebot@anthropic.com)" 511 **0/511926**
114.119.151.172 - - [29/Mar/2026:06:15:56 -0700] "GET /commodity/san/global17163318696?path=/home/falconiapl2015/public_html/wp-admin HTTP/1.1" 200 6892 "https://falcon-ia.com/commodity/san/global17163318696" "Mozilla/5.0 (Linux; Android 7.0;) AppleWebKit/537.36 (KHTML, like Gecko) Mobile Safari/537.36 (compatible; PetalBot;+https://webmaster.petalsearch.com/site/petalbot)" 519 **0/519163**
216.73.216.50 - - [29/Mar/2026:06:15:59 -0700] "GET /item/53255110?fileloc=%2Fhome%2Ffalconiapl2015%2Fpublic_html%2Fwp-includes%2Fclass-wp-phpmailer.php&path=%2Fhome%2Ffalconiapl2015%2Fpublic_html%2Fwp-includes HTTP/2.0" 403 3449 "-" "Mozilla/5.0 AppleWebKit/537.36 (KHTML, like Gecko; compatible; ClaudeBot/1.0; +claudebot@anthropic.com)" 496 **0/496994**
74.7.241.52 - - [29/Mar/2026:06:15:59 -0700] "GET /?fileloc=/home/falconiapl2015/.sucuriquarantine/home/falconiapl2015/public_html/wp-content/plugins/pro-elements/core/connect/apps/.htaccess_sucuribackup.17746063484632_1774606217cleanup&path=/home/falconiapl2015/.sucuriquarantine/home/falconiapl2015/public_html/wp-content/plugins/pro-elements/core/connect/apps HTTP/2.0" 403 3449 "https://www.falcon-ia.com/?path=/home/falconiapl2015/.sucuriquarantine/home/falconiapl2015/public_html/wp-content/plugins/pro-elements/core/connect/apps" "Mozilla/5.0 AppleWebKit/537.36 (KHTML, like Gecko; compatible; GPTBot/1.3; +https://openai.com/gptbot)" 495 **0/495461**
216.73.216.50 - - [29/Mar/2026:06:16:02 -0700] "GET /item/3377275916?fileloc=%2Fhome%2Ffalconiapl2015%2Fpublic_html%2Fwp-includes%2Fclass-wp-customize-nav-menus.php&path=%2Fhome%2Ffalconiapl2015%2Fpublic_html%2Fwp-includes HTTP/2.0" 403 3449 "-" "Mozilla/5.0 AppleWebKit/537.36 (KHTML, like Gecko; compatible; ClaudeBot/1.0; +claudebot@anthropic.com)" 594 **0/594897**
74.7.241.52 - - [29/Mar/2026:06:16:02 -0700] "GET /?path=/home/falconiapl2015/.sucuriquarantine/home/falconiapl2015/public_html/wp-content/plugins/pro-elements/modules/lottie HTTP/2.0" 200 2804 "https://www.falcon-ia.com/?path=/home/falconiapl2015/.sucuriquarantine/home/falconiapl2015/public_html/wp-content/plugins/pro-elements/modules" "Mozilla/5.0 AppleWebKit/537.36 (KHTML, like Gecko; compatible; GPTBot/1.3; +https://openai.com/gptbot)" 537 **0/537162**
216.73.216.50 - - [29/Mar/2026:06:16:05 -0700] "GET /item/3939568476?fileloc=%2Fhome%2Ffalconiapl2015%2Fpublic_html%2Fwp-includes%2Fclass-wp-role.php&path=%2Fhome%2Ffalconiapl2015%2Fpublic_html%2Fwp-includes HTTP/2.0" 403 3449 "-" "Mozilla/5.0 AppleWebKit/537.36 (KHTML, like Gecko; compatible; ClaudeBot/1.0; +claudebot@anthropic.com)" 514 **0/514979**
74.7.241.52 - - [29/Mar/2026:06:16:05 -0700] "GET /?path=/home/falconiapl2015/.sucuriquarantine/home/falconiapl2015/public_html/wp-content/plugins/pro-elements/modules/notes HTTP/2.0" 200 2881 "https://www.falcon-ia.com/?path=/home/falconiapl2015/.sucuriquarantine/home/falconiapl2015/public_html/wp-content/plugins/pro-elements/modules" "Mozilla/5.0 AppleWebKit/537.36 (KHTML, like Gecko; compatible; GPTBot/1.3; +https://openai.com/gptbot)" 505 **0/505771**
184.168.112.12 - - [29/Mar/2026:06:11:06 -0700] "GET /images/images/images/images/images/images/images/images/index.php?ARRAY=7o2230223n313737343739333436362p2231223n22687474703n5p2s5p2s7n733836307631332r6361746561722r626573745p2s3s6p633q7068705s636s64655s6n6326743q313737343738393836362q6363313366393933626138323631623063613937666133323661633530373965222p2232223n226232376235336437313237313933653337636436313435306631343737333261222p2233223n223066316239643631313364633062616262353764633131636633333431623962222p226175746s5s66696p655s6r616q65223n6r756p6p2p226175746s5s70617373223n6r756p6p2p2262696r675s70617373223n2232382q33342q35312q36382q37342q38392q3137227q HTTP/1.1" 503 55901 "-" "-" 300603 **300/300603836**
216.73.216.50 - - [29/Mar/2026:06:16:08 -0700] "GET /item/473567853?fileloc=%2Fhome%2Ffalconiapl2015%2Fpublic_html%2Fwp-includes%2Fclass-wp-role.php&path=%2Fhome%2Ffalconiapl2015%2Fpublic_html%2Fwp-includes HTTP/2.0" 403 3449 "-" "Mozilla/5.0 AppleWebKit/537.36 (KHTML, like Gecko; compatible; ClaudeBot/1.0; +claudebot@anthropic.com)" 541 **0/541895**
74.7.241.52 - - [29/Mar/2026:06:16:08 -0700] "GET /?path=/home/falconiapl2015/.sucuriquarantine/home/falconiapl2015/public_html/wp-content/plugins/pro-elements/assets HTTP/2.0" 200 2829 "https://www.falcon-ia.com/?path=/home/falconiapl2015/.sucuriquarantine/home/falconiapl2015/public_html/wp-content/plugins/pro-elements" "Mozilla/5.0 AppleWebKit/537.36 (KHTML, like Gecko; compatible; GPTBot/1.3; +https://openai.com/gptbot)" 542 **0/542760**
216.73.216.50 - - [29/Mar/2026:06:16:11 -0700] "GET /item/2118413392?fileloc=%2Fhome%2Ffalconiapl2015%2Fpublic_html%2Fwp-includes%2Frss-functions.php&path=%2Fhome%2Ffalconiapl2015%2Fpublic_html%2Fwp-includes HTTP/2.0" 403 3449 "-" "Mozilla/5.0 AppleWebKit/537.36 (KHTML, like Gecko; compatible; ClaudeBot/1.0; +claudebot@anthropic.com)" 523 **0/523875**
74.7.241.52 - - [29/Mar/2026:06:16:11 -0700] "GET /?fileloc=/home/falconiapl2015/.sucuriquarantine/home/falconiapl2015/public_html/wp-content/plugins/pro-elements/core/app/.htaccess_sucuribackup.17746063485611_1774606217cleanup&path=/home/falconiapl2015/.sucuriquarantine/home/falconiapl2015/public_html/wp-content/plugins/pro-elements/core/app HTTP/2.0" 403 3449 "https://www.falcon-ia.com/?path=/home/falconiapl2015/.sucuriquarantine/home/falconiapl2015/public_html/wp-content/plugins/pro-elements/core/app" "Mozilla/5.0 AppleWebKit/537.36 (KHTML, like Gecko; compatible; GPTBot/1.3; +https://openai.com/gptbot)" 513 **0/513390**
216.73.216.50 - - [29/Mar/2026:06:16:14 -0700] "GET /item/1398860680?fileloc=%2Fhome%2Ffalconiapl2015%2Fpublic_html%2Fwp-includes%2Fcompat.php&path=%2Fhome%2Ffalconiapl2015%2Fpublic_html%2Fwp-includes HTTP/2.0" 403 3449 "-" "Mozilla/5.0 AppleWebKit/537.36 (KHTML, like Gecko; compatible; ClaudeBot/1.0; +claudebot@anthropic.com)" 502 **0/502373**
74.7.241.52 - - [29/Mar/2026:06:16:14 -0700] "GET /?path=/home/falconiapl2015/.sucuriquarantine/home/falconiapl2015/public_html/wp-content/plugins/pro-elements/core/app/modules HTTP/2.0" 200 2905 "https://www.falcon-ia.com/?path=/home/falconiapl2015/.sucuriquarantine/home/falconiapl2015/public_html/wp-content/plugins/pro-elements/core/app" "Mozilla/5.0 AppleWebKit/537.36 (KHTML, like Gecko; compatible; GPTBot/1.3; +https://openai.com/gptbot)" 489 **0/489453**
216.73.216.50 - - [29/Mar/2026:06:16:17 -0700] "GET /item/3168022928?fileloc=%2Fhome%2Ffalconiapl2015%2Fpublic_html%2Fwp-admin%2Foptions.php&path=%2Fhome%2Ffalconiapl2015%2Fpublic_html%2Fwp-admin HTTP/2.0" 403 3449 "-" "Mozilla/5.0 AppleWebKit/537.36 (KHTML, like Gecko; compatible; ClaudeBot/1.0; +claudebot@anthropic.com)" 501 **0/501120**
74.7.241.52 - - [29/Mar/2026:06:16:18 -0700] "GET /?fileloc=/home/falconiapl2015/.sucuriquarantine/home/falconiapl2015/public_html/wp-content/plugins/pro-elements/modules/editor-one/.htaccess_sucuribackup.1774606351097_1774606217cleanup&path=/home/falconiapl2015/.sucuriquarantine/home/falconiapl2015/public_html/wp-content/plugins/pro-elements/modules/editor-one HTTP/2.0" 403 3449 "https://www.falcon-ia.com/?path=/home/falconiapl2015/.sucuriquarantine/home/falconiapl2015/public_html/wp-content/plugins/pro-elements/modules/editor-one" "Mozilla/5.0 AppleWebKit/537.36 (KHTML, like Gecko; compatible; GPTBot/1.3; +https://openai.com/gptbot)" 485 **0/485795**
216.73.216.50 - - [29/Mar/2026:06:16:20 -0700] "GET /item/2944742948?fileloc=%2Fhome%2Ffalconiapl2015%2Fpublic_html%2Fwp-admin%2Fadmin-footer.php&path=%2Fhome%2Ffalconiapl2015%2Fpublic_html%2Fwp-admin HTTP/2.0" 403 3449 "-" "Mozilla/5.0 AppleWebKit/537.36 (KHTML, like Gecko; compatible; ClaudeBot/1.0; +claudebot@anthropic.com)" 535 **0/535997**
