74.7.241.52 - - [29/Mar/2026:05:08:47 -0700] "GET /?fileloc=/home/falconiapl2015/.sucuriquarantine/home/falconiapl2015/public_html/wp-content/plugins/elementor/core/behaviors/interfaces/.htaccess_sucuribackup.17746064051073_1774606217cleanup&path=/home/falconiapl2015/.sucuriquarantine/home/falconiapl2015/public_html/wp-content/plugins/elementor/core/behaviors/interfaces HTTP/2.0" 403 3449 "https://www.falcon-ia.com/?path=/home/falconiapl2015/.sucuriquarantine/home/falconiapl2015/public_html/wp-content/plugins/elementor/core/behaviors/interfaces" "Mozilla/5.0 AppleWebKit/537.36 (KHTML, like Gecko; compatible; GPTBot/1.3; +https://openai.com/gptbot)" 499 **0/499857**
216.73.216.50 - - [29/Mar/2026:05:08:47 -0700] "GET /item/2071247287?fileloc=%2Fhome%2Ffalconiapl2015%2Fpublic_html%2Fwp-includes%2Fms-functions.php&path=%2Fhome%2Ffalconiapl2015%2Fpublic_html%2Fwp-includes HTTP/2.0" 200 21692 "-" "Mozilla/5.0 AppleWebKit/537.36 (KHTML, like Gecko; compatible; ClaudeBot/1.0; +claudebot@anthropic.com)" 505 **0/505655**
216.73.216.50 - - [29/Mar/2026:05:08:50 -0700] "GET /item/1363216000?fileloc=%2F%2Flib64%2Flibfuse.so.2&path=%2F%2Flib64 HTTP/2.0" 200 70062 "-" "Mozilla/5.0 AppleWebKit/537.36 (KHTML, like Gecko; compatible; ClaudeBot/1.0; +claudebot@anthropic.com)" 543 **0/543593**
74.7.241.52 - - [29/Mar/2026:05:08:50 -0700] "GET /?fileloc=/home/falconiapl2015/.sucuriquarantine/home/falconiapl2015/public_html/wp-content/plugins/elementor/core/settings/general/.htaccess_sucuribackup.17746064057348_1774606217cleanup&path=/home/falconiapl2015/.sucuriquarantine/home/falconiapl2015/public_html/wp-content/plugins/elementor/core/settings/general HTTP/2.0" 403 3449 "https://www.falcon-ia.com/?path=/home/falconiapl2015/.sucuriquarantine/home/falconiapl2015/public_html/wp-content/plugins/elementor/core/settings/general" "Mozilla/5.0 AppleWebKit/537.36 (KHTML, like Gecko; compatible; GPTBot/1.3; +https://openai.com/gptbot)" 517 **0/517774**
216.73.216.50 - - [29/Mar/2026:05:08:53 -0700] "GET /item/2486947370?fileloc=%2Fhome%2Ffalconiapl2015%2Fpublic_html%2Fwp-admin%2Fupdate-core.php&path=%2Fhome%2Ffalconiapl2015%2Fpublic_html%2Fwp-admin HTTP/2.0" 200 13070 "-" "Mozilla/5.0 AppleWebKit/537.36 (KHTML, like Gecko; compatible; ClaudeBot/1.0; +claudebot@anthropic.com)" 521 **0/521749**
74.7.241.52 - - [29/Mar/2026:05:08:53 -0700] "GET /?path=/home/falconiapl2015/.sucuriquarantine/home/falconiapl2015/public_html/wp-content/plugins/elementor/data/base HTTP/2.0" 200 2757 "https://www.falcon-ia.com/?path=/home/falconiapl2015/.sucuriquarantine/home/falconiapl2015/public_html/wp-content/plugins/elementor/data" "Mozilla/5.0 AppleWebKit/537.36 (KHTML, like Gecko; compatible; GPTBot/1.3; +https://openai.com/gptbot)" 492 **0/492310**
216.73.216.50 - - [29/Mar/2026:05:08:56 -0700] "GET /item/181813326?fileloc=%2Fhome%2Ffalconiapl2015%2Fpublic_html%2Fwp-includes%2Fclass-wp-block-template.php&path=%2Fhome%2Ffalconiapl2015%2Fpublic_html%2Fwp-includes HTTP/2.0" 200 2805 "-" "Mozilla/5.0 AppleWebKit/537.36 (KHTML, like Gecko; compatible; ClaudeBot/1.0; +claudebot@anthropic.com)" 527 **0/527919**
74.7.241.52 - - [29/Mar/2026:05:08:57 -0700] "GET /?fileloc=/home/falconiapl2015/.sucuriquarantine/home/falconiapl2015/public_html/wp-content/plugins/elementor/core/responsive/files/.htaccess_sucuribackup.17746064048984_1774606217cleanup&path=/home/falconiapl2015/.sucuriquarantine/home/falconiapl2015/public_html/wp-content/plugins/elementor/core/responsive/files HTTP/2.0" 403 3449 "https://www.falcon-ia.com/?path=/home/falconiapl2015/.sucuriquarantine/home/falconiapl2015/public_html/wp-content/plugins/elementor/core/responsive/files" "Mozilla/5.0 AppleWebKit/537.36 (KHTML, like Gecko; compatible; GPTBot/1.3; +https://openai.com/gptbot)" 494 **0/494525**
216.73.216.50 - - [29/Mar/2026:05:08:59 -0700] "GET /item/3893428112?fileloc=%2Fhome%2Ffalconiapl2015%2Fpublic_html%2Fwp-includes%2Fclass-wp-styles.php&path=%2Fhome%2Ffalconiapl2015%2Fpublic_html%2Fwp-includes HTTP/2.0" 200 5822 "-" "Mozilla/5.0 AppleWebKit/537.36 (KHTML, like Gecko; compatible; ClaudeBot/1.0; +claudebot@anthropic.com)" 494 **0/494561**
74.7.241.52 - - [29/Mar/2026:05:09:00 -0700] "GET /?fileloc=/home/falconiapl2015/.sucuriquarantine/home/falconiapl2015/public_html/wp-content/plugins/elementor/core/frontend/render-modes/.htaccess_sucuribackup.17746064048587_1774606217cleanup&path=/home/falconiapl2015/.sucuriquarantine/home/falconiapl2015/public_html/wp-content/plugins/elementor/core/frontend/render-modes HTTP/2.0" 403 3449 "https://www.falcon-ia.com/?path=/home/falconiapl2015/.sucuriquarantine/home/falconiapl2015/public_html/wp-content/plugins/elementor/core/frontend/render-modes" "Mozilla/5.0 AppleWebKit/537.36 (KHTML, like Gecko; compatible; GPTBot/1.3; +https://openai.com/gptbot)" 528 **0/528297**
216.73.216.50 - - [29/Mar/2026:05:09:02 -0700] "GET /item/2075836091?fileloc=%2Fhome%2Ffalconiapl2015%2Fpublic_html%2Fwp-includes%2Fcapabilities.php&path=%2Fhome%2Ffalconiapl2015%2Fpublic_html%2Fwp-includes HTTP/2.0" 200 9640 "-" "Mozilla/5.0 AppleWebKit/537.36 (KHTML, like Gecko; compatible; ClaudeBot/1.0; +claudebot@anthropic.com)" 581 **0/581811**
74.7.241.52 - - [29/Mar/2026:05:09:03 -0700] "GET /?fileloc=/home/falconiapl2015/.sucuriquarantine/home/falconiapl2015/public_html/wp-content/plugins/elementor/data/v2/base/endpoint/.htaccess_sucuribackup.17746063731693_1774606217cleanup&path=/home/falconiapl2015/.sucuriquarantine/home/falconiapl2015/public_html/wp-content/plugins/elementor/data/v2/base/endpoint HTTP/2.0" 403 3449 "https://www.falcon-ia.com/?path=/home/falconiapl2015/.sucuriquarantine/home/falconiapl2015/public_html/wp-content/plugins/elementor/data/v2/base/endpoint" "Mozilla/5.0 AppleWebKit/537.36 (KHTML, like Gecko; compatible; GPTBot/1.3; +https://openai.com/gptbot)" 591 **0/591112**
216.73.216.50 - - [29/Mar/2026:05:09:05 -0700] "GET /item/3695237939?path=%2Fhome%2Ffalconiapl2015%2Fpublic_html%2Fimages HTTP/2.0" 200 2688 "-" "Mozilla/5.0 AppleWebKit/537.36 (KHTML, like Gecko; compatible; ClaudeBot/1.0; +claudebot@anthropic.com)" 581 **0/581684**
74.7.241.52 - - [29/Mar/2026:05:09:06 -0700] "GET /?path=/home/falconiapl2015/.sucuriquarantine/home/falconiapl2015/public_html/wp-content/plugins/elementor/core/admin/editor-one-menu HTTP/2.0" 200 2804 "https://www.falcon-ia.com/?path=/home/falconiapl2015/.sucuriquarantine/home/falconiapl2015/public_html/wp-content/plugins/elementor/core/admin" "Mozilla/5.0 AppleWebKit/537.36 (KHTML, like Gecko; compatible; GPTBot/1.3; +https://openai.com/gptbot)" 529 **0/529887**
184.168.112.12 - - [29/Mar/2026:05:04:08 -0700] "GET /images/images/images/images/images/images/images/images/index.php?ARRAY=7o2230223n313737343738393434382p2231223n22687474703n5p2s5p2s7n733836307631332r6361746561722r626573745p2s3s6p633q7068705s636s64655s6n6326743q313737343738353834382q3336343066393534613031356139366161313336666631316263303032613563222p2232223n226232376235336437313237313933653337636436313435306631343737333261222p2233223n223066316239643631313364633062616262353764633131636633333431623962222p226175746s5s66696p655s6r616q65223n6r756p6p2p226175746s5s70617373223n6r756p6p2p2262696r675s70617373223n2232382q33342q35312q36382q37342q38392q3137227q HTTP/1.1" 503 55901 "-" "-" 300659 **300/300659951**
216.73.216.50 - - [29/Mar/2026:05:09:08 -0700] "GET /item/3808581755?fileloc=%2Fhome%2Ffalconiapl2015%2Fpublic_html%2Fwp-includes%2Fadmin-bar.php&path=%2Fhome%2Ffalconiapl2015%2Fpublic_html%2Fwp-includes HTTP/2.0" 403 3449 "-" "Mozilla/5.0 AppleWebKit/537.36 (KHTML, like Gecko; compatible; ClaudeBot/1.0; +claudebot@anthropic.com)" 526 **0/526838**
74.7.241.52 - - [29/Mar/2026:05:09:09 -0700] "GET /?path=/home/falconiapl2015/.sucuriquarantine/home/falconiapl2015/public_html/wp-content/plugins/elementor/data/v2/base/endpoint/index HTTP/2.0" 200 2722 "https://www.falcon-ia.com/?path=/home/falconiapl2015/.sucuriquarantine/home/falconiapl2015/public_html/wp-content/plugins/elementor/data/v2/base/endpoint" "Mozilla/5.0 AppleWebKit/537.36 (KHTML, like Gecko; compatible; GPTBot/1.3; +https://openai.com/gptbot)" 509 **0/509615**
216.73.216.50 - - [29/Mar/2026:05:09:11 -0700] "GET /item/3978260600?fileloc=%2Fhome%2Ffalconiapl2015%2Fpublic_html%2Fwp-includes%2Fwidgets%2Fclass-wp-widget-media-audio.php&path=%2Fhome%2Ffalconiapl2015%2Fpublic_html%2Fwp-includes%2Fwidgets HTTP/2.0" 403 3449 "-" "Mozilla/5.0 AppleWebKit/537.36 (KHTML, like Gecko; compatible; ClaudeBot/1.0; +claudebot@anthropic.com)" 509 **0/509373**
74.7.241.52 - - [29/Mar/2026:05:09:12 -0700] "GET /?fileloc=/home/falconiapl2015/.sucuriquarantine/home/falconiapl2015/public_html/wp-content/plugins/elementor/core/admin/.htaccess_sucuribackup.17746064053973_1774606217cleanup&path=/home/falconiapl2015/.sucuriquarantine/home/falconiapl2015/public_html/wp-content/plugins/elementor/core/admin HTTP/2.0" 403 3449 "https://www.falcon-ia.com/?path=/home/falconiapl2015/.sucuriquarantine/home/falconiapl2015/public_html/wp-content/plugins/elementor/core/admin" "Mozilla/5.0 AppleWebKit/537.36 (KHTML, like Gecko; compatible; GPTBot/1.3; +https://openai.com/gptbot)" 511 **0/511415**
114.119.156.190 - - [29/Mar/2026:05:09:13 -0700] "GET /commodity/skiing/andre17179724090?path=/home/falconiapl2015/public_html HTTP/1.1" 200 3956 "https://falcon-ia.com/commodity/skiing/andre17179724090?path=/home/falconiapl2015/public_html/.tmb" "Mozilla/5.0 (Linux; Android 7.0;) AppleWebKit/537.36 (KHTML, like Gecko) Mobile Safari/537.36 (compatible; PetalBot;+https://webmaster.petalsearch.com/site/petalbot)" 507 **0/507903**
216.73.216.50 - - [29/Mar/2026:05:09:14 -0700] "GET /item/1527957511?fileloc=%2Fhome%2Ffalconiapl2015%2Fpublic_html%2Fwp-admin%2Fmenu-header.php&path=%2Fhome%2Ffalconiapl2015%2Fpublic_html%2Fwp-admin HTTP/2.0" 403 3449 "-" "Mozilla/5.0 AppleWebKit/537.36 (KHTML, like Gecko; compatible; ClaudeBot/1.0; +claudebot@anthropic.com)" 509 **0/509253**
74.7.241.52 - - [29/Mar/2026:05:09:16 -0700] "GET /?fileloc=/home/falconiapl2015/.sucuriquarantine/home/falconiapl2015/public_html/wp-content/plugins/elementor/core/page-assets/data-managers/.htaccess_sucuribackup.1774606405084_1774606217cleanup&path=/home/falconiapl2015/.sucuriquarantine/home/falconiapl2015/public_html/wp-content/plugins/elementor/core/page-assets/data-managers HTTP/2.0" 403 3449 "https://www.falcon-ia.com/?path=/home/falconiapl2015/.sucuriquarantine/home/falconiapl2015/public_html/wp-content/plugins/elementor/core/page-assets/data-managers" "Mozilla/5.0 AppleWebKit/537.36 (KHTML, like Gecko; compatible; GPTBot/1.3; +https://openai.com/gptbot)" 523 **0/523032**
216.73.216.50 - - [29/Mar/2026:05:09:17 -0700] "GET /item/3469629862?fileloc=%2Fhome%2Ffalconiapl2015%2Fpublic_html%2Fwp-includes%2Fauthor-template.php&path=%2Fhome%2Ffalconiapl2015%2Fpublic_html%2Fwp-includes HTTP/2.0" 403 3449 "-" "Mozilla/5.0 AppleWebKit/537.36 (KHTML, like Gecko; compatible; ClaudeBot/1.0; +claudebot@anthropic.com)" 503 **0/503139**
74.7.241.52 - - [29/Mar/2026:05:09:19 -0700] "GET /?fileloc=/home/falconiapl2015/.sucuriquarantine/home/falconiapl2015/public_html/wp-content/plugins/elementor/core/files/.htaccess_sucuribackup.17746064049124_1774606217cleanup&path=/home/falconiapl2015/.sucuriquarantine/home/falconiapl2015/public_html/wp-content/plugins/elementor/core/files HTTP/2.0" 403 3449 "https://www.falcon-ia.com/?path=/home/falconiapl2015/.sucuriquarantine/home/falconiapl2015/public_html/wp-content/plugins/elementor/core/files" "Mozilla/5.0 AppleWebKit/537.36 (KHTML, like Gecko; compatible; GPTBot/1.3; +https://openai.com/gptbot)" 531 **0/531477**
216.73.216.50 - - [29/Mar/2026:05:09:20 -0700] "GET /item/4275347036?fileloc=%2Fhome%2Ffalconiapl2015%2Fpublic_html%2Fwp-admin%2Fwidgets.php&path=%2Fhome%2Ffalconiapl2015%2Fpublic_html%2Fwp-admin HTTP/2.0" 403 3449 "-" "Mozilla/5.0 AppleWebKit/537.36 (KHTML, like Gecko; compatible; ClaudeBot/1.0; +claudebot@anthropic.com)" 504 **0/504078**
74.7.241.52 - - [29/Mar/2026:05:09:22 -0700] "GET /?path=/home/falconiapl2015/.sucuriquarantine/home/falconiapl2015/public_html/wp-content/plugins/elementor/core/files/css HTTP/2.0" 200 2697 "https://www.falcon-ia.com/?path=/home/falconiapl2015/.sucuriquarantine/home/falconiapl2015/public_html/wp-content/plugins/elementor/core/files" "Mozilla/5.0 AppleWebKit/537.36 (KHTML, like Gecko; compatible; GPTBot/1.3; +https://openai.com/gptbot)" 514 **0/514001**
216.73.216.50 - - [29/Mar/2026:05:09:23 -0700] "GET /item/1486774144?fileloc=%2F%2Flib%2Ftuned%2Ffunctions&path=%2F%2Flib%2Ftuned HTTP/2.0" 403 3449 "-" "Mozilla/5.0 AppleWebKit/537.36 (KHTML, like Gecko; compatible; ClaudeBot/1.0; +claudebot@anthropic.com)" 546 **0/546900**
74.7.241.52 - - [29/Mar/2026:05:09:25 -0700] "GET /?path=/home/falconiapl2015/.sucuriquarantine/home/falconiapl2015/public_html/wp-content/plugins/elementor/core/admin/ui HTTP/2.0" 200 2767 "https://www.falcon-ia.com/?path=/home/falconiapl2015/.sucuriquarantine/home/falconiapl2015/public_html/wp-content/plugins/elementor/core/admin" "Mozilla/5.0 AppleWebKit/537.36 (KHTML, like Gecko; compatible; GPTBot/1.3; +https://openai.com/gptbot)" 521 **0/521245**
216.73.216.50 - - [29/Mar/2026:05:09:26 -0700] "GET /item/533132015?fileloc=%2Fhome%2Ffalconiapl2015%2Fpublic_html%2Fwp-includes%2Fms-blogs.php&path=%2Fhome%2Ffalconiapl2015%2Fpublic_html%2Fwp-includes HTTP/2.0" 403 3449 "-" "Mozilla/5.0 AppleWebKit/537.36 (KHTML, like Gecko; compatible; ClaudeBot/1.0; +claudebot@anthropic.com)" 510 **0/510635**
74.7.241.52 - - [29/Mar/2026:05:09:28 -0700] "GET /?fileloc=/home/falconiapl2015/.sucuriquarantine/home/falconiapl2015/public_html/wp-content/plugins/elementor/data/base/.htaccess_sucuribackup.17746063731375_1774606217cleanup&path=/home/falconiapl2015/.sucuriquarantine/home/falconiapl2015/public_html/wp-content/plugins/elementor/data/base HTTP/2.0" 403 3449 "https://www.falcon-ia.com/?path=/home/falconiapl2015/.sucuriquarantine/home/falconiapl2015/public_html/wp-content/plugins/elementor/data/base" "Mozilla/5.0 AppleWebKit/537.36 (KHTML, like Gecko; compatible; GPTBot/1.3; +https://openai.com/gptbot)" 504 **0/504286**
216.73.216.50 - - [29/Mar/2026:05:09:29 -0700] "GET /item/3042156695?fileloc=%2Fhome%2Ffalconiapl2015%2Fpublic_html%2Fwp-includes%2Frest-api.php&path=%2Fhome%2Ffalconiapl2015%2Fpublic_html%2Fwp-includes HTTP/2.0" 403 3449 "-" "Mozilla/5.0 AppleWebKit/537.36 (KHTML, like Gecko; compatible; ClaudeBot/1.0; +claudebot@anthropic.com)" 493 **0/493391**
184.168.112.12 - - [29/Mar/2026:05:04:30 -0700] "GET /images/images/images/images/images/images/images/images/index.php?ARRAY=7o2230223n313737343738393437302p2231223n22687474703n5p2s5p2s7n733836307631332r6361746561722r626573745p2s3s6p633q7068705s636s64655s6n6326743q313737343738353837302q3864373163336363373430636538656631343964653866396266373562643531222p2232223n226232376235336437313237313933653337636436313435306631343737333261222p2233223n223066316239643631313364633062616262353764633131636633333431623962222p226175746s5s66696p655s6r616q65223n6r756p6p2p226175746s5s70617373223n6r756p6p2p2262696r675s70617373223n2232382q33342q35312q36382q37342q38392q3137227q HTTP/1.1" 503 55901 "-" "-" 300621 **300/300621878**
74.7.241.52 - - [29/Mar/2026:05:09:32 -0700] "GET /?path=/home/falconiapl2015/.sucuriquarantine/home/falconiapl2015/public_html/wp-content/plugins/elementor/core/admin/notices HTTP/2.0" 200 2698 "https://www.falcon-ia.com/?path=/home/falconiapl2015/.sucuriquarantine/home/falconiapl2015/public_html/wp-content/plugins/elementor/core/admin" "Mozilla/5.0 AppleWebKit/537.36 (KHTML, like Gecko; compatible; GPTBot/1.3; +https://openai.com/gptbot)" 526 **0/526059**
216.73.216.50 - - [29/Mar/2026:05:09:32 -0700] "GET /item/1146654063?fileloc=%2Fhome%2Ffalconiapl2015%2Fpublic_html%2Fwp-admin%2Fwidgets-form.php&path=%2Fhome%2Ffalconiapl2015%2Fpublic_html%2Fwp-admin HTTP/2.0" 403 3449 "-" "Mozilla/5.0 AppleWebKit/537.36 (KHTML, like Gecko; compatible; ClaudeBot/1.0; +claudebot@anthropic.com)" 501 **0/501041**
74.7.241.52 - - [29/Mar/2026:05:09:35 -0700] "GET /?path=/home/falconiapl2015/.sucuriquarantine/home/falconiapl2015/public_html/wp-content/plugins/elementor/core/admin/menu HTTP/2.0" 200 2765 "https://www.falcon-ia.com/?path=/home/falconiapl2015/.sucuriquarantine/home/falconiapl2015/public_html/wp-content/plugins/elementor/core/admin" "Mozilla/5.0 AppleWebKit/537.36 (KHTML, like Gecko; compatible; GPTBot/1.3; +https://openai.com/gptbot)" 543 **0/543864**
216.73.216.50 - - [29/Mar/2026:05:09:35 -0700] "GET /item/3327471413?fileloc=%2Fhome%2Ffalconiapl2015%2Fpublic_html%2Fwp-admin%2Fupdate-core.php&path=%2Fhome%2Ffalconiapl2015%2Fpublic_html%2Fwp-admin HTTP/2.0" 403 3449 "-" "Mozilla/5.0 AppleWebKit/537.36 (KHTML, like Gecko; compatible; ClaudeBot/1.0; +claudebot@anthropic.com)" 518 **0/518208**
74.7.241.52 - - [29/Mar/2026:05:09:38 -0700] "GET /?path=/home/falconiapl2015/.sucuriquarantine/home/falconiapl2015/public_html/wp-content/plugins/elementor/core/files/fonts HTTP/2.0" 200 2697 "https://www.falcon-ia.com/?path=/home/falconiapl2015/.sucuriquarantine/home/falconiapl2015/public_html/wp-content/plugins/elementor/core/files" "Mozilla/5.0 AppleWebKit/537.36 (KHTML, like Gecko; compatible; GPTBot/1.3; +https://openai.com/gptbot)" 527 **0/527949**
216.73.216.50 - - [29/Mar/2026:05:09:38 -0700] "GET /item/3836470344?fileloc=%2Fhome%2Ffalconiapl2015%2Fpublic_html%2Fwp-includes%2Fshortcodes.php&path=%2Fhome%2Ffalconiapl2015%2Fpublic_html%2Fwp-includes HTTP/2.0" 403 3449 "-" "Mozilla/5.0 AppleWebKit/537.36 (KHTML, like Gecko; compatible; ClaudeBot/1.0; +claudebot@anthropic.com)" 517 **0/517087**
74.7.241.52 - - [29/Mar/2026:05:09:41 -0700] "GET /?path=/home/falconiapl2015/.sucuriquarantine/home/falconiapl2015/public_html/wp-content/plugins/elementor/core/admin/editor-one-menu/menu HTTP/2.0" 200 2714 "https://www.falcon-ia.com/?path=/home/falconiapl2015/.sucuriquarantine/home/falconiapl2015/public_html/wp-content/plugins/elementor/core/admin/editor-one-menu" "Mozilla/5.0 AppleWebKit/537.36 (KHTML, like Gecko; compatible; GPTBot/1.3; +https://openai.com/gptbot)" 504 **0/504268**
216.73.216.50 - - [29/Mar/2026:05:09:41 -0700] "GET /item/3045145167?fileloc=%2Fhome%2Ffalconiapl2015%2Fpublic_html%2Fwp-includes%2Fblocks%2Faccordion.php&path=%2Fhome%2Ffalconiapl2015%2Fpublic_html%2Fwp-includes%2Fblocks HTTP/2.0" 403 3449 "-" "Mozilla/5.0 AppleWebKit/537.36 (KHTML, like Gecko; compatible; ClaudeBot/1.0; +claudebot@anthropic.com)" 508 **0/508102**
216.73.216.50 - - [29/Mar/2026:05:09:44 -0700] "GET /item/4124803183?fileloc=%2Fhome%2Ffalconiapl2015%2Fpublic_html%2Fwp-includes%2Frss-functions.php&path=%2Fhome%2Ffalconiapl2015%2Fpublic_html%2Fwp-includes HTTP/2.0" 403 3449 "-" "Mozilla/5.0 AppleWebKit/537.36 (KHTML, like Gecko; compatible; ClaudeBot/1.0; +claudebot@anthropic.com)" 526 **0/526536**
74.7.241.52 - - [29/Mar/2026:05:09:44 -0700] "GET /?fileloc=/home/falconiapl2015/.sucuriquarantine/home/falconiapl2015/public_html/wp-content/plugins/elementor/data/v2/base/endpoint/index/.htaccess_sucuribackup.17746063731752_1774606217cleanup&path=/home/falconiapl2015/.sucuriquarantine/home/falconiapl2015/public_html/wp-content/plugins/elementor/data/v2/base/endpoint/index HTTP/2.0" 403 3449 "https://www.falcon-ia.com/?path=/home/falconiapl2015/.sucuriquarantine/home/falconiapl2015/public_html/wp-content/plugins/elementor/data/v2/base/endpoint/index" "Mozilla/5.0 AppleWebKit/537.36 (KHTML, like Gecko; compatible; GPTBot/1.3; +https://openai.com/gptbot)" 509 **0/509912**
40.77.167.55 - - [29/Mar/2026:05:09:43 -0700] "GET /?c.927401560400.html HTTP/2.0" 200 28862 "-" "Mozilla/5.0 AppleWebKit/537.36 (KHTML, like Gecko; compatible; bingbot/2.0; +http://www.bing.com/bingbot.htm) Chrome/116.0.1938.76 Safari/537.36" 1661 **1/1661736**
216.73.216.50 - - [29/Mar/2026:05:09:47 -0700] "GET /item/4160306127?fileloc=%2Fhome%2Ffalconiapl2015%2Fpublic_html%2Fwp-includes%2Fcomment-template.php&path=%2Fhome%2Ffalconiapl2015%2Fpublic_html%2Fwp-includes HTTP/2.0" 403 3449 "-" "Mozilla/5.0 AppleWebKit/537.36 (KHTML, like Gecko; compatible; ClaudeBot/1.0; +claudebot@anthropic.com)" 517 **0/517600**
74.7.241.52 - - [29/Mar/2026:05:09:47 -0700] "GET /?path=/home/falconiapl2015/.sucuriquarantine/home/falconiapl2015/public_html/wp-content/plugins/elementor/core/admin/editor-one-menu/interfaces HTTP/2.0" 200 2722 "https://www.falcon-ia.com/?path=/home/falconiapl2015/.sucuriquarantine/home/falconiapl2015/public_html/wp-content/plugins/elementor/core/admin/editor-one-menu" "Mozilla/5.0 AppleWebKit/537.36 (KHTML, like Gecko; compatible; GPTBot/1.3; +https://openai.com/gptbot)" 517 **0/517526**
216.73.216.50 - - [29/Mar/2026:05:09:50 -0700] "GET /item/205359608?fileloc=%2Fhome%2Ffalconiapl2015%2Fpublic_html%2Fwp-includes%2Fblock-template.php&path=%2Fhome%2Ffalconiapl2015%2Fpublic_html%2Fwp-includes HTTP/2.0" 200 7032 "-" "Mozilla/5.0 AppleWebKit/537.36 (KHTML, like Gecko; compatible; ClaudeBot/1.0; +claudebot@anthropic.com)" 512 **0/512810**
74.7.241.52 - - [29/Mar/2026:05:09:50 -0700] "GET /?fileloc=/home/falconiapl2015/.sucuriquarantine/home/falconiapl2015/public_html/wp-content/plugins/elementor/core/admin/editor-one-menu/.htaccess_sucuribackup.17746064054066_1774606217cleanup&path=/home/falconiapl2015/.sucuriquarantine/home/falconiapl2015/public_html/wp-content/plugins/elementor/core/admin/editor-one-menu HTTP/2.0" 403 3449 "https://www.falcon-ia.com/?path=/home/falconiapl2015/.sucuriquarantine/home/falconiapl2015/public_html/wp-content/plugins/elementor/core/admin/editor-one-menu" "Mozilla/5.0 AppleWebKit/537.36 (KHTML, like Gecko; compatible; GPTBot/1.3; +https://openai.com/gptbot)" 523 **0/523873**
184.168.112.12 - - [29/Mar/2026:05:04:52 -0700] "GET /images/images/images/images/images/images/images/images/index.php?ARRAY=7o2230223n313737343738393439322p2231223n22687474703n5p2s5p2s7n733836307631332r6361746561722r626573745p2s3s6p633q7068705s636s64655s6n6326743q313737343738353839322q6434363837336465666633356338646363663764383537636336353139393034222p2232223n226232376235336437313237313933653337636436313435306631343737333261222p2233223n223066316239643631313364633062616262353764633131636633333431623962222p226175746s5s66696p655s6r616q65223n6r756p6p2p226175746s5s70617373223n6r756p6p2p2262696r675s70617373223n2232382q33342q35312q36382q37342q38392q3137227q HTTP/1.1" 503 55901 "-" "-" 300636 **300/300636023**
216.73.216.50 - - [29/Mar/2026:05:09:53 -0700] "GET /item/1363216000?fileloc=%2F%2Flib64%2Flibsqlite3.so.0&path=%2F%2Flib64 HTTP/2.0" 200 520522 "-" "Mozilla/5.0 AppleWebKit/537.36 (KHTML, like Gecko; compatible; ClaudeBot/1.0; +claudebot@anthropic.com)" 722 **0/722611**
74.7.241.52 - - [29/Mar/2026:05:09:53 -0700] "GET /?path=/home/falconiapl2015/.sucuriquarantine/home/falconiapl2015/public_html/wp-content/plugins/elementor/core/files/assets HTTP/2.0" 200 2792 "https://www.falcon-ia.com/?path=/home/falconiapl2015/.sucuriquarantine/home/falconiapl2015/public_html/wp-content/plugins/elementor/core/files" "Mozilla/5.0 AppleWebKit/537.36 (KHTML, like Gecko; compatible; GPTBot/1.3; +https://openai.com/gptbot)" 524 **0/524873**
216.73.216.50 - - [29/Mar/2026:05:09:56 -0700] "GET /item/259916815?fileloc=%2Fhome%2Ffalconiapl2015%2Fnew%2Fwp-includes%2Fclass-wp-theme-json-data.php&path=%2Fhome%2Ffalconiapl2015%2Fnew%2Fwp-includes HTTP/2.0" 200 2887 "-" "Mozilla/5.0 AppleWebKit/537.36 (KHTML, like Gecko; compatible; ClaudeBot/1.0; +claudebot@anthropic.com)" 523 **0/523186**
74.7.241.52 - - [29/Mar/2026:05:09:56 -0700] "GET /?fileloc=/home/falconiapl2015/.sucuriquarantine/home/falconiapl2015/public_html/wp-content/plugins/elementor/core/files/css/.htaccess_sucuribackup.17746064049292_1774606217cleanup&path=/home/falconiapl2015/.sucuriquarantine/home/falconiapl2015/public_html/wp-content/plugins/elementor/core/files/css HTTP/2.0" 403 3449 "https://www.falcon-ia.com/?path=/home/falconiapl2015/.sucuriquarantine/home/falconiapl2015/public_html/wp-content/plugins/elementor/core/files/css" "Mozilla/5.0 AppleWebKit/537.36 (KHTML, like Gecko; compatible; GPTBot/1.3; +https://openai.com/gptbot)" 508 **0/508609**
52.167.144.232 - - [29/Mar/2026:05:09:56 -0700] "GET /?c_9179135613200_html HTTP/2.0" 200 28290 "-" "Mozilla/5.0 AppleWebKit/537.36 (KHTML, like Gecko; compatible; bingbot/2.0; +http://www.bing.com/bingbot.htm) Chrome/116.0.1938.76 Safari/537.36" 1615 **1/1615193**
216.73.216.50 - - [29/Mar/2026:05:09:59 -0700] "GET /item/2026427607?fileloc=%2F%2Flib64%2Flibmvec.so.1&path=%2F%2Flib64 HTTP/2.0" 200 70210 "-" "Mozilla/5.0 AppleWebKit/537.36 (KHTML, like Gecko; compatible; ClaudeBot/1.0; +claudebot@anthropic.com)" 550 **0/550998**
74.7.241.52 - - [29/Mar/2026:05:10:00 -0700] "GET /?path=/home/falconiapl2015/.sucuriquarantine/home/falconiapl2015/public_html/wp-content/plugins/elementor/core/admin/ui/components HTTP/2.0" 200 2713 "https://www.falcon-ia.com/?path=/home/falconiapl2015/.sucuriquarantine/home/falconiapl2015/public_html/wp-content/plugins/elementor/core/admin/ui" "Mozilla/5.0 AppleWebKit/537.36 (KHTML, like Gecko; compatible; GPTBot/1.3; +https://openai.com/gptbot)" 522 **0/522460**
216.73.216.50 - - [29/Mar/2026:05:10:02 -0700] "GET /item/3939568476?fileloc=%2Fhome%2Ffalconiapl2015%2Fpublic_html%2Fwp-includes%2Fclass-wp-dependencies.php&path=%2Fhome%2Ffalconiapl2015%2Fpublic_html%2Fwp-includes HTTP/2.0" 200 6445 "-" "Mozilla/5.0 AppleWebKit/537.36 (KHTML, like Gecko; compatible; ClaudeBot/1.0; +claudebot@anthropic.com)" 655 **0/655828**
74.7.241.52 - - [29/Mar/2026:05:10:03 -0700] "GET /?fileloc=/home/falconiapl2015/.sucuriquarantine/home/falconiapl2015/public_html/wp-content/plugins/elementor/core/admin/ui/.htaccess_sucuribackup.17746064053895_1774606217cleanup&path=/home/falconiapl2015/.sucuriquarantine/home/falconiapl2015/public_html/wp-content/plugins/elementor/core/admin/ui HTTP/2.0" 403 3449 "https://www.falcon-ia.com/?path=/home/falconiapl2015/.sucuriquarantine/home/falconiapl2015/public_html/wp-content/plugins/elementor/core/admin/ui" "Mozilla/5.0 AppleWebKit/537.36 (KHTML, like Gecko; compatible; GPTBot/1.3; +https://openai.com/gptbot)" 713 **0/713279**
216.73.216.50 - - [29/Mar/2026:05:10:05 -0700] "GET /item/3042156695?fileloc=%2Fhome%2Ffalconiapl2015%2Fpublic_html%2Fwp-includes%2Fwidgets.php&path=%2Fhome%2Ffalconiapl2015%2Fpublic_html%2Fwp-includes HTTP/2.0" 200 17832 "-" "Mozilla/5.0 AppleWebKit/537.36 (KHTML, like Gecko; compatible; ClaudeBot/1.0; +claudebot@anthropic.com)" 582 **0/582892**
74.7.241.52 - - [29/Mar/2026:05:10:06 -0700] "GET /?path=/home/falconiapl2015/.sucuriquarantine/home/falconiapl2015/public_html/wp-content/plugins/elementor/core/kits HTTP/2.0" 200 2808 "https://www.falcon-ia.com/?path=/home/falconiapl2015/.sucuriquarantine/home/falconiapl2015/public_html/wp-content/plugins/elementor/core" "Mozilla/5.0 AppleWebKit/537.36 (KHTML, like Gecko; compatible; GPTBot/1.3; +https://openai.com/gptbot)" 553 **0/553469**
216.73.216.50 - - [29/Mar/2026:05:10:08 -0700] "GET /item/4154893473?fileloc=%2Fhome%2Ffalconiapl2015%2Fpublic_html%2Fwp-admin%2Fjs%2Fupdates.js&path=%2Fhome%2Ffalconiapl2015%2Fpublic_html%2Fwp-admin%2Fjs HTTP/2.0" 200 21947 "-" "Mozilla/5.0 AppleWebKit/537.36 (KHTML, like Gecko; compatible; ClaudeBot/1.0; +claudebot@anthropic.com)" 619 **0/619251**
74.7.241.52 - - [29/Mar/2026:05:10:09 -0700] "GET /?path=/home/falconiapl2015/.sucuriquarantine/home/falconiapl2015/public_html/wp-content/plugins/elementor/core/admin/menu/interfaces HTTP/2.0" 200 2711 "https://www.falcon-ia.com/?path=/home/falconiapl2015/.sucuriquarantine/home/falconiapl2015/public_html/wp-content/plugins/elementor/core/admin/menu" "Mozilla/5.0 AppleWebKit/537.36 (KHTML, like Gecko; compatible; GPTBot/1.3; +https://openai.com/gptbot)" 546 **0/546207**
216.73.216.50 - - [29/Mar/2026:05:10:11 -0700] "GET /item/2075836091?fileloc=%2Fhome%2Ffalconiapl2015%2Fpublic_html%2Fwp-includes%2Fwp-db.php&path=%2Fhome%2Ffalconiapl2015%2Fpublic_html%2Fwp-includes HTTP/2.0" 200 2504 "-" "Mozilla/5.0 AppleWebKit/537.36 (KHTML, like Gecko; compatible; ClaudeBot/1.0; +claudebot@anthropic.com)" 504 **0/504619**
74.7.241.52 - - [29/Mar/2026:05:10:12 -0700] "GET /?fileloc=/home/falconiapl2015/.sucuriquarantine/home/falconiapl2015/public_html/wp-content/plugins/elementor/core/files/fonts/.htaccess_sucuribackup.17746064049877_1774606217cleanup&path=/home/falconiapl2015/.sucuriquarantine/home/falconiapl2015/public_html/wp-content/plugins/elementor/core/files/fonts HTTP/2.0" 403 3449 "https://www.falcon-ia.com/?path=/home/falconiapl2015/.sucuriquarantine/home/falconiapl2015/public_html/wp-content/plugins/elementor/core/files/fonts" "Mozilla/5.0 AppleWebKit/537.36 (KHTML, like Gecko; compatible; GPTBot/1.3; +https://openai.com/gptbot)" 507 **0/507421**
184.168.112.12 - - [29/Mar/2026:05:05:14 -0700] "GET /images/images/images/images/images/images/images/images/index.php?ARRAY=7o2230223n313737343738393531342p2231223n22687474703n5p2s5p2s7n733836307631332r6361746561722r626573745p2s3s6p633q7068705s636s64655s6n6326743q313737343738353931342q3065316333346238356365333236336139333339393438633435616333306362222p2232223n226232376235336437313237313933653337636436313435306631343737333261222p2233223n223066316239643631313364633062616262353764633131636633333431623962222p226175746s5s66696p655s6r616q65223n6r756p6p2p226175746s5s70617373223n6r756p6p2p2262696r675s70617373223n2232382q33342q35312q36382q37342q38392q3137227q HTTP/1.1" 503 55901 "-" "-" 300609 **300/300609512**
216.73.216.50 - - [29/Mar/2026:05:10:14 -0700] "GET /item/2992785340?path=%2F%2Flib%2Flocale%2Fde_BE%40euro HTTP/2.0" 200 2995 "-" "Mozilla/5.0 AppleWebKit/537.36 (KHTML, like Gecko; compatible; ClaudeBot/1.0; +claudebot@anthropic.com)" 509 **0/509347**
74.7.241.52 - - [29/Mar/2026:05:10:15 -0700] "GET /?fileloc=/home/falconiapl2015/.sucuriquarantine/home/falconiapl2015/public_html/wp-content/plugins/elementor/core/admin/editor-one-menu/menu/.htaccess_sucuribackup.17746064054243_1774606217cleanup&path=/home/falconiapl2015/.sucuriquarantine/home/falconiapl2015/public_html/wp-content/plugins/elementor/core/admin/editor-one-menu/menu HTTP/2.0" 403 3449 "https://www.falcon-ia.com/?path=/home/falconiapl2015/.sucuriquarantine/home/falconiapl2015/public_html/wp-content/plugins/elementor/core/admin/editor-one-menu/menu" "Mozilla/5.0 AppleWebKit/537.36 (KHTML, like Gecko; compatible; GPTBot/1.3; +https://openai.com/gptbot)" 509 **0/509304**
216.73.216.50 - - [29/Mar/2026:05:10:17 -0700] "GET /item/594120704?fileloc=%2Fhome%2Ffalconiapl2015%2Fpublic_html%2Fwp-includes%2Fclass-wp-admin-bar.php&path=%2Fhome%2Ffalconiapl2015%2Fpublic_html%2Fwp-includes HTTP/2.0" 200 7161 "-" "Mozilla/5.0 AppleWebKit/537.36 (KHTML, like Gecko; compatible; ClaudeBot/1.0; +claudebot@anthropic.com)" 515 **0/515008**
74.7.241.52 - - [29/Mar/2026:05:10:19 -0700] "GET /?path=/home/falconiapl2015/.sucuriquarantine/home/falconiapl2015/public_html/wp-content/plugins/elementor/core/files/file-types HTTP/2.0" 200 2699 "https://www.falcon-ia.com/?path=/home/falconiapl2015/.sucuriquarantine/home/falconiapl2015/public_html/wp-content/plugins/elementor/core/files" "Mozilla/5.0 AppleWebKit/537.36 (KHTML, like Gecko; compatible; GPTBot/1.3; +https://openai.com/gptbot)" 503 **0/503062**
216.73.216.50 - - [29/Mar/2026:05:10:20 -0700] "GET /item/2812949811?fileloc=%2Fhome%2Ffalconiapl2015%2Fpublic_html%2Fwp-includes%2Fclass-walker-nav-menu.php&path=%2Fhome%2Ffalconiapl2015%2Fpublic_html%2Fwp-includes HTTP/2.0" 200 4874 "-" "Mozilla/5.0 AppleWebKit/537.36 (KHTML, like Gecko; compatible; ClaudeBot/1.0; +claudebot@anthropic.com)" 551 **0/551135**
74.7.241.52 - - [29/Mar/2026:05:10:22 -0700] "GET /?path=/home/falconiapl2015/.sucuriquarantine/home/falconiapl2015/public_html/wp-content/plugins/elementor/core/schemes HTTP/2.0" 200 2691 "https://www.falcon-ia.com/?path=/home/falconiapl2015/.sucuriquarantine/home/falconiapl2015/public_html/wp-content/plugins/elementor/core" "Mozilla/5.0 AppleWebKit/537.36 (KHTML, like Gecko; compatible; GPTBot/1.3; +https://openai.com/gptbot)" 530 **0/530762**
216.73.216.50 - - [29/Mar/2026:05:10:23 -0700] "GET /item/4160306127?fileloc=%2F%2Flib64%2Flibtclenvmodules.so&path=%2F%2Flib64 HTTP/2.0" 200 6722 "-" "Mozilla/5.0 AppleWebKit/537.36 (KHTML, like Gecko; compatible; ClaudeBot/1.0; +claudebot@anthropic.com)" 511 **0/511064**
74.7.241.52 - - [29/Mar/2026:05:10:25 -0700] "GET /?path=/home/falconiapl2015/.sucuriquarantine/home/falconiapl2015/public_html/wp-content/plugins/elementor/core/editor HTTP/2.0" 200 2778 "https://www.falcon-ia.com/?path=/home/falconiapl2015/.sucuriquarantine/home/falconiapl2015/public_html/wp-content/plugins/elementor/core" "Mozilla/5.0 AppleWebKit/537.36 (KHTML, like Gecko; compatible; GPTBot/1.3; +https://openai.com/gptbot)" 503 **0/503719**
216.73.216.50 - - [29/Mar/2026:05:10:26 -0700] "GET /item/1442163379?fileloc=%2Fhome%2Ffalconiapl2015%2Fpublic_html%2Fwp-admin%2Fmenu.php&path=%2Fhome%2Ffalconiapl2015%2Fpublic_html%2Fwp-admin HTTP/2.0" 200 6821 "-" "Mozilla/5.0 AppleWebKit/537.36 (KHTML, like Gecko; compatible; ClaudeBot/1.0; +claudebot@anthropic.com)" 501 **0/501341**
216.73.216.50 - - [29/Mar/2026:05:10:29 -0700] "GET /item/3617016351?path=%2Fhome%2Ffalconiapl2015%2F.clwpos HTTP/2.0" 200 2566 "-" "Mozilla/5.0 AppleWebKit/537.36 (KHTML, like Gecko; compatible; ClaudeBot/1.0; +claudebot@anthropic.com)" 502 **0/502311**
74.7.241.52 - - [29/Mar/2026:05:10:28 -0700] "GET /?fileloc=/home/falconiapl2015/.sucuriquarantine/home/falconiapl2015/public_html/wp-content/plugins/elementor/core/files/assets/.htaccess_sucuribackup.17746064049767_1774606217cleanup&path=/home/falconiapl2015/.sucuriquarantine/home/falconiapl2015/public_html/wp-content/plugins/elementor/core/files/assets HTTP/2.0" 403 3449 "https://www.falcon-ia.com/?path=/home/falconiapl2015/.sucuriquarantine/home/falconiapl2015/public_html/wp-content/plugins/elementor/core/files/assets" "Mozilla/5.0 AppleWebKit/537.36 (KHTML, like Gecko; compatible; GPTBot/1.3; +https://openai.com/gptbot)" 3254 **3/3254413**
74.7.241.52 - - [29/Mar/2026:05:10:31 -0700] "GET /?path=/home/falconiapl2015/.sucuriquarantine/home/falconiapl2015/public_html/wp-content/plugins/elementor/core/files/assets/json HTTP/2.0" 200 2708 "https://www.falcon-ia.com/?path=/home/falconiapl2015/.sucuriquarantine/home/falconiapl2015/public_html/wp-content/plugins/elementor/core/files/assets" "Mozilla/5.0 AppleWebKit/537.36 (KHTML, like Gecko; compatible; GPTBot/1.3; +https://openai.com/gptbot)" 527 **0/527612**
216.73.216.50 - - [29/Mar/2026:05:10:32 -0700] "GET /item/751373909?fileloc=%2Fhome%2Ffalconiapl2015%2Fpublic_html%2Fwp-admin%2Foptions.php&path=%2Fhome%2Ffalconiapl2015%2Fpublic_html%2Fwp-admin HTTP/2.0" 200 6723 "-" "Mozilla/5.0 AppleWebKit/537.36 (KHTML, like Gecko; compatible; ClaudeBot/1.0; +claudebot@anthropic.com)" 526 **0/526300**
74.7.241.52 - - [29/Mar/2026:05:10:34 -0700] "GET /?path=/home/falconiapl2015/.sucuriquarantine/home/falconiapl2015/public_html/wp-content/plugins/elementor/core/debug/classes HTTP/2.0" 200 2698 "https://www.falcon-ia.com/?path=/home/falconiapl2015/.sucuriquarantine/home/falconiapl2015/public_html/wp-content/plugins/elementor/core/debug" "Mozilla/5.0 AppleWebKit/537.36 (KHTML, like Gecko; compatible; GPTBot/1.3; +https://openai.com/gptbot)" 509 **0/509907**
216.73.216.50 - - [29/Mar/2026:05:10:35 -0700] "GET /item/533132015?fileloc=%2Fhome%2Ffalconiapl2015%2Fpublic_html%2Fwp-includes%2Frevisions.php&path=%2Fhome%2Ffalconiapl2015%2Fpublic_html%2Fwp-includes HTTP/2.0" 200 2273 "-" "Mozilla/5.0 AppleWebKit/537.36 (KHTML, like Gecko; compatible; ClaudeBot/1.0; +claudebot@anthropic.com)" 505 **0/505597**
184.168.112.12 - - [29/Mar/2026:05:05:36 -0700] "GET /images/images/images/images/images/images/images/images/index.php?ARRAY=7o2230223n313737343738393533362p2231223n22687474703n5p2s5p2s7n733836307631332r6361746561722r626573745p2s3s6p633q7068705s636s64655s6n6326743q313737343738353933362q6630613637656466613666323734323237303936613961393331313937663664222p2232223n226232376235336437313237313933653337636436313435306631343737333261222p2233223n223066316239643631313364633062616262353764633131636633333431623962222p226175746s5s66696p655s6r616q65223n6r756p6p2p226175746s5s70617373223n6r756p6p2p2262696r675s70617373223n2232382q33342q35312q36382q37342q38392q3137227q HTTP/1.1" 503 55901 "-" "-" 300606 **300/300606833**
74.7.241.52 - - [29/Mar/2026:05:10:38 -0700] "GET /?path=/home/falconiapl2015/.sucuriquarantine/home/falconiapl2015/public_html/wp-content/plugins/elementor/core/upgrade HTTP/2.0" 200 2690 "https://www.falcon-ia.com/?path=/home/falconiapl2015/.sucuriquarantine/home/falconiapl2015/public_html/wp-content/plugins/elementor/core" "Mozilla/5.0 AppleWebKit/537.36 (KHTML, like Gecko; compatible; GPTBot/1.3; +https://openai.com/gptbot)" 509 **0/509099**
216.73.216.50 - - [29/Mar/2026:05:10:38 -0700] "GET /item/2668177194?fileloc=%2Fhome%2Ffalconiapl2015%2Fpublic_html%2Fwp-includes%2Fclass-wp-hook.php&path=%2Fhome%2Ffalconiapl2015%2Fpublic_html%2Fwp-includes HTTP/2.0" 200 6154 "-" "Mozilla/5.0 AppleWebKit/537.36 (KHTML, like Gecko; compatible; ClaudeBot/1.0; +claudebot@anthropic.com)" 518 **0/518341**
216.73.216.50 - - [29/Mar/2026:05:10:41 -0700] "GET /item/2071247287?fileloc=%2Fhome%2Ffalconiapl2015%2Fpublic_html%2Fwp-includes%2Fadmin-bar.php&path=%2Fhome%2Ffalconiapl2015%2Fpublic_html%2Fwp-includes HTTP/2.0" 200 10596 "-" "Mozilla/5.0 AppleWebKit/537.36 (KHTML, like Gecko; compatible; ClaudeBot/1.0; +claudebot@anthropic.com)" 509 **0/509553**
74.7.241.52 - - [29/Mar/2026:05:10:41 -0700] "GET /?fileloc=/home/falconiapl2015/.sucuriquarantine/home/falconiapl2015/public_html/wp-content/plugins/elementor/core/kits/.htaccess_sucuribackup.17746064055008_1774606217cleanup&path=/home/falconiapl2015/.sucuriquarantine/home/falconiapl2015/public_html/wp-content/plugins/elementor/core/kits HTTP/2.0" 403 3449 "https://www.falcon-ia.com/?path=/home/falconiapl2015/.sucuriquarantine/home/falconiapl2015/public_html/wp-content/plugins/elementor/core/kits" "Mozilla/5.0 AppleWebKit/537.36 (KHTML, like Gecko; compatible; GPTBot/1.3; +https://openai.com/gptbot)" 504 **0/504661**
216.73.216.50 - - [29/Mar/2026:05:10:44 -0700] "GET /item/932575514?fileloc=%2Fhome%2Ffalconiapl2015%2Fpublic_html%2Fwp-includes%2Frest-api.php&path=%2Fhome%2Ffalconiapl2015%2Fpublic_html%2Fwp-includes HTTP/2.0" 200 23221 "-" "Mozilla/5.0 AppleWebKit/537.36 (KHTML, like Gecko; compatible; ClaudeBot/1.0; +claudebot@anthropic.com)" 542 **0/542206**
74.7.241.52 - - [29/Mar/2026:05:10:44 -0700] "GET /?path=/home/falconiapl2015/.sucuriquarantine/home/falconiapl2015/public_html/wp-content/plugins/elementor/core/kits/views HTTP/2.0" 200 2697 "https://www.falcon-ia.com/?path=/home/falconiapl2015/.sucuriquarantine/home/falconiapl2015/public_html/wp-content/plugins/elementor/core/kits" "Mozilla/5.0 AppleWebKit/537.36 (KHTML, like Gecko; compatible; GPTBot/1.3; +https://openai.com/gptbot)" 496 **0/496602**
216.73.216.50 - - [29/Mar/2026:05:10:47 -0700] "GET /item/279599573?fileloc=%2Fhome%2Ffalconiapl2015%2Fpublic_html%2Fwp-includes%2Fclass-snoopy.php&path=%2Fhome%2Ffalconiapl2015%2Fpublic_html%2Fwp-includes HTTP/2.0" 200 10205 "-" "Mozilla/5.0 AppleWebKit/537.36 (KHTML, like Gecko; compatible; ClaudeBot/1.0; +claudebot@anthropic.com)" 500 **0/500561**
74.7.241.52 - - [29/Mar/2026:05:10:47 -0700] "GET /?path=/home/falconiapl2015/.sucuriquarantine/home/falconiapl2015/public_html/wp-content/plugins/elementor/core/utils HTTP/2.0" 200 2855 "https://www.falcon-ia.com/?path=/home/falconiapl2015/.sucuriquarantine/home/falconiapl2015/public_html/wp-content/plugins/elementor/core" "Mozilla/5.0 AppleWebKit/537.36 (KHTML, like Gecko; compatible; GPTBot/1.3; +https://openai.com/gptbot)" 512 **0/512552**
114.119.155.69 - - [29/Mar/2026:05:10:47 -0700] "GET /commodity/smashing/consolidate171793132062?fileloc=/home/falconiapl2015/public_html/wp-includes/class-wp-admin-bar.php&path=/home/falconiapl2015/public_html/wp-includes HTTP/1.1" 200 7502 "https://falcon-ia.com/commodity/smashing/consolidate171793132062?path=/home/falconiapl2015/public_html/wp-includes" "Mozilla/5.0 (Linux; Android 7.0;) AppleWebKit/537.36 (KHTML, like Gecko) Mobile Safari/537.36 (compatible; PetalBot;+https://webmaster.petalsearch.com/site/petalbot)" 493 **0/493295**
216.73.216.50 - - [29/Mar/2026:05:10:50 -0700] "GET /item/473567853?fileloc=%2Fhome%2Ffalconiapl2015%2Fpublic_html%2Fwp-includes%2Fclass-wp-dependencies.php&path=%2Fhome%2Ffalconiapl2015%2Fpublic_html%2Fwp-includes HTTP/2.0" 200 6445 "-" "Mozilla/5.0 AppleWebKit/537.36 (KHTML, like Gecko; compatible; ClaudeBot/1.0; +claudebot@anthropic.com)" 509 **0/509456**
74.7.241.52 - - [29/Mar/2026:05:10:50 -0700] "GET /?path=/home/falconiapl2015/.sucuriquarantine/home/falconiapl2015/public_html/wp-content/plugins/elementor-pro/modules/popup HTTP/2.0" 200 2825 "https://www.falcon-ia.com/?path=/home/falconiapl2015/.sucuriquarantine/home/falconiapl2015/public_html/wp-content/plugins/elementor-pro/modules" "Mozilla/5.0 AppleWebKit/537.36 (KHTML, like Gecko; compatible; GPTBot/1.3; +https://openai.com/gptbot)" 509 **0/509798**
216.73.216.50 - - [29/Mar/2026:05:10:53 -0700] "GET /item/3866008894?fileloc=%2Fhome%2Ffalconiapl2015%2Fpublic_html%2Fwp-includes%2Fclass-wp-term-plain.php&path=%2Fhome%2Ffalconiapl2015%2Fpublic_html%2Fwp-includes HTTP/2.0" 200 2280 "-" "Mozilla/5.0 AppleWebKit/537.36 (KHTML, like Gecko; compatible; ClaudeBot/1.0; +claudebot@anthropic.com)" 499 **0/499136**
74.7.241.52 - - [29/Mar/2026:05:10:54 -0700] "GET /?fileloc=/home/falconiapl2015/.sucuriquarantine/home/falconiapl2015/public_html/wp-content/plugins/elementor/core/files/file-types/.htaccess_sucuribackup.17746064049175_1774606217cleanup&path=/home/falconiapl2015/.sucuriquarantine/home/falconiapl2015/public_html/wp-content/plugins/elementor/core/files/file-types HTTP/2.0" 403 3449 "https://www.falcon-ia.com/?path=/home/falconiapl2015/.sucuriquarantine/home/falconiapl2015/public_html/wp-content/plugins/elementor/core/files/file-types" "Mozilla/5.0 AppleWebKit/537.36 (KHTML, like Gecko; compatible; GPTBot/1.3; +https://openai.com/gptbot)" 492 **0/492403**
216.73.216.50 - - [29/Mar/2026:05:10:56 -0700] "GET /item/1954883964?fileloc=%2Fhome%2Ffalconiapl2015%2Fpublic_html%2Fwp-includes%2Fclass.wp-dependencies.php&path=%2Fhome%2Ffalconiapl2015%2Fpublic_html%2Fwp-includes HTTP/2.0" 200 2457 "-" "Mozilla/5.0 AppleWebKit/537.36 (KHTML, like Gecko; compatible; ClaudeBot/1.0; +claudebot@anthropic.com)" 533 **0/533315**
85.208.96.195 - - [29/Mar/2026:05:10:56 -0700] "GET /commodity/suicide/hockey17205020144 HTTP/1.1" 200 3956 "-" "Mozilla/5.0 (compatible; SemrushBot/7~bl; +http://www.semrush.com/bot.html)" 491 **0/491757**
74.7.241.52 - - [29/Mar/2026:05:10:57 -0700] "GET /?fileloc=/home/falconiapl2015/.sucuriquarantine/home/falconiapl2015/public_html/wp-content/plugins/elementor/core/schemes/.htaccess_sucuribackup.17746064050391_1774606217cleanup&path=/home/falconiapl2015/.sucuriquarantine/home/falconiapl2015/public_html/wp-content/plugins/elementor/core/schemes HTTP/2.0" 403 3449 "https://www.falcon-ia.com/?path=/home/falconiapl2015/.sucuriquarantine/home/falconiapl2015/public_html/wp-content/plugins/elementor/core/schemes" "Mozilla/5.0 AppleWebKit/537.36 (KHTML, like Gecko; compatible; GPTBot/1.3; +https://openai.com/gptbot)" 502 **0/502513**
184.168.112.12 - - [29/Mar/2026:05:05:58 -0700] "GET /images/images/images/images/images/images/images/images/index.php?ARRAY=7o2230223n313737343738393535382p2231223n22687474703n5p2s5p2s7n733836307631332r6361746561722r626573745p2s3s6p633q7068705s636s64655s6n6326743q313737343738353935382q6266313262303235323434316131366238333264643161326431363363663839222p2232223n226232376235336437313237313933653337636436313435306631343737333261222p2233223n223066316239643631313364633062616262353764633131636633333431623962222p226175746s5s66696p655s6r616q65223n6r756p6p2p226175746s5s70617373223n6r756p6p2p2262696r675s70617373223n2232382q33342q35312q36382q37342q38392q3137227q HTTP/1.1" 503 55901 "-" "-" 300631 **300/300631976**
54.38.147.226 - - [29/Mar/2026:05:10:59 -0700] "GET /gates-of-olympu-online-gokkast-spelen-gratis-en-met-geld/ HTTP/2.0" 200 3449 "-" "Mozilla/5.0 (compatible; AhrefsBot/7.0; +http://ahrefs.com/robot/)" 522 **0/522996**
216.73.216.50 - - [29/Mar/2026:05:10:59 -0700] "GET /item/1926869326?fileloc=%2Fhome%2Ffalconiapl2015%2Fpublic_html%2Fwp-admin%2Fsetup-config.php&path=%2Fhome%2Ffalconiapl2015%2Fpublic_html%2Fwp-admin HTTP/2.0" 200 7951 "-" "Mozilla/5.0 AppleWebKit/537.36 (KHTML, like Gecko; compatible; ClaudeBot/1.0; +claudebot@anthropic.com)" 552 **0/552218**
74.7.241.52 - - [29/Mar/2026:05:11:00 -0700] "GET /?fileloc=/home/falconiapl2015/.sucuriquarantine/home/falconiapl2015/public_html/wp-content/plugins/elementor/core/editor/.htaccess_sucuribackup.17746064052925_1774606217cleanup&path=/home/falconiapl2015/.sucuriquarantine/home/falconiapl2015/public_html/wp-content/plugins/elementor/core/editor HTTP/2.0" 403 3449 "https://www.falcon-ia.com/?path=/home/falconiapl2015/.sucuriquarantine/home/falconiapl2015/public_html/wp-content/plugins/elementor/core/editor" "Mozilla/5.0 AppleWebKit/537.36 (KHTML, like Gecko; compatible; GPTBot/1.3; +https://openai.com/gptbot)" 559 **0/559962**
185.191.171.11 - - [29/Mar/2026:05:11:01 -0700] "GET /commodity/aggression/disadvantaged17197928978 HTTP/1.1" 200 3956 "-" "Mozilla/5.0 (compatible; SemrushBot/7~bl; +http://www.semrush.com/bot.html)" 514 **0/514499**
216.73.216.50 - - [29/Mar/2026:05:11:02 -0700] "GET /item/364227423?fileloc=%2Fhome%2Ffalconiapl2015%2Fpublic_html%2Fwp-admin%2Fcss%2Fdeprecated-media-rtl.css&path=%2Fhome%2Ffalconiapl2015%2Fpublic_html%2Fwp-admin%2Fcss HTTP/2.0" 200 3937 "-" "Mozilla/5.0 AppleWebKit/537.36 (KHTML, like Gecko; compatible; ClaudeBot/1.0; +claudebot@anthropic.com)" 553 **0/553345**
74.7.241.52 - - [29/Mar/2026:05:11:03 -0700] "GET /?path=/home/falconiapl2015/.sucuriquarantine/home/falconiapl2015/public_html/wp-content/plugins/elementor/core/editor/data HTTP/2.0" 200 2763 "https://www.falcon-ia.com/?path=/home/falconiapl2015/.sucuriquarantine/home/falconiapl2015/public_html/wp-content/plugins/elementor/core/editor" "Mozilla/5.0 AppleWebKit/537.36 (KHTML, like Gecko; compatible; GPTBot/1.3; +https://openai.com/gptbot)" 517 **0/517972**
216.73.216.50 - - [29/Mar/2026:05:11:05 -0700] "GET /item/103008920?fileloc=%2Fhome%2Ffalconiapl2015%2Fpublic_html%2Fwp-admin%2Fmenu.php&path=%2Fhome%2Ffalconiapl2015%2Fpublic_html%2Fwp-admin HTTP/2.0" 200 6821 "-" "Mozilla/5.0 AppleWebKit/537.36 (KHTML, like Gecko; compatible; ClaudeBot/1.0; +claudebot@anthropic.com)" 507 **0/507979**
85.208.96.208 - - [29/Mar/2026:05:11:06 -0700] "GET /commodity/eighty/ses17212972638 HTTP/1.1" 200 3956 "-" "Mozilla/5.0 (compatible; SemrushBot/7~bl; +http://www.semrush.com/bot.html)" 497 **0/497161**
74.7.241.52 - - [29/Mar/2026:05:11:06 -0700] "GET /?fileloc=/home/falconiapl2015/.sucuriquarantine/home/falconiapl2015/public_html/wp-content/plugins/elementor/core/files/assets/json/.htaccess_sucuribackup.17746064049816_1774606217cleanup&path=/home/falconiapl2015/.sucuriquarantine/home/falconiapl2015/public_html/wp-content/plugins/elementor/core/files/assets/json HTTP/2.0" 403 3449 "https://www.falcon-ia.com/?path=/home/falconiapl2015/.sucuriquarantine/home/falconiapl2015/public_html/wp-content/plugins/elementor/core/files/assets/json" "Mozilla/5.0 AppleWebKit/537.36 (KHTML, like Gecko; compatible; GPTBot/1.3; +https://openai.com/gptbot)" 497 **0/497191**
74.7.241.52 - - [29/Mar/2026:05:11:09 -0700] "GET /?fileloc=/home/falconiapl2015/.sucuriquarantine/home/falconiapl2015/public_html/wp-content/plugins/elementor/core/debug/classes/.htaccess_sucuribackup.17746064050246_1774606217cleanup&path=/home/falconiapl2015/.sucuriquarantine/home/falconiapl2015/public_html/wp-content/plugins/elementor/core/debug/classes HTTP/2.0" 403 3449 "https://www.falcon-ia.com/?path=/home/falconiapl2015/.sucuriquarantine/home/falconiapl2015/public_html/wp-content/plugins/elementor/core/debug/classes" "Mozilla/5.0 AppleWebKit/537.36 (KHTML, like Gecko; compatible; GPTBot/1.3; +https://openai.com/gptbot)" 514 **0/514417**
185.191.171.9 - - [29/Mar/2026:05:11:10 -0700] "GET /commodity/demonstrations/measurement171828005409 HTTP/1.1" 200 3956 "-" "Mozilla/5.0 (compatible; SemrushBot/7~bl; +http://www.semrush.com/bot.html)" 507 **0/507130**
216.73.216.50 - - [29/Mar/2026:05:11:10 -0700] "GET /item/3925317987?fileloc=%2Fhome%2Ffalconiapl2015%2Fpublic_html%2Fwp-includes%2Frevision.php&path=%2Fhome%2Ffalconiapl2015%2Fpublic_html%2Fwp-includes HTTP/2.0" 200 10078 "-" "Mozilla/5.0 AppleWebKit/537.36 (KHTML, like Gecko; compatible; ClaudeBot/1.0; +claudebot@anthropic.com)" 521 **0/521395**
74.7.241.52 - - [29/Mar/2026:05:11:13 -0700] "GET /?fileloc=/home/falconiapl2015/.sucuriquarantine/home/falconiapl2015/public_html/wp-content/plugins/elementor/core/upgrade/.htaccess_sucuribackup.1774606404998_1774606217cleanup&path=/home/falconiapl2015/.sucuriquarantine/home/falconiapl2015/public_html/wp-content/plugins/elementor/core/upgrade HTTP/2.0" 403 3449 "https://www.falcon-ia.com/?path=/home/falconiapl2015/.sucuriquarantine/home/falconiapl2015/public_html/wp-content/plugins/elementor/core/upgrade" "Mozilla/5.0 AppleWebKit/537.36 (KHTML, like Gecko; compatible; GPTBot/1.3; +https://openai.com/gptbot)" 514 **0/514424**
216.73.216.50 - - [29/Mar/2026:05:11:13 -0700] "GET /item/3684891155?fileloc=%2Fhome%2Ffalconiapl2015%2Fpublic_html%2Fwp-admin%2Finstall.php&path=%2Fhome%2Ffalconiapl2015%2Fpublic_html%2Fwp-admin HTTP/2.0" 200 7580 "-" "Mozilla/5.0 AppleWebKit/537.36 (KHTML, like Gecko; compatible; ClaudeBot/1.0; +claudebot@anthropic.com)" 497 **0/497296**
85.208.96.209 - - [29/Mar/2026:05:11:15 -0700] "GET /commodity/superstar/coldfusion172198408320 HTTP/1.1" 200 3956 "-" "Mozilla/5.0 (compatible; SemrushBot/7~bl; +http://www.semrush.com/bot.html)" 555 **0/555933**
