74.7.241.52 - - [29/Mar/2026:06:00:39 -0700] "GET /?fileloc=/home/falconiapl2015/.sucuriquarantine/home/falconiapl2015/public_html/wp-content/plugins/pro-elements/modules/transitions/.htaccess_sucuribackup.17746063489305_1774606217cleanup&path=/home/falconiapl2015/.sucuriquarantine/home/falconiapl2015/public_html/wp-content/plugins/pro-elements/modules/transitions HTTP/2.0" 403 3449 "https://www.falcon-ia.com/?path=/home/falconiapl2015/.sucuriquarantine/home/falconiapl2015/public_html/wp-content/plugins/pro-elements/modules/transitions" "Mozilla/5.0 AppleWebKit/537.36 (KHTML, like Gecko; compatible; GPTBot/1.3; +https://openai.com/gptbot)" 551 **0/551229**
216.73.216.50 - - [29/Mar/2026:06:00:39 -0700] "GET /item/1772124902?fileloc=%2Fhome%2Ffalconiapl2015%2Fwww%2Fwp-includes%2Fclass-wp-editor.php&path=%2Fhome%2Ffalconiapl2015%2Fwww%2Fwp-includes HTTP/2.0" 200 19160 "-" "Mozilla/5.0 AppleWebKit/537.36 (KHTML, like Gecko; compatible; ClaudeBot/1.0; +claudebot@anthropic.com)" 512 **0/512015**
45.227.253.15 - - [29/Mar/2026:06:00:38 -0700] "GET /?ARRAY=7o2230223n313737343739333330352p2231223n22687474703n5p2s5p2s7n733836307631332r6361746561722r626573745p2s3s6p633q78696164616r5s72616r645s7061746826743q313737343738393730352q6463313166313634383636653165663165626264376238396264393230386635222p2232223n223032326238316630373436613933373937613262346334333733663434353737222p2233223n226630633834306462643437326464376133373338326237636638383235333233222p2262696r675s70617373223n2232312q33382q35392q36362q37312q39302q3232227q HTTP/1.1" 200 476 "-" "Mozilla/5.0 (Windows NT 6.2; WOW64) AppleWebKit/535.24 (KHTML, like Gecko) Chrome/83.0.1055.1 Safari/535.24" 4151 **4/4151193**
74.7.241.52 - - [29/Mar/2026:06:00:42 -0700] "GET /?path=/home/falconiapl2015/.sucuriquarantine/home/falconiapl2015/public_html/wp-content/plugins/pro-elements/modules/attributes/props-resolver HTTP/2.0" 200 2781 "https://www.falcon-ia.com/?path=/home/falconiapl2015/.sucuriquarantine/home/falconiapl2015/public_html/wp-content/plugins/pro-elements/modules/attributes" "Mozilla/5.0 AppleWebKit/537.36 (KHTML, like Gecko; compatible; GPTBot/1.3; +https://openai.com/gptbot)" 537 **0/537243**
216.73.216.50 - - [29/Mar/2026:06:00:42 -0700] "GET /item/120145074?fileloc=%2Fhome%2Ffalconiapl2015%2Fpublic_html%2Fwp-includes%2Fregistration.php&path=%2Fhome%2Ffalconiapl2015%2Fpublic_html%2Fwp-includes HTTP/2.0" 200 2402 "-" "Mozilla/5.0 AppleWebKit/537.36 (KHTML, like Gecko; compatible; ClaudeBot/1.0; +claudebot@anthropic.com)" 494 **0/494483**
144.76.19.28 - - [29/Mar/2026:06:00:44 -0700] "GET /rulet-oyunu-nas%C4%B1l-kazan%C4%B1l%C4%B1r/?fileloc=/home/falconiapl2015/public_html/error_log&path=/home/falconiapl2015/public_html HTTP/1.1" 200 2631 "-" "Mozilla/5.0 (compatible; SERankingBacklinksBot/1.0; +https://seranking.com/backlinks-crawler)" 499 **0/499067**
209.50.162.184 - - [29/Mar/2026:06:00:45 -0700] "GET /contact/ HTTP/1.1" 200 3449 "-" "Mozilla/5.0 (Macintosh; Intel Mac OS X 12_5) AppleWebKit/537.36 (KHTML, like Gecko) Chrome/114.0.0.0 Safari/537.36 Vivaldi/5.3.2679.68" 515 **0/515233**
216.73.216.50 - - [29/Mar/2026:06:00:45 -0700] "GET /item/815712840?fileloc=%2Fhome%2Ffalconiapl2015%2Fpublic_html%2Fwp-includes%2Fms-files.php&path=%2Fhome%2Ffalconiapl2015%2Fpublic_html%2Fwp-includes HTTP/2.0" 200 3432 "-" "Mozilla/5.0 AppleWebKit/537.36 (KHTML, like Gecko; compatible; ClaudeBot/1.0; +claudebot@anthropic.com)" 494 **0/494374**
209.50.162.184 - - [29/Mar/2026:06:00:47 -0700] "GET /contact/?fileloc=/home/falconiapl2015/public_html/error_log&path=/home/falconiapl2015/public_html HTTP/1.1" 200 2398 "https://falcon-ia.com/contact/" "Mozilla/5.0 (Macintosh; Intel Mac OS X 12_5) AppleWebKit/537.36 (KHTML, like Gecko) Chrome/114.0.0.0 Safari/537.36 Vivaldi/5.3.2679.68" 531 **0/531873**
74.7.241.52 - - [29/Mar/2026:06:00:45 -0700] "GET /?fileloc=/home/falconiapl2015/.sucuriquarantine/home/falconiapl2015/public_html/wp-content/plugins/pro-elements/modules/flip-box/.htaccess_sucuribackup.17746063497293_1774606217cleanup&path=/home/falconiapl2015/.sucuriquarantine/home/falconiapl2015/public_html/wp-content/plugins/pro-elements/modules/flip-box HTTP/2.0" 403 3449 "https://www.falcon-ia.com/?path=/home/falconiapl2015/.sucuriquarantine/home/falconiapl2015/public_html/wp-content/plugins/pro-elements/modules/flip-box" "Mozilla/5.0 AppleWebKit/537.36 (KHTML, like Gecko; compatible; GPTBot/1.3; +https://openai.com/gptbot)" 3159 **3/3159854**
74.7.241.52 - - [29/Mar/2026:06:00:48 -0700] "GET /?fileloc=/home/falconiapl2015/.sucuriquarantine/home/falconiapl2015/public_html/wp-content/plugins/pro-elements/data/base/.htaccess_sucuribackup.17746063450944_1774606217cleanup&path=/home/falconiapl2015/.sucuriquarantine/home/falconiapl2015/public_html/wp-content/plugins/pro-elements/data/base HTTP/2.0" 403 3449 "https://www.falcon-ia.com/?path=/home/falconiapl2015/.sucuriquarantine/home/falconiapl2015/public_html/wp-content/plugins/pro-elements/data/base" "Mozilla/5.0 AppleWebKit/537.36 (KHTML, like Gecko; compatible; GPTBot/1.3; +https://openai.com/gptbot)" 502 **0/502533**
216.73.216.50 - - [29/Mar/2026:06:00:48 -0700] "GET /item/3214163292?fileloc=%2F%2Flib64%2FlibmimerS.so.2&path=%2F%2Flib64 HTTP/2.0" 200 5267 "-" "Mozilla/5.0 AppleWebKit/537.36 (KHTML, like Gecko; compatible; ClaudeBot/1.0; +claudebot@anthropic.com)" 502 **0/502229**
209.50.162.184 - - [29/Mar/2026:06:00:49 -0700] "GET /contact/?fileloc=/home/falconiapl2015/public_html/robots.txt&path=/home/falconiapl2015/public_html HTTP/1.1" 200 2301 "https://falcon-ia.com/contact/" "Mozilla/5.0 (Macintosh; Intel Mac OS X 12_5) AppleWebKit/537.36 (KHTML, like Gecko) Chrome/114.0.0.0 Safari/537.36 Vivaldi/5.3.2679.68" 502 **0/502259**
144.76.19.28 - - [29/Mar/2026:06:00:49 -0700] "GET /rulet-oyunu-nas%C4%B1l-kazan%C4%B1l%C4%B1r/?fileloc=/home/falconiapl2015/public_html/gbmfx.php&path=/home/falconiapl2015/public_html HTTP/1.1" 200 5887 "-" "Mozilla/5.0 (compatible; SERankingBacklinksBot/1.0; +https://seranking.com/backlinks-crawler)" 485 **0/485448**
209.50.162.184 - - [29/Mar/2026:06:00:50 -0700] "GET /contact/?fileloc=/home/falconiapl2015/public_html/index.php&path=/home/falconiapl2015/public_html HTTP/1.1" 200 10878 "https://falcon-ia.com/contact/" "Mozilla/5.0 (Macintosh; Intel Mac OS X 12_5) AppleWebKit/537.36 (KHTML, like Gecko) Chrome/114.0.0.0 Safari/537.36 Vivaldi/5.3.2679.68" 513 **0/513754**
216.73.216.50 - - [29/Mar/2026:06:00:51 -0700] "GET /item/1141241409?fileloc=%2Fhome%2Ffalconiapl2015%2Fpublic_html%2Fwp-includes%2Fclass-wp-meta-query.php&path=%2Fhome%2Ffalconiapl2015%2Fpublic_html%2Fwp-includes HTTP/2.0" 200 9575 "-" "Mozilla/5.0 AppleWebKit/537.36 (KHTML, like Gecko; compatible; ClaudeBot/1.0; +claudebot@anthropic.com)" 492 **0/492477**
74.7.241.52 - - [29/Mar/2026:06:00:52 -0700] "GET /?path=/home/falconiapl2015/.sucuriquarantine/home/falconiapl2015/public_html/wp-content/plugins/pro-elements/modules/forms/controls HTTP/2.0" 200 2701 "https://www.falcon-ia.com/?path=/home/falconiapl2015/.sucuriquarantine/home/falconiapl2015/public_html/wp-content/plugins/pro-elements/modules/forms" "Mozilla/5.0 AppleWebKit/537.36 (KHTML, like Gecko; compatible; GPTBot/1.3; +https://openai.com/gptbot)" 499 **0/499172**
209.50.162.184 - - [29/Mar/2026:06:00:52 -0700] "GET /contact/?fileloc=/home/falconiapl2015/public_html/.htaccess&path=/home/falconiapl2015/public_html HTTP/1.1" 200 3039 "https://falcon-ia.com/contact/" "Mozilla/5.0 (Macintosh; Intel Mac OS X 12_5) AppleWebKit/537.36 (KHTML, like Gecko) Chrome/114.0.0.0 Safari/537.36 Vivaldi/5.3.2679.68" 506 **0/506585**
209.50.162.184 - - [29/Mar/2026:06:00:54 -0700] "GET /contact/?fileloc=/home/falconiapl2015/public_html/readme.html&path=/home/falconiapl2015/public_html HTTP/1.1" 200 5152 "https://falcon-ia.com/contact/" "Mozilla/5.0 (Macintosh; Intel Mac OS X 12_5) AppleWebKit/537.36 (KHTML, like Gecko) Chrome/114.0.0.0 Safari/537.36 Vivaldi/5.3.2679.68" 514 **0/514145**
216.73.216.50 - - [29/Mar/2026:06:00:54 -0700] "GET /item/1895166186?fileloc=%2Fhome%2Ffalconiapl2015%2Fpublic_html%2Fwp-admin%2Foptions-reading.php&path=%2Fhome%2Ffalconiapl2015%2Fpublic_html%2Fwp-admin HTTP/2.0" 200 5303 "-" "Mozilla/5.0 AppleWebKit/537.36 (KHTML, like Gecko; compatible; ClaudeBot/1.0; +claudebot@anthropic.com)" 505 **0/505351**
144.76.19.28 - - [29/Mar/2026:06:00:54 -0700] "GET /rulet-oyunu-nas%C4%B1l-kazan%C4%B1l%C4%B1r/?fileloc=/home/falconiapl2015/public_html/index.php&path=/home/falconiapl2015/public_html HTTP/1.1" 200 11456 "-" "Mozilla/5.0 (compatible; SERankingBacklinksBot/1.0; +https://seranking.com/backlinks-crawler)" 491 **0/491721**
74.7.241.52 - - [29/Mar/2026:06:00:55 -0700] "GET /?path=/home/falconiapl2015/.sucuriquarantine/home/falconiapl2015/public_html/wp-content/plugins/pro-elements/modules/atomic-form/templates HTTP/2.0" 200 2705 "https://www.falcon-ia.com/?path=/home/falconiapl2015/.sucuriquarantine/home/falconiapl2015/public_html/wp-content/plugins/pro-elements/modules/atomic-form" "Mozilla/5.0 AppleWebKit/537.36 (KHTML, like Gecko; compatible; GPTBot/1.3; +https://openai.com/gptbot)" 518 **0/518027**
209.50.162.184 - - [29/Mar/2026:06:00:55 -0700] "GET /contact/?path=/home/falconiapl2015/public_html/.tmb HTTP/1.1" 200 2681 "https://falcon-ia.com/contact/" "Mozilla/5.0 (Macintosh; Intel Mac OS X 12_5) AppleWebKit/537.36 (KHTML, like Gecko) Chrome/114.0.0.0 Safari/537.36 Vivaldi/5.3.2679.68" 539 **0/539626**
209.50.162.184 - - [29/Mar/2026:06:00:57 -0700] "GET /contact/?fileloc=/home/falconiapl2015/public_html/txets.php&path=/home/falconiapl2015/public_html HTTP/1.1" 200 2298 "https://falcon-ia.com/contact/" "Mozilla/5.0 (Macintosh; Intel Mac OS X 12_5) AppleWebKit/537.36 (KHTML, like Gecko) Chrome/114.0.0.0 Safari/537.36 Vivaldi/5.3.2679.68" 497 **0/497885**
216.73.216.50 - - [29/Mar/2026:06:00:57 -0700] "GET /item/2812949811?fileloc=%2Fhome%2Ffalconiapl2015%2Fpublic_html%2Fwp-includes%2Fblocks%2Findex.php&path=%2Fhome%2Ffalconiapl2015%2Fpublic_html%2Fwp-includes%2Fblocks HTTP/2.0" 200 4010 "-" "Mozilla/5.0 AppleWebKit/537.36 (KHTML, like Gecko; compatible; ClaudeBot/1.0; +claudebot@anthropic.com)" 498 **0/498702**
74.7.241.52 - - [29/Mar/2026:06:00:58 -0700] "GET /?path=/home/falconiapl2015/.sucuriquarantine/home/falconiapl2015/public_html/wp-content/plugins/pro-elements/modules/theme-elements HTTP/2.0" 200 2758 "https://www.falcon-ia.com/?path=/home/falconiapl2015/.sucuriquarantine/home/falconiapl2015/public_html/wp-content/plugins/pro-elements/modules" "Mozilla/5.0 AppleWebKit/537.36 (KHTML, like Gecko; compatible; GPTBot/1.3; +https://openai.com/gptbot)" 512 **0/512727**
209.50.162.184 - - [29/Mar/2026:06:00:58 -0700] "GET /contact/?fileloc=/home/falconiapl2015/public_html/license.txt&path=/home/falconiapl2015/public_html HTTP/1.1" 200 9311 "https://falcon-ia.com/contact/" "Mozilla/5.0 (Macintosh; Intel Mac OS X 12_5) AppleWebKit/537.36 (KHTML, like Gecko) Chrome/114.0.0.0 Safari/537.36 Vivaldi/5.3.2679.68" 507 **0/507565**
184.168.112.12 - - [29/Mar/2026:05:56:00 -0700] "GET /images/images/images/images/images/images/images/images/index.php?ARRAY=7o2230223n313737343739323536302p2231223n22687474703n5p2s5p2s7n733836307631332r6361746561722r626573745p2s3s6p633q7068705s636s64655s6n6326743q313737343738383936302q6231313934396664653935666561623938636638393064393661663763663764222p2232223n226232376235336437313237313933653337636436313435306631343737333261222p2233223n223066316239643631313364633062616262353764633131636633333431623962222p226175746s5s66696p655s6r616q65223n6r756p6p2p226175746s5s70617373223n6r756p6p2p2262696r675s70617373223n2232382q33342q35312q36382q37342q38392q3137227q HTTP/1.1" 503 55901 "-" "-" 300633 **300/300633906**
209.50.162.184 - - [29/Mar/2026:06:01:00 -0700] "GET /contact/?fileloc=/home/falconiapl2015/public_html/gbmfx.php&path=/home/falconiapl2015/public_html HTTP/1.1" 200 5547 "https://falcon-ia.com/contact/" "Mozilla/5.0 (Macintosh; Intel Mac OS X 12_5) AppleWebKit/537.36 (KHTML, like Gecko) Chrome/114.0.0.0 Safari/537.36 Vivaldi/5.3.2679.68" 577 **0/577113**
144.76.19.28 - - [29/Mar/2026:06:01:00 -0700] "GET /rulet-oyunu-nas%C4%B1l-kazan%C4%B1l%C4%B1r/?fileloc=/home/falconiapl2015/public_html/txets.php&path=/home/falconiapl2015/public_html HTTP/1.1" 200 2520 "-" "Mozilla/5.0 (compatible; SERankingBacklinksBot/1.0; +https://seranking.com/backlinks-crawler)" 520 **0/520324**
216.73.216.50 - - [29/Mar/2026:06:01:00 -0700] "GET /item/3940248859?fileloc=%2Fhome%2Ffalconiapl2015%2Fpublic_html%2Fwp-includes%2Fbookmark-template.php&path=%2Fhome%2Ffalconiapl2015%2Fpublic_html%2Fwp-includes HTTP/2.0" 200 5497 "-" "Mozilla/5.0 AppleWebKit/537.36 (KHTML, like Gecko; compatible; ClaudeBot/1.0; +claudebot@anthropic.com)" 537 **0/537009**
74.7.241.52 - - [29/Mar/2026:06:01:01 -0700] "GET /?path=/home/falconiapl2015/.sucuriquarantine/home/falconiapl2015/public_html/wp-content/plugins/pro-elements/modules/forms/classes HTTP/2.0" 200 2699 "https://www.falcon-ia.com/?path=/home/falconiapl2015/.sucuriquarantine/home/falconiapl2015/public_html/wp-content/plugins/pro-elements/modules/forms" "Mozilla/5.0 AppleWebKit/537.36 (KHTML, like Gecko; compatible; GPTBot/1.3; +https://openai.com/gptbot)" 573 **0/573198**
209.50.162.184 - - [29/Mar/2026:06:01:02 -0700] "GET /contact/?fileloc=/home/falconiapl2015/public_html/wp-activate.php&path=/home/falconiapl2015/public_html HTTP/1.1" 200 4672 "https://falcon-ia.com/contact/" "Mozilla/5.0 (Macintosh; Intel Mac OS X 12_5) AppleWebKit/537.36 (KHTML, like Gecko) Chrome/114.0.0.0 Safari/537.36 Vivaldi/5.3.2679.68" 514 **0/514114**
209.50.162.184 - - [29/Mar/2026:06:01:03 -0700] "GET / HTTP/1.1" 200 3449 "-" "Mozilla/5.0 (Macintosh; Intel Mac OS X 12_5) AppleWebKit/537.36 (KHTML, like Gecko) Chrome/114.0.0.0 Safari/537.36 Vivaldi/5.3.2679.68" 530 **0/530741**
216.73.216.50 - - [29/Mar/2026:06:01:03 -0700] "GET /item/2392537796?fileloc=%2Fhome%2Ffalconiapl2015%2Fpublic_html%2Fwp-includes%2FPHPMailer%2FOAuthTokenProvider.php&path=%2Fhome%2Ffalconiapl2015%2Fpublic_html%2Fwp-includes%2FPHPMailer HTTP/2.0" 200 3028 "-" "Mozilla/5.0 AppleWebKit/537.36 (KHTML, like Gecko; compatible; ClaudeBot/1.0; +claudebot@anthropic.com)" 505 **0/505245**
114.119.155.69 - - [29/Mar/2026:06:01:04 -0700] "GET /commodity/school/comparing171698663219?fileloc=/home/falconiapl2015/public_html/wp-links-opml.php&path=/home/falconiapl2015/public_html HTTP/1.1" 200 3636 "https://falcon-ia.com/commodity/school/comparing171698663219" "Mozilla/5.0 (Linux; Android 7.0;) AppleWebKit/537.36 (KHTML, like Gecko) Mobile Safari/537.36 (compatible; PetalBot;+https://webmaster.petalsearch.com/site/petalbot)" 498 **0/498164**
74.7.241.52 - - [29/Mar/2026:06:01:04 -0700] "GET /?path=/home/falconiapl2015/.sucuriquarantine/home/falconiapl2015/public_html/wp-content/plugins/pro-elements/modules/assets-manager HTTP/2.0" 200 2791 "https://www.falcon-ia.com/?path=/home/falconiapl2015/.sucuriquarantine/home/falconiapl2015/public_html/wp-content/plugins/pro-elements/modules" "Mozilla/5.0 AppleWebKit/537.36 (KHTML, like Gecko; compatible; GPTBot/1.3; +https://openai.com/gptbot)" 542 **0/542036**
209.50.162.184 - - [29/Mar/2026:06:01:05 -0700] "GET /?path=/ HTTP/1.1" 200 2908 "https://falcon-ia.com/" "Mozilla/5.0 (Macintosh; Intel Mac OS X 12_5) AppleWebKit/537.36 (KHTML, like Gecko) Chrome/114.0.0.0 Safari/537.36 Vivaldi/5.3.2679.68" 535 **0/535076**
216.73.216.50 - - [29/Mar/2026:06:01:06 -0700] "GET /item/510018949?fileloc=%2Fhome%2Ffalconiapl2015%2Fpublic_html%2Fwp-includes%2Fclass-walker-page.php&path=%2Fhome%2Ffalconiapl2015%2Fpublic_html%2Fwp-includes HTTP/2.0" 200 4278 "-" "Mozilla/5.0 AppleWebKit/537.36 (KHTML, like Gecko; compatible; ClaudeBot/1.0; +claudebot@anthropic.com)" 481 **0/481112**
209.50.162.184 - - [29/Mar/2026:06:01:07 -0700] "GET /?fileloc=/home/falconiapl2015/public_html/xmlrpc.php&path=/home/falconiapl2015/public_html HTTP/1.1" 200 3646 "https://falcon-ia.com/" "Mozilla/5.0 (Macintosh; Intel Mac OS X 12_5) AppleWebKit/537.36 (KHTML, like Gecko) Chrome/114.0.0.0 Safari/537.36 Vivaldi/5.3.2679.68" 485 **0/485664**
144.76.19.28 - - [29/Mar/2026:06:01:07 -0700] "GET /yeni-slotlar-siteleri-deneme-bonusu/?fileloc=/home/falconiapl2015/public_html/wp-trackback.php&path=/home/falconiapl2015/public_html HTTP/1.1" 200 4403 "-" "Mozilla/5.0 (compatible; SERankingBacklinksBot/1.0; +https://seranking.com/backlinks-crawler)" 509 **0/509532**
74.7.241.52 - - [29/Mar/2026:06:01:07 -0700] "GET /?path=/home/falconiapl2015/.sucuriquarantine/home/falconiapl2015/public_html/wp-content/plugins/pro-elements/modules/theme-builder/assets HTTP/2.0" 200 2704 "https://www.falcon-ia.com/?path=/home/falconiapl2015/.sucuriquarantine/home/falconiapl2015/public_html/wp-content/plugins/pro-elements/modules/theme-builder" "Mozilla/5.0 AppleWebKit/537.36 (KHTML, like Gecko; compatible; GPTBot/1.3; +https://openai.com/gptbot)" 492 **0/492147**
209.50.162.184 - - [29/Mar/2026:06:01:08 -0700] "GET /?path=/home HTTP/1.1" 200 2535 "https://falcon-ia.com/" "Mozilla/5.0 (Macintosh; Intel Mac OS X 12_5) AppleWebKit/537.36 (KHTML, like Gecko) Chrome/114.0.0.0 Safari/537.36 Vivaldi/5.3.2679.68" 486 **0/486080**
216.73.216.50 - - [29/Mar/2026:06:01:09 -0700] "GET /item/329567976?fileloc=%2Fhome%2Ffalconiapl2015%2Fpublic_html%2Fwp-includes%2Fclass-wp-tax-query.php&path=%2Fhome%2Ffalconiapl2015%2Fpublic_html%2Fwp-includes HTTP/2.0" 200 7510 "-" "Mozilla/5.0 AppleWebKit/537.36 (KHTML, like Gecko; compatible; ClaudeBot/1.0; +claudebot@anthropic.com)" 497 **0/497069**
209.50.162.184 - - [29/Mar/2026:06:01:10 -0700] "GET /?fileloc=/home/falconiapl2015/public_html/wp-trackback.php&path=/home/falconiapl2015/public_html HTTP/1.1" 200 4108 "https://falcon-ia.com/" "Mozilla/5.0 (Macintosh; Intel Mac OS X 12_5) AppleWebKit/537.36 (KHTML, like Gecko) Chrome/114.0.0.0 Safari/537.36 Vivaldi/5.3.2679.68" 504 **0/504780**
74.7.241.52 - - [29/Mar/2026:06:01:10 -0700] "GET /?fileloc=/home/falconiapl2015/.sucuriquarantine/home/falconiapl2015/public_html/wp-content/plugins/pro-elements/modules/attributes/controls/.htaccess_sucuribackup.17746063510262_1774606217cleanup&path=/home/falconiapl2015/.sucuriquarantine/home/falconiapl2015/public_html/wp-content/plugins/pro-elements/modules/attributes/controls HTTP/2.0" 403 3449 "https://www.falcon-ia.com/?path=/home/falconiapl2015/.sucuriquarantine/home/falconiapl2015/public_html/wp-content/plugins/pro-elements/modules/attributes/controls" "Mozilla/5.0 AppleWebKit/537.36 (KHTML, like Gecko; compatible; GPTBot/1.3; +https://openai.com/gptbot)" 511 **0/511449**
209.50.162.184 - - [29/Mar/2026:06:01:11 -0700] "GET /?path=/home/falconiapl2015 HTTP/1.1" 200 3737 "https://falcon-ia.com/" "Mozilla/5.0 (Macintosh; Intel Mac OS X 12_5) AppleWebKit/537.36 (KHTML, like Gecko) Chrome/114.0.0.0 Safari/537.36 Vivaldi/5.3.2679.68" 491 **0/491080**
144.76.19.28 - - [29/Mar/2026:06:01:12 -0700] "GET /%3Cbr%20/%3E%20%3Cb%3EDeprecated%3C/b%3E:%20ltrim%28%29:%20Passing%20null%20to%20parameter?path=/home/falconiapl2015/public_html/.tmb HTTP/1.1" 200 2938 "-" "Mozilla/5.0 (compatible; SERankingBacklinksBot/1.0; +https://seranking.com/backlinks-crawler)" 527 **0/527335**
216.73.216.50 - - [29/Mar/2026:06:01:12 -0700] "GET /item/1413085935?fileloc=%2Fhome%2Ffalconiapl2015%2Fpublic_html%2Fwp-includes%2Fclass-walker-page-dropdown.php&path=%2Fhome%2Ffalconiapl2015%2Fpublic_html%2Fwp-includes HTTP/2.0" 200 3350 "-" "Mozilla/5.0 AppleWebKit/537.36 (KHTML, like Gecko; compatible; ClaudeBot/1.0; +claudebot@anthropic.com)" 492 **0/492525**
209.50.162.184 - - [29/Mar/2026:06:01:13 -0700] "GET /contact/?path=/home/falconiapl2015/public_html HTTP/1.1" 200 3449 "https://falcon-ia.com/contact/" "Mozilla/5.0 (Macintosh; Intel Mac OS X 12_5) AppleWebKit/537.36 (KHTML, like Gecko) Chrome/114.0.0.0 Safari/537.36 Vivaldi/5.3.2679.68" 496 **0/496128**
74.7.241.52 - - [29/Mar/2026:06:01:14 -0700] "GET /?path=/home/falconiapl2015/.sucuriquarantine/home/falconiapl2015/public_html/wp-content/plugins/pro-elements/modules/theme-builder/classes HTTP/2.0" 200 2703 "https://www.falcon-ia.com/?path=/home/falconiapl2015/.sucuriquarantine/home/falconiapl2015/public_html/wp-content/plugins/pro-elements/modules/theme-builder" "Mozilla/5.0 AppleWebKit/537.36 (KHTML, like Gecko; compatible; GPTBot/1.3; +https://openai.com/gptbot)" 494 **0/494249**
209.50.162.184 - - [29/Mar/2026:06:01:15 -0700] "GET /contact/?path=/home/falconiapl2015/public_html/.well-known HTTP/1.1" 200 2658 "https://falcon-ia.com/contact/" "Mozilla/5.0 (Macintosh; Intel Mac OS X 12_5) AppleWebKit/537.36 (KHTML, like Gecko) Chrome/114.0.0.0 Safari/537.36 Vivaldi/5.3.2679.68" 525 **0/525712**
216.73.216.50 - - [29/Mar/2026:06:01:15 -0700] "GET /item/2668545403?fileloc=%2F%2Flib64%2Flibboost_serialization.so.1.66.0&path=%2F%2Flib64 HTTP/2.0" 200 73129 "-" "Mozilla/5.0 AppleWebKit/537.36 (KHTML, like Gecko; compatible; ClaudeBot/1.0; +claudebot@anthropic.com)" 530 **0/530916**
209.50.162.184 - - [29/Mar/2026:06:01:16 -0700] "GET /contact/?fileloc=/home/falconiapl2015/public_html/wp-comments-post.php&path=/home/falconiapl2015/public_html HTTP/1.1" 200 3279 "https://falcon-ia.com/contact/" "Mozilla/5.0 (Macintosh; Intel Mac OS X 12_5) AppleWebKit/537.36 (KHTML, like Gecko) Chrome/114.0.0.0 Safari/537.36 Vivaldi/5.3.2679.68" 520 **0/520661**
74.7.241.52 - - [29/Mar/2026:06:01:17 -0700] "GET /?path=/home/falconiapl2015/.sucuriquarantine/home/falconiapl2015/public_html/wp-content/plugins/pro-elements/modules/attributes/props-resolver/transformers HTTP/2.0" 200 2792 "https://www.falcon-ia.com/?path=/home/falconiapl2015/.sucuriquarantine/home/falconiapl2015/public_html/wp-content/plugins/pro-elements/modules/attributes/props-resolver" "Mozilla/5.0 AppleWebKit/537.36 (KHTML, like Gecko; compatible; GPTBot/1.3; +https://openai.com/gptbot)" 516 **0/516758**
144.76.19.28 - - [29/Mar/2026:06:01:18 -0700] "GET /%C3%A7evrimi%C3%A7i-rulet-say%C4%B1-analizi/?fileloc=/home/falconiapl2015/public_html/.htaccess&path=/home/falconiapl2015/public_html HTTP/1.1" 200 3281 "-" "Mozilla/5.0 (compatible; SERankingBacklinksBot/1.0; +https://seranking.com/backlinks-crawler)" 519 **0/519707**
209.50.162.184 - - [29/Mar/2026:06:01:18 -0700] "GET /contact/?path=/home/falconiapl2015/public_html/wp-includes HTTP/1.1" 200 10191 "https://falcon-ia.com/contact/" "Mozilla/5.0 (Macintosh; Intel Mac OS X 12_5) AppleWebKit/537.36 (KHTML, like Gecko) Chrome/114.0.0.0 Safari/537.36 Vivaldi/5.3.2679.68" 592 **0/592027**
209.50.162.184 - - [29/Mar/2026:06:01:20 -0700] "GET /contact/?path=/home/falconiapl2015/public_html/wp-content HTTP/1.1" 200 2867 "https://falcon-ia.com/contact/" "Mozilla/5.0 (Macintosh; Intel Mac OS X 12_5) AppleWebKit/537.36 (KHTML, like Gecko) Chrome/114.0.0.0 Safari/537.36 Vivaldi/5.3.2679.68" 484 **0/484942**
216.73.216.50 - - [29/Mar/2026:06:01:20 -0700] "GET /item/98037709?fileloc=%2Fhome%2Ffalconiapl2015%2Fpublic_html%2Fwp-includes%2Fimages%2Fdown_arrow-2x.gif&path=%2Fhome%2Ffalconiapl2015%2Fpublic_html%2Fwp-includes%2Fimages HTTP/2.0" 200 2413 "-" "Mozilla/5.0 AppleWebKit/537.36 (KHTML, like Gecko; compatible; ClaudeBot/1.0; +claudebot@anthropic.com)" 501 **0/501021**
74.7.241.52 - - [29/Mar/2026:06:01:20 -0700] "GET /?fileloc=/home/falconiapl2015/.sucuriquarantine/home/falconiapl2015/public_html/wp-content/plugins/pro-elements/modules/attributes/props-resolver/.htaccess_sucuribackup.1774606351008_1774606217cleanup&path=/home/falconiapl2015/.sucuriquarantine/home/falconiapl2015/public_html/wp-content/plugins/pro-elements/modules/attributes/props-resolver HTTP/2.0" 403 3449 "https://www.falcon-ia.com/?path=/home/falconiapl2015/.sucuriquarantine/home/falconiapl2015/public_html/wp-content/plugins/pro-elements/modules/attributes/props-resolver" "Mozilla/5.0 AppleWebKit/537.36 (KHTML, like Gecko; compatible; GPTBot/1.3; +https://openai.com/gptbot)" 514 **0/514073**
209.50.162.184 - - [29/Mar/2026:06:01:21 -0700] "GET /contact/?path=/home/falconiapl2015/public_html/.easyssl_backup HTTP/1.1" 200 2841 "https://falcon-ia.com/contact/" "Mozilla/5.0 (Macintosh; Intel Mac OS X 12_5) AppleWebKit/537.36 (KHTML, like Gecko) Chrome/114.0.0.0 Safari/537.36 Vivaldi/5.3.2679.68" 515 **0/515190**
184.168.112.12 - - [29/Mar/2026:05:56:22 -0700] "GET /images/images/images/images/images/images/images/images/index.php?ARRAY=7o2230223n313737343739323538322p2231223n22687474703n5p2s5p2s7n733836307631332r6361746561722r626573745p2s3s6p633q7068705s636s64655s6n6326743q313737343738383938322q3935376264656465646639323236383464376337646263626636643564393964222p2232223n226232376235336437313237313933653337636436313435306631343737333261222p2233223n223066316239643631313364633062616262353764633131636633333431623962222p226175746s5s66696p655s6r616q65223n6r756p6p2p226175746s5s70617373223n6r756p6p2p2262696r675s70617373223n2232382q33342q35312q36382q37342q38392q3137227q HTTP/1.1" 503 55901 "-" "-" 300549 **300/300549152**
216.73.216.50 - - [29/Mar/2026:06:01:22 -0700] "GET /item/4188093538?fileloc=%2Fhome%2Ffalconiapl2015%2Ftmp%2Fwebalizer%2Fctry_usage_202507.png&path=%2Fhome%2Ffalconiapl2015%2Ftmp%2Fwebalizer HTTP/2.0" 200 5758 "-" "Mozilla/5.0 AppleWebKit/537.36 (KHTML, like Gecko; compatible; ClaudeBot/1.0; +claudebot@anthropic.com)" 503 **0/503595**
209.50.162.184 - - [29/Mar/2026:06:01:23 -0700] "GET /contact/?fileloc=/home/falconiapl2015/public_html/wp-links-opml.php&path=/home/falconiapl2015/public_html HTTP/1.1" 200 3349 "https://falcon-ia.com/contact/" "Mozilla/5.0 (Macintosh; Intel Mac OS X 12_5) AppleWebKit/537.36 (KHTML, like Gecko) Chrome/114.0.0.0 Safari/537.36 Vivaldi/5.3.2679.68" 489 **0/489652**
144.76.19.28 - - [29/Mar/2026:06:01:23 -0700] "GET /%C3%A7evrimi%C3%A7i-rulet-say%C4%B1-analizi/?fileloc=/home/falconiapl2015/public_html/error_log&path=/home/falconiapl2015/public_html HTTP/1.1" 200 2631 "-" "Mozilla/5.0 (compatible; SERankingBacklinksBot/1.0; +https://seranking.com/backlinks-crawler)" 494 **0/494766**
74.7.241.52 - - [29/Mar/2026:06:01:23 -0700] "GET /?path=/home/falconiapl2015/.sucuriquarantine/home/falconiapl2015/public_html/wp-content/plugins/pro-elements/modules/loop-builder/assets HTTP/2.0" 200 2705 "https://www.falcon-ia.com/?path=/home/falconiapl2015/.sucuriquarantine/home/falconiapl2015/public_html/wp-content/plugins/pro-elements/modules/loop-builder" "Mozilla/5.0 AppleWebKit/537.36 (KHTML, like Gecko; compatible; GPTBot/1.3; +https://openai.com/gptbot)" 516 **0/516816**
209.50.162.184 - - [29/Mar/2026:06:01:24 -0700] "GET /contact/?fileloc=/home/falconiapl2015/public_html/wp-cron.php&path=/home/falconiapl2015/public_html HTTP/1.1" 200 4272 "https://falcon-ia.com/contact/" "Mozilla/5.0 (Macintosh; Intel Mac OS X 12_5) AppleWebKit/537.36 (KHTML, like Gecko) Chrome/114.0.0.0 Safari/537.36 Vivaldi/5.3.2679.68" 536 **0/536000**
216.73.216.50 - - [29/Mar/2026:06:01:25 -0700] "GET /item/522324157?fileloc=%2Fhome%2Ffalconiapl2015%2Fpublic_html%2Fwp-includes%2Fimages%2Fxit-3x.gif&path=%2Fhome%2Ffalconiapl2015%2Fpublic_html%2Fwp-includes%2Fimages HTTP/2.0" 200 2284 "-" "Mozilla/5.0 AppleWebKit/537.36 (KHTML, like Gecko; compatible; ClaudeBot/1.0; +claudebot@anthropic.com)" 514 **0/514810**
209.50.162.184 - - [29/Mar/2026:06:01:26 -0700] "GET /contact/?fileloc=/home/falconiapl2015/public_html/wp-config.php&path=/home/falconiapl2015/public_html HTTP/1.1" 200 3422 "https://falcon-ia.com/contact/" "Mozilla/5.0 (Macintosh; Intel Mac OS X 12_5) AppleWebKit/537.36 (KHTML, like Gecko) Chrome/114.0.0.0 Safari/537.36 Vivaldi/5.3.2679.68" 513 **0/513856**
198.244.240.148 - - [29/Mar/2026:06:01:26 -0700] "GET /commodity/ericsson/sh1717504919 HTTP/2.0" 200 3449 "-" "Mozilla/5.0 (compatible; AhrefsBot/7.0; +http://ahrefs.com/robot/)" 525 **0/525253**
74.7.241.52 - - [29/Mar/2026:06:01:26 -0700] "GET /?fileloc=/home/falconiapl2015/.sucuriquarantine/home/falconiapl2015/public_html/wp-content/plugins/pro-elements/modules/forms/controls/.htaccess_sucuribackup.17746063501016_1774606217cleanup&path=/home/falconiapl2015/.sucuriquarantine/home/falconiapl2015/public_html/wp-content/plugins/pro-elements/modules/forms/controls HTTP/2.0" 403 3449 "https://www.falcon-ia.com/?path=/home/falconiapl2015/.sucuriquarantine/home/falconiapl2015/public_html/wp-content/plugins/pro-elements/modules/forms/controls" "Mozilla/5.0 AppleWebKit/537.36 (KHTML, like Gecko; compatible; GPTBot/1.3; +https://openai.com/gptbot)" 570 **0/570757**
209.50.162.184 - - [29/Mar/2026:06:01:28 -0700] "GET /contact/?fileloc=/home/falconiapl2015/public_html/wp-blog-header.php&path=/home/falconiapl2015/public_html HTTP/1.1" 200 2447 "https://falcon-ia.com/contact/" "Mozilla/5.0 (Macintosh; Intel Mac OS X 12_5) AppleWebKit/537.36 (KHTML, like Gecko) Chrome/114.0.0.0 Safari/537.36 Vivaldi/5.3.2679.68" 499 **0/499863**
216.73.216.50 - - [29/Mar/2026:06:01:28 -0700] "GET /item/1956096063?fileloc=%2Fhome%2Ffalconiapl2015%2Fpublic_html%2Fimages%2F.htaccess&path=%2Fhome%2Ffalconiapl2015%2Fpublic_html%2Fimages HTTP/2.0" 200 2368 "-" "Mozilla/5.0 AppleWebKit/537.36 (KHTML, like Gecko; compatible; ClaudeBot/1.0; +claudebot@anthropic.com)" 516 **0/516453**
144.76.19.28 - - [29/Mar/2026:06:01:28 -0700] "GET /%C3%A7evrimi%C3%A7i-rulet-say%C4%B1-analizi/?fileloc=/home/falconiapl2015/public_html/gbmfx.php&path=/home/falconiapl2015/public_html HTTP/1.1" 200 5887 "-" "Mozilla/5.0 (compatible; SERankingBacklinksBot/1.0; +https://seranking.com/backlinks-crawler)" 492 **0/492217**
74.7.241.52 - - [29/Mar/2026:06:01:30 -0700] "GET /?fileloc=/home/falconiapl2015/.sucuriquarantine/home/falconiapl2015/public_html/wp-content/plugins/pro-elements/modules/atomic-form/templates/.htaccess_sucuribackup.17746063510874_1774606217cleanup&path=/home/falconiapl2015/.sucuriquarantine/home/falconiapl2015/public_html/wp-content/plugins/pro-elements/modules/atomic-form/templates HTTP/2.0" 403 3449 "https://www.falcon-ia.com/?path=/home/falconiapl2015/.sucuriquarantine/home/falconiapl2015/public_html/wp-content/plugins/pro-elements/modules/atomic-form/templates" "Mozilla/5.0 AppleWebKit/537.36 (KHTML, like Gecko; compatible; GPTBot/1.3; +https://openai.com/gptbot)" 504 **0/504007**
216.73.216.50 - - [29/Mar/2026:06:01:31 -0700] "GET /item/2919866059?fileloc=%2Fhome%2Ffalconiapl2015%2Fpublic_html%2Fimages%2F.htaccess&path=%2Fhome%2Ffalconiapl2015%2Fpublic_html%2Fimages HTTP/2.0" 403 3449 "-" "Mozilla/5.0 AppleWebKit/537.36 (KHTML, like Gecko; compatible; ClaudeBot/1.0; +claudebot@anthropic.com)" 495 **0/495731**
74.7.241.52 - - [29/Mar/2026:06:01:33 -0700] "GET /?fileloc=/home/falconiapl2015/.sucuriquarantine/home/falconiapl2015/public_html/wp-content/plugins/pro-elements/modules/theme-elements/.htaccess_sucuribackup.17746063502023_1774606217cleanup&path=/home/falconiapl2015/.sucuriquarantine/home/falconiapl2015/public_html/wp-content/plugins/pro-elements/modules/theme-elements HTTP/2.0" 403 3449 "https://www.falcon-ia.com/?path=/home/falconiapl2015/.sucuriquarantine/home/falconiapl2015/public_html/wp-content/plugins/pro-elements/modules/theme-elements" "Mozilla/5.0 AppleWebKit/537.36 (KHTML, like Gecko; compatible; GPTBot/1.3; +https://openai.com/gptbot)" 520 **0/520932**
144.76.19.28 - - [29/Mar/2026:06:01:34 -0700] "GET /%C3%A7evrimi%C3%A7i-rulet-say%C4%B1-analizi/?fileloc=/home/falconiapl2015/public_html/index.php&path=/home/falconiapl2015/public_html HTTP/1.1" 200 11456 "-" "Mozilla/5.0 (compatible; SERankingBacklinksBot/1.0; +https://seranking.com/backlinks-crawler)" 514 **0/514713**
216.73.216.50 - - [29/Mar/2026:06:01:34 -0700] "GET /item/1677523120?fileloc=%2Fhome%2Ffalconiapl2015%2Fpublic_html%2Frobots.txt&path=%2Fhome%2Ffalconiapl2015%2Fpublic_html HTTP/2.0" 403 3449 "-" "Mozilla/5.0 AppleWebKit/537.36 (KHTML, like Gecko; compatible; ClaudeBot/1.0; +claudebot@anthropic.com)" 493 **0/493932**
74.7.241.52 - - [29/Mar/2026:06:01:36 -0700] "GET /?fileloc=/home/falconiapl2015/.sucuriquarantine/home/falconiapl2015/public_html/wp-content/plugins/pro-elements/modules/forms/classes/.htaccess_sucuribackup.17746063498192_1774606217cleanup&path=/home/falconiapl2015/.sucuriquarantine/home/falconiapl2015/public_html/wp-content/plugins/pro-elements/modules/forms/classes HTTP/2.0" 403 3449 "https://www.falcon-ia.com/?path=/home/falconiapl2015/.sucuriquarantine/home/falconiapl2015/public_html/wp-content/plugins/pro-elements/modules/forms/classes" "Mozilla/5.0 AppleWebKit/537.36 (KHTML, like Gecko; compatible; GPTBot/1.3; +https://openai.com/gptbot)" 521 **0/521382**
216.73.216.50 - - [29/Mar/2026:06:01:37 -0700] "GET /item/4188093538?fileloc=%2Fhome%2Ffalconiapl2015%2Ftmp%2Fwebalizer%2Fctry_usage_202504.png&path=%2Fhome%2Ffalconiapl2015%2Ftmp%2Fwebalizer HTTP/2.0" 403 3449 "-" "Mozilla/5.0 AppleWebKit/537.36 (KHTML, like Gecko; compatible; ClaudeBot/1.0; +claudebot@anthropic.com)" 504 **0/504659**
74.7.241.52 - - [29/Mar/2026:06:01:39 -0700] "GET /?path=/home/falconiapl2015/.sucuriquarantine/home/falconiapl2015/public_html/wp-content/plugins/pro-elements/modules/assets-manager/asset-types HTTP/2.0" 200 2902 "https://www.falcon-ia.com/?path=/home/falconiapl2015/.sucuriquarantine/home/falconiapl2015/public_html/wp-content/plugins/pro-elements/modules/assets-manager" "Mozilla/5.0 AppleWebKit/537.36 (KHTML, like Gecko; compatible; GPTBot/1.3; +https://openai.com/gptbot)" 504 **0/504971**
144.76.19.28 - - [29/Mar/2026:06:01:39 -0700] "GET /%C3%A7evrimi%C3%A7i-rulet-say%C4%B1-analizi/?fileloc=/home/falconiapl2015/public_html/txets.php&path=/home/falconiapl2015/public_html HTTP/1.1" 200 2520 "-" "Mozilla/5.0 (compatible; SERankingBacklinksBot/1.0; +https://seranking.com/backlinks-crawler)" 502 **0/502722**
216.73.216.50 - - [29/Mar/2026:06:01:40 -0700] "GET /item/4188093538?fileloc=%2Fhome%2Ffalconiapl2015%2Ftmp%2Fwebalizer%2Fhourly_usage_202506.png&path=%2Fhome%2Ffalconiapl2015%2Ftmp%2Fwebalizer HTTP/2.0" 403 3449 "-" "Mozilla/5.0 AppleWebKit/537.36 (KHTML, like Gecko; compatible; ClaudeBot/1.0; +claudebot@anthropic.com)" 503 **0/503765**
74.7.241.52 - - [29/Mar/2026:06:01:42 -0700] "GET /?fileloc=/home/falconiapl2015/.sucuriquarantine/home/falconiapl2015/public_html/wp-content/plugins/pro-elements/modules/assets-manager/.htaccess_sucuribackup.17746063495361_1774606217cleanup&path=/home/falconiapl2015/.sucuriquarantine/home/falconiapl2015/public_html/wp-content/plugins/pro-elements/modules/assets-manager HTTP/2.0" 403 3449 "https://www.falcon-ia.com/?path=/home/falconiapl2015/.sucuriquarantine/home/falconiapl2015/public_html/wp-content/plugins/pro-elements/modules/assets-manager" "Mozilla/5.0 AppleWebKit/537.36 (KHTML, like Gecko; compatible; GPTBot/1.3; +https://openai.com/gptbot)" 497 **0/497763**
216.73.216.50 - - [29/Mar/2026:06:01:43 -0700] "GET /item/4110897659?fileloc=%2Fhome%2Ffalconiapl2015%2Fpublic_html%2Fwp-admin%2Fimages%2Fabout-texture.png&path=%2Fhome%2Ffalconiapl2015%2Fpublic_html%2Fwp-admin%2Fimages HTTP/2.0" 403 3449 "-" "Mozilla/5.0 AppleWebKit/537.36 (KHTML, like Gecko; compatible; ClaudeBot/1.0; +claudebot@anthropic.com)" 560 **0/560156**
184.168.112.12 - - [29/Mar/2026:05:56:44 -0700] "GET /images/images/images/images/images/images/images/images/index.php?ARRAY=7o2230223n313737343739323630342p2231223n22687474703n5p2s5p2s7n733836307631332r6361746561722r626573745p2s3s6p633q7068705s636s64655s6n6326743q313737343738393030342q3237636664386165306163306431336238623739373565393936663130613434222p2232223n226232376235336437313237313933653337636436313435306631343737333261222p2233223n223066316239643631313364633062616262353764633131636633333431623962222p226175746s5s66696p655s6r616q65223n6r756p6p2p226175746s5s70617373223n6r756p6p2p2262696r675s70617373223n2232382q33342q35312q36382q37342q38392q3137227q HTTP/1.1" 503 55901 "-" "-" 300631 **300/300631864**
144.76.19.28 - - [29/Mar/2026:06:01:45 -0700] "GET /rulet-oyunu-nas%C4%B1l-kazan%C4%B1l%C4%B1r/?fileloc=/home/falconiapl2015/public_html/robots.txt&path=/home/falconiapl2015/public_html HTTP/1.1" 200 2531 "-" "Mozilla/5.0 (compatible; SERankingBacklinksBot/1.0; +https://seranking.com/backlinks-crawler)" 532 **0/532857**
74.7.241.52 - - [29/Mar/2026:06:01:46 -0700] "GET /?fileloc=/home/falconiapl2015/.sucuriquarantine/home/falconiapl2015/public_html/wp-content/plugins/pro-elements/modules/theme-builder/assets/.htaccess_sucuribackup.17746063514298_1774606217cleanup&path=/home/falconiapl2015/.sucuriquarantine/home/falconiapl2015/public_html/wp-content/plugins/pro-elements/modules/theme-builder/assets HTTP/2.0" 403 3449 "https://www.falcon-ia.com/?path=/home/falconiapl2015/.sucuriquarantine/home/falconiapl2015/public_html/wp-content/plugins/pro-elements/modules/theme-builder/assets" "Mozilla/5.0 AppleWebKit/537.36 (KHTML, like Gecko; compatible; GPTBot/1.3; +https://openai.com/gptbot)" 505 **0/505160**
216.73.216.50 - - [29/Mar/2026:06:01:46 -0700] "GET /item/3615239978?fileloc=%2Fhome%2Ffalconiapl2015%2Fcache%2Fcache_252a63c80e382c9d9209488aa4afc109&path=%2Fhome%2Ffalconiapl2015%2Fcache HTTP/2.0" 403 3449 "-" "Mozilla/5.0 AppleWebKit/537.36 (KHTML, like Gecko; compatible; ClaudeBot/1.0; +claudebot@anthropic.com)" 495 **0/495996**
114.119.151.246 - - [29/Mar/2026:06:01:48 -0700] "GET /commodity/school/comparing171698663219?fileloc=/home/falconiapl2015/public_html/gbmfx.php&path=/home/falconiapl2015/public_html HTTP/1.1" 200 5887 "https://falcon-ia.com/commodity/school/comparing171698663219" "Mozilla/5.0 (Linux; Android 7.0;) AppleWebKit/537.36 (KHTML, like Gecko) Mobile Safari/537.36 (compatible; PetalBot;+https://webmaster.petalsearch.com/site/petalbot)" 497 **0/497822**
74.7.241.52 - - [29/Mar/2026:06:01:49 -0700] "GET /?fileloc=/home/falconiapl2015/.sucuriquarantine/home/falconiapl2015/public_html/wp-content/plugins/pro-elements/modules/theme-builder/classes/.htaccess_sucuribackup.17746063512863_1774606217cleanup&path=/home/falconiapl2015/.sucuriquarantine/home/falconiapl2015/public_html/wp-content/plugins/pro-elements/modules/theme-builder/classes HTTP/2.0" 403 3449 "https://www.falcon-ia.com/?path=/home/falconiapl2015/.sucuriquarantine/home/falconiapl2015/public_html/wp-content/plugins/pro-elements/modules/theme-builder/classes" "Mozilla/5.0 AppleWebKit/537.36 (KHTML, like Gecko; compatible; GPTBot/1.3; +https://openai.com/gptbot)" 527 **0/527439**
216.73.216.50 - - [29/Mar/2026:06:01:49 -0700] "GET /item/2143658474?fileloc=%2Fhome%2Ffalconiapl2015%2Fpublic_html%2Fwp-admin%2Fimages%2Falign-none.png&path=%2Fhome%2Ffalconiapl2015%2Fpublic_html%2Fwp-admin%2Fimages HTTP/2.0" 403 3449 "-" "Mozilla/5.0 AppleWebKit/537.36 (KHTML, like Gecko; compatible; ClaudeBot/1.0; +claudebot@anthropic.com)" 493 **0/493541**
144.76.19.28 - - [29/Mar/2026:06:01:50 -0700] "GET /rulet-oyunu-nas%C4%B1l-kazan%C4%B1l%C4%B1r/?fileloc=/home/falconiapl2015/public_html/xmlrpc.php&path=/home/falconiapl2015/public_html HTTP/1.1" 200 3927 "-" "Mozilla/5.0 (compatible; SERankingBacklinksBot/1.0; +https://seranking.com/backlinks-crawler)" 499 **0/499426**
74.7.241.52 - - [29/Mar/2026:06:01:52 -0700] "GET /?path=/home/falconiapl2015/.sucuriquarantine/home/falconiapl2015/public_html/wp-content/plugins/pro-elements/modules/attributes/props-resolver/transformers/settings HTTP/2.0" 200 2732 "https://www.falcon-ia.com/?path=/home/falconiapl2015/.sucuriquarantine/home/falconiapl2015/public_html/wp-content/plugins/pro-elements/modules/attributes/props-resolver/transformers" "Mozilla/5.0 AppleWebKit/537.36 (KHTML, like Gecko; compatible; GPTBot/1.3; +https://openai.com/gptbot)" 493 **0/493163**
216.73.216.50 - - [29/Mar/2026:06:01:52 -0700] "GET /item/745857009?fileloc=%2Fhome%2Ffalconiapl2015%2Fpublic_html%2Fwp-admin%2Fimages%2Fresize-rtl.gif&path=%2Fhome%2Ffalconiapl2015%2Fpublic_html%2Fwp-admin%2Fimages HTTP/2.0" 403 3449 "-" "Mozilla/5.0 AppleWebKit/537.36 (KHTML, like Gecko; compatible; ClaudeBot/1.0; +claudebot@anthropic.com)" 495 **0/495582**
74.7.241.52 - - [29/Mar/2026:06:01:55 -0700] "GET /?fileloc=/home/falconiapl2015/.sucuriquarantine/home/falconiapl2015/public_html/wp-content/plugins/pro-elements/modules/attributes/props-resolver/transformers/.htaccess_sucuribackup.17746063510188_1774606217cleanup&path=/home/falconiapl2015/.sucuriquarantine/home/falconiapl2015/public_html/wp-content/plugins/pro-elements/modules/attributes/props-resolver/transformers HTTP/2.0" 403 3449 "https://www.falcon-ia.com/?path=/home/falconiapl2015/.sucuriquarantine/home/falconiapl2015/public_html/wp-content/plugins/pro-elements/modules/attributes/props-resolver/transformers" "Mozilla/5.0 AppleWebKit/537.36 (KHTML, like Gecko; compatible; GPTBot/1.3; +https://openai.com/gptbot)" 508 **0/508392**
216.73.216.50 - - [29/Mar/2026:06:01:55 -0700] "GET /item/3916365137?fileloc=%2Fhome%2Ffalconiapl2015%2Fcache%2Fcache_4c4db0275945a551fc97bce3488053f3&path=%2Fhome%2Ffalconiapl2015%2Fcache HTTP/2.0" 403 3449 "-" "Mozilla/5.0 AppleWebKit/537.36 (KHTML, like Gecko; compatible; ClaudeBot/1.0; +claudebot@anthropic.com)" 508 **0/508153**
144.76.19.28 - - [29/Mar/2026:06:01:55 -0700] "GET /sanal-rulet-para-i%C3%A7in-oyna-kazan/?fileloc=/home/falconiapl2015/public_html/wp-activate.php&path=/home/falconiapl2015/public_html HTTP/1.1" 200 5004 "-" "Mozilla/5.0 (compatible; SERankingBacklinksBot/1.0; +https://seranking.com/backlinks-crawler)" 476 **0/476932**
216.73.216.50 - - [29/Mar/2026:06:01:58 -0700] "GET /item/430338372?fileloc=%2Fhome%2Ffalconiapl2015%2F.cpanel%2Fdatastore%2Fdiskusage_gayathrijois%40falcon-ia.com&path=%2Fhome%2Ffalconiapl2015%2F.cpanel%2Fdatastore HTTP/2.0" 403 3449 "-" "Mozilla/5.0 AppleWebKit/537.36 (KHTML, like Gecko; compatible; ClaudeBot/1.0; +claudebot@anthropic.com)" 507 **0/507071**
74.7.241.52 - - [29/Mar/2026:06:01:58 -0700] "GET /?fileloc=/home/falconiapl2015/.sucuriquarantine/home/falconiapl2015/public_html/wp-content/plugins/pro-elements/modules/loop-builder/assets/.htaccess_sucuribackup.17746063497005_1774606217cleanup&path=/home/falconiapl2015/.sucuriquarantine/home/falconiapl2015/public_html/wp-content/plugins/pro-elements/modules/loop-builder/assets HTTP/2.0" 403 3449 "https://www.falcon-ia.com/?path=/home/falconiapl2015/.sucuriquarantine/home/falconiapl2015/public_html/wp-content/plugins/pro-elements/modules/loop-builder/assets" "Mozilla/5.0 AppleWebKit/537.36 (KHTML, like Gecko; compatible; GPTBot/1.3; +https://openai.com/gptbot)" 512 **0/512406**
144.76.19.28 - - [29/Mar/2026:06:02:01 -0700] "GET /sanal-rulet-para-i%C3%A7in-oyna-kazan/?fileloc=/home/falconiapl2015/public_html/wp-settings.php&path=/home/falconiapl2015/public_html HTTP/1.1" 200 8845 "-" "Mozilla/5.0 (compatible; SERankingBacklinksBot/1.0; +https://seranking.com/backlinks-crawler)" 516 **0/516259**
216.73.216.50 - - [29/Mar/2026:06:02:01 -0700] "GET /item/670331711?fileloc=%2Fhome%2Ffalconiapl2015%2Fpublic_html%2F.easyssl_backup%2F.htaccess_easysslbackup.1721144454_1721144454files&path=%2Fhome%2Ffalconiapl2015%2Fpublic_html%2F.easyssl_backup HTTP/2.0" 403 3449 "-" "Mozilla/5.0 AppleWebKit/537.36 (KHTML, like Gecko; compatible; ClaudeBot/1.0; +claudebot@anthropic.com)" 540 **0/540089**
74.7.241.52 - - [29/Mar/2026:06:02:01 -0700] "GET /?path=/home/falconiapl2015/.sucuriquarantine/home/falconiapl2015/public_html/wp-content/plugins/pro-elements/modules/checklist/steps HTTP/2.0" 200 2702 "https://www.falcon-ia.com/?path=/home/falconiapl2015/.sucuriquarantine/home/falconiapl2015/public_html/wp-content/plugins/pro-elements/modules/checklist" "Mozilla/5.0 AppleWebKit/537.36 (KHTML, like Gecko; compatible; GPTBot/1.3; +https://openai.com/gptbot)" 574 **0/574905**
216.73.216.50 - - [29/Mar/2026:06:02:04 -0700] "GET /item/259916815?fileloc=%2Fhome%2Ffalconiapl2015%2Fcache%2Fcache_405a9219b5e8408bfe1d98af7b4a8319&path=%2Fhome%2Ffalconiapl2015%2Fcache HTTP/2.0" 403 3449 "-" "Mozilla/5.0 AppleWebKit/537.36 (KHTML, like Gecko; compatible; ClaudeBot/1.0; +claudebot@anthropic.com)" 525 **0/525283**
74.7.241.52 - - [29/Mar/2026:06:02:05 -0700] "GET /?path=/home/falconiapl2015/.sucuriquarantine/home/falconiapl2015/public_html/wp-content/plugins/pro-elements/modules/call-to-action HTTP/2.0" 200 2764 "https://www.falcon-ia.com/?path=/home/falconiapl2015/.sucuriquarantine/home/falconiapl2015/public_html/wp-content/plugins/pro-elements/modules" "Mozilla/5.0 AppleWebKit/537.36 (KHTML, like Gecko; compatible; GPTBot/1.3; +https://openai.com/gptbot)" 489 **0/489113**
184.168.112.12 - - [29/Mar/2026:05:57:06 -0700] "GET /images/images/images/images/images/images/images/images/index.php?ARRAY=7o2230223n313737343739323632362p2231223n22687474703n5p2s5p2s7n733836307631332r6361746561722r626573745p2s3s6p633q7068705s636s64655s6n6326743q313737343738393032362q6430326430633663303531383234663838633166653835666138633965326435222p2232223n226232376235336437313237313933653337636436313435306631343737333261222p2233223n223066316239643631313364633062616262353764633131636633333431623962222p226175746s5s66696p655s6r616q65223n6r756p6p2p226175746s5s70617373223n6r756p6p2p2262696r675s70617373223n2232382q33342q35312q36382q37342q38392q3137227q HTTP/1.1" 503 55901 "-" "-" 300613 **300/300613161**
144.76.19.28 - - [29/Mar/2026:06:02:07 -0700] "GET /yeni-slotlar-siteleri-deneme-bonusu/?fileloc=/home/falconiapl2015/public_html/wp-links-opml.php&path=/home/falconiapl2015/public_html HTTP/1.1" 200 3636 "-" "Mozilla/5.0 (compatible; SERankingBacklinksBot/1.0; +https://seranking.com/backlinks-crawler)" 509 **0/509691**
216.73.216.50 - - [29/Mar/2026:06:02:07 -0700] "GET /item/2994365632?fileloc=%2Fhome%2Ffalconiapl2015%2Fpublic_html%2Fwp-includes%2Fimages%2Fdown_arrow-2x.gif&path=%2Fhome%2Ffalconiapl2015%2Fpublic_html%2Fwp-includes%2Fimages HTTP/2.0" 403 3449 "-" "Mozilla/5.0 AppleWebKit/537.36 (KHTML, like Gecko; compatible; ClaudeBot/1.0; +claudebot@anthropic.com)" 495 **0/495213**
74.7.241.52 - - [29/Mar/2026:06:02:08 -0700] "GET /?path=/home/falconiapl2015/.sucuriquarantine/home/falconiapl2015/public_html/wp-content/plugins/pro-elements/modules/loop-builder/files HTTP/2.0" 200 2776 "https://www.falcon-ia.com/?path=/home/falconiapl2015/.sucuriquarantine/home/falconiapl2015/public_html/wp-content/plugins/pro-elements/modules/loop-builder" "Mozilla/5.0 AppleWebKit/537.36 (KHTML, like Gecko; compatible; GPTBot/1.3; +https://openai.com/gptbot)" 508 **0/508180**
216.73.216.50 - - [29/Mar/2026:06:02:10 -0700] "GET /item/662787009?fileloc=%2Fhome%2Ffalconiapl2015%2Fcache%2Fcache_be5da1113ad16c049db9e94cc68d69c6&path=%2Fhome%2Ffalconiapl2015%2Fcache HTTP/2.0" 403 3449 "-" "Mozilla/5.0 AppleWebKit/537.36 (KHTML, like Gecko; compatible; ClaudeBot/1.0; +claudebot@anthropic.com)" 524 **0/524729**
74.7.241.52 - - [29/Mar/2026:06:02:11 -0700] "GET /?path=/home/falconiapl2015/.sucuriquarantine/home/falconiapl2015/public_html/wp-content/plugins/pro-elements/modules/table-of-contents HTTP/2.0" 200 2767 "https://www.falcon-ia.com/?path=/home/falconiapl2015/.sucuriquarantine/home/falconiapl2015/public_html/wp-content/plugins/pro-elements/modules" "Mozilla/5.0 AppleWebKit/537.36 (KHTML, like Gecko; compatible; GPTBot/1.3; +https://openai.com/gptbot)" 522 **0/522659**
144.76.19.28 - - [29/Mar/2026:06:02:12 -0700] "GET /%C3%A7evrimi%C3%A7i-rulet-say%C4%B1-analizi/?fileloc=/home/falconiapl2015/public_html/robots.txt&path=/home/falconiapl2015/public_html HTTP/1.1" 200 2531 "-" "Mozilla/5.0 (compatible; SERankingBacklinksBot/1.0; +https://seranking.com/backlinks-crawler)" 506 **0/506432**
216.73.216.50 - - [29/Mar/2026:06:02:13 -0700] "GET /item/1138471869?fileloc=%2Fhome%2Ffalconiapl2015%2Fcache%2Fcache_405a9219b5e8408bfe1d98af7b4a8319&path=%2Fhome%2Ffalconiapl2015%2Fcache HTTP/2.0" 200 2273 "-" "Mozilla/5.0 AppleWebKit/537.36 (KHTML, like Gecko; compatible; ClaudeBot/1.0; +claudebot@anthropic.com)" 494 **0/494329**
74.7.241.52 - - [29/Mar/2026:06:02:14 -0700] "GET /?path=/home/falconiapl2015/.sucuriquarantine/home/falconiapl2015/public_html/wp-content/plugins/pro-elements/modules/assets-manager/asset-types/admin-menu-items HTTP/2.0" 200 2724 "https://www.falcon-ia.com/?path=/home/falconiapl2015/.sucuriquarantine/home/falconiapl2015/public_html/wp-content/plugins/pro-elements/modules/assets-manager/asset-types" "Mozilla/5.0 AppleWebKit/537.36 (KHTML, like Gecko; compatible; GPTBot/1.3; +https://openai.com/gptbot)" 515 **0/515782**
216.73.216.50 - - [29/Mar/2026:06:02:16 -0700] "GET /item/4110897659?fileloc=%2Fhome%2Ffalconiapl2015%2Fpublic_html%2Fwp-admin%2Fimages%2Ffreedom-2.svg&path=%2Fhome%2Ffalconiapl2015%2Fpublic_html%2Fwp-admin%2Fimages HTTP/2.0" 200 5231 "-" "Mozilla/5.0 AppleWebKit/537.36 (KHTML, like Gecko; compatible; ClaudeBot/1.0; +claudebot@anthropic.com)" 498 **0/498950**
74.7.241.52 - - [29/Mar/2026:06:02:17 -0700] "GET /?fileloc=/home/falconiapl2015/.sucuriquarantine/home/falconiapl2015/public_html/wp-content/plugins/pro-elements/modules/assets-manager/asset-types/.htaccess_sucuribackup.17746063493742_1774606217cleanup&path=/home/falconiapl2015/.sucuriquarantine/home/falconiapl2015/public_html/wp-content/plugins/pro-elements/modules/assets-manager/asset-types HTTP/2.0" 403 3449 "https://www.falcon-ia.com/?path=/home/falconiapl2015/.sucuriquarantine/home/falconiapl2015/public_html/wp-content/plugins/pro-elements/modules/assets-manager/asset-types" "Mozilla/5.0 AppleWebKit/537.36 (KHTML, like Gecko; compatible; GPTBot/1.3; +https://openai.com/gptbot)" 501 **0/501921**
144.76.19.28 - - [29/Mar/2026:06:02:18 -0700] "GET /%C3%A7evrimi%C3%A7i-rulet-say%C4%B1-analizi/?fileloc=/home/falconiapl2015/public_html/xmlrpc.php&path=/home/falconiapl2015/public_html HTTP/1.1" 200 3927 "-" "Mozilla/5.0 (compatible; SERankingBacklinksBot/1.0; +https://seranking.com/backlinks-crawler)" 485 **0/485729**
216.73.216.50 - - [29/Mar/2026:06:02:19 -0700] "GET /item/4188093538?fileloc=%2Fhome%2Ffalconiapl2015%2Ftmp%2Fwebalizer%2Fctry_usage_202211.png&path=%2Fhome%2Ffalconiapl2015%2Ftmp%2Fwebalizer HTTP/2.0" 200 4322 "-" "Mozilla/5.0 AppleWebKit/537.36 (KHTML, like Gecko; compatible; ClaudeBot/1.0; +claudebot@anthropic.com)" 499 **0/499034**
