216.73.216.162 - - [27/Mar/2026:06:54:55 -0700] "GET /item/3545081926 HTTP/2.0" 404 10469 "-" "Mozilla/5.0 AppleWebKit/537.36 (KHTML, like Gecko; compatible; ClaudeBot/1.0; +claudebot@anthropic.com)" 1142 **1/1142585**
216.73.216.162 - - [27/Mar/2026:06:54:58 -0700] "GET /item/3191710569 HTTP/2.0" 404 10469 "-" "Mozilla/5.0 AppleWebKit/537.36 (KHTML, like Gecko; compatible; ClaudeBot/1.0; +claudebot@anthropic.com)" 1754 **1/1754473**
54.39.136.45 - - [27/Mar/2026:06:54:58 -0700] "GET /blackjack-met-bonus/ HTTP/2.0" 404 10472 "-" "Mozilla/5.0 (compatible; AhrefsBot/7.0; +http://ahrefs.com/robot/)" 1757 **1/1757904**
216.73.216.162 - - [27/Mar/2026:06:55:01 -0700] "GET /item/2213708942 HTTP/2.0" 404 10469 "-" "Mozilla/5.0 AppleWebKit/537.36 (KHTML, like Gecko; compatible; ClaudeBot/1.0; +claudebot@anthropic.com)" 4710 **4/4710035**
216.73.216.162 - - [27/Mar/2026:06:55:07 -0700] "GET /item/3330263820 HTTP/2.0" 404 10469 "-" "Mozilla/5.0 AppleWebKit/537.36 (KHTML, like Gecko; compatible; ClaudeBot/1.0; +claudebot@anthropic.com)" 2226 **2/2226582**
216.73.216.162 - - [27/Mar/2026:06:55:10 -0700] "GET /item/1056665390 HTTP/2.0" 404 10468 "-" "Mozilla/5.0 AppleWebKit/537.36 (KHTML, like Gecko; compatible; ClaudeBot/1.0; +claudebot@anthropic.com)" 1889 **1/1889902**
216.73.216.162 - - [27/Mar/2026:06:55:13 -0700] "GET /item/1840394811 HTTP/2.0" 404 10468 "-" "Mozilla/5.0 AppleWebKit/537.36 (KHTML, like Gecko; compatible; ClaudeBot/1.0; +claudebot@anthropic.com)" 1429 **1/1429265**
216.73.216.162 - - [27/Mar/2026:06:55:16 -0700] "GET /item/2748610110 HTTP/2.0" 404 10468 "-" "Mozilla/5.0 AppleWebKit/537.36 (KHTML, like Gecko; compatible; ClaudeBot/1.0; +claudebot@anthropic.com)" 1553 **1/1553765**
216.73.216.162 - - [27/Mar/2026:06:55:19 -0700] "GET /item/639490396 HTTP/2.0" 404 10468 "-" "Mozilla/5.0 AppleWebKit/537.36 (KHTML, like Gecko; compatible; ClaudeBot/1.0; +claudebot@anthropic.com)" 1732 **1/1732719**
185.191.171.12 - - [27/Mar/2026:06:55:20 -0700] "GET /commodity/motif/enhancement17163364343 HTTP/1.1" 404 51133 "-" "Mozilla/5.0 (compatible; SemrushBot/7~bl; +http://www.semrush.com/bot.html)" 1410 **1/1410096**
216.73.216.162 - - [27/Mar/2026:06:55:22 -0700] "GET /item/2526755147 HTTP/2.0" 404 10467 "-" "Mozilla/5.0 AppleWebKit/537.36 (KHTML, like Gecko; compatible; ClaudeBot/1.0; +claudebot@anthropic.com)" 1677 **1/1677472**
216.73.216.162 - - [27/Mar/2026:06:55:25 -0700] "GET /item/2504647766 HTTP/2.0" 404 10469 "-" "Mozilla/5.0 AppleWebKit/537.36 (KHTML, like Gecko; compatible; ClaudeBot/1.0; +claudebot@anthropic.com)" 1616 **1/1616309**
85.208.96.210 - - [27/Mar/2026:06:55:27 -0700] "GET /commodity/rebounds/nightlife17202246619 HTTP/1.1" 404 51134 "-" "Mozilla/5.0 (compatible; SemrushBot/7~bl; +http://www.semrush.com/bot.html)" 1585 **1/1585984**
216.73.216.162 - - [27/Mar/2026:06:55:28 -0700] "GET /item/1806947463 HTTP/2.0" 404 10469 "-" "Mozilla/5.0 AppleWebKit/537.36 (KHTML, like Gecko; compatible; ClaudeBot/1.0; +claudebot@anthropic.com)" 1355 **1/1355919**
216.73.216.162 - - [27/Mar/2026:06:55:31 -0700] "GET /item/1145810157 HTTP/2.0" 404 10468 "-" "Mozilla/5.0 AppleWebKit/537.36 (KHTML, like Gecko; compatible; ClaudeBot/1.0; +claudebot@anthropic.com)" 1178 **1/1178697**
216.73.216.162 - - [27/Mar/2026:06:55:34 -0700] "GET /item/1188042100 HTTP/2.0" 404 10468 "-" "Mozilla/5.0 AppleWebKit/537.36 (KHTML, like Gecko; compatible; ClaudeBot/1.0; +claudebot@anthropic.com)" 1340 **1/1340594**
185.191.171.17 - - [27/Mar/2026:06:55:35 -0700] "GET /commodity/units/antibiotic171855079784 HTTP/1.1" 404 51133 "-" "Mozilla/5.0 (compatible; SemrushBot/7~bl; +http://www.semrush.com/bot.html)" 1265 **1/1265986**
184.168.112.12 - - [27/Mar/2026:06:55:38 -0700] "POST /wp-cron.php?doing_wp_cron=1774619738.5681769847869873046875 HTTP/1.1" 200 - "-" "WordPress/6.9.4; https://falcon-ia.com" 22 **0/22994**
216.73.216.162 - - [27/Mar/2026:06:55:37 -0700] "GET /item/3777931514 HTTP/2.0" 404 10469 "-" "Mozilla/5.0 AppleWebKit/537.36 (KHTML, like Gecko; compatible; ClaudeBot/1.0; +claudebot@anthropic.com)" 1242 **1/1242149**
85.208.96.194 - - [27/Mar/2026:06:55:40 -0700] "GET /commodity/baccarat/latency171991294899 HTTP/1.1" 404 51133 "-" "Mozilla/5.0 (compatible; SemrushBot/7~bl; +http://www.semrush.com/bot.html)" 1412 **1/1412755**
216.73.216.162 - - [27/Mar/2026:06:55:40 -0700] "GET /item/3169603204 HTTP/2.0" 404 10470 "-" "Mozilla/5.0 AppleWebKit/537.36 (KHTML, like Gecko; compatible; ClaudeBot/1.0; +claudebot@anthropic.com)" 1476 **1/1476921**
114.119.143.130 - - [27/Mar/2026:06:55:41 -0700] "GET /commodity/norway/coherent171796450569 HTTP/1.1" 404 51132 "https://falcon-ia.com/sitemap_91.xml" "Mozilla/5.0 (Linux; Android 7.0;) AppleWebKit/537.36 (KHTML, like Gecko) Mobile Safari/537.36 (compatible; PetalBot;+https://webmaster.petalsearch.com/site/petalbot)" 1249 **1/1249692**
216.73.216.162 - - [27/Mar/2026:06:55:43 -0700] "GET /item/1216673417 HTTP/2.0" 404 10468 "-" "Mozilla/5.0 AppleWebKit/537.36 (KHTML, like Gecko; compatible; ClaudeBot/1.0; +claudebot@anthropic.com)" 1354 **1/1354126**
216.73.216.162 - - [27/Mar/2026:06:55:46 -0700] "GET /item/4061234122 HTTP/2.0" 404 10468 "-" "Mozilla/5.0 AppleWebKit/537.36 (KHTML, like Gecko; compatible; ClaudeBot/1.0; +claudebot@anthropic.com)" 1227 **1/1227023**
185.191.171.12 - - [27/Mar/2026:06:55:46 -0700] "GET /commodity/arguments/nie171819166616 HTTP/1.1" 404 51130 "-" "Mozilla/5.0 (compatible; SemrushBot/7~bl; +http://www.semrush.com/bot.html)" 1193 **1/1193911**
216.73.216.162 - - [27/Mar/2026:06:55:49 -0700] "GET /item/3527381530 HTTP/2.0" 404 10468 "-" "Mozilla/5.0 AppleWebKit/537.36 (KHTML, like Gecko; compatible; ClaudeBot/1.0; +claudebot@anthropic.com)" 1333 **1/1333295**
216.73.216.162 - - [27/Mar/2026:06:55:52 -0700] "GET /item/507574711 HTTP/2.0" 404 10466 "-" "Mozilla/5.0 AppleWebKit/537.36 (KHTML, like Gecko; compatible; ClaudeBot/1.0; +claudebot@anthropic.com)" 1486 **1/1486753**
85.208.96.212 - - [27/Mar/2026:06:55:52 -0700] "GET /commodity/patented/charmed171824962836 HTTP/1.1" 404 51133 "-" "Mozilla/5.0 (compatible; SemrushBot/7~bl; +http://www.semrush.com/bot.html)" 1200 **1/1200260**
216.73.216.162 - - [27/Mar/2026:06:55:55 -0700] "GET /item/3498261195 HTTP/2.0" 404 10469 "-" "Mozilla/5.0 AppleWebKit/537.36 (KHTML, like Gecko; compatible; ClaudeBot/1.0; +claudebot@anthropic.com)" 1323 **1/1323295**
185.191.171.4 - - [27/Mar/2026:06:55:58 -0700] "GET /commodity/prestigious/juniper171910630995 HTTP/1.1" 404 51136 "-" "Mozilla/5.0 (compatible; SemrushBot/7~bl; +http://www.semrush.com/bot.html)" 1282 **1/1282656**
216.73.216.162 - - [27/Mar/2026:06:55:58 -0700] "GET /item/1905130138 HTTP/2.0" 404 10468 "-" "Mozilla/5.0 AppleWebKit/537.36 (KHTML, like Gecko; compatible; ClaudeBot/1.0; +claudebot@anthropic.com)" 1229 **1/1229663**
216.73.216.162 - - [27/Mar/2026:06:56:01 -0700] "GET /item/2673297714 HTTP/2.0" 404 10467 "-" "Mozilla/5.0 AppleWebKit/537.36 (KHTML, like Gecko; compatible; ClaudeBot/1.0; +claudebot@anthropic.com)" 2332 **2/2332424**
85.208.96.194 - - [27/Mar/2026:06:56:04 -0700] "GET /commodity/picked/adjourned171626901408 HTTP/1.1" 404 51133 "-" "Mozilla/5.0 (compatible; SemrushBot/7~bl; +http://www.semrush.com/bot.html)" 1305 **1/1305058**
216.73.216.162 - - [27/Mar/2026:06:56:04 -0700] "GET /item/129466117 HTTP/2.0" 404 10468 "-" "Mozilla/5.0 AppleWebKit/537.36 (KHTML, like Gecko; compatible; ClaudeBot/1.0; +claudebot@anthropic.com)" 1610 **1/1610940**
216.73.216.162 - - [27/Mar/2026:06:56:07 -0700] "GET /item/3591459047 HTTP/2.0" 404 10469 "-" "Mozilla/5.0 AppleWebKit/537.36 (KHTML, like Gecko; compatible; ClaudeBot/1.0; +claudebot@anthropic.com)" 1338 **1/1338729**
185.191.171.12 - - [27/Mar/2026:06:56:10 -0700] "GET /commodity/armstrong/breaker171822201997 HTTP/1.1" 404 51134 "-" "Mozilla/5.0 (compatible; SemrushBot/7~bl; +http://www.semrush.com/bot.html)" 1524 **1/1524712**
185.191.171.9 - - [27/Mar/2026:06:56:16 -0700] "GET /commodity/deleted/dinosaurs172186260104 HTTP/1.1" 404 51134 "-" "Mozilla/5.0 (compatible; SemrushBot/7~bl; +http://www.semrush.com/bot.html)" 1454 **1/1454471**
85.208.96.195 - - [27/Mar/2026:06:56:22 -0700] "GET /commodity/conforming/revocation171982243614 HTTP/1.1" 404 51138 "-" "Mozilla/5.0 (compatible; SemrushBot/7~bl; +http://www.semrush.com/bot.html)" 1258 **1/1258727**
185.191.171.6 - - [27/Mar/2026:06:56:27 -0700] "GET /commodity/inconvenience/explaining171913860132 HTTP/1.1" 404 51141 "-" "Mozilla/5.0 (compatible; SemrushBot/7~bl; +http://www.semrush.com/bot.html)" 1264 **1/1264893**
43.173.178.190 - - [27/Mar/2026:06:56:30 -0700] "GET /carousel-casino-100-free-spins/ HTTP/1.1" 404 51126 "-" "Mozilla/5.0 (Windows NT 10.0; Win64; x64) AppleWebKit/537.36 (KHTML, like Gecko) Chrome/107.0.0.0 Safari/537.36" 1244 **1/1244883**
43.173.182.113 - - [27/Mar/2026:06:56:31 -0700] "GET /wp-content/uploads/nexgen/css/custom.css?ver=1.1.31774619791 HTTP/1.1" 200 686 "https://falcon-ia.com/carousel-casino-100-free-spins/" "Mozilla/5.0 (Windows NT 10.0; Win64; x64) AppleWebKit/537.36 (KHTML, like Gecko) Chrome/107.0.0.0 Safari/537.36" 6 **0/6261**
85.208.96.211 - - [27/Mar/2026:06:56:33 -0700] "GET /commodity/avenue/gmt171618209577 HTTP/1.1" 404 51127 "-" "Mozilla/5.0 (compatible; SemrushBot/7~bl; +http://www.semrush.com/bot.html)" 1272 **1/1272393**
185.191.171.10 - - [27/Mar/2026:06:56:38 -0700] "GET /commodity/roundtable/inhibitors171810145164 HTTP/1.1" 404 51138 "-" "Mozilla/5.0 (compatible; SemrushBot/7~bl; +http://www.semrush.com/bot.html)" 1311 **1/1311879**
54.39.89.147 - - [27/Mar/2026:06:56:51 -0700] "GET /tombola-bingo-casino-50-free-spins/ HTTP/2.0" 404 10485 "-" "Mozilla/5.0 (compatible; AhrefsBot/7.0; +http://ahrefs.com/robot/)" 1081 **1/1081362**
114.119.156.190 - - [27/Mar/2026:06:56:53 -0700] "GET /commodity/northwestern/esa17208128602 HTTP/1.1" 404 51132 "https://falcon-ia.com/sitemap_96.xml" "Mozilla/5.0 (Linux; Android 7.0;) AppleWebKit/537.36 (KHTML, like Gecko) Mobile Safari/537.36 (compatible; PetalBot;+https://webmaster.petalsearch.com/site/petalbot)" 1351 **1/1351602**
114.119.155.69 - - [27/Mar/2026:06:58:16 -0700] "GET /commodity/northumberland/burst172114560404 HTTP/1.1" 404 51137 "https://falcon-ia.com/sitemap_96.xml" "Mozilla/5.0 (Linux; Android 7.0;) AppleWebKit/537.36 (KHTML, like Gecko) Mobile Safari/537.36 (compatible; PetalBot;+https://webmaster.petalsearch.com/site/petalbot)" 1391 **1/1391210**
43.173.179.176 - - [27/Mar/2026:06:58:31 -0700] "GET /?p=21736 HTTP/1.1" 404 51103 "-" "Mozilla/5.0 (Windows NT 10.0; Win64; x64) AppleWebKit/537.36 (KHTML, like Gecko) Chrome/106.0.5249.119 Safari/537.36" 1347 **1/1347324**
43.173.173.153 - - [27/Mar/2026:06:58:32 -0700] "GET /wp-content/uploads/nexgen/css/custom.css?ver=1.1.31774619912 HTTP/1.1" 200 686 "https://falcon-ia.com/?p=21736" "Mozilla/5.0 (Windows NT 10.0; Win64; x64) AppleWebKit/537.36 (KHTML, like Gecko) Chrome/106.0.5249.119 Safari/537.36" 7 **0/7991**
85.208.96.195 - - [27/Mar/2026:06:58:50 -0700] "GET /commodity/assay/because171657103093 HTTP/1.1" 404 51130 "-" "Mozilla/5.0 (compatible; SemrushBot/7~bl; +http://www.semrush.com/bot.html)" 1318 **1/1318293**
85.208.96.206 - - [27/Mar/2026:06:58:56 -0700] "GET /commodity/warranties/attributable172094713171 HTTP/1.1" 404 51140 "-" "Mozilla/5.0 (compatible; SemrushBot/7~bl; +http://www.semrush.com/bot.html)" 1223 **1/1223432**
142.44.233.11 - - [27/Mar/2026:06:59:06 -0700] "GET /bonus-zonder-storten-casino/ HTTP/2.0" 404 10480 "-" "Mozilla/5.0 (compatible; AhrefsBot/7.0; +http://ahrefs.com/robot/)" 1244 **1/1244380**
114.119.151.246 - - [27/Mar/2026:07:00:02 -0700] "GET /commodity/northern/pan171612315444 HTTP/1.1" 404 51129 "https://falcon-ia.com/sitemap_96.xml" "Mozilla/5.0 (Linux; Android 7.0;) AppleWebKit/537.36 (KHTML, like Gecko) Mobile Safari/537.36 (compatible; PetalBot;+https://webmaster.petalsearch.com/site/petalbot)" 3814 **3/3814898**
51.161.37.111 - - [27/Mar/2026:07:00:53 -0700] "GET /roulette-uitbetalen/ HTTP/2.0" 404 10473 "-" "Mozilla/5.0 (compatible; AhrefsBot/7.0; +http://ahrefs.com/robot/)" 1336 **1/1336790**
114.119.136.15 - - [27/Mar/2026:07:00:59 -0700] "GET /commodity/northampton/ascertain17163397655 HTTP/1.1" 404 51137 "https://falcon-ia.com/sitemap_119.xml" "Mozilla/5.0 (Linux; Android 7.0;) AppleWebKit/537.36 (KHTML, like Gecko) Mobile Safari/537.36 (compatible; PetalBot;+https://webmaster.petalsearch.com/site/petalbot)" 1234 **1/1234681**
85.208.96.205 - - [27/Mar/2026:07:01:09 -0700] "GET /commodity/qualifier/bookshop172159732753 HTTP/1.1" 404 51135 "-" "Mozilla/5.0 (compatible; SemrushBot/7~bl; +http://www.semrush.com/bot.html)" 1073 **1/1073144**
85.208.96.207 - - [27/Mar/2026:07:01:14 -0700] "GET /commodity/attainment/weekends172038001491 HTTP/1.1" 404 51136 "-" "Mozilla/5.0 (compatible; SemrushBot/7~bl; +http://www.semrush.com/bot.html)" 1113 **1/1113517**
4.196.118.112 - - [27/Mar/2026:07:01:23 -0700] "GET / HTTP/2.0" 200 17326 "-" "Mozilla/5.0 AppleWebKit/537.36 (KHTML, like Gecko); compatible; ChatGPT-User/1.0; +https://openai.com/bot" 1367 **1/1367458**
114.119.136.15 - - [27/Mar/2026:07:02:36 -0700] "GET /commodity/norms/dependency171721437172 HTTP/1.1" 404 51133 "https://falcon-ia.com/sitemap_90.xml" "Mozilla/5.0 (Linux; Android 7.0;) AppleWebKit/537.36 (KHTML, like Gecko) Mobile Safari/537.36 (compatible; PetalBot;+https://webmaster.petalsearch.com/site/petalbot)" 1586 **1/1586168**
167.114.139.248 - - [27/Mar/2026:07:02:49 -0700] "GET /lucky8-casino-no-deposit-bonus/ HTTP/2.0" 404 10482 "-" "Mozilla/5.0 (compatible; AhrefsBot/7.0; +http://ahrefs.com/robot/)" 1419 **1/1419009**
185.191.171.12 - - [27/Mar/2026:07:03:27 -0700] "GET /commodity/vga/strain17197861496 HTTP/1.1" 404 51126 "-" "Mozilla/5.0 (compatible; SemrushBot/7~bl; +http://www.semrush.com/bot.html)" 1237 **1/1237457**
114.119.151.246 - - [27/Mar/2026:07:03:48 -0700] "GET /commodity/normal/jerking171721424741 HTTP/1.1" 404 51131 "https://falcon-ia.com/sitemap_88.xml" "Mozilla/5.0 (Linux; Android 7.0;) AppleWebKit/537.36 (KHTML, like Gecko) Mobile Safari/537.36 (compatible; PetalBot;+https://webmaster.petalsearch.com/site/petalbot)" 1329 **1/1329357**
142.44.225.30 - - [27/Mar/2026:07:04:31 -0700] "GET /beste-casino-online-nederland/ HTTP/2.0" 404 10478 "-" "Mozilla/5.0 (compatible; AhrefsBot/7.0; +http://ahrefs.com/robot/)" 1307 **1/1307295**
114.119.145.102 - - [27/Mar/2026:07:05:13 -0700] "GET /commodity/norma/mixed17169037155 HTTP/1.1" 404 51127 "https://falcon-ia.com/sitemap_90.xml" "Mozilla/5.0 (Linux; Android 7.0;) AppleWebKit/537.36 (KHTML, like Gecko) Mobile Safari/537.36 (compatible; PetalBot;+https://webmaster.petalsearch.com/site/petalbot)" 3449 **3/3449696**
47.128.32.212 - - [27/Mar/2026:07:05:18 -0700] "GET /route-777-online-gokkast-spelen-gratis-en-met-geld/ HTTP/2.0" 404 10495 "-" "Mozilla/5.0 (Linux; Android 5.0) AppleWebKit/537.36 (KHTML, like Gecko) Mobile Safari/537.36 (compatible; Bytespider; spider-feedback@bytedance.com)" 1277 **1/1277260**
47.128.32.212 - - [27/Mar/2026:07:05:22 -0700] "GET /wp-includes/css/dist/block-library/style.min.css?ver=6.9.4 HTTP/2.0" 404 10461 "https://falcon-ia.com/route-777-online-gokkast-spelen-gratis-en-met-geld/" "Mozilla/5.0 (Linux; Android 5.0) AppleWebKit/537.36 (KHTML, like Gecko) Mobile Safari/537.36 (compatible; Bytespider; spider-feedback@bytedance.com)" 1291 **1/1291296**
47.128.32.212 - - [27/Mar/2026:07:05:24 -0700] "GET /wp-content/uploads/nexgen/css/custom.css?ver=1.1.31774620319 HTTP/2.0" 404 10470 "https://falcon-ia.com/route-777-online-gokkast-spelen-gratis-en-met-geld/" "Mozilla/5.0 (Linux; Android 5.0) AppleWebKit/537.36 (KHTML, like Gecko) Mobile Safari/537.36 (compatible; Bytespider; spider-feedback@bytedance.com)" 10963 **10/10963969**
47.128.32.212 - - [27/Mar/2026:07:05:25 -0700] "GET /wp-content/uploads/elementor/css/post-15937.css?ver=1773986792 HTTP/2.0" 404 10470 "https://falcon-ia.com/route-777-online-gokkast-spelen-gratis-en-met-geld/" "Mozilla/5.0 (Linux; Android 5.0) AppleWebKit/537.36 (KHTML, like Gecko) Mobile Safari/537.36 (compatible; Bytespider; spider-feedback@bytedance.com)" 10583 **10/10583024**
47.128.32.212 - - [27/Mar/2026:07:05:24 -0700] "GET /wp-content/themes/nexgen/assets/css/vendor/slider.min.css?ver=1.1.3 HTTP/2.0" 404 10464 "https://falcon-ia.com/route-777-online-gokkast-spelen-gratis-en-met-geld/" "Mozilla/5.0 (Linux; Android 5.0) AppleWebKit/537.36 (KHTML, like Gecko) Mobile Safari/537.36 (compatible; Bytespider; spider-feedback@bytedance.com)" 12852 **12/12852431**
47.128.32.212 - - [27/Mar/2026:07:05:25 -0700] "GET /wp-content/uploads/elementor/css/post-7.css?ver=1773986788 HTTP/2.0" 404 10468 "https://falcon-ia.com/route-777-online-gokkast-spelen-gratis-en-met-geld/" "Mozilla/5.0 (Linux; Android 5.0) AppleWebKit/537.36 (KHTML, like Gecko) Mobile Safari/537.36 (compatible; Bytespider; spider-feedback@bytedance.com)" 12674 **12/12674590**
47.128.32.212 - - [27/Mar/2026:07:05:24 -0700] "GET /wp-content/plugins/contact-form-7/includes/css/styles.css?ver=5.9.2 HTTP/2.0" 404 10464 "https://falcon-ia.com/route-777-online-gokkast-spelen-gratis-en-met-geld/" "Mozilla/5.0 (Linux; Android 5.0) AppleWebKit/537.36 (KHTML, like Gecko) Mobile Safari/537.36 (compatible; Bytespider; spider-feedback@bytedance.com)" 13132 **13/13132020**
47.128.32.212 - - [27/Mar/2026:07:05:25 -0700] "GET /wp-content/themes/nexgen/assets/css/support/contact-form-7.css?ver=1.1.3 HTTP/2.0" 404 10464 "https://falcon-ia.com/route-777-online-gokkast-spelen-gratis-en-met-geld/" "Mozilla/5.0 (Linux; Android 5.0) AppleWebKit/537.36 (KHTML, like Gecko) Mobile Safari/537.36 (compatible; Bytespider; spider-feedback@bytedance.com)" 12891 **12/12891452**
47.128.32.212 - - [27/Mar/2026:07:05:24 -0700] "GET /wp-content/themes/nexgen/assets/css/vendor/animation.min.css?ver=1.1.3 HTTP/2.0" 404 10463 "https://falcon-ia.com/route-777-online-gokkast-spelen-gratis-en-met-geld/" "Mozilla/5.0 (Linux; Android 5.0) AppleWebKit/537.36 (KHTML, like Gecko) Mobile Safari/537.36 (compatible; Bytespider; spider-feedback@bytedance.com)" 13247 **13/13247968**
47.128.32.212 - - [27/Mar/2026:07:05:24 -0700] "GET /wp-content/themes/nexgen/style.css?ver=1.1.3 HTTP/2.0" 404 10465 "https://falcon-ia.com/route-777-online-gokkast-spelen-gratis-en-met-geld/" "Mozilla/5.0 (Linux; Android 5.0) AppleWebKit/537.36 (KHTML, like Gecko) Mobile Safari/537.36 (compatible; Bytespider; spider-feedback@bytedance.com)" 13645 **13/13645429**
47.128.32.212 - - [27/Mar/2026:07:05:25 -0700] "GET /wp-content/uploads/elementor/css/post-15910.css?ver=1773986792 HTTP/2.0" 404 10469 "https://falcon-ia.com/route-777-online-gokkast-spelen-gratis-en-met-geld/" "Mozilla/5.0 (Linux; Android 5.0) AppleWebKit/537.36 (KHTML, like Gecko) Mobile Safari/537.36 (compatible; Bytespider; spider-feedback@bytedance.com)" 13242 **13/13242414**
47.128.32.212 - - [27/Mar/2026:07:05:24 -0700] "GET /wp-content/themes/nexgen/assets/css/vendor/cookie-notice.min.css?ver=1.1.3 HTTP/2.0" 404 10464 "https://falcon-ia.com/route-777-online-gokkast-spelen-gratis-en-met-geld/" "Mozilla/5.0 (Linux; Android 5.0) AppleWebKit/537.36 (KHTML, like Gecko) Mobile Safari/537.36 (compatible; Bytespider; spider-feedback@bytedance.com)" 15266 **15/15266835**
47.128.32.212 - - [27/Mar/2026:07:05:24 -0700] "GET /wp-content/themes/nexgen/assets/css/vendor/gallery.min.css?ver=1.1.3 HTTP/2.0" 404 10464 "https://falcon-ia.com/route-777-online-gokkast-spelen-gratis-en-met-geld/" "Mozilla/5.0 (Linux; Android 5.0) AppleWebKit/537.36 (KHTML, like Gecko) Mobile Safari/537.36 (compatible; Bytespider; spider-feedback@bytedance.com)" 15557 **15/15557838**
47.128.32.212 - - [27/Mar/2026:07:05:24 -0700] "GET /wp-content/themes/nexgen/assets/css/vendor/icons.min.css?ver=1.1.3 HTTP/2.0" 404 10464 "https://falcon-ia.com/route-777-online-gokkast-spelen-gratis-en-met-geld/" "Mozilla/5.0 (Linux; Android 5.0) AppleWebKit/537.36 (KHTML, like Gecko) Mobile Safari/537.36 (compatible; Bytespider; spider-feedback@bytedance.com)" 15641 **15/15641833**
47.128.32.212 - - [27/Mar/2026:07:05:25 -0700] "GET /wp-content/uploads/elementor/css/global.css?ver=1773986792 HTTP/2.0" 404 10468 "https://falcon-ia.com/route-777-online-gokkast-spelen-gratis-en-met-geld/" "Mozilla/5.0 (Linux; Android 5.0) AppleWebKit/537.36 (KHTML, like Gecko) Mobile Safari/537.36 (compatible; Bytespider; spider-feedback@bytedance.com)" 15168 **15/15168550**
47.128.32.212 - - [27/Mar/2026:07:05:25 -0700] "GET /wp-content/plugins/elementor/assets/css/frontend-lite.min.css?ver=3.20.1 HTTP/2.0" 404 10466 "https://falcon-ia.com/route-777-online-gokkast-spelen-gratis-en-met-geld/" "Mozilla/5.0 (Linux; Android 5.0) AppleWebKit/537.36 (KHTML, like Gecko) Mobile Safari/537.36 (compatible; Bytespider; spider-feedback@bytedance.com)" 15740 **15/15740881**
47.128.32.212 - - [27/Mar/2026:07:05:24 -0700] "GET /wp-content/themes/nexgen/assets/css/vendor/icons-fa.min.css?ver=1.1.3 HTTP/2.0" 404 10464 "https://falcon-ia.com/route-777-online-gokkast-spelen-gratis-en-met-geld/" "Mozilla/5.0 (Linux; Android 5.0) AppleWebKit/537.36 (KHTML, like Gecko) Mobile Safari/537.36 (compatible; Bytespider; spider-feedback@bytedance.com)" 15955 **15/15955927**
47.128.32.212 - - [27/Mar/2026:07:05:25 -0700] "GET /wp-content/themes/nexgen/assets/css/support/wordpress.css?ver=1.1.3 HTTP/2.0" 404 10463 "https://falcon-ia.com/route-777-online-gokkast-spelen-gratis-en-met-geld/" "Mozilla/5.0 (Linux; Android 5.0) AppleWebKit/537.36 (KHTML, like Gecko) Mobile Safari/537.36 (compatible; Bytespider; spider-feedback@bytedance.com)" 15986 **15/15986022**
47.128.32.212 - - [27/Mar/2026:07:05:25 -0700] "GET /wp-content/themes/nexgen/assets/css/support/elementor.css?ver=1.1.3 HTTP/2.0" 404 10464 "https://falcon-ia.com/route-777-online-gokkast-spelen-gratis-en-met-geld/" "Mozilla/5.0 (Linux; Android 5.0) AppleWebKit/537.36 (KHTML, like Gecko) Mobile Safari/537.36 (compatible; Bytespider; spider-feedback@bytedance.com)" 16174 **16/16174257**
47.128.32.212 - - [27/Mar/2026:07:05:24 -0700] "GET /wp-content/themes/nexgen/assets/css/vendor/bootstrap.min.css?ver=1.1.3 HTTP/2.0" 404 10464 "https://falcon-ia.com/route-777-online-gokkast-spelen-gratis-en-met-geld/" "Mozilla/5.0 (Linux; Android 5.0) AppleWebKit/537.36 (KHTML, like Gecko) Mobile Safari/537.36 (compatible; Bytespider; spider-feedback@bytedance.com)" 16963 **16/16963162**
47.128.32.212 - - [27/Mar/2026:07:05:25 -0700] "GET /wp-content/plugins/elementor-pro/assets/css/frontend-lite.min.css?ver=3.20.0 HTTP/2.0" 404 10465 "https://falcon-ia.com/route-777-online-gokkast-spelen-gratis-en-met-geld/" "Mozilla/5.0 (Linux; Android 5.0) AppleWebKit/537.36 (KHTML, like Gecko) Mobile Safari/537.36 (compatible; Bytespider; spider-feedback@bytedance.com)" 16573 **16/16573841**
47.128.32.212 - - [27/Mar/2026:07:05:25 -0700] "GET /wp-content/plugins/wpdatatables/integrations/page_builders/elementor/css/style.css?ver=3.4.2.11 HTTP/2.0" 404 10464 "https://falcon-ia.com/route-777-online-gokkast-spelen-gratis-en-met-geld/" "Mozilla/5.0 (Linux; Android 5.0) AppleWebKit/537.36 (KHTML, like Gecko) Mobile Safari/537.36 (compatible; Bytespider; spider-feedback@bytedance.com)" 16659 **16/16659831**
47.128.32.212 - - [27/Mar/2026:07:05:25 -0700] "GET /wp-content/plugins/elementor/assets/lib/swiper/v8/css/swiper.min.css?ver=8.4.5 HTTP/2.0" 404 10466 "https://falcon-ia.com/route-777-online-gokkast-spelen-gratis-en-met-geld/" "Mozilla/5.0 (Linux; Android 5.0) AppleWebKit/537.36 (KHTML, like Gecko) Mobile Safari/537.36 (compatible; Bytespider; spider-feedback@bytedance.com)" 16970 **16/16970569**
47.128.32.212 - - [27/Mar/2026:07:05:25 -0700] "GET /wp-content/plugins/elementskit/modules/mouse-cursor/assets/css/style.css?ver=3.5.0 HTTP/2.0" 404 10466 "https://falcon-ia.com/route-777-online-gokkast-spelen-gratis-en-met-geld/" "Mozilla/5.0 (Linux; Android 5.0) AppleWebKit/537.36 (KHTML, like Gecko) Mobile Safari/537.36 (compatible; Bytespider; spider-feedback@bytedance.com)" 16774 **16/16774870**
47.128.32.212 - - [27/Mar/2026:07:05:24 -0700] "GET /wp-content/themes/nexgen/assets/css/default.css?ver=1.1.3 HTTP/2.0" 404 10466 "https://falcon-ia.com/route-777-online-gokkast-spelen-gratis-en-met-geld/" "Mozilla/5.0 (Linux; Android 5.0) AppleWebKit/537.36 (KHTML, like Gecko) Mobile Safari/537.36 (compatible; Bytespider; spider-feedback@bytedance.com)" 17544 **17/17544435**
47.128.32.212 - - [27/Mar/2026:07:05:25 -0700] "GET /wp-content/plugins/elementskit/modules/parallax/assets/css/style.css?ver=3.5.0 HTTP/2.0" 404 10466 "https://falcon-ia.com/route-777-online-gokkast-spelen-gratis-en-met-geld/" "Mozilla/5.0 (Linux; Android 5.0) AppleWebKit/537.36 (KHTML, like Gecko) Mobile Safari/537.36 (compatible; Bytespider; spider-feedback@bytedance.com)" 17293 **17/17293061**
47.128.32.212 - - [27/Mar/2026:07:05:25 -0700] "GET /wp-content/plugins/elementor/assets/lib/animations/animations.min.css?ver=3.20.1 HTTP/2.0" 404 10461 "https://falcon-ia.com/route-777-online-gokkast-spelen-gratis-en-met-geld/" "Mozilla/5.0 (Linux; Android 5.0) AppleWebKit/537.36 (KHTML, like Gecko) Mobile Safari/537.36 (compatible; Bytespider; spider-feedback@bytedance.com)" 18571 **18/18571580**
47.128.32.212 - - [27/Mar/2026:07:05:25 -0700] "GET /wp-content/plugins/elementskit-lite/widgets/init/assets/css/responsive.css?ver=3.1.2 HTTP/2.0" 404 10462 "https://falcon-ia.com/route-777-online-gokkast-spelen-gratis-en-met-geld/" "Mozilla/5.0 (Linux; Android 5.0) AppleWebKit/537.36 (KHTML, like Gecko) Mobile Safari/537.36 (compatible; Bytespider; spider-feedback@bytedance.com)" 18982 **18/18982823**
47.128.32.212 - - [27/Mar/2026:07:05:25 -0700] "GET /wp-content/plugins/elementskit/modules/particles/assets/css/particles.css?ver=3.5.0 HTTP/2.0" 404 10461 "https://falcon-ia.com/route-777-online-gokkast-spelen-gratis-en-met-geld/" "Mozilla/5.0 (Linux; Android 5.0) AppleWebKit/537.36 (KHTML, like Gecko) Mobile Safari/537.36 (compatible; Bytespider; spider-feedback@bytedance.com)" 18968 **18/18968315**
47.128.32.212 - - [27/Mar/2026:07:05:25 -0700] "GET /wp-content/plugins/elementskit/widgets/init/assets/css/widget-styles-pro.css?ver=3.5.0 HTTP/2.0" 404 10462 "https://falcon-ia.com/route-777-online-gokkast-spelen-gratis-en-met-geld/" "Mozilla/5.0 (Linux; Android 5.0) AppleWebKit/537.36 (KHTML, like Gecko) Mobile Safari/537.36 (compatible; Bytespider; spider-feedback@bytedance.com)" 19717 **19/19717837**
47.128.32.212 - - [27/Mar/2026:07:05:25 -0700] "GET /wp-content/plugins/elementskit-lite/modules/elementskit-icon-pack/assets/css/ekiticons.css?ver=3.1.2 HTTP/2.0" 404 10465 "https://falcon-ia.com/route-777-online-gokkast-spelen-gratis-en-met-geld/" "Mozilla/5.0 (Linux; Android 5.0) AppleWebKit/537.36 (KHTML, like Gecko) Mobile Safari/537.36 (compatible; Bytespider; spider-feedback@bytedance.com)" 19803 **19/19803489**
47.128.32.212 - - [27/Mar/2026:07:05:41 -0700] "GET /wp-content/uploads/2024/06/FALCON-ia-logo-grey-1.png HTTP/2.0" 404 51147 "https://falcon-ia.com/route-777-online-gokkast-spelen-gratis-en-met-geld/" "Mozilla/5.0 (Linux; Android 5.0) AppleWebKit/537.36 (KHTML, like Gecko) Mobile Safari/537.36 (compatible; Bytespider; spider-feedback@bytedance.com)" 4031 **4/4031401**
47.128.32.212 - - [27/Mar/2026:07:05:25 -0700] "GET /wp-content/plugins/elementskit-lite/widgets/init/assets/css/widget-styles.css?ver=3.1.2 HTTP/2.0" 404 10462 "https://falcon-ia.com/route-777-online-gokkast-spelen-gratis-en-met-geld/" "Mozilla/5.0 (Linux; Android 5.0) AppleWebKit/537.36 (KHTML, like Gecko) Mobile Safari/537.36 (compatible; Bytespider; spider-feedback@bytedance.com)" 20333 **20/20333191**
47.128.32.212 - - [27/Mar/2026:07:05:25 -0700] "GET /wp-content/plugins/elementskit/modules/pro-form-reset-button/assets/css/elementskit-reset-button.css?ver=3.5.0 HTTP/2.0" 404 10461 "https://falcon-ia.com/route-777-online-gokkast-spelen-gratis-en-met-geld/" "Mozilla/5.0 (Linux; Android 5.0) AppleWebKit/537.36 (KHTML, like Gecko) Mobile Safari/537.36 (compatible; Bytespider; spider-feedback@bytedance.com)" 20401 **20/20401318**
47.128.32.212 - - [27/Mar/2026:07:05:41 -0700] "GET /wp-content/uploads/2024/06/FALCON-ia-logo-grey.png HTTP/2.0" 404 51145 "https://falcon-ia.com/route-777-online-gokkast-spelen-gratis-en-met-geld/" "Mozilla/5.0 (Linux; Android 5.0) AppleWebKit/537.36 (KHTML, like Gecko) Mobile Safari/537.36 (compatible; Bytespider; spider-feedback@bytedance.com)" 4418 **4/4418438**
185.191.171.8 - - [27/Mar/2026:07:05:42 -0700] "GET /commodity/lm/accessible171718531811 HTTP/1.1" 404 51130 "-" "Mozilla/5.0 (compatible; SemrushBot/7~bl; +http://www.semrush.com/bot.html)" 4236 **4/4236828**
185.191.171.16 - - [27/Mar/2026:07:05:52 -0700] "GET /commodity/makeover/suggested171875953613 HTTP/1.1" 404 51135 "-" "Mozilla/5.0 (compatible; SemrushBot/7~bl; +http://www.semrush.com/bot.html)" 1388 **1/1388827**
185.191.171.7 - - [27/Mar/2026:07:06:10 -0700] "GET /robots.txt HTTP/1.1" 200 93 "-" "Mozilla/5.0 (compatible; SemrushBot/7~bl; +http://www.semrush.com/bot.html)" 7 **0/7556**
54.39.0.28 - - [27/Mar/2026:07:06:16 -0700] "GET /beste-casino-strategie/ HTTP/2.0" 404 10475 "-" "Mozilla/5.0 (compatible; AhrefsBot/7.0; +http://ahrefs.com/robot/)" 1195 **1/1195369**
114.119.156.190 - - [27/Mar/2026:07:06:34 -0700] "GET /commodity/nonlinear/corporate172014211701 HTTP/1.1" 404 51136 "https://falcon-ia.com/sitemap_94.xml" "Mozilla/5.0 (Linux; Android 7.0;) AppleWebKit/537.36 (KHTML, like Gecko) Mobile Safari/537.36 (compatible; PetalBot;+https://webmaster.petalsearch.com/site/petalbot)" 1274 **1/1274945**
15.235.96.204 - - [27/Mar/2026:07:08:04 -0700] "GET /gratis-microgaming-gokkasten/ HTTP/2.0" 404 10481 "-" "Mozilla/5.0 (compatible; AhrefsBot/7.0; +http://ahrefs.com/robot/)" 1933 **1/1933110**
85.208.96.205 - - [27/Mar/2026:07:08:04 -0700] "GET /commodity/detroit/pi172117913661 HTTP/1.1" 404 51127 "-" "Mozilla/5.0 (compatible; SemrushBot/7~bl; +http://www.semrush.com/bot.html)" 1699 **1/1699343**
114.119.141.9 - - [27/Mar/2026:07:08:12 -0700] "GET /commodity/nonlinear/corporate1720112607702 HTTP/1.1" 404 51137 "https://falcon-ia.com/sitemap_91.xml" "Mozilla/5.0 (Linux; Android 7.0;) AppleWebKit/537.36 (KHTML, like Gecko) Mobile Safari/537.36 (compatible; PetalBot;+https://webmaster.petalsearch.com/site/petalbot)" 1557 **1/1557100**
85.208.96.206 - - [27/Mar/2026:07:08:12 -0700] "GET /commodity/spears/offerings17205023806 HTTP/1.1" 404 51132 "-" "Mozilla/5.0 (compatible; SemrushBot/7~bl; +http://www.semrush.com/bot.html)" 1671 **1/1671097**
185.191.171.15 - - [27/Mar/2026:07:08:22 -0700] "GET /commodity/manually/bee17208301483 HTTP/1.1" 404 51128 "-" "Mozilla/5.0 (compatible; SemrushBot/7~bl; +http://www.semrush.com/bot.html)" 1434 **1/1434015**
185.191.171.3 - - [27/Mar/2026:07:08:28 -0700] "GET /commodity/miniature/america171896957507 HTTP/1.1" 404 51134 "-" "Mozilla/5.0 (compatible; SemrushBot/7~bl; +http://www.semrush.com/bot.html)" 1232 **1/1232166**
85.208.96.207 - - [27/Mar/2026:07:08:35 -0700] "GET /commodity/editorials/eritrea172111543039 HTTP/1.1" 404 51135 "-" "Mozilla/5.0 (compatible; SemrushBot/7~bl; +http://www.semrush.com/bot.html)" 1429 **1/1429332**
185.191.171.16 - - [27/Mar/2026:07:08:43 -0700] "GET /commodity/upright/remembrance172123423175 HTTP/1.1" 404 51136 "-" "Mozilla/5.0 (compatible; SemrushBot/7~bl; +http://www.semrush.com/bot.html)" 1403 **1/1403905**
114.119.136.15 - - [27/Mar/2026:07:09:21 -0700] "GET /commodity/nonetheless/japan17205457443 HTTP/1.1" 404 51133 "https://falcon-ia.com/sitemap_13.xml" "Mozilla/5.0 (Linux; Android 7.0;) AppleWebKit/537.36 (KHTML, like Gecko) Mobile Safari/537.36 (compatible; PetalBot;+https://webmaster.petalsearch.com/site/petalbot)" 1461 **1/1461007**
54.39.89.224 - - [27/Mar/2026:07:09:44 -0700] "GET /nieuwste-casino-las-vegas/ HTTP/2.0" 404 10478 "-" "Mozilla/5.0 (compatible; AhrefsBot/7.0; +http://ahrefs.com/robot/)" 1403 **1/1403127**
114.119.141.9 - - [27/Mar/2026:07:10:47 -0700] "GET /commodity/nonetheless/colors17176678489 HTTP/1.1" 404 51134 "https://falcon-ia.com/sitemap_97.xml" "Mozilla/5.0 (Linux; Android 7.0;) AppleWebKit/537.36 (KHTML, like Gecko) Mobile Safari/537.36 (compatible; PetalBot;+https://webmaster.petalsearch.com/site/petalbot)" 1310 **1/1310548**
185.191.171.5 - - [27/Mar/2026:07:10:57 -0700] "GET /commodity/categories/toilets17202073501 HTTP/1.1" 404 51134 "-" "Mozilla/5.0 (compatible; SemrushBot/7~bl; +http://www.semrush.com/bot.html)" 1533 **1/1533454**
185.191.171.8 - - [27/Mar/2026:07:11:02 -0700] "GET /commodity/nifty/healthy172117811027 HTTP/1.1" 404 51130 "-" "Mozilla/5.0 (compatible; SemrushBot/7~bl; +http://www.semrush.com/bot.html)" 1591 **1/1591548**
85.208.96.209 - - [27/Mar/2026:07:11:08 -0700] "GET /commodity/habit/matthews172059011826 HTTP/1.1" 404 51131 "-" "Mozilla/5.0 (compatible; SemrushBot/7~bl; +http://www.semrush.com/bot.html)" 1287 **1/1287959**
185.191.171.2 - - [27/Mar/2026:07:11:13 -0700] "GET /commodity/actually/classrooms17208126304 HTTP/1.1" 404 51135 "-" "Mozilla/5.0 (compatible; SemrushBot/7~bl; +http://www.semrush.com/bot.html)" 1374 **1/1374390**
85.208.96.208 - - [27/Mar/2026:07:11:19 -0700] "GET /commodity/shakespeare/distributor17191684639 HTTP/1.1" 404 51139 "-" "Mozilla/5.0 (compatible; SemrushBot/7~bl; +http://www.semrush.com/bot.html)" 1501 **1/1501833**
185.191.171.7 - - [27/Mar/2026:07:11:25 -0700] "GET /commodity/clancy/edi172126456316 HTTP/1.1" 404 51127 "-" "Mozilla/5.0 (compatible; SemrushBot/7~bl; +http://www.semrush.com/bot.html)" 1244 **1/1244469**
185.191.171.2 - - [27/Mar/2026:07:11:30 -0700] "GET /commodity/bookstores/embedded172020392090 HTTP/1.1" 404 51136 "-" "Mozilla/5.0 (compatible; SemrushBot/7~bl; +http://www.semrush.com/bot.html)" 1276 **1/1276240**
185.191.171.19 - - [27/Mar/2026:07:11:35 -0700] "GET /commodity/sonata/productions17197519236 HTTP/1.1" 404 51134 "-" "Mozilla/5.0 (compatible; SemrushBot/7~bl; +http://www.semrush.com/bot.html)" 1710 **1/1710676**
85.208.96.209 - - [27/Mar/2026:07:11:41 -0700] "GET /commodity/lifting/tragic172070747131 HTTP/1.1" 404 51131 "-" "Mozilla/5.0 (compatible; SemrushBot/7~bl; +http://www.semrush.com/bot.html)" 1688 **1/1688373**
85.208.96.211 - - [27/Mar/2026:07:11:47 -0700] "GET /commodity/handed/exercise171922627321 HTTP/1.1" 404 51132 "-" "Mozilla/5.0 (compatible; SemrushBot/7~bl; +http://www.semrush.com/bot.html)" 1322 **1/1322495**
142.44.233.172 - - [27/Mar/2026:07:11:48 -0700] "GET /casino-strategien/ HTTP/2.0" 404 10470 "-" "Mozilla/5.0 (compatible; AhrefsBot/7.0; +http://ahrefs.com/robot/)" 1848 **1/1848178**
185.191.171.6 - - [27/Mar/2026:07:11:52 -0700] "GET /commodity/participatory/encouraged171721451242 HTTP/1.1" 404 51141 "-" "Mozilla/5.0 (compatible; SemrushBot/7~bl; +http://www.semrush.com/bot.html)" 1621 **1/1621275**
114.119.136.15 - - [27/Mar/2026:07:12:16 -0700] "GET /commodity/noncommercial/vie171810388721 HTTP/1.1" 404 51134 "https://falcon-ia.com/sitemap_9.xml" "Mozilla/5.0 (Linux; Android 7.0;) AppleWebKit/537.36 (KHTML, like Gecko) Mobile Safari/537.36 (compatible; PetalBot;+https://webmaster.petalsearch.com/site/petalbot)" 1312 **1/1312016**
208.84.100.214 - - [27/Mar/2026:07:13:07 -0700] "HEAD / HTTP/1.1" 200 - "https://falcon-ia.com/" "Mozilla/5.0 (Windows NT 10.0; Win64; x64) AppleWebKit/537.36 (KHTML, like Gecko) Chrome/91.0.4472.124 Safari/537.36" 715 **0/715950**
208.84.100.214 - - [27/Mar/2026:07:13:10 -0700] "HEAD / HTTP/1.1" 200 - "https://falcon-ia.com/" "Mozilla/5.0 (Windows NT 10.0; Win64; x64) AppleWebKit/537.36 (KHTML, like Gecko) Chrome/91.0.4472.124 Safari/537.36" 783 **0/783925**
208.84.100.214 - - [27/Mar/2026:07:13:11 -0700] "POST /wp-login.php HTTP/1.1" 200 1787 "https://www.google.com/" "Mozilla/5.0 (Windows NT 10.0; Win64; x64) AppleWebKit/537.36 (KHTML, like Gecko) Chrome/91.0.4472.124 Safari/537.36" 302 **0/302010**
208.84.100.214 - - [27/Mar/2026:07:13:12 -0700] "POST /wp-login.php HTTP/1.1" 302 - "https://falcon-ia.com/wp-admin/" "Mozilla/5.0 (Windows NT 10.0; Win64; x64) AppleWebKit/537.36 (KHTML, like Gecko) Chrome/90.0.4430.85 Safari/537.36" 441 **0/441455**
208.84.100.214 - - [27/Mar/2026:07:13:12 -0700] "GET /wp-login.php?redirect_to=https%3A%2F%2Ffalcon-ia.com%2Fwp-admin%2F&action=confirm_admin_email&wp_lang=en_US HTTP/1.1" 200 1402 "https://falcon-ia.com/wp-admin/" "Mozilla/5.0 (Windows NT 10.0; Win64; x64) AppleWebKit/537.36 (KHTML, like Gecko) Chrome/90.0.4430.85 Safari/537.36" 291 **0/291611**
208.84.100.214 - - [27/Mar/2026:07:13:13 -0700] "GET /wp-admin/ HTTP/1.1" 200 26998 "https://www.google.com/" "Mozilla/5.0 (Windows NT 10.0; Win64; x64) AppleWebKit/537.36 (KHTML, like Gecko) Chrome/91.0.4472.124 Safari/537.36" 4138 **4/4138711**
208.84.100.214 - - [27/Mar/2026:07:13:17 -0700] "GET /wp-admin/plugin-install.php?tab=upload HTTP/1.1" 404 15313 "https://www.google.com/" "Mozilla/5.0 (Windows NT 10.0; Win64; x64) AppleWebKit/537.36 (KHTML, like Gecko) Chrome/91.0.4472.124 Safari/537.36" 1373 **1/1373002**
208.84.100.214 - - [27/Mar/2026:07:13:19 -0700] "GET /wp-admin/ HTTP/1.1" 200 26998 "-" "Mozilla/5.0 (Windows NT 10.0; Win64; x64) AppleWebKit/537.36 (KHTML, like Gecko) Chrome/133.0.0.0 Safari/537.36" 400 **0/400185**
208.84.100.214 - - [27/Mar/2026:07:13:20 -0700] "POST /wp-admin/admin-ajax.php HTTP/1.1" 200 113 "-" "Mozilla/5.0 (Windows NT 10.0; Win64; x64) AppleWebKit/537.36 (KHTML, like Gecko) Chrome/133.0.0.0 Safari/537.36" 11020 **11/11020350**
208.84.100.214 - - [27/Mar/2026:07:13:31 -0700] "POST /wp-admin/admin-ajax.php HTTP/1.1" 200 113 "-" "Mozilla/5.0 (Windows NT 10.0; Win64; x64) AppleWebKit/537.36 (KHTML, like Gecko) Chrome/133.0.0.0 Safari/537.36" 294 **0/294465**
208.84.100.214 - - [27/Mar/2026:07:13:31 -0700] "GET /wp-admin/plugins.php HTTP/1.1" 200 29466 "-" "Mozilla/5.0 (Windows NT 10.0; Win64; x64) AppleWebKit/537.36 (KHTML, like Gecko) Chrome/133.0.0.0 Safari/537.36" 2264 **2/2264979**
208.84.100.214 - - [27/Mar/2026:07:13:34 -0700] "GET /wp-admin/admin.php?page=wp_file_manager HTTP/1.1" 200 22173 "https://www.google.com/" "Mozilla/5.0 (Windows NT 10.0; Win64; x64) AppleWebKit/537.36 (KHTML, like Gecko) Chrome/91.0.4472.124 Safari/537.36" 354 **0/354956**
208.84.100.214 - - [27/Mar/2026:07:13:34 -0700] "POST /wp-admin/admin-ajax.php HTTP/1.1" 200 653 "https://falcon-ia.com/wp-admin/admin.php?ssd" "Mozilla/5.0 (Windows NT 10.0; Win64; x64) AppleWebKit/537.36 (KHTML, like Gecko) Chrome/133.0.0.0 Safari/537.36" 947 **0/947313**
114.119.141.9 - - [27/Mar/2026:07:13:35 -0700] "GET /commodity/nominations/complying171916847676 HTTP/1.1" 404 51138 "https://falcon-ia.com/sitemap_9.xml" "Mozilla/5.0 (Linux; Android 7.0;) AppleWebKit/537.36 (KHTML, like Gecko) Mobile Safari/537.36 (compatible; PetalBot;+https://webmaster.petalsearch.com/site/petalbot)" 1183 **1/1183007**
208.84.100.214 - - [27/Mar/2026:07:13:36 -0700] "GET /gbmfx.php HTTP/1.1" 404 10468 "https://www.google.com/" "Mozilla/5.0 (Windows NT 10.0; Win64; x64) AppleWebKit/537.36 (KHTML, like Gecko) Chrome/91.0.4472.124 Safari/537.36" 1189 **1/1189242**
208.84.100.214 - - [27/Mar/2026:07:13:38 -0700] "GET /wp-admin/theme-install.php?tab=upload HTTP/1.1" 404 15312 "https://www.google.com/" "Mozilla/5.0 (Windows NT 10.0; Win64; x64) AppleWebKit/537.36 (KHTML, like Gecko) Chrome/91.0.4472.124 Safari/537.36" 1416 **1/1416192**
208.84.100.214 - - [27/Mar/2026:07:13:39 -0700] "GET /wp-admin/ HTTP/1.1" 200 26998 "-" "Mozilla/5.0 (Windows NT 10.0; Win64; x64) AppleWebKit/537.36 (KHTML, like Gecko) Chrome/133.0.0.0 Safari/537.36" 446 **0/446001**
208.84.100.214 - - [27/Mar/2026:07:13:40 -0700] "GET /wp-admin/plugin-editor.php?plugin=wp-file-manager%2Ffile_folder_manager.php&Submit=Select HTTP/1.1" 200 47336 "-" "Mozilla/5.0 (Windows NT 10.0; Win64; x64) AppleWebKit/537.36 (KHTML, like Gecko) Chrome/133.0.0.0 Safari/537.36" 726 **0/726474**
15.235.96.43 - - [27/Mar/2026:07:13:40 -0700] "GET /roulette-in-het-nederlands/ HTTP/2.0" 404 10476 "-" "Mozilla/5.0 (compatible; AhrefsBot/7.0; +http://ahrefs.com/robot/)" 1332 **1/1332108**
208.84.100.214 - - [27/Mar/2026:07:13:41 -0700] "POST /wp-admin/admin-ajax.php HTTP/1.1" 404 15290 "-" "Mozilla/5.0 (Windows NT 10.0; Win64; x64) AppleWebKit/537.36 (KHTML, like Gecko) Chrome/133.0.0.0 Safari/537.36" 1154 **1/1154848**
208.84.100.214 - - [27/Mar/2026:07:13:42 -0700] "POST /wp-admin/admin-ajax.php HTTP/1.1" 200 141 "-" "Mozilla/5.0 (Windows NT 10.0; Win64; x64) AppleWebKit/537.36 (KHTML, like Gecko) Chrome/133.0.0.0 Safari/537.36" 243 **0/243986**
208.84.100.214 - - [27/Mar/2026:07:13:43 -0700] "POST /wp-admin/admin-ajax.php HTTP/1.1" 200 113 "-" "Mozilla/5.0 (Windows NT 10.0; Win64; x64) AppleWebKit/537.36 (KHTML, like Gecko) Chrome/133.0.0.0 Safari/537.36" 7200 **7/7200676**
208.84.100.214 - - [27/Mar/2026:07:13:50 -0700] "POST /wp-admin/admin-ajax.php HTTP/1.1" 200 113 "-" "Mozilla/5.0 (Windows NT 10.0; Win64; x64) AppleWebKit/537.36 (KHTML, like Gecko) Chrome/133.0.0.0 Safari/537.36" 288 **0/288685**
208.84.100.214 - - [27/Mar/2026:07:13:51 -0700] "GET /wp-admin/plugin-editor.php?plugin=wp-file-manager%2Ffile_folder_manager.php&Submit=Select HTTP/1.1" 200 47304 "-" "Mozilla/5.0 (Windows NT 10.0; Win64; x64) AppleWebKit/537.36 (KHTML, like Gecko) Chrome/133.0.0.0 Safari/537.36" 436 **0/436468**
208.84.100.214 - - [27/Mar/2026:07:13:51 -0700] "POST /wp-admin/admin-ajax.php HTTP/1.1" 404 15288 "-" "Mozilla/5.0 (Windows NT 10.0; Win64; x64) AppleWebKit/537.36 (KHTML, like Gecko) Chrome/133.0.0.0 Safari/537.36" 1352 **1/1352567**
208.84.100.214 - - [27/Mar/2026:07:13:53 -0700] "POST /wp-admin/admin-ajax.php HTTP/1.1" 200 5 "https://falcon-ia.com/wp-admin/plugin-editor.php" "Mozilla/5.0 (Windows NT 10.0; Win64; x64) AppleWebKit/537.36 (KHTML, like Gecko) Chrome/138.0.0.0 Safari/537.36" 325 **0/325789**
208.84.100.214 - - [27/Mar/2026:07:13:54 -0700] "GET /wp-admin/plugin-editor.php HTTP/1.1" 200 25349 "https://falcon-ia.com/wp-admin/plugin-editor.php" "Mozilla/5.0 (Windows NT 10.0; Win64; x64) AppleWebKit/537.36 (KHTML, like Gecko) Chrome/138.0.0.0 Safari/537.36" 312 **0/312332**
208.84.100.214 - - [27/Mar/2026:07:13:54 -0700] "GET /wp-admin/plugin-editor.php?plugin=advanced-custom-fields-font-awesome%2Facf-font-awesome.php&Submit=Select HTTP/1.1" 200 25413 "https://falcon-ia.com/wp-admin/plugin-editor.php" "Mozilla/5.0 (Windows NT 10.0; Win64; x64) AppleWebKit/537.36 (KHTML, like Gecko) Chrome/138.0.0.0 Safari/537.36" 290 **0/290601**
184.168.112.12 - - [27/Mar/2026:07:13:55 -0700] "GET /wp-admin/plugin-editor.php?plugin=advanced-custom-fields-font-awesome%2Facf-font-awesome.php&file=advanced-custom-fields-font-awesome%2Facf-font-awesome.php&wp_scrape_key=11473eeeca0650d3ec1228b4047c4aa4&wp_scrape_nonce=1085986041 HTTP/1.1" 200 6957 "-" "WordPress/6.9.4; https://falcon-ia.com" 371 **0/371515**
184.168.112.12 - - [27/Mar/2026:07:13:55 -0700] "GET /?wp_scrape_key=11473eeeca0650d3ec1228b4047c4aa4&wp_scrape_nonce=1085986041 HTTP/1.1" 200 4018 "-" "WordPress/6.9.4; https://falcon-ia.com" 542 **0/542035**
208.84.100.214 - - [27/Mar/2026:07:13:55 -0700] "POST /wp-admin/admin-ajax.php HTTP/1.1" 200 59 "https://falcon-ia.com/wp-admin/plugin-editor.php" "Mozilla/5.0 (Windows NT 10.0; Win64; x64) AppleWebKit/537.36 (KHTML, like Gecko) Chrome/138.0.0.0 Safari/537.36" 1274 **1/1274551**
208.84.100.214 - - [27/Mar/2026:07:13:57 -0700] "GET /wp-content/plugins/advanced-custom-fields-font-awesome/acf-font-awesome.php HTTP/1.1" 403 3449 "https://falcon-ia.com/wp-admin/plugin-editor.php" "Mozilla/5.0 (Windows NT 10.0; Win64; x64) AppleWebKit/537.36 (KHTML, like Gecko) Chrome/138.0.0.0 Safari/537.36" 514 **0/514942**
114.119.155.69 - - [27/Mar/2026:07:14:59 -0700] "GET /commodity/nominated/sandwich171913679664 HTTP/1.1" 200 3956 "https://falcon-ia.com/sitemap_96.xml" "Mozilla/5.0 (Linux; Android 7.0;) AppleWebKit/537.36 (KHTML, like Gecko) Mobile Safari/537.36 (compatible; PetalBot;+https://webmaster.petalsearch.com/site/petalbot)" 497 **0/497439**
207.46.13.102 - - [27/Mar/2026:07:15:29 -0700] "GET /commodity/treatments/emergencies171739545952 HTTP/2.0" 200 28231 "-" "Mozilla/5.0 AppleWebKit/537.36 (KHTML, like Gecko; compatible; bingbot/2.0; +http://www.bing.com/bingbot.htm) Chrome/116.0.1938.76 Safari/537.36" 1737 **1/1737169**
54.39.203.6 - - [27/Mar/2026:07:15:41 -0700] "GET /commodity/wa/serif172023022024 HTTP/2.0" 200 3449 "-" "Mozilla/5.0 (compatible; AhrefsBot/7.0; +http://ahrefs.com/robot/)" 542 **0/542831**
40.77.167.151 - - [27/Mar/2026:07:16:08 -0700] "GET /kumarhanelerin-yasal-oldu%C4%9Fu-%C3%BClkeler-online/ HTTP/2.0" 200 29796 "-" "Mozilla/5.0 AppleWebKit/537.36 (KHTML, like Gecko; compatible; bingbot/2.0; +http://www.bing.com/bingbot.htm) Chrome/116.0.1938.76 Safari/537.36" 1667 **1/1667514**
185.191.171.7 - - [27/Mar/2026:07:16:16 -0700] "GET /commodity/blooms/accreditation171994186969 HTTP/1.1" 200 3956 "-" "Mozilla/5.0 (compatible; SemrushBot/7~bl; +http://www.semrush.com/bot.html)" 513 **0/513278**
114.119.145.102 - - [27/Mar/2026:07:16:24 -0700] "GET /commodity/nominal/klaus172023079991 HTTP/1.1" 200 3956 "https://falcon-ia.com/sitemap_88.xml" "Mozilla/5.0 (Linux; Android 7.0;) AppleWebKit/537.36 (KHTML, like Gecko) Mobile Safari/537.36 (compatible; PetalBot;+https://webmaster.petalsearch.com/site/petalbot)" 508 **0/508114**
40.77.167.8 - - [27/Mar/2026:07:16:36 -0700] "GET /maxbet-casino-bonusu-nas%C4%B1l-kullan%C4%B1l%C4%B1r/ HTTP/2.0" 200 29789 "-" "Mozilla/5.0 AppleWebKit/537.36 (KHTML, like Gecko; compatible; bingbot/2.0; +http://www.bing.com/bingbot.htm) Chrome/116.0.1938.76 Safari/537.36" 1811 **1/1811634**
51.91.253.126 - - [27/Mar/2026:07:17:20 -0700] "GET /robots.txt HTTP/1.1" 200 78 "-" "Mozilla/5.0 (compatible; MJ12bot/v1.4.8; http://mj12bot.com/)" 9 **0/9094**
51.91.253.126 - - [27/Mar/2026:07:17:23 -0700] "GET /beste-roulette-strategie%C3%ABn/ HTTP/1.1" 200 3449 "-" "Mozilla/5.0 (compatible; MJ12bot/v1.4.8; http://mj12bot.com/)" 517 **0/517280**
114.119.136.15 - - [27/Mar/2026:07:17:46 -0700] "GET /commodity/nolan/billing171678014290 HTTP/1.1" 200 3956 "https://falcon-ia.com/sitemap_92.xml" "Mozilla/5.0 (Linux; Android 7.0;) AppleWebKit/537.36 (KHTML, like Gecko) Mobile Safari/537.36 (compatible; PetalBot;+https://webmaster.petalsearch.com/site/petalbot)" 507 **0/507874**
40.77.167.8 - - [27/Mar/2026:07:17:55 -0700] "GET /products/5192687/ HTTP/2.0" 200 24940 "-" "Mozilla/5.0 AppleWebKit/537.36 (KHTML, like Gecko; compatible; bingbot/2.0; +http://www.bing.com/bingbot.htm) Chrome/116.0.1938.76 Safari/537.36" 1620 **1/1620698**
207.46.13.102 - - [27/Mar/2026:07:18:00 -0700] "GET /commodity/curiosity/juniors17181073388 HTTP/2.0" 200 25352 "-" "Mozilla/5.0 AppleWebKit/537.36 (KHTML, like Gecko; compatible; bingbot/2.0; +http://www.bing.com/bingbot.htm) Chrome/116.0.1938.76 Safari/537.36" 1647 **1/1647971**
207.46.13.102 - - [27/Mar/2026:07:18:05 -0700] "GET /commodity/handheld/wig17194753715 HTTP/2.0" 200 26242 "-" "Mozilla/5.0 AppleWebKit/537.36 (KHTML, like Gecko; compatible; bingbot/2.0; +http://www.bing.com/bingbot.htm) Chrome/116.0.1938.76 Safari/537.36" 1643 **1/1643979**
185.191.171.3 - - [27/Mar/2026:07:18:38 -0700] "GET /commodity/janet/oasis171916575760 HTTP/1.1" 200 3956 "-" "Mozilla/5.0 (compatible; SemrushBot/7~bl; +http://www.semrush.com/bot.html)" 491 **0/491741**
207.46.13.102 - - [27/Mar/2026:07:18:40 -0700] "GET /lincoln-casino-100-free-spins/ HTTP/2.0" 200 26267 "-" "Mozilla/5.0 AppleWebKit/537.36 (KHTML, like Gecko; compatible; bingbot/2.0; +http://www.bing.com/bingbot.htm) Chrome/116.0.1938.76 Safari/537.36" 1736 **1/1736156**
185.191.171.19 - - [27/Mar/2026:07:18:46 -0700] "GET /commodity/tamil/heroic17181117504 HTTP/1.1" 200 3956 "-" "Mozilla/5.0 (compatible; SemrushBot/7~bl; +http://www.semrush.com/bot.html)" 519 **0/519082**
40.77.167.8 - - [27/Mar/2026:07:18:45 -0700] "GET /products/4563643/ HTTP/2.0" 200 29634 "-" "Mozilla/5.0 AppleWebKit/537.36 (KHTML, like Gecko; compatible; bingbot/2.0; +http://www.bing.com/bingbot.htm) Chrome/116.0.1938.76 Safari/537.36" 1698 **1/1698305**
52.167.144.24 - - [27/Mar/2026:07:19:02 -0700] "GET /daha-h%C4%B1zl%C4%B1-para-yat%C4%B1rma-ve-%C3%A7ekme-ile-%C3%A7evrimi%C3%A7i-casino/ HTTP/2.0" 200 29813 "-" "Mozilla/5.0 AppleWebKit/537.36 (KHTML, like Gecko; compatible; bingbot/2.0; +http://www.bing.com/bingbot.htm) Chrome/116.0.1938.76 Safari/537.36" 1710 **1/1710982**
114.119.136.15 - - [27/Mar/2026:07:19:10 -0700] "GET /commodity/nolan/advisory17197538289 HTTP/1.1" 200 3956 "https://falcon-ia.com/sitemap_97.xml" "Mozilla/5.0 (Linux; Android 7.0;) AppleWebKit/537.36 (KHTML, like Gecko) Mobile Safari/537.36 (compatible; PetalBot;+https://webmaster.petalsearch.com/site/petalbot)" 521 **0/521034**
207.46.13.102 - - [27/Mar/2026:07:20:20 -0700] "GET /?c.2816062242602.html HTTP/2.0" 200 26453 "-" "Mozilla/5.0 AppleWebKit/537.36 (KHTML, like Gecko; compatible; bingbot/2.0; +http://www.bing.com/bingbot.htm) Chrome/116.0.1938.76 Safari/537.36" 1658 **1/1658845**
66.249.74.130 - - [27/Mar/2026:07:20:30 -0700] "GET /content.php?commodity/cities/weymouth17191538176 HTTP/1.1" 403 27548 "-" "Mozilla/5.0 (Linux; Android 6.0.1; Nexus 5X Build/MMB29P) AppleWebKit/537.36 (KHTML, like Gecko) Chrome/146.0.7680.153 Mobile Safari/537.36 (compatible; Googlebot/2.1; +http://www.google.com/bot.html)" 1631 **1/1631854**
114.119.143.130 - - [27/Mar/2026:07:20:40 -0700] "GET /commodity/nodes/airfares171810306407 HTTP/1.1" 200 3956 "https://falcon-ia.com/sitemap_9.xml" "Mozilla/5.0 (Linux; Android 7.0;) AppleWebKit/537.36 (KHTML, like Gecko) Mobile Safari/537.36 (compatible; PetalBot;+https://webmaster.petalsearch.com/site/petalbot)" 491 **0/491536**
85.208.96.195 - - [27/Mar/2026:07:21:03 -0700] "GET /commodity/attracts/sars171857777656 HTTP/1.1" 200 3956 "-" "Mozilla/5.0 (compatible; SemrushBot/7~bl; +http://www.semrush.com/bot.html)" 510 **0/510718**
85.208.96.203 - - [27/Mar/2026:07:21:10 -0700] "GET /commodity/jw/born171656924548 HTTP/1.1" 200 3956 "-" "Mozilla/5.0 (compatible; SemrushBot/7~bl; +http://www.semrush.com/bot.html)" 498 **0/498422**
