216.73.216.162 - - [27/Mar/2026:09:32:32 -0700] "GET /item/1781702381?fileloc=%2Fhome%2Ffalconiapl2015%2Fpublic_html%2Fwp-comments-post.php&path=%2Fhome%2Ffalconiapl2015%2Fpublic_html HTTP/2.0" 200 3279 "-" "Mozilla/5.0 AppleWebKit/537.36 (KHTML, like Gecko; compatible; ClaudeBot/1.0; +claudebot@anthropic.com)" 494 **0/494323**
144.76.19.28 - - [27/Mar/2026:09:32:34 -0700] "GET /?p=17861 HTTP/1.1" 200 3956 "-" "Mozilla/5.0 (compatible; SERankingBacklinksBot/1.0; +https://seranking.com/backlinks-crawler)" 514 **0/514998**
216.73.216.162 - - [27/Mar/2026:09:32:35 -0700] "GET /item/1781702381?fileloc=%2Fhome%2Ffalconiapl2015%2Fpublic_html%2Fxmlrpc.php&path=%2Fhome%2Ffalconiapl2015%2Fpublic_html HTTP/2.0" 200 3646 "-" "Mozilla/5.0 AppleWebKit/537.36 (KHTML, like Gecko; compatible; ClaudeBot/1.0; +claudebot@anthropic.com)" 505 **0/505567**
144.76.19.28 - - [27/Mar/2026:09:32:37 -0700] "GET /?p=17862 HTTP/1.1" 200 3956 "-" "Mozilla/5.0 (compatible; SERankingBacklinksBot/1.0; +https://seranking.com/backlinks-crawler)" 489 **0/489083**
216.73.216.162 - - [27/Mar/2026:09:32:38 -0700] "GET /item/715786366?fileloc=%2Fhome%2Ffalconiapl2015%2Fpublic_html%2Fwp-comments-post.php&path=%2Fhome%2Ffalconiapl2015%2Fpublic_html HTTP/2.0" 200 3279 "-" "Mozilla/5.0 AppleWebKit/537.36 (KHTML, like Gecko; compatible; ClaudeBot/1.0; +claudebot@anthropic.com)" 489 **0/489341**
216.73.216.162 - - [27/Mar/2026:09:32:41 -0700] "GET /item/715786366?fileloc=%2Fhome%2Ffalconiapl2015%2Fpublic_html%2Fxmlrpc.php&path=%2Fhome%2Ffalconiapl2015%2Fpublic_html HTTP/2.0" 200 3646 "-" "Mozilla/5.0 AppleWebKit/537.36 (KHTML, like Gecko; compatible; ClaudeBot/1.0; +claudebot@anthropic.com)" 493 **0/493834**
144.76.19.28 - - [27/Mar/2026:09:32:42 -0700] "GET /?p=17865 HTTP/1.1" 200 3956 "-" "Mozilla/5.0 (compatible; SERankingBacklinksBot/1.0; +https://seranking.com/backlinks-crawler)" 517 **0/517175**
216.73.216.162 - - [27/Mar/2026:09:32:44 -0700] "GET /item/1363896383?fileloc=%2Fhome%2Ffalconiapl2015%2Fpublic_html%2Fwp-comments-post.php&path=%2Fhome%2Ffalconiapl2015%2Fpublic_html HTTP/2.0" 200 3279 "-" "Mozilla/5.0 AppleWebKit/537.36 (KHTML, like Gecko; compatible; ClaudeBot/1.0; +claudebot@anthropic.com)" 506 **0/506602**
144.76.19.28 - - [27/Mar/2026:09:32:46 -0700] "GET /?p=17866 HTTP/1.1" 200 3956 "-" "Mozilla/5.0 (compatible; SERankingBacklinksBot/1.0; +https://seranking.com/backlinks-crawler)" 491 **0/491554**
216.73.216.162 - - [27/Mar/2026:09:32:49 -0700] "GET /item/715786366?fileloc=%2Fhome%2Ffalconiapl2015%2Fpublic_html%2Ftxets.php&path=%2Fhome%2Ffalconiapl2015%2Fpublic_html HTTP/2.0" 200 2298 "-" "Mozilla/5.0 AppleWebKit/537.36 (KHTML, like Gecko; compatible; ClaudeBot/1.0; +claudebot@anthropic.com)" 518 **0/518158**
144.76.19.28 - - [27/Mar/2026:09:32:50 -0700] "GET /?p=17867 HTTP/1.1" 200 3956 "-" "Mozilla/5.0 (compatible; SERankingBacklinksBot/1.0; +https://seranking.com/backlinks-crawler)" 512 **0/512006**
216.73.216.162 - - [27/Mar/2026:09:32:52 -0700] "GET /item/1781702381?fileloc=%2Fhome%2Ffalconiapl2015%2Fpublic_html%2Ftxets.php&path=%2Fhome%2Ffalconiapl2015%2Fpublic_html HTTP/2.0" 200 2298 "-" "Mozilla/5.0 AppleWebKit/537.36 (KHTML, like Gecko; compatible; ClaudeBot/1.0; +claudebot@anthropic.com)" 493 **0/493191**
144.76.19.28 - - [27/Mar/2026:09:32:54 -0700] "GET /?p=17868 HTTP/1.1" 200 3956 "-" "Mozilla/5.0 (compatible; SERankingBacklinksBot/1.0; +https://seranking.com/backlinks-crawler)" 477 **0/477478**
216.73.216.162 - - [27/Mar/2026:09:32:55 -0700] "GET /item/4189986004?fileloc=%2Fhome%2Ffalconiapl2015%2Fpublic_html%2Fwp-trackback.php&path=%2Fhome%2Ffalconiapl2015%2Fpublic_html HTTP/2.0" 200 4108 "-" "Mozilla/5.0 AppleWebKit/537.36 (KHTML, like Gecko; compatible; ClaudeBot/1.0; +claudebot@anthropic.com)" 501 **0/501947**
66.249.74.129 - - [27/Mar/2026:09:32:55 -0700] "GET /content.php?commodity/reagan/springfield17191565494 HTTP/1.1" 403 26147 "-" "Mozilla/5.0 (Linux; Android 6.0.1; Nexus 5X Build/MMB29P) AppleWebKit/537.36 (KHTML, like Gecko) Chrome/146.0.7680.153 Mobile Safari/537.36 (compatible; Googlebot/2.1; +http://www.google.com/bot.html)" 1591 **1/1591101**
216.73.216.162 - - [27/Mar/2026:09:32:58 -0700] "GET /item/1781702381?fileloc=%2Fhome%2Ffalconiapl2015%2Fpublic_html%2Fwp-mail.php&path=%2Fhome%2Ffalconiapl2015%2Fpublic_html HTTP/2.0" 200 5289 "-" "Mozilla/5.0 AppleWebKit/537.36 (KHTML, like Gecko; compatible; ClaudeBot/1.0; +claudebot@anthropic.com)" 498 **0/498766**
144.76.19.28 - - [27/Mar/2026:09:32:59 -0700] "GET /?p=17870 HTTP/1.1" 200 3956 "-" "Mozilla/5.0 (compatible; SERankingBacklinksBot/1.0; +https://seranking.com/backlinks-crawler)" 485 **0/485967**
216.73.216.162 - - [27/Mar/2026:09:33:02 -0700] "GET /item/1781702381?fileloc=%2Fhome%2Ffalconiapl2015%2Fpublic_html%2Fwp-login.php&path=%2Fhome%2Ffalconiapl2015%2Fpublic_html HTTP/2.0" 200 15079 "-" "Mozilla/5.0 AppleWebKit/537.36 (KHTML, like Gecko; compatible; ClaudeBot/1.0; +claudebot@anthropic.com)" 525 **0/525679**
144.76.19.28 - - [27/Mar/2026:09:33:02 -0700] "GET /?p=17872 HTTP/1.1" 200 3956 "-" "Mozilla/5.0 (compatible; SERankingBacklinksBot/1.0; +https://seranking.com/backlinks-crawler)" 527 **0/527703**
216.73.216.162 - - [27/Mar/2026:09:33:04 -0700] "GET /item/4189986004?fileloc=%2Fhome%2Ffalconiapl2015%2Fpublic_html%2Fwp-config.php&path=%2Fhome%2Ffalconiapl2015%2Fpublic_html HTTP/2.0" 200 3422 "-" "Mozilla/5.0 AppleWebKit/537.36 (KHTML, like Gecko; compatible; ClaudeBot/1.0; +claudebot@anthropic.com)" 497 **0/497431**
144.76.19.28 - - [27/Mar/2026:09:33:07 -0700] "GET /?p=27073 HTTP/1.1" 200 3956 "-" "Mozilla/5.0 (compatible; SERankingBacklinksBot/1.0; +https://seranking.com/backlinks-crawler)" 491 **0/491189**
216.73.216.162 - - [27/Mar/2026:09:33:07 -0700] "GET /item/1363896383?fileloc=%2Fhome%2Ffalconiapl2015%2Fpublic_html%2Findex.php&path=%2Fhome%2Ffalconiapl2015%2Fpublic_html HTTP/2.0" 200 10878 "-" "Mozilla/5.0 AppleWebKit/537.36 (KHTML, like Gecko; compatible; ClaudeBot/1.0; +claudebot@anthropic.com)" 507 **0/507279**
216.73.216.162 - - [27/Mar/2026:09:33:10 -0700] "GET /item/1363896383?fileloc=%2Fhome%2Ffalconiapl2015%2Fpublic_html%2Fwp-login.php&path=%2Fhome%2Ffalconiapl2015%2Fpublic_html HTTP/2.0" 200 15079 "-" "Mozilla/5.0 AppleWebKit/537.36 (KHTML, like Gecko; compatible; ClaudeBot/1.0; +claudebot@anthropic.com)" 505 **0/505252**
144.76.19.28 - - [27/Mar/2026:09:33:11 -0700] "GET /?p=17874 HTTP/1.1" 200 3956 "-" "Mozilla/5.0 (compatible; SERankingBacklinksBot/1.0; +https://seranking.com/backlinks-crawler)" 491 **0/491753**
114.119.143.130 - - [27/Mar/2026:09:33:13 -0700] "GET /commodity/trivia/warmth171816302960 HTTP/1.1" 200 3956 "https://falcon-ia.com/sitemap_98.xml" "Mozilla/5.0 (Linux; Android 7.0;) AppleWebKit/537.36 (KHTML, like Gecko) Mobile Safari/537.36 (compatible; PetalBot;+https://webmaster.petalsearch.com/site/petalbot)" 491 **0/491580**
216.73.216.162 - - [27/Mar/2026:09:33:13 -0700] "GET /item/715786366?fileloc=%2Fhome%2Ffalconiapl2015%2Fpublic_html%2Fwp-config.php&path=%2Fhome%2Ffalconiapl2015%2Fpublic_html HTTP/2.0" 403 3449 "-" "Mozilla/5.0 AppleWebKit/537.36 (KHTML, like Gecko; compatible; ClaudeBot/1.0; +claudebot@anthropic.com)" 492 **0/492910**
144.76.19.28 - - [27/Mar/2026:09:33:15 -0700] "GET /?p=17875 HTTP/1.1" 200 3956 "-" "Mozilla/5.0 (compatible; SERankingBacklinksBot/1.0; +https://seranking.com/backlinks-crawler)" 485 **0/485478**
216.73.216.162 - - [27/Mar/2026:09:33:16 -0700] "GET /item/3989231997?fileloc=%2Fhome%2Ffalconiapl2015%2Fpublic_html%2Ftxets.php&path=%2Fhome%2Ffalconiapl2015%2Fpublic_html HTTP/2.0" 403 3449 "-" "Mozilla/5.0 AppleWebKit/537.36 (KHTML, like Gecko; compatible; ClaudeBot/1.0; +claudebot@anthropic.com)" 510 **0/510336**
144.76.19.28 - - [27/Mar/2026:09:33:19 -0700] "GET /?p=17876 HTTP/1.1" 200 3956 "-" "Mozilla/5.0 (compatible; SERankingBacklinksBot/1.0; +https://seranking.com/backlinks-crawler)" 484 **0/484758**
216.73.216.162 - - [27/Mar/2026:09:33:19 -0700] "GET /item/1781702381?fileloc=%2Fhome%2Ffalconiapl2015%2Fpublic_html%2Fwp-config.php&path=%2Fhome%2Ffalconiapl2015%2Fpublic_html HTTP/2.0" 403 3449 "-" "Mozilla/5.0 AppleWebKit/537.36 (KHTML, like Gecko; compatible; ClaudeBot/1.0; +claudebot@anthropic.com)" 525 **0/525561**
216.73.216.162 - - [27/Mar/2026:09:33:22 -0700] "GET /item/1363896383?fileloc=%2Fhome%2Ffalconiapl2015%2Fpublic_html%2Fwp-config.php&path=%2Fhome%2Ffalconiapl2015%2Fpublic_html HTTP/2.0" 403 3449 "-" "Mozilla/5.0 AppleWebKit/537.36 (KHTML, like Gecko; compatible; ClaudeBot/1.0; +claudebot@anthropic.com)" 518 **0/518719**
144.76.19.28 - - [27/Mar/2026:09:33:23 -0700] "GET /?p=17877 HTTP/1.1" 200 3956 "-" "Mozilla/5.0 (compatible; SERankingBacklinksBot/1.0; +https://seranking.com/backlinks-crawler)" 513 **0/513429**
216.73.216.162 - - [27/Mar/2026:09:33:25 -0700] "GET /item/4189986004?fileloc=%2Fhome%2Ffalconiapl2015%2Fpublic_html%2Ftxets.php&path=%2Fhome%2Ffalconiapl2015%2Fpublic_html HTTP/2.0" 403 3449 "-" "Mozilla/5.0 AppleWebKit/537.36 (KHTML, like Gecko; compatible; ClaudeBot/1.0; +claudebot@anthropic.com)" 517 **0/517349**
144.76.19.28 - - [27/Mar/2026:09:33:27 -0700] "GET /?p=17879 HTTP/1.1" 200 3956 "-" "Mozilla/5.0 (compatible; SERankingBacklinksBot/1.0; +https://seranking.com/backlinks-crawler)" 492 **0/492233**
52.167.144.211 - - [27/Mar/2026:09:33:26 -0700] "GET /rulet-depozito-yok-hangi-siteden-oynan%C4%B1r/ HTTP/2.0" 200 30083 "-" "Mozilla/5.0 AppleWebKit/537.36 (KHTML, like Gecko; compatible; bingbot/2.0; +http://www.bing.com/bingbot.htm) Chrome/116.0.1938.76 Safari/537.36" 1648 **1/1648216**
216.73.216.162 - - [27/Mar/2026:09:33:28 -0700] "GET /item/3989231997?fileloc=%2Fhome%2Ffalconiapl2015%2Fpublic_html%2Fwp-mail.php&path=%2Fhome%2Ffalconiapl2015%2Fpublic_html HTTP/2.0" 403 3449 "-" "Mozilla/5.0 AppleWebKit/537.36 (KHTML, like Gecko; compatible; ClaudeBot/1.0; +claudebot@anthropic.com)" 500 **0/500269**
144.76.19.28 - - [27/Mar/2026:09:33:31 -0700] "GET /?p=17882 HTTP/1.1" 200 3956 "-" "Mozilla/5.0 (compatible; SERankingBacklinksBot/1.0; +https://seranking.com/backlinks-crawler)" 500 **0/500991**
216.73.216.162 - - [27/Mar/2026:09:33:31 -0700] "GET /item/3989231997?fileloc=%2Fhome%2Ffalconiapl2015%2Fpublic_html%2Fwp-cron.php&path=%2Fhome%2Ffalconiapl2015%2Fpublic_html HTTP/2.0" 403 3449 "-" "Mozilla/5.0 AppleWebKit/537.36 (KHTML, like Gecko; compatible; ClaudeBot/1.0; +claudebot@anthropic.com)" 510 **0/510557**
216.73.216.162 - - [27/Mar/2026:09:33:34 -0700] "GET /item/4189986004?fileloc=%2Fhome%2Ffalconiapl2015%2Fpublic_html%2Fwp-mail.php&path=%2Fhome%2Ffalconiapl2015%2Fpublic_html HTTP/2.0" 403 3449 "-" "Mozilla/5.0 AppleWebKit/537.36 (KHTML, like Gecko; compatible; ClaudeBot/1.0; +claudebot@anthropic.com)" 503 **0/503099**
144.76.19.28 - - [27/Mar/2026:09:33:35 -0700] "GET /?p=17883 HTTP/1.1" 200 3956 "-" "Mozilla/5.0 (compatible; SERankingBacklinksBot/1.0; +https://seranking.com/backlinks-crawler)" 503 **0/503361**
216.73.216.162 - - [27/Mar/2026:09:33:37 -0700] "GET /item/4189986004?fileloc=%2Fhome%2Ffalconiapl2015%2Fpublic_html%2Fwp-cron.php&path=%2Fhome%2Ffalconiapl2015%2Fpublic_html HTTP/2.0" 403 3449 "-" "Mozilla/5.0 AppleWebKit/537.36 (KHTML, like Gecko; compatible; ClaudeBot/1.0; +claudebot@anthropic.com)" 522 **0/522016**
144.76.19.28 - - [27/Mar/2026:09:33:39 -0700] "GET /?p=17885 HTTP/1.1" 200 3956 "-" "Mozilla/5.0 (compatible; SERankingBacklinksBot/1.0; +https://seranking.com/backlinks-crawler)" 501 **0/501684**
216.73.216.162 - - [27/Mar/2026:09:33:40 -0700] "GET /item/3989231997?fileloc=%2Fhome%2Ffalconiapl2015%2Fpublic_html%2Fwp-trackback.php&path=%2Fhome%2Ffalconiapl2015%2Fpublic_html HTTP/2.0" 403 3449 "-" "Mozilla/5.0 AppleWebKit/537.36 (KHTML, like Gecko; compatible; ClaudeBot/1.0; +claudebot@anthropic.com)" 500 **0/500631**
144.76.19.28 - - [27/Mar/2026:09:33:43 -0700] "GET /?p=17886 HTTP/1.1" 200 3956 "-" "Mozilla/5.0 (compatible; SERankingBacklinksBot/1.0; +https://seranking.com/backlinks-crawler)" 513 **0/513248**
144.76.19.28 - - [27/Mar/2026:09:33:46 -0700] "GET /?p=17888 HTTP/1.1" 200 3956 "-" "Mozilla/5.0 (compatible; SERankingBacklinksBot/1.0; +https://seranking.com/backlinks-crawler)" 548 **0/548527**
216.73.216.162 - - [27/Mar/2026:09:33:47 -0700] "GET /item/4189986004?fileloc=%2Fhome%2Ffalconiapl2015%2Fpublic_html%2Fwp-blog-header.php&path=%2Fhome%2Ffalconiapl2015%2Fpublic_html HTTP/2.0" 403 3449 "-" "Mozilla/5.0 AppleWebKit/537.36 (KHTML, like Gecko; compatible; ClaudeBot/1.0; +claudebot@anthropic.com)" 490 **0/490884**
216.73.216.162 - - [27/Mar/2026:09:33:49 -0700] "GET /item/1781702381?fileloc=%2Fhome%2Ffalconiapl2015%2Fpublic_html%2Ferror_log&path=%2Fhome%2Ffalconiapl2015%2Fpublic_html HTTP/2.0" 403 3449 "-" "Mozilla/5.0 AppleWebKit/537.36 (KHTML, like Gecko; compatible; ClaudeBot/1.0; +claudebot@anthropic.com)" 506 **0/506644**
144.76.19.28 - - [27/Mar/2026:09:33:50 -0700] "GET /?p=17889 HTTP/1.1" 200 3956 "-" "Mozilla/5.0 (compatible; SERankingBacklinksBot/1.0; +https://seranking.com/backlinks-crawler)" 496 **0/496297**
198.244.226.152 - - [27/Mar/2026:09:33:51 -0700] "GET /commodity/mojo/addr17194950272 HTTP/2.0" 200 3449 "-" "Mozilla/5.0 (compatible; AhrefsBot/7.0; +http://ahrefs.com/robot/)" 492 **0/492227**
216.73.216.162 - - [27/Mar/2026:09:33:52 -0700] "GET /item/3989231997?fileloc=%2Fhome%2Ffalconiapl2015%2Fpublic_html%2Findex.php&path=%2Fhome%2Ffalconiapl2015%2Fpublic_html HTTP/2.0" 403 3449 "-" "Mozilla/5.0 AppleWebKit/537.36 (KHTML, like Gecko; compatible; ClaudeBot/1.0; +claudebot@anthropic.com)" 505 **0/505035**
216.73.216.162 - - [27/Mar/2026:09:33:55 -0700] "GET /item/3989231997?fileloc=%2Fhome%2Ffalconiapl2015%2Fpublic_html%2Fwp-login.php&path=%2Fhome%2Ffalconiapl2015%2Fpublic_html HTTP/2.0" 200 15079 "-" "Mozilla/5.0 AppleWebKit/537.36 (KHTML, like Gecko; compatible; ClaudeBot/1.0; +claudebot@anthropic.com)" 516 **0/516381**
144.76.19.28 - - [27/Mar/2026:09:33:55 -0700] "GET /?p=17890 HTTP/1.1" 200 3956 "-" "Mozilla/5.0 (compatible; SERankingBacklinksBot/1.0; +https://seranking.com/backlinks-crawler)" 480 **0/480624**
216.73.216.162 - - [27/Mar/2026:09:33:58 -0700] "GET /item/1363896383?fileloc=%2Fhome%2Ffalconiapl2015%2Fpublic_html%2Ferror_log&path=%2Fhome%2Ffalconiapl2015%2Fpublic_html HTTP/2.0" 200 2398 "-" "Mozilla/5.0 AppleWebKit/537.36 (KHTML, like Gecko; compatible; ClaudeBot/1.0; +claudebot@anthropic.com)" 493 **0/493038**
144.76.19.28 - - [27/Mar/2026:09:33:59 -0700] "GET /?p=17891 HTTP/1.1" 200 3956 "-" "Mozilla/5.0 (compatible; SERankingBacklinksBot/1.0; +https://seranking.com/backlinks-crawler)" 504 **0/504406**
216.73.216.162 - - [27/Mar/2026:09:34:01 -0700] "GET /item/4189986004?fileloc=%2Fhome%2Ffalconiapl2015%2Fpublic_html%2Findex.php&path=%2Fhome%2Ffalconiapl2015%2Fpublic_html HTTP/2.0" 200 10878 "-" "Mozilla/5.0 AppleWebKit/537.36 (KHTML, like Gecko; compatible; ClaudeBot/1.0; +claudebot@anthropic.com)" 604 **0/604024**
144.76.19.28 - - [27/Mar/2026:09:34:03 -0700] "GET /?p=27101 HTTP/1.1" 200 3956 "-" "Mozilla/5.0 (compatible; SERankingBacklinksBot/1.0; +https://seranking.com/backlinks-crawler)" 517 **0/517372**
216.73.216.162 - - [27/Mar/2026:09:34:04 -0700] "GET /item/4189986004?fileloc=%2Fhome%2Ffalconiapl2015%2Fpublic_html%2Fwp-login.php&path=%2Fhome%2Ffalconiapl2015%2Fpublic_html HTTP/2.0" 200 15079 "-" "Mozilla/5.0 AppleWebKit/537.36 (KHTML, like Gecko; compatible; ClaudeBot/1.0; +claudebot@anthropic.com)" 505 **0/505384**
216.73.216.162 - - [27/Mar/2026:09:34:07 -0700] "GET /item/715786366?fileloc=%2Fhome%2Ffalconiapl2015%2Fpublic_html%2Fwp-blog-header.php&path=%2Fhome%2Ffalconiapl2015%2Fpublic_html HTTP/2.0" 200 2447 "-" "Mozilla/5.0 AppleWebKit/537.36 (KHTML, like Gecko; compatible; ClaudeBot/1.0; +claudebot@anthropic.com)" 502 **0/502565**
144.76.19.28 - - [27/Mar/2026:09:34:07 -0700] "GET /?p=17892 HTTP/1.1" 200 3956 "-" "Mozilla/5.0 (compatible; SERankingBacklinksBot/1.0; +https://seranking.com/backlinks-crawler)" 501 **0/501456**
216.73.216.162 - - [27/Mar/2026:09:34:10 -0700] "GET /item/1781702381?fileloc=%2Fhome%2Ffalconiapl2015%2Fpublic_html%2Fwp-blog-header.php&path=%2Fhome%2Ffalconiapl2015%2Fpublic_html HTTP/2.0" 200 2447 "-" "Mozilla/5.0 AppleWebKit/537.36 (KHTML, like Gecko; compatible; ClaudeBot/1.0; +claudebot@anthropic.com)" 519 **0/519798**
144.76.19.28 - - [27/Mar/2026:09:34:12 -0700] "GET /?p=17893 HTTP/1.1" 200 3956 "-" "Mozilla/5.0 (compatible; SERankingBacklinksBot/1.0; +https://seranking.com/backlinks-crawler)" 507 **0/507911**
216.73.216.162 - - [27/Mar/2026:09:34:13 -0700] "GET /item/1363896383?fileloc=%2Fhome%2Ffalconiapl2015%2Fpublic_html%2Fwp-blog-header.php&path=%2Fhome%2Ffalconiapl2015%2Fpublic_html HTTP/2.0" 200 2447 "-" "Mozilla/5.0 AppleWebKit/537.36 (KHTML, like Gecko; compatible; ClaudeBot/1.0; +claudebot@anthropic.com)" 500 **0/500707**
144.76.19.28 - - [27/Mar/2026:09:34:16 -0700] "GET /?p=17894 HTTP/1.1" 200 3956 "-" "Mozilla/5.0 (compatible; SERankingBacklinksBot/1.0; +https://seranking.com/backlinks-crawler)" 508 **0/508609**
144.76.19.28 - - [27/Mar/2026:09:34:20 -0700] "GET /?p=17895 HTTP/1.1" 200 3956 "-" "Mozilla/5.0 (compatible; SERankingBacklinksBot/1.0; +https://seranking.com/backlinks-crawler)" 500 **0/500192**
144.76.19.28 - - [27/Mar/2026:09:34:24 -0700] "GET /?p=17896 HTTP/1.1" 200 3956 "-" "Mozilla/5.0 (compatible; SERankingBacklinksBot/1.0; +https://seranking.com/backlinks-crawler)" 512 **0/512427**
216.73.216.162 - - [27/Mar/2026:09:34:26 -0700] "GET /item/4189986004?fileloc=%2Fhome%2Ffalconiapl2015%2Fpublic_html%2Flicense.txt&path=%2Fhome%2Ffalconiapl2015%2Fpublic_html HTTP/2.0" 200 9311 "-" "Mozilla/5.0 AppleWebKit/537.36 (KHTML, like Gecko; compatible; ClaudeBot/1.0; +claudebot@anthropic.com)" 500 **0/500630**
216.73.216.162 - - [27/Mar/2026:09:34:28 -0700] "GET /item/3989231997?fileloc=%2Fhome%2Ffalconiapl2015%2Fpublic_html%2Flicense.txt&path=%2Fhome%2Ffalconiapl2015%2Fpublic_html HTTP/2.0" 200 9311 "-" "Mozilla/5.0 AppleWebKit/537.36 (KHTML, like Gecko; compatible; ClaudeBot/1.0; +claudebot@anthropic.com)" 496 **0/496221**
144.76.19.28 - - [27/Mar/2026:09:34:28 -0700] "GET /?p=17897 HTTP/1.1" 200 3956 "-" "Mozilla/5.0 (compatible; SERankingBacklinksBot/1.0; +https://seranking.com/backlinks-crawler)" 491 **0/491349**
216.73.216.162 - - [27/Mar/2026:09:34:31 -0700] "GET /item/715786366?fileloc=%2Fhome%2Ffalconiapl2015%2Fpublic_html%2Flicense.txt&path=%2Fhome%2Ffalconiapl2015%2Fpublic_html HTTP/2.0" 200 9311 "-" "Mozilla/5.0 AppleWebKit/537.36 (KHTML, like Gecko; compatible; ClaudeBot/1.0; +claudebot@anthropic.com)" 512 **0/512678**
144.76.19.28 - - [27/Mar/2026:09:34:32 -0700] "GET /?p=17898 HTTP/1.1" 200 3956 "-" "Mozilla/5.0 (compatible; SERankingBacklinksBot/1.0; +https://seranking.com/backlinks-crawler)" 513 **0/513086**
216.73.216.162 - - [27/Mar/2026:09:34:34 -0700] "GET /item/1781702381?fileloc=%2Fhome%2Ffalconiapl2015%2Fpublic_html%2Flicense.txt&path=%2Fhome%2Ffalconiapl2015%2Fpublic_html HTTP/2.0" 200 9311 "-" "Mozilla/5.0 AppleWebKit/537.36 (KHTML, like Gecko; compatible; ClaudeBot/1.0; +claudebot@anthropic.com)" 488 **0/488190**
144.76.19.28 - - [27/Mar/2026:09:34:37 -0700] "GET /?p=17899 HTTP/1.1" 200 3956 "-" "Mozilla/5.0 (compatible; SERankingBacklinksBot/1.0; +https://seranking.com/backlinks-crawler)" 515 **0/515420**
216.73.216.162 - - [27/Mar/2026:09:34:37 -0700] "GET /item/1363896383?fileloc=%2Fhome%2Ffalconiapl2015%2Fpublic_html%2Flicense.txt&path=%2Fhome%2Ffalconiapl2015%2Fpublic_html HTTP/2.0" 200 9311 "-" "Mozilla/5.0 AppleWebKit/537.36 (KHTML, like Gecko; compatible; ClaudeBot/1.0; +claudebot@anthropic.com)" 529 **0/529625**
216.73.216.162 - - [27/Mar/2026:09:34:40 -0700] "GET /item/4189986004?fileloc=%2Fhome%2Ffalconiapl2015%2Fpublic_html%2Frobots.txt&path=%2Fhome%2Ffalconiapl2015%2Fpublic_html HTTP/2.0" 200 2301 "-" "Mozilla/5.0 AppleWebKit/537.36 (KHTML, like Gecko; compatible; ClaudeBot/1.0; +claudebot@anthropic.com)" 509 **0/509527**
144.76.19.28 - - [27/Mar/2026:09:34:41 -0700] "GET /?p=17901 HTTP/1.1" 200 3956 "-" "Mozilla/5.0 (compatible; SERankingBacklinksBot/1.0; +https://seranking.com/backlinks-crawler)" 515 **0/515463**
216.73.216.162 - - [27/Mar/2026:09:34:43 -0700] "GET /item/3989231997?fileloc=%2Fhome%2Ffalconiapl2015%2Fpublic_html%2Frobots.txt&path=%2Fhome%2Ffalconiapl2015%2Fpublic_html HTTP/2.0" 200 2301 "-" "Mozilla/5.0 AppleWebKit/537.36 (KHTML, like Gecko; compatible; ClaudeBot/1.0; +claudebot@anthropic.com)" 535 **0/535704**
52.167.144.187 - - [27/Mar/2026:09:34:43 -0700] "GET /commodity/grills/inmates17166031197 HTTP/2.0" 200 28746 "-" "Mozilla/5.0 AppleWebKit/537.36 (KHTML, like Gecko; compatible; bingbot/2.0; +http://www.bing.com/bingbot.htm) Chrome/116.0.1938.76 Safari/537.36" 1630 **1/1630358**
144.76.19.28 - - [27/Mar/2026:09:34:45 -0700] "GET /?p=17902 HTTP/1.1" 200 3956 "-" "Mozilla/5.0 (compatible; SERankingBacklinksBot/1.0; +https://seranking.com/backlinks-crawler)" 529 **0/529069**
216.73.216.162 - - [27/Mar/2026:09:34:46 -0700] "GET /item/715786366?fileloc=%2Fhome%2Ffalconiapl2015%2Fpublic_html%2Frobots.txt&path=%2Fhome%2Ffalconiapl2015%2Fpublic_html HTTP/2.0" 200 2301 "-" "Mozilla/5.0 AppleWebKit/537.36 (KHTML, like Gecko; compatible; ClaudeBot/1.0; +claudebot@anthropic.com)" 529 **0/529017**
52.167.144.187 - - [27/Mar/2026:09:34:45 -0700] "GET /products/18909698/ HTTP/2.0" 200 25889 "-" "Mozilla/5.0 AppleWebKit/537.36 (KHTML, like Gecko; compatible; bingbot/2.0; +http://www.bing.com/bingbot.htm) Chrome/116.0.1938.76 Safari/537.36" 1600 **1/1600672**
144.76.19.28 - - [27/Mar/2026:09:34:49 -0700] "GET /?p=17903 HTTP/1.1" 200 3956 "-" "Mozilla/5.0 (compatible; SERankingBacklinksBot/1.0; +https://seranking.com/backlinks-crawler)" 502 **0/502164**
216.73.216.162 - - [27/Mar/2026:09:34:49 -0700] "GET /item/1781702381?fileloc=%2Fhome%2Ffalconiapl2015%2Fpublic_html%2Frobots.txt&path=%2Fhome%2Ffalconiapl2015%2Fpublic_html HTTP/2.0" 200 2301 "-" "Mozilla/5.0 AppleWebKit/537.36 (KHTML, like Gecko; compatible; ClaudeBot/1.0; +claudebot@anthropic.com)" 492 **0/492965**
216.73.216.162 - - [27/Mar/2026:09:34:52 -0700] "GET /item/1363896383?fileloc=%2Fhome%2Ffalconiapl2015%2Fpublic_html%2Frobots.txt&path=%2Fhome%2Ffalconiapl2015%2Fpublic_html HTTP/2.0" 200 2301 "-" "Mozilla/5.0 AppleWebKit/537.36 (KHTML, like Gecko; compatible; ClaudeBot/1.0; +claudebot@anthropic.com)" 501 **0/501847**
144.76.19.28 - - [27/Mar/2026:09:34:53 -0700] "GET /?p=17906 HTTP/1.1" 200 3956 "-" "Mozilla/5.0 (compatible; SERankingBacklinksBot/1.0; +https://seranking.com/backlinks-crawler)" 511 **0/511134**
216.73.216.162 - - [27/Mar/2026:09:34:55 -0700] "GET /item/3989231997?fileloc=%2Fhome%2Ffalconiapl2015%2Fpublic_html%2F.htaccess&path=%2Fhome%2Ffalconiapl2015%2Fpublic_html HTTP/2.0" 200 3039 "-" "Mozilla/5.0 AppleWebKit/537.36 (KHTML, like Gecko; compatible; ClaudeBot/1.0; +claudebot@anthropic.com)" 488 **0/488374**
144.76.19.28 - - [27/Mar/2026:09:34:57 -0700] "GET /?p=17907 HTTP/1.1" 200 3956 "-" "Mozilla/5.0 (compatible; SERankingBacklinksBot/1.0; +https://seranking.com/backlinks-crawler)" 507 **0/507884**
114.119.155.69 - - [27/Mar/2026:09:34:58 -0700] "GET /commodity/transition/barnett172020304148 HTTP/1.1" 200 3956 "https://falcon-ia.com/sitemap_88.xml" "Mozilla/5.0 (Linux; Android 7.0;) AppleWebKit/537.36 (KHTML, like Gecko) Mobile Safari/537.36 (compatible; PetalBot;+https://webmaster.petalsearch.com/site/petalbot)" 513 **0/513393**
216.73.216.162 - - [27/Mar/2026:09:34:58 -0700] "GET /item/4189986004?fileloc=%2Fhome%2Ffalconiapl2015%2Fpublic_html%2F.htaccess&path=%2Fhome%2Ffalconiapl2015%2Fpublic_html HTTP/2.0" 200 3039 "-" "Mozilla/5.0 AppleWebKit/537.36 (KHTML, like Gecko; compatible; ClaudeBot/1.0; +claudebot@anthropic.com)" 493 **0/493016**
216.73.216.162 - - [27/Mar/2026:09:35:01 -0700] "GET /item/715786366?fileloc=%2Fhome%2Ffalconiapl2015%2Fpublic_html%2F.htaccess&path=%2Fhome%2Ffalconiapl2015%2Fpublic_html HTTP/2.0" 200 3039 "-" "Mozilla/5.0 AppleWebKit/537.36 (KHTML, like Gecko; compatible; ClaudeBot/1.0; +claudebot@anthropic.com)" 783 **0/783946**
144.76.19.28 - - [27/Mar/2026:09:35:01 -0700] "GET /?p=27404 HTTP/1.1" 200 3956 "-" "Mozilla/5.0 (compatible; SERankingBacklinksBot/1.0; +https://seranking.com/backlinks-crawler)" 682 **0/682153**
144.76.19.28 - - [27/Mar/2026:09:35:06 -0700] "GET /?p=17908 HTTP/1.1" 200 3956 "-" "Mozilla/5.0 (compatible; SERankingBacklinksBot/1.0; +https://seranking.com/backlinks-crawler)" 584 **0/584019**
216.73.216.162 - - [27/Mar/2026:09:35:08 -0700] "GET /item/1781702381?path=%2Fhome%2Ffalconiapl2015%2Fpublic_html%2Fwp-admin HTTP/2.0" 200 5481 "-" "Mozilla/5.0 AppleWebKit/537.36 (KHTML, like Gecko; compatible; ClaudeBot/1.0; +claudebot@anthropic.com)" 539 **0/539225**
144.76.19.28 - - [27/Mar/2026:09:35:10 -0700] "GET /?p=17912 HTTP/1.1" 200 3956 "-" "Mozilla/5.0 (compatible; SERankingBacklinksBot/1.0; +https://seranking.com/backlinks-crawler)" 566 **0/566340**
216.73.216.162 - - [27/Mar/2026:09:35:10 -0700] "GET /item/1363896383?path=%2Fhome%2Ffalconiapl2015%2Fpublic_html%2Fwp-admin HTTP/2.0" 200 5481 "-" "Mozilla/5.0 AppleWebKit/537.36 (KHTML, like Gecko; compatible; ClaudeBot/1.0; +claudebot@anthropic.com)" 553 **0/553702**
216.73.216.162 - - [27/Mar/2026:09:35:14 -0700] "GET /item/4189986004?path=%2Fhome%2Ffalconiapl2015%2Fpublic_html%2Fwp-admin HTTP/2.0" 200 5481 "-" "Mozilla/5.0 AppleWebKit/537.36 (KHTML, like Gecko; compatible; ClaudeBot/1.0; +claudebot@anthropic.com)" 544 **0/544555**
144.76.19.28 - - [27/Mar/2026:09:35:14 -0700] "GET /?p=17913 HTTP/1.1" 200 3956 "-" "Mozilla/5.0 (compatible; SERankingBacklinksBot/1.0; +https://seranking.com/backlinks-crawler)" 509 **0/509185**
216.73.216.162 - - [27/Mar/2026:09:35:17 -0700] "GET /item/715786366?path=%2Fhome%2Ffalconiapl2015%2Fpublic_html%2Fwp-admin HTTP/2.0" 200 5481 "-" "Mozilla/5.0 AppleWebKit/537.36 (KHTML, like Gecko; compatible; ClaudeBot/1.0; +claudebot@anthropic.com)" 512 **0/512354**
144.76.19.28 - - [27/Mar/2026:09:35:18 -0700] "GET /?p=17915 HTTP/1.1" 200 3956 "-" "Mozilla/5.0 (compatible; SERankingBacklinksBot/1.0; +https://seranking.com/backlinks-crawler)" 537 **0/537381**
216.73.216.162 - - [27/Mar/2026:09:35:19 -0700] "GET /item/1781702381?path=%2Fhome HTTP/2.0" 200 2535 "-" "Mozilla/5.0 AppleWebKit/537.36 (KHTML, like Gecko; compatible; ClaudeBot/1.0; +claudebot@anthropic.com)" 499 **0/499911**
144.76.19.28 - - [27/Mar/2026:09:35:22 -0700] "GET /?p=17916 HTTP/1.1" 200 3956 "-" "Mozilla/5.0 (compatible; SERankingBacklinksBot/1.0; +https://seranking.com/backlinks-crawler)" 526 **0/526905**
216.73.216.162 - - [27/Mar/2026:09:35:23 -0700] "GET /item/3989231997?path=%2Fhome HTTP/2.0" 200 2535 "-" "Mozilla/5.0 AppleWebKit/537.36 (KHTML, like Gecko; compatible; ClaudeBot/1.0; +claudebot@anthropic.com)" 586 **0/586291**
144.76.19.28 - - [27/Mar/2026:09:35:26 -0700] "GET /?p=17917 HTTP/1.1" 200 3956 "-" "Mozilla/5.0 (compatible; SERankingBacklinksBot/1.0; +https://seranking.com/backlinks-crawler)" 1772 **1/1772776**
216.73.216.162 - - [27/Mar/2026:09:35:26 -0700] "GET /item/1363896383?path=%2Fhome HTTP/2.0" 200 2535 "-" "Mozilla/5.0 AppleWebKit/537.36 (KHTML, like Gecko; compatible; ClaudeBot/1.0; +claudebot@anthropic.com)" 1726 **1/1726657**
216.73.216.162 - - [27/Mar/2026:09:35:29 -0700] "GET /item/715786366?path=%2Fhome HTTP/2.0" 200 2535 "-" "Mozilla/5.0 AppleWebKit/537.36 (KHTML, like Gecko; compatible; ClaudeBot/1.0; +claudebot@anthropic.com)" 634 **0/634974**
144.76.19.28 - - [27/Mar/2026:09:35:31 -0700] "GET /?p=17918 HTTP/1.1" 200 3956 "-" "Mozilla/5.0 (compatible; SERankingBacklinksBot/1.0; +https://seranking.com/backlinks-crawler)" 520 **0/520822**
216.73.216.162 - - [27/Mar/2026:09:35:32 -0700] "GET /item/4189986004?path=%2Fhome HTTP/2.0" 200 2535 "-" "Mozilla/5.0 AppleWebKit/537.36 (KHTML, like Gecko; compatible; ClaudeBot/1.0; +claudebot@anthropic.com)" 560 **0/560518**
216.73.216.162 - - [27/Mar/2026:09:35:35 -0700] "GET /item/1781702381?path=%2F HTTP/2.0" 200 2908 "-" "Mozilla/5.0 AppleWebKit/537.36 (KHTML, like Gecko; compatible; ClaudeBot/1.0; +claudebot@anthropic.com)" 522 **0/522247**
157.55.39.12 - - [27/Mar/2026:09:35:34 -0700] "GET /commodity/judge/vor171810071158 HTTP/2.0" 200 26630 "-" "Mozilla/5.0 AppleWebKit/537.36 (KHTML, like Gecko; compatible; bingbot/2.0; +http://www.bing.com/bingbot.htm) Chrome/116.0.1938.76 Safari/537.36" 1628 **1/1628143**
144.76.19.28 - - [27/Mar/2026:09:35:36 -0700] "GET /?p=17921 HTTP/1.1" 200 3956 "-" "Mozilla/5.0 (compatible; SERankingBacklinksBot/1.0; +https://seranking.com/backlinks-crawler)" 501 **0/501662**
216.73.216.162 - - [27/Mar/2026:09:35:38 -0700] "GET /item/3989231997?path=%2F HTTP/2.0" 200 2908 "-" "Mozilla/5.0 AppleWebKit/537.36 (KHTML, like Gecko; compatible; ClaudeBot/1.0; +claudebot@anthropic.com)" 515 **0/515238**
144.76.19.28 - - [27/Mar/2026:09:35:40 -0700] "GET /?p=17922 HTTP/1.1" 200 3956 "-" "Mozilla/5.0 (compatible; SERankingBacklinksBot/1.0; +https://seranking.com/backlinks-crawler)" 500 **0/500578**
216.73.216.162 - - [27/Mar/2026:09:35:41 -0700] "GET /item/1363896383?path=%2F HTTP/2.0" 403 3449 "-" "Mozilla/5.0 AppleWebKit/537.36 (KHTML, like Gecko; compatible; ClaudeBot/1.0; +claudebot@anthropic.com)" 547 **0/547409**
198.244.183.193 - - [27/Mar/2026:09:35:43 -0700] "GET /commodity/miller/nih17215687230 HTTP/2.0" 200 3449 "-" "Mozilla/5.0 (compatible; AhrefsBot/7.0; +http://ahrefs.com/robot/)" 512 **0/512174**
216.73.216.162 - - [27/Mar/2026:09:35:44 -0700] "GET /item/715786366?path=%2F HTTP/2.0" 403 3449 "-" "Mozilla/5.0 AppleWebKit/537.36 (KHTML, like Gecko; compatible; ClaudeBot/1.0; +claudebot@anthropic.com)" 554 **0/554870**
144.76.19.28 - - [27/Mar/2026:09:35:44 -0700] "GET /?p=17924 HTTP/1.1" 200 3956 "-" "Mozilla/5.0 (compatible; SERankingBacklinksBot/1.0; +https://seranking.com/backlinks-crawler)" 551 **0/551697**
216.73.216.162 - - [27/Mar/2026:09:35:47 -0700] "GET /item/4189986004?path=%2F HTTP/2.0" 403 3449 "-" "Mozilla/5.0 AppleWebKit/537.36 (KHTML, like Gecko; compatible; ClaudeBot/1.0; +claudebot@anthropic.com)" 499 **0/499859**
144.76.19.28 - - [27/Mar/2026:09:35:49 -0700] "GET /?p=17925 HTTP/1.1" 200 3956 "-" "Mozilla/5.0 (compatible; SERankingBacklinksBot/1.0; +https://seranking.com/backlinks-crawler)" 492 **0/492295**
216.73.216.162 - - [27/Mar/2026:09:35:51 -0700] "GET /item/2632958237?path=%2Fhome%2Ffalconiapl2015%2Fpublic_html%2Fwp-includes HTTP/2.0" 403 3449 "-" "Mozilla/5.0 AppleWebKit/537.36 (KHTML, like Gecko; compatible; ClaudeBot/1.0; +claudebot@anthropic.com)" 519 **0/519274**
144.76.19.28 - - [27/Mar/2026:09:35:53 -0700] "GET /?p=17926 HTTP/1.1" 200 3956 "-" "Mozilla/5.0 (compatible; SERankingBacklinksBot/1.0; +https://seranking.com/backlinks-crawler)" 512 **0/512399**
216.73.216.162 - - [27/Mar/2026:09:35:53 -0700] "GET /item/1833898685?path=%2Fhome%2Ffalconiapl2015%2Fpublic_html%2Fwp-admin HTTP/2.0" 403 3449 "-" "Mozilla/5.0 AppleWebKit/537.36 (KHTML, like Gecko; compatible; ClaudeBot/1.0; +claudebot@anthropic.com)" 501 **0/501378**
144.76.19.28 - - [27/Mar/2026:09:35:56 -0700] "GET /?p=17927 HTTP/1.1" 200 3956 "-" "Mozilla/5.0 (compatible; SERankingBacklinksBot/1.0; +https://seranking.com/backlinks-crawler)" 490 **0/490670**
114.119.151.246 - - [27/Mar/2026:09:35:58 -0700] "GET /commodity/tragedy/barely171618256332 HTTP/1.1" 200 3956 "https://falcon-ia.com/sitemap_90.xml" "Mozilla/5.0 (Linux; Android 7.0;) AppleWebKit/537.36 (KHTML, like Gecko) Mobile Safari/537.36 (compatible; PetalBot;+https://webmaster.petalsearch.com/site/petalbot)" 495 **0/495382**
216.73.216.162 - - [27/Mar/2026:09:35:59 -0700] "GET /item/1781702381?fileloc=%2Fhome%2Ffalconiapl2015%2Fpublic_html%2F.htaccess&path=%2Fhome%2Ffalconiapl2015%2Fpublic_html HTTP/2.0" 403 3449 "-" "Mozilla/5.0 AppleWebKit/537.36 (KHTML, like Gecko; compatible; ClaudeBot/1.0; +claudebot@anthropic.com)" 497 **0/497708**
144.76.19.28 - - [27/Mar/2026:09:36:00 -0700] "GET /?p=27791 HTTP/1.1" 200 3956 "-" "Mozilla/5.0 (compatible; SERankingBacklinksBot/1.0; +https://seranking.com/backlinks-crawler)" 504 **0/504485**
216.73.216.162 - - [27/Mar/2026:09:36:02 -0700] "GET /item/1363896383?fileloc=%2Fhome%2Ffalconiapl2015%2Fpublic_html%2F.htaccess&path=%2Fhome%2Ffalconiapl2015%2Fpublic_html HTTP/2.0" 403 3449 "-" "Mozilla/5.0 AppleWebKit/537.36 (KHTML, like Gecko; compatible; ClaudeBot/1.0; +claudebot@anthropic.com)" 527 **0/527937**
144.76.19.28 - - [27/Mar/2026:09:36:05 -0700] "GET /?p=17928 HTTP/1.1" 200 3956 "-" "Mozilla/5.0 (compatible; SERankingBacklinksBot/1.0; +https://seranking.com/backlinks-crawler)" 496 **0/496417**
216.73.216.162 - - [27/Mar/2026:09:36:05 -0700] "GET /item/3989231997?fileloc=%2Fhome%2Ffalconiapl2015%2Fpublic_html%2Fwp-signup.php&path=%2Fhome%2Ffalconiapl2015%2Fpublic_html HTTP/2.0" 403 3449 "-" "Mozilla/5.0 AppleWebKit/537.36 (KHTML, like Gecko; compatible; ClaudeBot/1.0; +claudebot@anthropic.com)" 492 **0/492066**
157.55.39.12 - - [27/Mar/2026:09:36:04 -0700] "GET /commodity/studying/ahmed17184151944 HTTP/2.0" 200 30253 "-" "Mozilla/5.0 AppleWebKit/537.36 (KHTML, like Gecko; compatible; bingbot/2.0; +http://www.bing.com/bingbot.htm) Chrome/116.0.1938.76 Safari/537.36" 1628 **1/1628969**
216.73.216.162 - - [27/Mar/2026:09:36:08 -0700] "GET /item/4189986004?fileloc=%2Fhome%2Ffalconiapl2015%2Fpublic_html%2Fwp-signup.php&path=%2Fhome%2Ffalconiapl2015%2Fpublic_html HTTP/2.0" 403 3449 "-" "Mozilla/5.0 AppleWebKit/537.36 (KHTML, like Gecko; compatible; ClaudeBot/1.0; +claudebot@anthropic.com)" 491 **0/491687**
144.76.19.28 - - [27/Mar/2026:09:36:09 -0700] "GET /?p=17929 HTTP/1.1" 200 3956 "-" "Mozilla/5.0 (compatible; SERankingBacklinksBot/1.0; +https://seranking.com/backlinks-crawler)" 489 **0/489881**
216.73.216.162 - - [27/Mar/2026:09:36:11 -0700] "GET /item/3989231997?fileloc=%2Fhome%2Ffalconiapl2015%2Fpublic_html%2Freadme.html&path=%2Fhome%2Ffalconiapl2015%2Fpublic_html HTTP/2.0" 403 3449 "-" "Mozilla/5.0 AppleWebKit/537.36 (KHTML, like Gecko; compatible; ClaudeBot/1.0; +claudebot@anthropic.com)" 485 **0/485950**
144.76.19.28 - - [27/Mar/2026:09:36:13 -0700] "GET /?p=17930 HTTP/1.1" 200 3956 "-" "Mozilla/5.0 (compatible; SERankingBacklinksBot/1.0; +https://seranking.com/backlinks-crawler)" 500 **0/500448**
216.73.216.162 - - [27/Mar/2026:09:36:14 -0700] "GET /item/4189986004?fileloc=%2Fhome%2Ffalconiapl2015%2Fpublic_html%2Freadme.html&path=%2Fhome%2Ffalconiapl2015%2Fpublic_html HTTP/2.0" 403 3449 "-" "Mozilla/5.0 AppleWebKit/537.36 (KHTML, like Gecko; compatible; ClaudeBot/1.0; +claudebot@anthropic.com)" 502 **0/502518**
216.73.216.162 - - [27/Mar/2026:09:36:17 -0700] "GET /item/715786366?fileloc=%2Fhome%2Ffalconiapl2015%2Fpublic_html%2Fwp-signup.php&path=%2Fhome%2Ffalconiapl2015%2Fpublic_html HTTP/2.0" 403 3449 "-" "Mozilla/5.0 AppleWebKit/537.36 (KHTML, like Gecko; compatible; ClaudeBot/1.0; +claudebot@anthropic.com)" 495 **0/495294**
144.76.19.28 - - [27/Mar/2026:09:36:17 -0700] "GET /?p=17931 HTTP/1.1" 200 3956 "-" "Mozilla/5.0 (compatible; SERankingBacklinksBot/1.0; +https://seranking.com/backlinks-crawler)" 509 **0/509452**
52.167.144.187 - - [27/Mar/2026:09:36:16 -0700] "GET /?c.1210714740203.html HTTP/2.0" 200 26435 "-" "Mozilla/5.0 AppleWebKit/537.36 (KHTML, like Gecko; compatible; bingbot/2.0; +http://www.bing.com/bingbot.htm) Chrome/116.0.1938.76 Safari/537.36" 1614 **1/1614958**
216.73.216.162 - - [27/Mar/2026:09:36:20 -0700] "GET /item/1781702381?fileloc=%2Fhome%2Ffalconiapl2015%2Fpublic_html%2Fwp-signup.php&path=%2Fhome%2Ffalconiapl2015%2Fpublic_html HTTP/2.0" 403 3449 "-" "Mozilla/5.0 AppleWebKit/537.36 (KHTML, like Gecko; compatible; ClaudeBot/1.0; +claudebot@anthropic.com)" 493 **0/493716**
202.76.172.173 - - [27/Mar/2026:09:36:20 -0700] "GET /2024/03/05/ HTTP/1.1" 200 3956 "-" "Mozilla/5.0 (Windows NT 10.0; Win64; x64) AppleWebKit/537.36 (KHTML, like Gecko) Chrome/131.0.6778.265 Safari/537.36" 493 **0/493604**
185.191.171.8 - - [27/Mar/2026:09:36:20 -0700] "GET /commodity/manufacturing/es171810056010 HTTP/1.1" 200 3956 "-" "Mozilla/5.0 (compatible; SemrushBot/7~bl; +http://www.semrush.com/bot.html)" 500 **0/500599**
144.76.19.28 - - [27/Mar/2026:09:36:21 -0700] "GET /?p=17932 HTTP/1.1" 200 3956 "-" "Mozilla/5.0 (compatible; SERankingBacklinksBot/1.0; +https://seranking.com/backlinks-crawler)" 503 **0/503181**
216.73.216.162 - - [27/Mar/2026:09:36:23 -0700] "GET /item/3989231997?fileloc=%2Fhome%2Ffalconiapl2015%2Fpublic_html%2Fgbmfx.php&path=%2Fhome%2Ffalconiapl2015%2Fpublic_html HTTP/2.0" 200 5547 "-" "Mozilla/5.0 AppleWebKit/537.36 (KHTML, like Gecko; compatible; ClaudeBot/1.0; +claudebot@anthropic.com)" 516 **0/516864**
144.76.19.28 - - [27/Mar/2026:09:36:25 -0700] "GET /?p=17934 HTTP/1.1" 200 3956 "-" "Mozilla/5.0 (compatible; SERankingBacklinksBot/1.0; +https://seranking.com/backlinks-crawler)" 492 **0/492616**
216.73.216.162 - - [27/Mar/2026:09:36:26 -0700] "GET /item/1363896383?fileloc=%2Fhome%2Ffalconiapl2015%2Fpublic_html%2Fwp-signup.php&path=%2Fhome%2Ffalconiapl2015%2Fpublic_html HTTP/2.0" 200 10251 "-" "Mozilla/5.0 AppleWebKit/537.36 (KHTML, like Gecko; compatible; ClaudeBot/1.0; +claudebot@anthropic.com)" 496 **0/496833**
216.73.216.162 - - [27/Mar/2026:09:36:29 -0700] "GET /item/3989231997?fileloc=%2Fhome%2Ffalconiapl2015%2Fpublic_html%2Fwp-links-opml.php&path=%2Fhome%2Ffalconiapl2015%2Fpublic_html HTTP/2.0" 200 3349 "-" "Mozilla/5.0 AppleWebKit/537.36 (KHTML, like Gecko; compatible; ClaudeBot/1.0; +claudebot@anthropic.com)" 536 **0/536555**
144.76.19.28 - - [27/Mar/2026:09:36:30 -0700] "GET /?p=17935 HTTP/1.1" 200 3956 "-" "Mozilla/5.0 (compatible; SERankingBacklinksBot/1.0; +https://seranking.com/backlinks-crawler)" 496 **0/496312**
216.73.216.162 - - [27/Mar/2026:09:36:32 -0700] "GET /item/4189986004?fileloc=%2Fhome%2Ffalconiapl2015%2Fpublic_html%2Fgbmfx.php&path=%2Fhome%2Ffalconiapl2015%2Fpublic_html HTTP/2.0" 200 5547 "-" "Mozilla/5.0 AppleWebKit/537.36 (KHTML, like Gecko; compatible; ClaudeBot/1.0; +claudebot@anthropic.com)" 519 **0/519868**
144.76.19.28 - - [27/Mar/2026:09:36:34 -0700] "GET /?p=17936 HTTP/1.1" 200 3956 "-" "Mozilla/5.0 (compatible; SERankingBacklinksBot/1.0; +https://seranking.com/backlinks-crawler)" 511 **0/511220**
216.73.216.162 - - [27/Mar/2026:09:36:35 -0700] "GET /item/4189986004?fileloc=%2Fhome%2Ffalconiapl2015%2Fpublic_html%2Fwp-links-opml.php&path=%2Fhome%2Ffalconiapl2015%2Fpublic_html HTTP/2.0" 200 3349 "-" "Mozilla/5.0 AppleWebKit/537.36 (KHTML, like Gecko; compatible; ClaudeBot/1.0; +claudebot@anthropic.com)" 536 **0/536899**
144.76.19.28 - - [27/Mar/2026:09:36:38 -0700] "GET /?p=17937 HTTP/1.1" 200 3956 "-" "Mozilla/5.0 (compatible; SERankingBacklinksBot/1.0; +https://seranking.com/backlinks-crawler)" 515 **0/515342**
216.73.216.162 - - [27/Mar/2026:09:36:40 -0700] "GET /item/469218005?path=%2Fhome%2Ffalconiapl2015%2Fpublic_html%2F.tmb HTTP/2.0" 200 2681 "-" "Mozilla/5.0 AppleWebKit/537.36 (KHTML, like Gecko; compatible; ClaudeBot/1.0; +claudebot@anthropic.com)" 487 **0/487698**
216.73.216.162 - - [27/Mar/2026:09:36:42 -0700] "GET /item/1833898685?path=%2Fhome%2Ffalconiapl2015%2Fpublic_html%2F.tmb HTTP/2.0" 200 2681 "-" "Mozilla/5.0 AppleWebKit/537.36 (KHTML, like Gecko; compatible; ClaudeBot/1.0; +claudebot@anthropic.com)" 503 **0/503606**
144.76.19.28 - - [27/Mar/2026:09:36:42 -0700] "GET /?p=17939 HTTP/1.1" 200 3956 "-" "Mozilla/5.0 (compatible; SERankingBacklinksBot/1.0; +https://seranking.com/backlinks-crawler)" 509 **0/509670**
216.73.216.162 - - [27/Mar/2026:09:36:45 -0700] "GET /item/3691697743?path=%2Fhome%2Ffalconiapl2015%2Fpublic_html%2F.tmb HTTP/2.0" 200 2681 "-" "Mozilla/5.0 AppleWebKit/537.36 (KHTML, like Gecko; compatible; ClaudeBot/1.0; +claudebot@anthropic.com)" 521 **0/521282**
185.191.171.19 - - [27/Mar/2026:09:36:46 -0700] "GET /commodity/lingerie/repeated171937801580 HTTP/1.1" 200 3956 "-" "Mozilla/5.0 (compatible; SemrushBot/7~bl; +http://www.semrush.com/bot.html)" 502 **0/502428**
144.76.19.28 - - [27/Mar/2026:09:36:47 -0700] "GET /?p=17941 HTTP/1.1" 200 3956 "-" "Mozilla/5.0 (compatible; SERankingBacklinksBot/1.0; +https://seranking.com/backlinks-crawler)" 502 **0/502631**
216.73.216.162 - - [27/Mar/2026:09:36:48 -0700] "GET /item/2632958237?path=%2Fhome%2Ffalconiapl2015%2Fpublic_html%2F.tmb HTTP/2.0" 200 2681 "-" "Mozilla/5.0 AppleWebKit/537.36 (KHTML, like Gecko; compatible; ClaudeBot/1.0; +claudebot@anthropic.com)" 507 **0/507125**
144.76.19.28 - - [27/Mar/2026:09:36:50 -0700] "GET /?p=17942 HTTP/1.1" 200 3956 "-" "Mozilla/5.0 (compatible; SERankingBacklinksBot/1.0; +https://seranking.com/backlinks-crawler)" 501 **0/501201**
216.73.216.162 - - [27/Mar/2026:09:36:51 -0700] "GET /item/469218005?path=%2Fhome%2Ffalconiapl2015%2Fpublic_html%2F.easyssl_backup HTTP/2.0" 200 2841 "-" "Mozilla/5.0 AppleWebKit/537.36 (KHTML, like Gecko; compatible; ClaudeBot/1.0; +claudebot@anthropic.com)" 524 **0/524649**
216.73.216.162 - - [27/Mar/2026:09:36:54 -0700] "GET /item/469218005?path=%2Fhome%2Ffalconiapl2015%2Fpublic_html%2Fwp-content HTTP/2.0" 200 2867 "-" "Mozilla/5.0 AppleWebKit/537.36 (KHTML, like Gecko; compatible; ClaudeBot/1.0; +claudebot@anthropic.com)" 502 **0/502648**
144.76.19.28 - - [27/Mar/2026:09:36:54 -0700] "GET /?p=17943 HTTP/1.1" 200 3956 "-" "Mozilla/5.0 (compatible; SERankingBacklinksBot/1.0; +https://seranking.com/backlinks-crawler)" 514 **0/514769**
216.73.216.162 - - [27/Mar/2026:09:36:57 -0700] "GET /item/469218005?path=%2Fhome%2Ffalconiapl2015%2Fpublic_html HTTP/2.0" 200 3449 "-" "Mozilla/5.0 AppleWebKit/537.36 (KHTML, like Gecko; compatible; ClaudeBot/1.0; +claudebot@anthropic.com)" 539 **0/539097**
144.76.19.28 - - [27/Mar/2026:09:36:59 -0700] "GET /?p=28282 HTTP/1.1" 200 3956 "-" "Mozilla/5.0 (compatible; SERankingBacklinksBot/1.0; +https://seranking.com/backlinks-crawler)" 509 **0/509037**
216.73.216.162 - - [27/Mar/2026:09:37:00 -0700] "GET /item/1833898685?path=%2Fhome%2Ffalconiapl2015%2Fpublic_html%2F.easyssl_backup HTTP/2.0" 200 2841 "-" "Mozilla/5.0 AppleWebKit/537.36 (KHTML, like Gecko; compatible; ClaudeBot/1.0; +claudebot@anthropic.com)" 508 **0/508157**
185.191.171.13 - - [27/Mar/2026:09:37:01 -0700] "GET /commodity/pays/ensemble17197763816 HTTP/1.1" 200 3956 "-" "Mozilla/5.0 (compatible; SemrushBot/7~bl; +http://www.semrush.com/bot.html)" 531 **0/531916**
216.73.216.162 - - [27/Mar/2026:09:37:03 -0700] "GET /item/3691697743?path=%2Fhome%2Ffalconiapl2015%2Fpublic_html%2F.easyssl_backup HTTP/2.0" 200 2841 "-" "Mozilla/5.0 AppleWebKit/537.36 (KHTML, like Gecko; compatible; ClaudeBot/1.0; +claudebot@anthropic.com)" 510 **0/510974**
144.76.19.28 - - [27/Mar/2026:09:37:03 -0700] "GET /?p=17944 HTTP/1.1" 200 3956 "-" "Mozilla/5.0 (compatible; SERankingBacklinksBot/1.0; +https://seranking.com/backlinks-crawler)" 498 **0/498307**
216.73.216.162 - - [27/Mar/2026:09:37:06 -0700] "GET /item/2632958237?path=%2Fhome%2Ffalconiapl2015%2Fpublic_html%2F.easyssl_backup HTTP/2.0" 200 2841 "-" "Mozilla/5.0 AppleWebKit/537.36 (KHTML, like Gecko; compatible; ClaudeBot/1.0; +claudebot@anthropic.com)" 503 **0/503541**
144.76.19.28 - - [27/Mar/2026:09:37:09 -0700] "GET /?p=17945 HTTP/1.1" 200 3956 "-" "Mozilla/5.0 (compatible; SERankingBacklinksBot/1.0; +https://seranking.com/backlinks-crawler)" 513 **0/513602**
216.73.216.162 - - [27/Mar/2026:09:37:09 -0700] "GET /item/1833898685?path=%2Fhome%2Ffalconiapl2015%2Fpublic_html%2Fwp-content HTTP/2.0" 200 2867 "-" "Mozilla/5.0 AppleWebKit/537.36 (KHTML, like Gecko; compatible; ClaudeBot/1.0; +claudebot@anthropic.com)" 498 **0/498211**
85.208.96.199 - - [27/Mar/2026:09:37:09 -0700] "GET /commodity/korean/insane17205008125 HTTP/1.1" 200 3956 "-" "Mozilla/5.0 (compatible; SemrushBot/7~bl; +http://www.semrush.com/bot.html)" 491 **0/491850**
144.76.19.28 - - [27/Mar/2026:09:37:13 -0700] "GET /?p=17946 HTTP/1.1" 200 3956 "-" "Mozilla/5.0 (compatible; SERankingBacklinksBot/1.0; +https://seranking.com/backlinks-crawler)" 540 **0/540998**
85.208.96.205 - - [27/Mar/2026:09:37:14 -0700] "GET /commodity/similar/gage171916738910 HTTP/1.1" 200 3956 "-" "Mozilla/5.0 (compatible; SemrushBot/7~bl; +http://www.semrush.com/bot.html)" 480 **0/480177**
144.76.19.28 - - [27/Mar/2026:09:37:17 -0700] "GET /?p=17947 HTTP/1.1" 200 3956 "-" "Mozilla/5.0 (compatible; SERankingBacklinksBot/1.0; +https://seranking.com/backlinks-crawler)" 512 **0/512583**
144.76.19.28 - - [27/Mar/2026:09:37:21 -0700] "GET /?p=17948 HTTP/1.1" 200 3956 "-" "Mozilla/5.0 (compatible; SERankingBacklinksBot/1.0; +https://seranking.com/backlinks-crawler)" 506 **0/506052**
114.119.155.69 - - [27/Mar/2026:09:37:22 -0700] "GET /commodity/traders/employer17173760660 HTTP/1.1" 200 3956 "https://falcon-ia.com/sitemap_99.xml" "Mozilla/5.0 (Linux; Android 7.0;) AppleWebKit/537.36 (KHTML, like Gecko) Mobile Safari/537.36 (compatible; PetalBot;+https://webmaster.petalsearch.com/site/petalbot)" 502 **0/502144**
216.73.216.162 - - [27/Mar/2026:09:37:22 -0700] "GET /item/2632958237?fileloc=%2Fhome%2Ffalconiapl2015%2Fpublic_html%2Fwp-activate.php&path=%2Fhome%2Ffalconiapl2015%2Fpublic_html HTTP/2.0" 200 4672 "-" "Mozilla/5.0 AppleWebKit/537.36 (KHTML, like Gecko; compatible; ClaudeBot/1.0; +claudebot@anthropic.com)" 492 **0/492012**
216.73.216.162 - - [27/Mar/2026:09:37:24 -0700] "GET /item/469218005?fileloc=%2Fhome%2Ffalconiapl2015%2Fpublic_html%2Fwp-config-sample.php&path=%2Fhome%2Ffalconiapl2015%2Fpublic_html HTTP/2.0" 200 3461 "-" "Mozilla/5.0 AppleWebKit/537.36 (KHTML, like Gecko; compatible; ClaudeBot/1.0; +claudebot@anthropic.com)" 516 **0/516943**
144.76.19.28 - - [27/Mar/2026:09:37:26 -0700] "GET /?p=17954 HTTP/1.1" 200 3956 "-" "Mozilla/5.0 (compatible; SERankingBacklinksBot/1.0; +https://seranking.com/backlinks-crawler)" 496 **0/496248**
216.73.216.162 - - [27/Mar/2026:09:37:27 -0700] "GET /item/1833898685?fileloc=%2Fhome%2Ffalconiapl2015%2Fpublic_html%2Fwp-load.php&path=%2Fhome%2Ffalconiapl2015%2Fpublic_html HTTP/2.0" 200 3855 "-" "Mozilla/5.0 AppleWebKit/537.36 (KHTML, like Gecko; compatible; ClaudeBot/1.0; +claudebot@anthropic.com)" 500 **0/500126**
144.76.19.28 - - [27/Mar/2026:09:37:30 -0700] "GET /?p=17955 HTTP/1.1" 200 3956 "-" "Mozilla/5.0 (compatible; SERankingBacklinksBot/1.0; +https://seranking.com/backlinks-crawler)" 534 **0/534273**
216.73.216.162 - - [27/Mar/2026:09:37:30 -0700] "GET /item/1833898685?fileloc=%2Fhome%2Ffalconiapl2015%2Fpublic_html%2Fwp-config-sample.php&path=%2Fhome%2Ffalconiapl2015%2Fpublic_html HTTP/2.0" 200 3461 "-" "Mozilla/5.0 AppleWebKit/537.36 (KHTML, like Gecko; compatible; ClaudeBot/1.0; +claudebot@anthropic.com)" 529 **0/529526**
216.73.216.162 - - [27/Mar/2026:09:37:33 -0700] "GET /item/3691697743?fileloc=%2Fhome%2Ffalconiapl2015%2Fpublic_html%2Fwp-load.php&path=%2Fhome%2Ffalconiapl2015%2Fpublic_html HTTP/2.0" 200 3855 "-" "Mozilla/5.0 AppleWebKit/537.36 (KHTML, like Gecko; compatible; ClaudeBot/1.0; +claudebot@anthropic.com)" 514 **0/514111**
144.76.19.28 - - [27/Mar/2026:09:37:34 -0700] "GET /?p=17956 HTTP/1.1" 200 3956 "-" "Mozilla/5.0 (compatible; SERankingBacklinksBot/1.0; +https://seranking.com/backlinks-crawler)" 494 **0/494639**
216.73.216.162 - - [27/Mar/2026:09:37:36 -0700] "GET /item/2632958237?fileloc=%2Fhome%2Ffalconiapl2015%2Fpublic_html%2Fwp-load.php&path=%2Fhome%2Ffalconiapl2015%2Fpublic_html HTTP/2.0" 200 3855 "-" "Mozilla/5.0 AppleWebKit/537.36 (KHTML, like Gecko; compatible; ClaudeBot/1.0; +claudebot@anthropic.com)" 513 **0/513000**
144.76.19.28 - - [27/Mar/2026:09:37:38 -0700] "GET /?p=17958 HTTP/1.1" 200 3956 "-" "Mozilla/5.0 (compatible; SERankingBacklinksBot/1.0; +https://seranking.com/backlinks-crawler)" 524 **0/524515**
216.73.216.162 - - [27/Mar/2026:09:37:39 -0700] "GET /item/3691697743?fileloc=%2Fhome%2Ffalconiapl2015%2Fpublic_html%2Fwp-config-sample.php&path=%2Fhome%2Ffalconiapl2015%2Fpublic_html HTTP/2.0" 200 3461 "-" "Mozilla/5.0 AppleWebKit/537.36 (KHTML, like Gecko; compatible; ClaudeBot/1.0; +claudebot@anthropic.com)" 505 **0/505377**
216.73.216.162 - - [27/Mar/2026:09:37:42 -0700] "GET /item/2632958237?fileloc=%2Fhome%2Ffalconiapl2015%2Fpublic_html%2Fwp-config-sample.php&path=%2Fhome%2Ffalconiapl2015%2Fpublic_html HTTP/2.0" 200 3461 "-" "Mozilla/5.0 AppleWebKit/537.36 (KHTML, like Gecko; compatible; ClaudeBot/1.0; +claudebot@anthropic.com)" 490 **0/490179**
144.76.19.28 - - [27/Mar/2026:09:37:43 -0700] "GET /?p=17959 HTTP/1.1" 200 3956 "-" "Mozilla/5.0 (compatible; SERankingBacklinksBot/1.0; +https://seranking.com/backlinks-crawler)" 504 **0/504004**
216.73.216.162 - - [27/Mar/2026:09:37:45 -0700] "GET /item/469218005?fileloc=%2Fhome%2Ffalconiapl2015%2Fpublic_html%2Fxmlrpc.php&path=%2Fhome%2Ffalconiapl2015%2Fpublic_html HTTP/2.0" 200 3646 "-" "Mozilla/5.0 AppleWebKit/537.36 (KHTML, like Gecko; compatible; ClaudeBot/1.0; +claudebot@anthropic.com)" 493 **0/493111**
51.195.215.108 - - [27/Mar/2026:09:37:46 -0700] "GET /commodity/mile/waco171910571608 HTTP/2.0" 200 3449 "-" "Mozilla/5.0 (compatible; AhrefsBot/7.0; +http://ahrefs.com/robot/)" 486 **0/486681**
144.76.19.28 - - [27/Mar/2026:09:37:47 -0700] "GET /?p=17960 HTTP/1.1" 200 3956 "-" "Mozilla/5.0 (compatible; SERankingBacklinksBot/1.0; +https://seranking.com/backlinks-crawler)" 529 **0/529638**
144.76.19.28 - - [27/Mar/2026:09:37:51 -0700] "GET /?p=17962 HTTP/1.1" 200 3956 "-" "Mozilla/5.0 (compatible; SERankingBacklinksBot/1.0; +https://seranking.com/backlinks-crawler)" 515 **0/515636**
66.249.74.130 - - [27/Mar/2026:09:37:53 -0700] "GET /toyu/top/CSfTop/1716478980 HTTP/1.1" 200 26417 "-" "Mozilla/5.0 (Linux; Android 6.0.1; Nexus 5X Build/MMB29P) AppleWebKit/537.36 (KHTML, like Gecko) Chrome/146.0.7680.153 Mobile Safari/537.36 (compatible; Googlebot/2.1; +http://www.google.com/bot.html)" 1699 **1/1699548**
144.76.19.28 - - [27/Mar/2026:09:37:55 -0700] "GET /?p=17963 HTTP/1.1" 200 3956 "-" "Mozilla/5.0 (compatible; SERankingBacklinksBot/1.0; +https://seranking.com/backlinks-crawler)" 503 **0/503290**
144.76.19.28 - - [27/Mar/2026:09:37:59 -0700] "GET /contact/ HTTP/1.1" 200 3956 "-" "Mozilla/5.0 (compatible; SERankingBacklinksBot/1.0; +https://seranking.com/backlinks-crawler)" 502 **0/502757**
