40.77.167.78 - - [27/Mar/2026:09:06:15 -0700] "GET /?c.1717844857203.html HTTP/2.0" 200 27569 "-" "Mozilla/5.0 AppleWebKit/537.36 (KHTML, like Gecko; compatible; bingbot/2.0; +http://www.bing.com/bingbot.htm) Chrome/116.0.1938.76 Safari/537.36" 1622 **1/1622887**
144.76.19.28 - - [27/Mar/2026:09:06:18 -0700] "GET /?p=17418 HTTP/1.1" 200 3956 "-" "Mozilla/5.0 (compatible; SERankingBacklinksBot/1.0; +https://seranking.com/backlinks-crawler)" 499 **0/499764**
144.76.19.28 - - [27/Mar/2026:09:06:21 -0700] "GET /?p=17419 HTTP/1.1" 200 3956 "-" "Mozilla/5.0 (compatible; SERankingBacklinksBot/1.0; +https://seranking.com/backlinks-crawler)" 502 **0/502097**
144.76.19.28 - - [27/Mar/2026:09:06:25 -0700] "GET /?p=17420 HTTP/1.1" 200 3956 "-" "Mozilla/5.0 (compatible; SERankingBacklinksBot/1.0; +https://seranking.com/backlinks-crawler)" 513 **0/513907**
144.76.19.28 - - [27/Mar/2026:09:06:29 -0700] "GET /?p=23067 HTTP/1.1" 200 3956 "-" "Mozilla/5.0 (compatible; SERankingBacklinksBot/1.0; +https://seranking.com/backlinks-crawler)" 507 **0/507491**
144.76.19.28 - - [27/Mar/2026:09:06:33 -0700] "GET /?p=17421 HTTP/1.1" 200 3956 "-" "Mozilla/5.0 (compatible; SERankingBacklinksBot/1.0; +https://seranking.com/backlinks-crawler)" 491 **0/491828**
144.76.19.28 - - [27/Mar/2026:09:06:37 -0700] "GET /?p=17422 HTTP/1.1" 200 3956 "-" "Mozilla/5.0 (compatible; SERankingBacklinksBot/1.0; +https://seranking.com/backlinks-crawler)" 497 **0/497303**
114.119.151.172 - - [27/Mar/2026:09:06:37 -0700] "GET /commodity/wholesalers/early17184178082 HTTP/1.1" 200 3956 "https://falcon-ia.com/sitemap_97.xml" "Mozilla/5.0 (Linux; Android 7.0;) AppleWebKit/537.36 (KHTML, like Gecko) Mobile Safari/537.36 (compatible; PetalBot;+https://webmaster.petalsearch.com/site/petalbot)" 507 **0/507477**
144.76.19.28 - - [27/Mar/2026:09:06:41 -0700] "GET /?p=17423 HTTP/1.1" 200 3956 "-" "Mozilla/5.0 (compatible; SERankingBacklinksBot/1.0; +https://seranking.com/backlinks-crawler)" 507 **0/507047**
207.46.13.130 - - [27/Mar/2026:09:06:40 -0700] "GET /commodity/exchanged/manual172026164639 HTTP/2.0" 200 26481 "-" "Mozilla/5.0 AppleWebKit/537.36 (KHTML, like Gecko; compatible; bingbot/2.0; +http://www.bing.com/bingbot.htm) Chrome/116.0.1938.76 Safari/537.36" 1654 **1/1654354**
144.76.19.28 - - [27/Mar/2026:09:06:45 -0700] "GET /?p=17424 HTTP/1.1" 200 3956 "-" "Mozilla/5.0 (compatible; SERankingBacklinksBot/1.0; +https://seranking.com/backlinks-crawler)" 501 **0/501297**
144.76.19.28 - - [27/Mar/2026:09:06:49 -0700] "GET /?p=17425 HTTP/1.1" 200 3956 "-" "Mozilla/5.0 (compatible; SERankingBacklinksBot/1.0; +https://seranking.com/backlinks-crawler)" 505 **0/505646**
144.76.19.28 - - [27/Mar/2026:09:06:53 -0700] "GET /?p=17426 HTTP/1.1" 200 3956 "-" "Mozilla/5.0 (compatible; SERankingBacklinksBot/1.0; +https://seranking.com/backlinks-crawler)" 497 **0/497633**
144.76.19.28 - - [27/Mar/2026:09:06:56 -0700] "GET /?p=17427 HTTP/1.1" 200 3956 "-" "Mozilla/5.0 (compatible; SERankingBacklinksBot/1.0; +https://seranking.com/backlinks-crawler)" 498 **0/498361**
144.76.19.28 - - [27/Mar/2026:09:07:01 -0700] "GET /?p=17428 HTTP/1.1" 200 3956 "-" "Mozilla/5.0 (compatible; SERankingBacklinksBot/1.0; +https://seranking.com/backlinks-crawler)" 2803 **2/2803650**
144.76.19.28 - - [27/Mar/2026:09:07:07 -0700] "GET /?p=17430 HTTP/1.1" 200 3956 "-" "Mozilla/5.0 (compatible; SERankingBacklinksBot/1.0; +https://seranking.com/backlinks-crawler)" 497 **0/497724**
144.76.19.28 - - [27/Mar/2026:09:07:11 -0700] "GET /?p=17431 HTTP/1.1" 200 3956 "-" "Mozilla/5.0 (compatible; SERankingBacklinksBot/1.0; +https://seranking.com/backlinks-crawler)" 485 **0/485278**
144.76.19.28 - - [27/Mar/2026:09:07:15 -0700] "GET /?p=17432 HTTP/1.1" 200 3956 "-" "Mozilla/5.0 (compatible; SERankingBacklinksBot/1.0; +https://seranking.com/backlinks-crawler)" 514 **0/514477**
144.76.19.28 - - [27/Mar/2026:09:07:19 -0700] "GET /?p=17433 HTTP/1.1" 200 3956 "-" "Mozilla/5.0 (compatible; SERankingBacklinksBot/1.0; +https://seranking.com/backlinks-crawler)" 518 **0/518229**
144.76.19.28 - - [27/Mar/2026:09:07:23 -0700] "GET /?p=17435 HTTP/1.1" 200 3956 "-" "Mozilla/5.0 (compatible; SERankingBacklinksBot/1.0; +https://seranking.com/backlinks-crawler)" 502 **0/502467**
185.191.171.5 - - [27/Mar/2026:09:07:26 -0700] "GET /commodity/keystone/presentation17163040180 HTTP/1.1" 200 3956 "-" "Mozilla/5.0 (compatible; SemrushBot/7~bl; +http://www.semrush.com/bot.html)" 490 **0/490760**
144.76.19.28 - - [27/Mar/2026:09:07:27 -0700] "GET /?p=23068 HTTP/1.1" 200 3956 "-" "Mozilla/5.0 (compatible; SERankingBacklinksBot/1.0; +https://seranking.com/backlinks-crawler)" 502 **0/502763**
185.191.171.9 - - [27/Mar/2026:09:07:31 -0700] "GET /commodity/june/binoculars171910823758 HTTP/1.1" 200 3956 "-" "Mozilla/5.0 (compatible; SemrushBot/7~bl; +http://www.semrush.com/bot.html)" 513 **0/513405**
144.76.19.28 - - [27/Mar/2026:09:07:32 -0700] "GET /?p=17436 HTTP/1.1" 200 3956 "-" "Mozilla/5.0 (compatible; SERankingBacklinksBot/1.0; +https://seranking.com/backlinks-crawler)" 502 **0/502564**
144.76.19.28 - - [27/Mar/2026:09:07:36 -0700] "GET /?p=17437 HTTP/1.1" 200 3956 "-" "Mozilla/5.0 (compatible; SERankingBacklinksBot/1.0; +https://seranking.com/backlinks-crawler)" 489 **0/489300**
185.191.171.12 - - [27/Mar/2026:09:07:36 -0700] "GET /commodity/synonym/fahrenheit17208174052 HTTP/1.1" 200 3956 "-" "Mozilla/5.0 (compatible; SemrushBot/7~bl; +http://www.semrush.com/bot.html)" 496 **0/496804**
144.76.19.28 - - [27/Mar/2026:09:07:40 -0700] "GET /?p=17438 HTTP/1.1" 200 3956 "-" "Mozilla/5.0 (compatible; SERankingBacklinksBot/1.0; +https://seranking.com/backlinks-crawler)" 518 **0/518422**
85.208.96.193 - - [27/Mar/2026:09:07:41 -0700] "GET /commodity/protected/rhetoric172123557963 HTTP/1.1" 200 3956 "-" "Mozilla/5.0 (compatible; SemrushBot/7~bl; +http://www.semrush.com/bot.html)" 484 **0/484171**
144.76.19.28 - - [27/Mar/2026:09:07:44 -0700] "GET /?p=17439 HTTP/1.1" 200 3956 "-" "Mozilla/5.0 (compatible; SERankingBacklinksBot/1.0; +https://seranking.com/backlinks-crawler)" 507 **0/507472**
85.208.96.209 - - [27/Mar/2026:09:07:45 -0700] "GET /commodity/axe/trap171615097761 HTTP/1.1" 200 3956 "-" "Mozilla/5.0 (compatible; SemrushBot/7~bl; +http://www.semrush.com/bot.html)" 507 **0/507837**
144.76.19.28 - - [27/Mar/2026:09:07:48 -0700] "GET /?p=17440 HTTP/1.1" 200 3956 "-" "Mozilla/5.0 (compatible; SERankingBacklinksBot/1.0; +https://seranking.com/backlinks-crawler)" 509 **0/509260**
85.208.96.208 - - [27/Mar/2026:09:07:50 -0700] "GET /commodity/destinations/blah172198385195 HTTP/1.1" 200 3956 "-" "Mozilla/5.0 (compatible; SemrushBot/7~bl; +http://www.semrush.com/bot.html)" 490 **0/490603**
144.76.19.28 - - [27/Mar/2026:09:07:52 -0700] "GET /?p=17441 HTTP/1.1" 200 3956 "-" "Mozilla/5.0 (compatible; SERankingBacklinksBot/1.0; +https://seranking.com/backlinks-crawler)" 499 **0/499897**
85.208.96.195 - - [27/Mar/2026:09:07:55 -0700] "GET /commodity/mca/animalsex172132455561 HTTP/1.1" 200 3956 "-" "Mozilla/5.0 (compatible; SemrushBot/7~bl; +http://www.semrush.com/bot.html)" 506 **0/506538**
114.119.155.69 - - [27/Mar/2026:09:07:55 -0700] "GET /commodity/whilst/timezone172123663047 HTTP/1.1" 200 3956 "https://falcon-ia.com/sitemap_95.xml" "Mozilla/5.0 (Linux; Android 7.0;) AppleWebKit/537.36 (KHTML, like Gecko) Mobile Safari/537.36 (compatible; PetalBot;+https://webmaster.petalsearch.com/site/petalbot)" 506 **0/506780**
144.76.19.28 - - [27/Mar/2026:09:07:56 -0700] "GET /?p=17442 HTTP/1.1" 200 3956 "-" "Mozilla/5.0 (compatible; SERankingBacklinksBot/1.0; +https://seranking.com/backlinks-crawler)" 495 **0/495561**
198.244.226.255 - - [27/Mar/2026:09:07:59 -0700] "GET /welke-leeftijd-gokken-las-vegas/ HTTP/2.0" 200 3449 "-" "Mozilla/5.0 (compatible; AhrefsBot/7.0; +http://ahrefs.com/robot/)" 534 **0/534079**
185.191.171.13 - - [27/Mar/2026:09:07:59 -0700] "GET /commodity/sidney/unanimously172014184843 HTTP/1.1" 200 3956 "-" "Mozilla/5.0 (compatible; SemrushBot/7~bl; +http://www.semrush.com/bot.html)" 507 **0/507381**
144.76.19.28 - - [27/Mar/2026:09:08:00 -0700] "GET /?p=17444 HTTP/1.1" 200 3956 "-" "Mozilla/5.0 (compatible; SERankingBacklinksBot/1.0; +https://seranking.com/backlinks-crawler)" 488 **0/488716**
144.76.19.28 - - [27/Mar/2026:09:08:04 -0700] "GET /?p=17445 HTTP/1.1" 200 3956 "-" "Mozilla/5.0 (compatible; SERankingBacklinksBot/1.0; +https://seranking.com/backlinks-crawler)" 509 **0/509976**
85.208.96.195 - - [27/Mar/2026:09:08:04 -0700] "GET /commodity/peacock/everywhere171973537848 HTTP/1.1" 200 3956 "-" "Mozilla/5.0 (compatible; SemrushBot/7~bl; +http://www.semrush.com/bot.html)" 491 **0/491468**
144.76.19.28 - - [27/Mar/2026:09:08:07 -0700] "GET /?p=17446 HTTP/1.1" 200 3956 "-" "Mozilla/5.0 (compatible; SERankingBacklinksBot/1.0; +https://seranking.com/backlinks-crawler)" 495 **0/495377**
185.191.171.15 - - [27/Mar/2026:09:08:09 -0700] "GET /commodity/demanding/jacks171913585488 HTTP/1.1" 200 3956 "-" "Mozilla/5.0 (compatible; SemrushBot/7~bl; +http://www.semrush.com/bot.html)" 547 **0/547316**
144.76.19.28 - - [27/Mar/2026:09:08:11 -0700] "GET /?p=17447 HTTP/1.1" 200 3956 "-" "Mozilla/5.0 (compatible; SERankingBacklinksBot/1.0; +https://seranking.com/backlinks-crawler)" 497 **0/497160**
144.76.19.28 - - [27/Mar/2026:09:08:15 -0700] "GET /?p=17448 HTTP/1.1" 200 3956 "-" "Mozilla/5.0 (compatible; SERankingBacklinksBot/1.0; +https://seranking.com/backlinks-crawler)" 490 **0/490740**
85.208.96.208 - - [27/Mar/2026:09:08:15 -0700] "GET /commodity/wikipedia/santiago171819099040 HTTP/1.1" 200 3956 "-" "Mozilla/5.0 (compatible; SemrushBot/7~bl; +http://www.semrush.com/bot.html)" 494 **0/494186**
144.76.19.28 - - [27/Mar/2026:09:08:19 -0700] "GET /?p=17449 HTTP/1.1" 200 3956 "-" "Mozilla/5.0 (compatible; SERankingBacklinksBot/1.0; +https://seranking.com/backlinks-crawler)" 493 **0/493852**
85.208.96.208 - - [27/Mar/2026:09:08:21 -0700] "GET /commodity/wednesday/cleavage17212495116 HTTP/1.1" 200 3956 "-" "Mozilla/5.0 (compatible; SemrushBot/7~bl; +http://www.semrush.com/bot.html)" 488 **0/488668**
144.76.19.28 - - [27/Mar/2026:09:08:24 -0700] "GET /?p=23087 HTTP/1.1" 200 3956 "-" "Mozilla/5.0 (compatible; SERankingBacklinksBot/1.0; +https://seranking.com/backlinks-crawler)" 503 **0/503820**
185.191.171.7 - - [27/Mar/2026:09:08:26 -0700] "GET /commodity/paragraphs/oyster172150322223 HTTP/1.1" 200 3956 "-" "Mozilla/5.0 (compatible; SemrushBot/7~bl; +http://www.semrush.com/bot.html)" 519 **0/519844**
144.76.19.28 - - [27/Mar/2026:09:08:28 -0700] "GET /?p=17450 HTTP/1.1" 200 3956 "-" "Mozilla/5.0 (compatible; SERankingBacklinksBot/1.0; +https://seranking.com/backlinks-crawler)" 503 **0/503035**
185.191.171.9 - - [27/Mar/2026:09:08:31 -0700] "GET /commodity/inward/supervisory17176888706 HTTP/1.1" 200 3956 "-" "Mozilla/5.0 (compatible; SemrushBot/7~bl; +http://www.semrush.com/bot.html)" 480 **0/480283**
144.76.19.28 - - [27/Mar/2026:09:08:32 -0700] "GET /?p=17451 HTTP/1.1" 200 3956 "-" "Mozilla/5.0 (compatible; SERankingBacklinksBot/1.0; +https://seranking.com/backlinks-crawler)" 499 **0/499977**
144.76.19.28 - - [27/Mar/2026:09:08:36 -0700] "GET /?p=17452 HTTP/1.1" 200 3956 "-" "Mozilla/5.0 (compatible; SERankingBacklinksBot/1.0; +https://seranking.com/backlinks-crawler)" 492 **0/492540**
185.191.171.5 - - [27/Mar/2026:09:08:36 -0700] "GET /commodity/pn/hutchinson172135550636 HTTP/1.1" 200 3956 "-" "Mozilla/5.0 (compatible; SemrushBot/7~bl; +http://www.semrush.com/bot.html)" 519 **0/519876**
144.76.19.28 - - [27/Mar/2026:09:08:39 -0700] "GET /?p=17453 HTTP/1.1" 200 3956 "-" "Mozilla/5.0 (compatible; SERankingBacklinksBot/1.0; +https://seranking.com/backlinks-crawler)" 524 **0/524442**
85.208.96.208 - - [27/Mar/2026:09:08:41 -0700] "GET /commodity/protein/advancing171718741692 HTTP/1.1" 200 3956 "-" "Mozilla/5.0 (compatible; SemrushBot/7~bl; +http://www.semrush.com/bot.html)" 508 **0/508041**
144.76.19.28 - - [27/Mar/2026:09:08:43 -0700] "GET /?p=17454 HTTP/1.1" 200 3956 "-" "Mozilla/5.0 (compatible; SERankingBacklinksBot/1.0; +https://seranking.com/backlinks-crawler)" 493 **0/493718**
185.191.171.10 - - [27/Mar/2026:09:08:46 -0700] "GET /commodity/testimonials/www17176577661 HTTP/1.1" 200 3956 "-" "Mozilla/5.0 (compatible; SemrushBot/7~bl; +http://www.semrush.com/bot.html)" 496 **0/496315**
144.76.19.28 - - [27/Mar/2026:09:08:47 -0700] "GET /?p=17455 HTTP/1.1" 200 3956 "-" "Mozilla/5.0 (compatible; SERankingBacklinksBot/1.0; +https://seranking.com/backlinks-crawler)" 491 **0/491277**
185.191.171.13 - - [27/Mar/2026:09:08:50 -0700] "GET /commodity/plugs/corrupt171630012448 HTTP/1.1" 200 3956 "-" "Mozilla/5.0 (compatible; SemrushBot/7~bl; +http://www.semrush.com/bot.html)" 498 **0/498541**
144.76.19.28 - - [27/Mar/2026:09:08:51 -0700] "GET /?p=17456 HTTP/1.1" 200 3956 "-" "Mozilla/5.0 (compatible; SERankingBacklinksBot/1.0; +https://seranking.com/backlinks-crawler)" 488 **0/488668**
144.76.19.28 - - [27/Mar/2026:09:08:55 -0700] "GET /?p=17457 HTTP/1.1" 200 3956 "-" "Mozilla/5.0 (compatible; SERankingBacklinksBot/1.0; +https://seranking.com/backlinks-crawler)" 484 **0/484641**
185.191.171.16 - - [27/Mar/2026:09:08:56 -0700] "GET /0xbet-casino-100-free-spins/ HTTP/1.1" 200 3956 "-" "Mozilla/5.0 (compatible; SemrushBot/7~bl; +http://www.semrush.com/bot.html)" 495 **0/495707**
144.76.19.28 - - [27/Mar/2026:09:08:59 -0700] "GET /?p=17458 HTTP/1.1" 200 3956 "-" "Mozilla/5.0 (compatible; SERankingBacklinksBot/1.0; +https://seranking.com/backlinks-crawler)" 495 **0/495489**
185.191.171.7 - - [27/Mar/2026:09:09:01 -0700] "GET /commodity/habits/rival171919778215 HTTP/1.1" 200 3956 "-" "Mozilla/5.0 (compatible; SemrushBot/7~bl; +http://www.semrush.com/bot.html)" 558 **0/558267**
144.76.19.28 - - [27/Mar/2026:09:09:03 -0700] "GET /?p=17459 HTTP/1.1" 200 3956 "-" "Mozilla/5.0 (compatible; SERankingBacklinksBot/1.0; +https://seranking.com/backlinks-crawler)" 534 **0/534888**
85.208.96.209 - - [27/Mar/2026:09:09:06 -0700] "GET /commodity/unregistered/solicitor171910527916 HTTP/1.1" 200 3956 "-" "Mozilla/5.0 (compatible; SemrushBot/7~bl; +http://www.semrush.com/bot.html)" 517 **0/517007**
144.76.19.28 - - [27/Mar/2026:09:09:07 -0700] "GET /?p=17460 HTTP/1.1" 200 3956 "-" "Mozilla/5.0 (compatible; SERankingBacklinksBot/1.0; +https://seranking.com/backlinks-crawler)" 495 **0/495384**
185.191.171.5 - - [27/Mar/2026:09:09:11 -0700] "GET /commodity/mastery/competitions171662885841 HTTP/1.1" 200 3956 "-" "Mozilla/5.0 (compatible; SemrushBot/7~bl; +http://www.semrush.com/bot.html)" 506 **0/506356**
144.76.19.28 - - [27/Mar/2026:09:09:11 -0700] "GET /?p=17461 HTTP/1.1" 200 3956 "-" "Mozilla/5.0 (compatible; SERankingBacklinksBot/1.0; +https://seranking.com/backlinks-crawler)" 492 **0/492757**
144.76.19.28 - - [27/Mar/2026:09:09:16 -0700] "GET /?p=17462 HTTP/1.1" 200 3956 "-" "Mozilla/5.0 (compatible; SERankingBacklinksBot/1.0; +https://seranking.com/backlinks-crawler)" 501 **0/501375**
114.119.151.246 - - [27/Mar/2026:09:09:18 -0700] "GET /commodity/wheel/generations17212526203 HTTP/1.1" 200 3956 "https://falcon-ia.com/sitemap_94.xml" "Mozilla/5.0 (Linux; Android 7.0;) AppleWebKit/537.36 (KHTML, like Gecko) Mobile Safari/537.36 (compatible; PetalBot;+https://webmaster.petalsearch.com/site/petalbot)" 500 **0/500129**
144.76.19.28 - - [27/Mar/2026:09:09:20 -0700] "GET /?p=23135 HTTP/1.1" 200 3956 "-" "Mozilla/5.0 (compatible; SERankingBacklinksBot/1.0; +https://seranking.com/backlinks-crawler)" 513 **0/513528**
144.76.19.28 - - [27/Mar/2026:09:09:24 -0700] "GET /?p=17463 HTTP/1.1" 200 3956 "-" "Mozilla/5.0 (compatible; SERankingBacklinksBot/1.0; +https://seranking.com/backlinks-crawler)" 494 **0/494951**
144.76.19.28 - - [27/Mar/2026:09:09:29 -0700] "GET /?p=17464 HTTP/1.1" 200 3956 "-" "Mozilla/5.0 (compatible; SERankingBacklinksBot/1.0; +https://seranking.com/backlinks-crawler)" 493 **0/493103**
144.76.19.28 - - [27/Mar/2026:09:09:33 -0700] "GET /?p=17465 HTTP/1.1" 200 3956 "-" "Mozilla/5.0 (compatible; SERankingBacklinksBot/1.0; +https://seranking.com/backlinks-crawler)" 500 **0/500091**
144.76.19.28 - - [27/Mar/2026:09:09:37 -0700] "GET /?p=17467 HTTP/1.1" 200 3956 "-" "Mozilla/5.0 (compatible; SERankingBacklinksBot/1.0; +https://seranking.com/backlinks-crawler)" 494 **0/494354**
144.76.19.28 - - [27/Mar/2026:09:09:41 -0700] "GET /?p=17468 HTTP/1.1" 200 3956 "-" "Mozilla/5.0 (compatible; SERankingBacklinksBot/1.0; +https://seranking.com/backlinks-crawler)" 500 **0/500907**
144.76.19.28 - - [27/Mar/2026:09:09:46 -0700] "GET /?p=17469 HTTP/1.1" 200 3956 "-" "Mozilla/5.0 (compatible; SERankingBacklinksBot/1.0; +https://seranking.com/backlinks-crawler)" 491 **0/491690**
144.76.19.28 - - [27/Mar/2026:09:09:50 -0700] "GET /?p=17470 HTTP/1.1" 200 3956 "-" "Mozilla/5.0 (compatible; SERankingBacklinksBot/1.0; +https://seranking.com/backlinks-crawler)" 487 **0/487759**
144.76.19.28 - - [27/Mar/2026:09:09:54 -0700] "GET /?p=17471 HTTP/1.1" 200 3956 "-" "Mozilla/5.0 (compatible; SERankingBacklinksBot/1.0; +https://seranking.com/backlinks-crawler)" 485 **0/485887**
54.38.147.198 - - [27/Mar/2026:09:09:56 -0700] "GET /holland-casino-blackjack-minimale-inzet/ HTTP/2.0" 200 3449 "-" "Mozilla/5.0 (compatible; AhrefsBot/7.0; +http://ahrefs.com/robot/)" 492 **0/492609**
144.76.19.28 - - [27/Mar/2026:09:09:58 -0700] "GET /?p=17472 HTTP/1.1" 200 3956 "-" "Mozilla/5.0 (compatible; SERankingBacklinksBot/1.0; +https://seranking.com/backlinks-crawler)" 494 **0/494471**
144.76.19.28 - - [27/Mar/2026:09:10:02 -0700] "GET /?p=17473 HTTP/1.1" 200 3956 "-" "Mozilla/5.0 (compatible; SERankingBacklinksBot/1.0; +https://seranking.com/backlinks-crawler)" 628 **0/628680**
144.76.19.28 - - [27/Mar/2026:09:10:07 -0700] "GET /?p=17474 HTTP/1.1" 200 3956 "-" "Mozilla/5.0 (compatible; SERankingBacklinksBot/1.0; +https://seranking.com/backlinks-crawler)" 533 **0/533240**
144.76.19.28 - - [27/Mar/2026:09:10:11 -0700] "GET /?p=17475 HTTP/1.1" 200 3956 "-" "Mozilla/5.0 (compatible; SERankingBacklinksBot/1.0; +https://seranking.com/backlinks-crawler)" 493 **0/493367**
144.76.19.28 - - [27/Mar/2026:09:10:15 -0700] "GET /?p=17476 HTTP/1.1" 200 3956 "-" "Mozilla/5.0 (compatible; SERankingBacklinksBot/1.0; +https://seranking.com/backlinks-crawler)" 494 **0/494388**
144.76.19.28 - - [27/Mar/2026:09:10:19 -0700] "GET /?p=23139 HTTP/1.1" 200 3956 "-" "Mozilla/5.0 (compatible; SERankingBacklinksBot/1.0; +https://seranking.com/backlinks-crawler)" 496 **0/496500**
144.76.19.28 - - [27/Mar/2026:09:10:23 -0700] "GET /?p=17477 HTTP/1.1" 200 3956 "-" "Mozilla/5.0 (compatible; SERankingBacklinksBot/1.0; +https://seranking.com/backlinks-crawler)" 500 **0/500227**
144.76.19.28 - - [27/Mar/2026:09:10:27 -0700] "GET /?p=17479 HTTP/1.1" 200 3956 "-" "Mozilla/5.0 (compatible; SERankingBacklinksBot/1.0; +https://seranking.com/backlinks-crawler)" 501 **0/501136**
144.76.19.28 - - [27/Mar/2026:09:10:31 -0700] "GET /?p=17480 HTTP/1.1" 200 3956 "-" "Mozilla/5.0 (compatible; SERankingBacklinksBot/1.0; +https://seranking.com/backlinks-crawler)" 502 **0/502600**
144.76.19.28 - - [27/Mar/2026:09:10:35 -0700] "GET /?p=17481 HTTP/1.1" 200 3956 "-" "Mozilla/5.0 (compatible; SERankingBacklinksBot/1.0; +https://seranking.com/backlinks-crawler)" 506 **0/506481**
144.76.19.28 - - [27/Mar/2026:09:10:39 -0700] "GET /?p=17482 HTTP/1.1" 200 3956 "-" "Mozilla/5.0 (compatible; SERankingBacklinksBot/1.0; +https://seranking.com/backlinks-crawler)" 539 **0/539041**
114.119.156.190 - - [27/Mar/2026:09:10:42 -0700] "GET /commodity/warning/problems171919428009 HTTP/1.1" 200 3956 "https://falcon-ia.com/sitemap_96.xml" "Mozilla/5.0 (Linux; Android 7.0;) AppleWebKit/537.36 (KHTML, like Gecko) Mobile Safari/537.36 (compatible; PetalBot;+https://webmaster.petalsearch.com/site/petalbot)" 549 **0/549109**
144.76.19.28 - - [27/Mar/2026:09:10:43 -0700] "GET /?p=17483 HTTP/1.1" 200 3956 "-" "Mozilla/5.0 (compatible; SERankingBacklinksBot/1.0; +https://seranking.com/backlinks-crawler)" 492 **0/492378**
144.76.19.28 - - [27/Mar/2026:09:10:47 -0700] "GET /?p=17484 HTTP/1.1" 200 3956 "-" "Mozilla/5.0 (compatible; SERankingBacklinksBot/1.0; +https://seranking.com/backlinks-crawler)" 518 **0/518386**
144.76.19.28 - - [27/Mar/2026:09:10:51 -0700] "GET /?p=17485 HTTP/1.1" 200 3956 "-" "Mozilla/5.0 (compatible; SERankingBacklinksBot/1.0; +https://seranking.com/backlinks-crawler)" 546 **0/546003**
144.76.19.28 - - [27/Mar/2026:09:10:55 -0700] "GET /?p=17486 HTTP/1.1" 200 3956 "-" "Mozilla/5.0 (compatible; SERankingBacklinksBot/1.0; +https://seranking.com/backlinks-crawler)" 536 **0/536452**
144.76.19.28 - - [27/Mar/2026:09:10:59 -0700] "GET /?p=17487 HTTP/1.1" 200 3956 "-" "Mozilla/5.0 (compatible; SERankingBacklinksBot/1.0; +https://seranking.com/backlinks-crawler)" 487 **0/487155**
144.76.19.28 - - [27/Mar/2026:09:11:03 -0700] "GET /?p=17488 HTTP/1.1" 200 3956 "-" "Mozilla/5.0 (compatible; SERankingBacklinksBot/1.0; +https://seranking.com/backlinks-crawler)" 526 **0/526922**
144.76.19.28 - - [27/Mar/2026:09:11:07 -0700] "GET /?p=17489 HTTP/1.1" 200 3956 "-" "Mozilla/5.0 (compatible; SERankingBacklinksBot/1.0; +https://seranking.com/backlinks-crawler)" 498 **0/498247**
144.76.19.28 - - [27/Mar/2026:09:11:11 -0700] "GET /?p=17490 HTTP/1.1" 200 3956 "-" "Mozilla/5.0 (compatible; SERankingBacklinksBot/1.0; +https://seranking.com/backlinks-crawler)" 488 **0/488878**
144.76.19.28 - - [27/Mar/2026:09:11:17 -0700] "GET /?p=23148 HTTP/1.1" 200 3956 "-" "Mozilla/5.0 (compatible; SERankingBacklinksBot/1.0; +https://seranking.com/backlinks-crawler)" 511 **0/511594**
144.76.19.28 - - [27/Mar/2026:09:11:20 -0700] "GET /?p=17492 HTTP/1.1" 200 3956 "-" "Mozilla/5.0 (compatible; SERankingBacklinksBot/1.0; +https://seranking.com/backlinks-crawler)" 531 **0/531675**
85.208.96.193 - - [27/Mar/2026:09:11:22 -0700] "GET /commodity/insect/laptops171695781115 HTTP/1.1" 200 3956 "-" "Mozilla/5.0 (compatible; SemrushBot/7~bl; +http://www.semrush.com/bot.html)" 505 **0/505119**
144.76.19.28 - - [27/Mar/2026:09:11:24 -0700] "GET /?p=17493 HTTP/1.1" 200 3956 "-" "Mozilla/5.0 (compatible; SERankingBacklinksBot/1.0; +https://seranking.com/backlinks-crawler)" 489 **0/489351**
198.244.242.80 - - [27/Mar/2026:09:11:27 -0700] "GET /nederlandse-casino-gokkasten-gratis/ HTTP/2.0" 200 3449 "-" "Mozilla/5.0 (compatible; AhrefsBot/7.0; +http://ahrefs.com/robot/)" 553 **0/553739**
144.76.19.28 - - [27/Mar/2026:09:11:28 -0700] "GET /?p=17494 HTTP/1.1" 200 3956 "-" "Mozilla/5.0 (compatible; SERankingBacklinksBot/1.0; +https://seranking.com/backlinks-crawler)" 503 **0/503884**
144.76.19.28 - - [27/Mar/2026:09:11:33 -0700] "GET /?p=17495 HTTP/1.1" 200 3956 "-" "Mozilla/5.0 (compatible; SERankingBacklinksBot/1.0; +https://seranking.com/backlinks-crawler)" 497 **0/497361**
144.76.19.28 - - [27/Mar/2026:09:11:37 -0700] "GET /?p=17496 HTTP/1.1" 200 3956 "-" "Mozilla/5.0 (compatible; SERankingBacklinksBot/1.0; +https://seranking.com/backlinks-crawler)" 510 **0/510720**
144.76.19.28 - - [27/Mar/2026:09:11:41 -0700] "GET /?p=17497 HTTP/1.1" 200 3956 "-" "Mozilla/5.0 (compatible; SERankingBacklinksBot/1.0; +https://seranking.com/backlinks-crawler)" 501 **0/501052**
144.76.19.28 - - [27/Mar/2026:09:11:45 -0700] "GET /?p=17498 HTTP/1.1" 200 3956 "-" "Mozilla/5.0 (compatible; SERankingBacklinksBot/1.0; +https://seranking.com/backlinks-crawler)" 528 **0/528313**
144.76.19.28 - - [27/Mar/2026:09:11:49 -0700] "GET /?p=17500 HTTP/1.1" 200 3956 "-" "Mozilla/5.0 (compatible; SERankingBacklinksBot/1.0; +https://seranking.com/backlinks-crawler)" 494 **0/494702**
144.76.19.28 - - [27/Mar/2026:09:11:53 -0700] "GET /?p=17501 HTTP/1.1" 200 3956 "-" "Mozilla/5.0 (compatible; SERankingBacklinksBot/1.0; +https://seranking.com/backlinks-crawler)" 520 **0/520564**
144.76.19.28 - - [27/Mar/2026:09:11:57 -0700] "GET /?p=17502 HTTP/1.1" 200 3956 "-" "Mozilla/5.0 (compatible; SERankingBacklinksBot/1.0; +https://seranking.com/backlinks-crawler)" 502 **0/502844**
144.76.19.28 - - [27/Mar/2026:09:12:01 -0700] "GET /?p=17503 HTTP/1.1" 200 3956 "-" "Mozilla/5.0 (compatible; SERankingBacklinksBot/1.0; +https://seranking.com/backlinks-crawler)" 545 **0/545948**
144.76.19.28 - - [27/Mar/2026:09:12:05 -0700] "GET /?p=17504 HTTP/1.1" 200 3956 "-" "Mozilla/5.0 (compatible; SERankingBacklinksBot/1.0; +https://seranking.com/backlinks-crawler)" 500 **0/500946**
114.119.156.190 - - [27/Mar/2026:09:12:07 -0700] "GET /commodity/wanting/accepted17197736716 HTTP/1.1" 200 3956 "https://falcon-ia.com/sitemap_88.xml" "Mozilla/5.0 (Linux; Android 7.0;) AppleWebKit/537.36 (KHTML, like Gecko) Mobile Safari/537.36 (compatible; PetalBot;+https://webmaster.petalsearch.com/site/petalbot)" 516 **0/516672**
144.76.19.28 - - [27/Mar/2026:09:12:09 -0700] "GET /?p=17506 HTTP/1.1" 200 3956 "-" "Mozilla/5.0 (compatible; SERankingBacklinksBot/1.0; +https://seranking.com/backlinks-crawler)" 505 **0/505522**
144.76.19.28 - - [27/Mar/2026:09:12:14 -0700] "GET /?p=23151 HTTP/1.1" 200 3956 "-" "Mozilla/5.0 (compatible; SERankingBacklinksBot/1.0; +https://seranking.com/backlinks-crawler)" 508 **0/508445**
144.76.19.28 - - [27/Mar/2026:09:12:18 -0700] "GET /?p=17509 HTTP/1.1" 200 3956 "-" "Mozilla/5.0 (compatible; SERankingBacklinksBot/1.0; +https://seranking.com/backlinks-crawler)" 507 **0/507061**
144.76.19.28 - - [27/Mar/2026:09:12:22 -0700] "GET /?p=17510 HTTP/1.1" 200 3956 "-" "Mozilla/5.0 (compatible; SERankingBacklinksBot/1.0; +https://seranking.com/backlinks-crawler)" 504 **0/504048**
144.76.19.28 - - [27/Mar/2026:09:12:26 -0700] "GET /?p=17512 HTTP/1.1" 200 3956 "-" "Mozilla/5.0 (compatible; SERankingBacklinksBot/1.0; +https://seranking.com/backlinks-crawler)" 548 **0/548879**
144.76.19.28 - - [27/Mar/2026:09:12:30 -0700] "GET /?p=17513 HTTP/1.1" 200 3956 "-" "Mozilla/5.0 (compatible; SERankingBacklinksBot/1.0; +https://seranking.com/backlinks-crawler)" 497 **0/497623**
144.76.19.28 - - [27/Mar/2026:09:12:34 -0700] "GET /?p=17514 HTTP/1.1" 200 3956 "-" "Mozilla/5.0 (compatible; SERankingBacklinksBot/1.0; +https://seranking.com/backlinks-crawler)" 496 **0/496287**
144.76.19.28 - - [27/Mar/2026:09:12:38 -0700] "GET /?p=17515 HTTP/1.1" 200 3956 "-" "Mozilla/5.0 (compatible; SERankingBacklinksBot/1.0; +https://seranking.com/backlinks-crawler)" 502 **0/502658**
144.76.19.28 - - [27/Mar/2026:09:12:42 -0700] "GET /?p=17517 HTTP/1.1" 200 3956 "-" "Mozilla/5.0 (compatible; SERankingBacklinksBot/1.0; +https://seranking.com/backlinks-crawler)" 517 **0/517141**
144.76.19.28 - - [27/Mar/2026:09:12:45 -0700] "GET /?p=17518 HTTP/1.1" 200 3956 "-" "Mozilla/5.0 (compatible; SERankingBacklinksBot/1.0; +https://seranking.com/backlinks-crawler)" 512 **0/512695**
144.76.19.28 - - [27/Mar/2026:09:12:49 -0700] "GET /?p=17520 HTTP/1.1" 200 3956 "-" "Mozilla/5.0 (compatible; SERankingBacklinksBot/1.0; +https://seranking.com/backlinks-crawler)" 496 **0/496597**
144.76.19.28 - - [27/Mar/2026:09:12:54 -0700] "GET /?p=17521 HTTP/1.1" 200 3956 "-" "Mozilla/5.0 (compatible; SERankingBacklinksBot/1.0; +https://seranking.com/backlinks-crawler)" 485 **0/485000**
144.76.19.28 - - [27/Mar/2026:09:12:58 -0700] "GET /?p=17522 HTTP/1.1" 200 3956 "-" "Mozilla/5.0 (compatible; SERankingBacklinksBot/1.0; +https://seranking.com/backlinks-crawler)" 503 **0/503598**
144.76.19.28 - - [27/Mar/2026:09:13:02 -0700] "GET /?p=17523 HTTP/1.1" 200 3956 "-" "Mozilla/5.0 (compatible; SERankingBacklinksBot/1.0; +https://seranking.com/backlinks-crawler)" 542 **0/542968**
185.191.171.3 - - [27/Mar/2026:09:13:08 -0700] "GET /robots.txt HTTP/1.1" 200 93 "-" "Mozilla/5.0 (compatible; SemrushBot/7~bl; +http://www.semrush.com/bot.html)" 7 **0/7592**
144.76.19.28 - - [27/Mar/2026:09:13:07 -0700] "GET /?p=17524 HTTP/1.1" 200 3956 "-" "Mozilla/5.0 (compatible; SERankingBacklinksBot/1.0; +https://seranking.com/backlinks-crawler)" 496 **0/496309**
144.76.19.28 - - [27/Mar/2026:09:13:11 -0700] "GET /?p=23184 HTTP/1.1" 200 3956 "-" "Mozilla/5.0 (compatible; SERankingBacklinksBot/1.0; +https://seranking.com/backlinks-crawler)" 496 **0/496383**
144.76.19.28 - - [27/Mar/2026:09:13:15 -0700] "GET /?p=17525 HTTP/1.1" 200 3956 "-" "Mozilla/5.0 (compatible; SERankingBacklinksBot/1.0; +https://seranking.com/backlinks-crawler)" 495 **0/495216**
144.76.19.28 - - [27/Mar/2026:09:13:19 -0700] "GET /?p=17526 HTTP/1.1" 200 3956 "-" "Mozilla/5.0 (compatible; SERankingBacklinksBot/1.0; +https://seranking.com/backlinks-crawler)" 533 **0/533023**
144.76.19.28 - - [27/Mar/2026:09:13:23 -0700] "GET /?p=17527 HTTP/1.1" 200 3956 "-" "Mozilla/5.0 (compatible; SERankingBacklinksBot/1.0; +https://seranking.com/backlinks-crawler)" 498 **0/498704**
144.76.19.28 - - [27/Mar/2026:09:13:27 -0700] "GET /?p=17529 HTTP/1.1" 200 3956 "-" "Mozilla/5.0 (compatible; SERankingBacklinksBot/1.0; +https://seranking.com/backlinks-crawler)" 504 **0/504046**
144.76.19.28 - - [27/Mar/2026:09:13:31 -0700] "GET /?p=17530 HTTP/1.1" 200 3956 "-" "Mozilla/5.0 (compatible; SERankingBacklinksBot/1.0; +https://seranking.com/backlinks-crawler)" 487 **0/487037**
185.191.171.6 - - [27/Mar/2026:09:13:33 -0700] "GET /commodity/navigator/stray172186522374 HTTP/1.1" 200 3956 "-" "Mozilla/5.0 (compatible; SemrushBot/7~bl; +http://www.semrush.com/bot.html)" 513 **0/513021**
144.76.19.28 - - [27/Mar/2026:09:13:36 -0700] "GET /?p=17531 HTTP/1.1" 200 3956 "-" "Mozilla/5.0 (compatible; SERankingBacklinksBot/1.0; +https://seranking.com/backlinks-crawler)" 490 **0/490262**
85.208.96.205 - - [27/Mar/2026:09:13:37 -0700] "GET /commodity/basketball/kaufman172011030921 HTTP/1.1" 200 3956 "-" "Mozilla/5.0 (compatible; SemrushBot/7~bl; +http://www.semrush.com/bot.html)" 526 **0/526181**
144.76.19.28 - - [27/Mar/2026:09:13:40 -0700] "GET /?p=17533 HTTP/1.1" 200 3956 "-" "Mozilla/5.0 (compatible; SERankingBacklinksBot/1.0; +https://seranking.com/backlinks-crawler)" 500 **0/500024**
85.208.96.211 - - [27/Mar/2026:09:13:42 -0700] "GET /commodity/nih/studied171916594315 HTTP/1.1" 200 3956 "-" "Mozilla/5.0 (compatible; SemrushBot/7~bl; +http://www.semrush.com/bot.html)" 489 **0/489237**
144.76.19.28 - - [27/Mar/2026:09:13:44 -0700] "GET /?p=17534 HTTP/1.1" 200 3956 "-" "Mozilla/5.0 (compatible; SERankingBacklinksBot/1.0; +https://seranking.com/backlinks-crawler)" 502 **0/502102**
114.119.156.190 - - [27/Mar/2026:09:13:44 -0700] "GET /commodity/vw/excitement172022954794 HTTP/1.1" 200 3956 "https://falcon-ia.com/sitemap_98.xml" "Mozilla/5.0 (Linux; Android 7.0;) AppleWebKit/537.36 (KHTML, like Gecko) Mobile Safari/537.36 (compatible; PetalBot;+https://webmaster.petalsearch.com/site/petalbot)" 512 **0/512110**
144.76.19.28 - - [27/Mar/2026:09:13:48 -0700] "GET /?p=17535 HTTP/1.1" 200 3956 "-" "Mozilla/5.0 (compatible; SERankingBacklinksBot/1.0; +https://seranking.com/backlinks-crawler)" 491 **0/491772**
144.76.19.28 - - [27/Mar/2026:09:13:52 -0700] "GET /?p=17537 HTTP/1.1" 200 3956 "-" "Mozilla/5.0 (compatible; SERankingBacklinksBot/1.0; +https://seranking.com/backlinks-crawler)" 502 **0/502296**
144.76.19.28 - - [27/Mar/2026:09:13:56 -0700] "GET /?p=17539 HTTP/1.1" 200 3956 "-" "Mozilla/5.0 (compatible; SERankingBacklinksBot/1.0; +https://seranking.com/backlinks-crawler)" 487 **0/487434**
144.76.19.28 - - [27/Mar/2026:09:14:00 -0700] "GET /?p=17541 HTTP/1.1" 200 3956 "-" "Mozilla/5.0 (compatible; SERankingBacklinksBot/1.0; +https://seranking.com/backlinks-crawler)" 514 **0/514155**
144.76.19.28 - - [27/Mar/2026:09:14:04 -0700] "GET /?p=17542 HTTP/1.1" 200 3956 "-" "Mozilla/5.0 (compatible; SERankingBacklinksBot/1.0; +https://seranking.com/backlinks-crawler)" 497 **0/497052**
144.76.19.28 - - [27/Mar/2026:09:14:08 -0700] "GET /?p=23187 HTTP/1.1" 200 3956 "-" "Mozilla/5.0 (compatible; SERankingBacklinksBot/1.0; +https://seranking.com/backlinks-crawler)" 530 **0/530549**
144.76.19.28 - - [27/Mar/2026:09:14:13 -0700] "GET /?p=17543 HTTP/1.1" 200 3956 "-" "Mozilla/5.0 (compatible; SERankingBacklinksBot/1.0; +https://seranking.com/backlinks-crawler)" 530 **0/530751**
144.76.19.28 - - [27/Mar/2026:09:14:17 -0700] "GET /?p=17544 HTTP/1.1" 200 3956 "-" "Mozilla/5.0 (compatible; SERankingBacklinksBot/1.0; +https://seranking.com/backlinks-crawler)" 500 **0/500089**
144.76.19.28 - - [27/Mar/2026:09:14:21 -0700] "GET /?p=17546 HTTP/1.1" 200 3956 "-" "Mozilla/5.0 (compatible; SERankingBacklinksBot/1.0; +https://seranking.com/backlinks-crawler)" 493 **0/493010**
144.76.19.28 - - [27/Mar/2026:09:14:25 -0700] "GET /?p=17547 HTTP/1.1" 200 3956 "-" "Mozilla/5.0 (compatible; SERankingBacklinksBot/1.0; +https://seranking.com/backlinks-crawler)" 510 **0/510347**
144.76.19.28 - - [27/Mar/2026:09:14:29 -0700] "GET /?p=17548 HTTP/1.1" 200 3956 "-" "Mozilla/5.0 (compatible; SERankingBacklinksBot/1.0; +https://seranking.com/backlinks-crawler)" 526 **0/526029**
144.76.19.28 - - [27/Mar/2026:09:14:34 -0700] "GET /?p=17549 HTTP/1.1" 200 3956 "-" "Mozilla/5.0 (compatible; SERankingBacklinksBot/1.0; +https://seranking.com/backlinks-crawler)" 517 **0/517528**
144.76.19.28 - - [27/Mar/2026:09:14:38 -0700] "GET /?p=17550 HTTP/1.1" 200 3956 "-" "Mozilla/5.0 (compatible; SERankingBacklinksBot/1.0; +https://seranking.com/backlinks-crawler)" 522 **0/522119**
144.76.19.28 - - [27/Mar/2026:09:14:42 -0700] "GET /?p=17552 HTTP/1.1" 200 3956 "-" "Mozilla/5.0 (compatible; SERankingBacklinksBot/1.0; +https://seranking.com/backlinks-crawler)" 494 **0/494969**
144.76.19.28 - - [27/Mar/2026:09:14:46 -0700] "GET /?p=17553 HTTP/1.1" 200 3956 "-" "Mozilla/5.0 (compatible; SERankingBacklinksBot/1.0; +https://seranking.com/backlinks-crawler)" 496 **0/496201**
144.76.19.28 - - [27/Mar/2026:09:14:50 -0700] "GET /?p=17554 HTTP/1.1" 200 3956 "-" "Mozilla/5.0 (compatible; SERankingBacklinksBot/1.0; +https://seranking.com/backlinks-crawler)" 499 **0/499331**
144.76.19.28 - - [27/Mar/2026:09:14:54 -0700] "GET /?p=17555 HTTP/1.1" 200 3956 "-" "Mozilla/5.0 (compatible; SERankingBacklinksBot/1.0; +https://seranking.com/backlinks-crawler)" 491 **0/491337**
144.76.19.28 - - [27/Mar/2026:09:14:58 -0700] "GET /?p=17556 HTTP/1.1" 200 3956 "-" "Mozilla/5.0 (compatible; SERankingBacklinksBot/1.0; +https://seranking.com/backlinks-crawler)" 501 **0/501352**
144.76.19.28 - - [27/Mar/2026:09:15:03 -0700] "GET /?p=17557 HTTP/1.1" 200 3956 "-" "Mozilla/5.0 (compatible; SERankingBacklinksBot/1.0; +https://seranking.com/backlinks-crawler)" 625 **0/625881**
194.247.173.99 - - [27/Mar/2026:09:15:05 -0700] "GET /robots.txt HTTP/1.1" 200 78 "-" "Mozilla/5.0 (compatible; MJ12bot/v1.4.8; http://mj12bot.com/)" 7 **0/7880**
144.76.19.28 - - [27/Mar/2026:09:15:07 -0700] "GET /?p=23210 HTTP/1.1" 200 3956 "-" "Mozilla/5.0 (compatible; SERankingBacklinksBot/1.0; +https://seranking.com/backlinks-crawler)" 571 **0/571047**
194.247.173.99 - - [27/Mar/2026:09:15:08 -0700] "GET /beste-roulette-strategie%C3%ABn/?fileloc=/home/falconiapl2015/public_html/.htaccess&path=/home/falconiapl2015/public_html HTTP/1.1" 200 3039 "-" "Mozilla/5.0 (compatible; MJ12bot/v1.4.8; http://mj12bot.com/)" 543 **0/543011**
144.76.19.28 - - [27/Mar/2026:09:15:11 -0700] "GET /?p=17558 HTTP/1.1" 200 3956 "-" "Mozilla/5.0 (compatible; SERankingBacklinksBot/1.0; +https://seranking.com/backlinks-crawler)" 537 **0/537280**
114.119.136.15 - - [27/Mar/2026:09:15:12 -0700] "GET /commodity/vv/sao172111461176 HTTP/1.1" 200 3956 "https://falcon-ia.com/sitemap_9.xml" "Mozilla/5.0 (Linux; Android 7.0;) AppleWebKit/537.36 (KHTML, like Gecko) Mobile Safari/537.36 (compatible; PetalBot;+https://webmaster.petalsearch.com/site/petalbot)" 509 **0/509464**
144.76.19.28 - - [27/Mar/2026:09:15:15 -0700] "GET /?p=17559 HTTP/1.1" 200 3956 "-" "Mozilla/5.0 (compatible; SERankingBacklinksBot/1.0; +https://seranking.com/backlinks-crawler)" 502 **0/502583**
66.249.74.129 - - [27/Mar/2026:09:15:17 -0700] "GET /shop/customer/menu/17191831310 HTTP/1.1" 200 26094 "-" "Mozilla/5.0 (Linux; Android 6.0.1; Nexus 5X Build/MMB29P) AppleWebKit/537.36 (KHTML, like Gecko) Chrome/146.0.7680.153 Mobile Safari/537.36 (compatible; Googlebot/2.1; +http://www.google.com/bot.html)" 1628 **1/1628091**
144.76.19.28 - - [27/Mar/2026:09:15:19 -0700] "GET /?p=17560 HTTP/1.1" 200 3956 "-" "Mozilla/5.0 (compatible; SERankingBacklinksBot/1.0; +https://seranking.com/backlinks-crawler)" 512 **0/512428**
194.247.173.99 - - [27/Mar/2026:09:15:23 -0700] "GET /beste-roulette-strategie%C3%ABn/?fileloc=/home/falconiapl2015/public_html/error_log&path=/home/falconiapl2015/public_html HTTP/1.1" 200 2398 "-" "Mozilla/5.0 (compatible; MJ12bot/v1.4.8; http://mj12bot.com/)" 567 **0/567935**
144.76.19.28 - - [27/Mar/2026:09:15:23 -0700] "GET /?p=17561 HTTP/1.1" 200 3956 "-" "Mozilla/5.0 (compatible; SERankingBacklinksBot/1.0; +https://seranking.com/backlinks-crawler)" 523 **0/523183**
144.76.19.28 - - [27/Mar/2026:09:15:27 -0700] "GET /?p=17562 HTTP/1.1" 200 3956 "-" "Mozilla/5.0 (compatible; SERankingBacklinksBot/1.0; +https://seranking.com/backlinks-crawler)" 511 **0/511849**
144.76.19.28 - - [27/Mar/2026:09:15:31 -0700] "GET /?p=17563 HTTP/1.1" 200 3956 "-" "Mozilla/5.0 (compatible; SERankingBacklinksBot/1.0; +https://seranking.com/backlinks-crawler)" 499 **0/499983**
194.247.173.99 - - [27/Mar/2026:09:15:31 -0700] "GET /beste-roulette-strategie%C3%ABn/?fileloc=/home/falconiapl2015/public_html/gbmfx.php&path=/home/falconiapl2015/public_html HTTP/1.1" 200 5547 "-" "Mozilla/5.0 (compatible; MJ12bot/v1.4.8; http://mj12bot.com/)" 519 **0/519357**
144.76.19.28 - - [27/Mar/2026:09:15:35 -0700] "GET /?p=17564 HTTP/1.1" 200 3956 "-" "Mozilla/5.0 (compatible; SERankingBacklinksBot/1.0; +https://seranking.com/backlinks-crawler)" 495 **0/495627**
66.249.74.128 - - [27/Mar/2026:09:15:36 -0700] "GET /content.php?commodity/falcons/elsewhere17181383696 HTTP/1.1" 403 28908 "-" "Mozilla/5.0 (Linux; Android 6.0.1; Nexus 5X Build/MMB29P) AppleWebKit/537.36 (KHTML, like Gecko) Chrome/146.0.7680.153 Mobile Safari/537.36 (compatible; Googlebot/2.1; +http://www.google.com/bot.html)" 1642 **1/1642917**
194.247.173.99 - - [27/Mar/2026:09:15:38 -0700] "GET /beste-roulette-strategie%C3%ABn/?fileloc=/home/falconiapl2015/public_html/index.php&path=/home/falconiapl2015/public_html HTTP/1.1" 200 10878 "-" "Mozilla/5.0 (compatible; MJ12bot/v1.4.8; http://mj12bot.com/)" 545 **0/545998**
144.76.19.28 - - [27/Mar/2026:09:15:39 -0700] "GET /?p=17565 HTTP/1.1" 200 3956 "-" "Mozilla/5.0 (compatible; SERankingBacklinksBot/1.0; +https://seranking.com/backlinks-crawler)" 502 **0/502261**
144.76.19.28 - - [27/Mar/2026:09:15:43 -0700] "GET /?p=17567 HTTP/1.1" 200 3956 "-" "Mozilla/5.0 (compatible; SERankingBacklinksBot/1.0; +https://seranking.com/backlinks-crawler)" 520 **0/520178**
194.247.173.99 - - [27/Mar/2026:09:15:44 -0700] "GET /beste-roulette-strategie%C3%ABn/?fileloc=/home/falconiapl2015/public_html/license.txt&path=/home/falconiapl2015/public_html HTTP/1.1" 200 9311 "-" "Mozilla/5.0 (compatible; MJ12bot/v1.4.8; http://mj12bot.com/)" 508 **0/508468**
144.76.19.28 - - [27/Mar/2026:09:15:47 -0700] "GET /?p=17568 HTTP/1.1" 200 3956 "-" "Mozilla/5.0 (compatible; SERankingBacklinksBot/1.0; +https://seranking.com/backlinks-crawler)" 529 **0/529368**
194.247.173.99 - - [27/Mar/2026:09:15:50 -0700] "GET /beste-roulette-strategie%C3%ABn/?fileloc=/home/falconiapl2015/public_html/readme.html&path=/home/falconiapl2015/public_html HTTP/1.1" 200 5152 "-" "Mozilla/5.0 (compatible; MJ12bot/v1.4.8; http://mj12bot.com/)" 503 **0/503817**
144.76.19.28 - - [27/Mar/2026:09:15:52 -0700] "GET /?p=17569 HTTP/1.1" 200 3956 "-" "Mozilla/5.0 (compatible; SERankingBacklinksBot/1.0; +https://seranking.com/backlinks-crawler)" 488 **0/488721**
194.247.173.99 - - [27/Mar/2026:09:15:55 -0700] "GET /beste-roulette-strategie%C3%ABn/?fileloc=/home/falconiapl2015/public_html/robots.txt&path=/home/falconiapl2015/public_html HTTP/1.1" 200 2301 "-" "Mozilla/5.0 (compatible; MJ12bot/v1.4.8; http://mj12bot.com/)" 526 **0/526559**
144.76.19.28 - - [27/Mar/2026:09:15:56 -0700] "GET /?p=17570 HTTP/1.1" 200 3956 "-" "Mozilla/5.0 (compatible; SERankingBacklinksBot/1.0; +https://seranking.com/backlinks-crawler)" 495 **0/495393**
144.76.19.28 - - [27/Mar/2026:09:15:59 -0700] "GET /?p=17571 HTTP/1.1" 200 3956 "-" "Mozilla/5.0 (compatible; SERankingBacklinksBot/1.0; +https://seranking.com/backlinks-crawler)" 531 **0/531816**
194.247.173.99 - - [27/Mar/2026:09:16:00 -0700] "GET /beste-roulette-strategie%C3%ABn/?fileloc=/home/falconiapl2015/public_html/txets.php&path=/home/falconiapl2015/public_html HTTP/1.1" 200 2298 "-" "Mozilla/5.0 (compatible; MJ12bot/v1.4.8; http://mj12bot.com/)" 504 **0/504218**
40.77.167.49 - - [27/Mar/2026:09:16:00 -0700] "GET /rulet-oyun-kurallar%C4%B1/ HTTP/2.0" 200 30062 "-" "Mozilla/5.0 AppleWebKit/537.36 (KHTML, like Gecko; compatible; bingbot/2.0; +http://www.bing.com/bingbot.htm) Chrome/116.0.1938.76 Safari/537.36" 1651 **1/1651796**
144.76.19.28 - - [27/Mar/2026:09:16:03 -0700] "GET /?p=24686 HTTP/1.1" 200 3956 "-" "Mozilla/5.0 (compatible; SERankingBacklinksBot/1.0; +https://seranking.com/backlinks-crawler)" 504 **0/504069**
194.247.173.99 - - [27/Mar/2026:09:16:05 -0700] "GET /beste-roulette-strategie%C3%ABn/?fileloc=/home/falconiapl2015/public_html/wp-activate.php&path=/home/falconiapl2015/public_html HTTP/1.1" 200 4672 "-" "Mozilla/5.0 (compatible; MJ12bot/v1.4.8; http://mj12bot.com/)" 525 **0/525734**
144.76.19.28 - - [27/Mar/2026:09:16:07 -0700] "GET /?p=17572 HTTP/1.1" 200 3956 "-" "Mozilla/5.0 (compatible; SERankingBacklinksBot/1.0; +https://seranking.com/backlinks-crawler)" 500 **0/500075**
144.76.19.28 - - [27/Mar/2026:09:16:11 -0700] "GET /?p=17573 HTTP/1.1" 200 3956 "-" "Mozilla/5.0 (compatible; SERankingBacklinksBot/1.0; +https://seranking.com/backlinks-crawler)" 508 **0/508480**
194.247.173.99 - - [27/Mar/2026:09:16:13 -0700] "GET /beste-roulette-strategie%C3%ABn/?fileloc=/home/falconiapl2015/public_html/wp-blog-header.php&path=/home/falconiapl2015/public_html HTTP/1.1" 200 2447 "-" "Mozilla/5.0 (compatible; MJ12bot/v1.4.8; http://mj12bot.com/)" 503 **0/503389**
144.76.19.28 - - [27/Mar/2026:09:16:15 -0700] "GET /?p=17574 HTTP/1.1" 200 3956 "-" "Mozilla/5.0 (compatible; SERankingBacklinksBot/1.0; +https://seranking.com/backlinks-crawler)" 497 **0/497331**
194.247.173.99 - - [27/Mar/2026:09:16:18 -0700] "GET /beste-roulette-strategie%C3%ABn/?fileloc=/home/falconiapl2015/public_html/wp-comments-post.php&path=/home/falconiapl2015/public_html HTTP/1.1" 200 3279 "-" "Mozilla/5.0 (compatible; MJ12bot/v1.4.8; http://mj12bot.com/)" 493 **0/493899**
144.76.19.28 - - [27/Mar/2026:09:16:19 -0700] "GET /?p=17575 HTTP/1.1" 200 3956 "-" "Mozilla/5.0 (compatible; SERankingBacklinksBot/1.0; +https://seranking.com/backlinks-crawler)" 498 **0/498272**
194.247.173.99 - - [27/Mar/2026:09:16:23 -0700] "GET /beste-roulette-strategie%C3%ABn/?fileloc=/home/falconiapl2015/public_html/wp-config-sample.php&path=/home/falconiapl2015/public_html HTTP/1.1" 200 3461 "-" "Mozilla/5.0 (compatible; MJ12bot/v1.4.8; http://mj12bot.com/)" 529 **0/529670**
144.76.19.28 - - [27/Mar/2026:09:16:23 -0700] "GET /?p=17576 HTTP/1.1" 200 3956 "-" "Mozilla/5.0 (compatible; SERankingBacklinksBot/1.0; +https://seranking.com/backlinks-crawler)" 518 **0/518401**
114.119.156.190 - - [27/Mar/2026:09:16:24 -0700] "GET /commodity/voter/quantitative172114638605 HTTP/1.1" 200 3956 "https://falcon-ia.com/sitemap_98.xml" "Mozilla/5.0 (Linux; Android 7.0;) AppleWebKit/537.36 (KHTML, like Gecko) Mobile Safari/537.36 (compatible; PetalBot;+https://webmaster.petalsearch.com/site/petalbot)" 501 **0/501454**
144.76.19.28 - - [27/Mar/2026:09:16:27 -0700] "GET /?p=17577 HTTP/1.1" 200 3956 "-" "Mozilla/5.0 (compatible; SERankingBacklinksBot/1.0; +https://seranking.com/backlinks-crawler)" 490 **0/490287**
194.247.173.99 - - [27/Mar/2026:09:16:28 -0700] "GET /beste-roulette-strategie%C3%ABn/?fileloc=/home/falconiapl2015/public_html/wp-config.php&path=/home/falconiapl2015/public_html HTTP/1.1" 200 3422 "-" "Mozilla/5.0 (compatible; MJ12bot/v1.4.8; http://mj12bot.com/)" 495 **0/495866**
144.76.19.28 - - [27/Mar/2026:09:16:32 -0700] "GET /?p=17578 HTTP/1.1" 200 3956 "-" "Mozilla/5.0 (compatible; SERankingBacklinksBot/1.0; +https://seranking.com/backlinks-crawler)" 519 **0/519786**
66.249.74.130 - - [27/Mar/2026:09:16:33 -0700] "GET /commodity/confession/fact1717940240 HTTP/1.1" 200 29066 "-" "Mozilla/5.0 (Linux; Android 6.0.1; Nexus 5X Build/MMB29P) AppleWebKit/537.36 (KHTML, like Gecko) Chrome/146.0.7680.153 Mobile Safari/537.36 (compatible; Googlebot/2.1; +http://www.google.com/bot.html)" 1623 **1/1623200**
194.247.173.99 - - [27/Mar/2026:09:16:35 -0700] "GET /beste-roulette-strategie%C3%ABn/?fileloc=/home/falconiapl2015/public_html/wp-cron.php&path=/home/falconiapl2015/public_html HTTP/1.1" 200 4272 "-" "Mozilla/5.0 (compatible; MJ12bot/v1.4.8; http://mj12bot.com/)" 491 **0/491871**
144.76.19.28 - - [27/Mar/2026:09:16:36 -0700] "GET /?p=17579 HTTP/1.1" 200 3956 "-" "Mozilla/5.0 (compatible; SERankingBacklinksBot/1.0; +https://seranking.com/backlinks-crawler)" 493 **0/493148**
144.76.19.28 - - [27/Mar/2026:09:16:40 -0700] "GET /?p=17580 HTTP/1.1" 200 3956 "-" "Mozilla/5.0 (compatible; SERankingBacklinksBot/1.0; +https://seranking.com/backlinks-crawler)" 504 **0/504844**
194.247.173.99 - - [27/Mar/2026:09:16:40 -0700] "GET /beste-roulette-strategie%C3%ABn/?fileloc=/home/falconiapl2015/public_html/wp-links-opml.php&path=/home/falconiapl2015/public_html HTTP/1.1" 200 3349 "-" "Mozilla/5.0 (compatible; MJ12bot/v1.4.8; http://mj12bot.com/)" 507 **0/507706**
144.76.19.28 - - [27/Mar/2026:09:16:44 -0700] "GET /?p=17581 HTTP/1.1" 200 3956 "-" "Mozilla/5.0 (compatible; SERankingBacklinksBot/1.0; +https://seranking.com/backlinks-crawler)" 518 **0/518028**
194.247.173.99 - - [27/Mar/2026:09:16:46 -0700] "GET /beste-roulette-strategie%C3%ABn/?fileloc=/home/falconiapl2015/public_html/wp-load.php&path=/home/falconiapl2015/public_html HTTP/1.1" 200 3855 "-" "Mozilla/5.0 (compatible; MJ12bot/v1.4.8; http://mj12bot.com/)" 514 **0/514616**
144.76.19.28 - - [27/Mar/2026:09:16:48 -0700] "GET /?p=17582 HTTP/1.1" 200 3956 "-" "Mozilla/5.0 (compatible; SERankingBacklinksBot/1.0; +https://seranking.com/backlinks-crawler)" 492 **0/492283**
194.247.173.99 - - [27/Mar/2026:09:16:51 -0700] "GET /beste-roulette-strategie%C3%ABn/?fileloc=/home/falconiapl2015/public_html/wp-mail.php&path=/home/falconiapl2015/public_html HTTP/1.1" 200 5289 "-" "Mozilla/5.0 (compatible; MJ12bot/v1.4.8; http://mj12bot.com/)" 488 **0/488288**
144.76.19.28 - - [27/Mar/2026:09:16:53 -0700] "GET /?p=17583 HTTP/1.1" 200 3956 "-" "Mozilla/5.0 (compatible; SERankingBacklinksBot/1.0; +https://seranking.com/backlinks-crawler)" 495 **0/495399**
194.247.173.99 - - [27/Mar/2026:09:16:57 -0700] "GET /beste-roulette-strategie%C3%ABn/?fileloc=/home/falconiapl2015/public_html/wp-settings.php&path=/home/falconiapl2015/public_html HTTP/1.1" 200 8340 "-" "Mozilla/5.0 (compatible; MJ12bot/v1.4.8; http://mj12bot.com/)" 497 **0/497586**
144.76.19.28 - - [27/Mar/2026:09:16:57 -0700] "GET /?p=17584 HTTP/1.1" 200 3956 "-" "Mozilla/5.0 (compatible; SERankingBacklinksBot/1.0; +https://seranking.com/backlinks-crawler)" 497 **0/497354**
144.76.19.28 - - [27/Mar/2026:09:17:01 -0700] "GET /?p=24880 HTTP/1.1" 200 3956 "-" "Mozilla/5.0 (compatible; SERankingBacklinksBot/1.0; +https://seranking.com/backlinks-crawler)" 516 **0/516543**
194.247.173.99 - - [27/Mar/2026:09:17:03 -0700] "GET /beste-roulette-strategie%C3%ABn/?fileloc=/home/falconiapl2015/public_html/wp-signup.php&path=/home/falconiapl2015/public_html HTTP/1.1" 200 10251 "-" "Mozilla/5.0 (compatible; MJ12bot/v1.4.8; http://mj12bot.com/)" 527 **0/527359**
144.76.19.28 - - [27/Mar/2026:09:17:05 -0700] "GET /?p=17586 HTTP/1.1" 200 3956 "-" "Mozilla/5.0 (compatible; SERankingBacklinksBot/1.0; +https://seranking.com/backlinks-crawler)" 499 **0/499537**
194.247.173.99 - - [27/Mar/2026:09:17:08 -0700] "GET /beste-roulette-strategie%C3%ABn/?fileloc=/home/falconiapl2015/public_html/wp-trackback.php&path=/home/falconiapl2015/public_html HTTP/1.1" 200 4108 "-" "Mozilla/5.0 (compatible; MJ12bot/v1.4.8; http://mj12bot.com/)" 488 **0/488871**
144.76.19.28 - - [27/Mar/2026:09:17:09 -0700] "GET /?p=17587 HTTP/1.1" 200 3956 "-" "Mozilla/5.0 (compatible; SERankingBacklinksBot/1.0; +https://seranking.com/backlinks-crawler)" 504 **0/504252**
194.247.173.99 - - [27/Mar/2026:09:17:13 -0700] "GET /beste-roulette-strategie%C3%ABn/?path=/ HTTP/1.1" 200 2908 "-" "Mozilla/5.0 (compatible; MJ12bot/v1.4.8; http://mj12bot.com/)" 511 **0/511751**
144.76.19.28 - - [27/Mar/2026:09:17:13 -0700] "GET /?p=17588 HTTP/1.1" 200 3956 "-" "Mozilla/5.0 (compatible; SERankingBacklinksBot/1.0; +https://seranking.com/backlinks-crawler)" 491 **0/491879**
144.76.19.28 - - [27/Mar/2026:09:17:17 -0700] "GET /?p=17589 HTTP/1.1" 200 3956 "-" "Mozilla/5.0 (compatible; SERankingBacklinksBot/1.0; +https://seranking.com/backlinks-crawler)" 486 **0/486995**
194.247.173.99 - - [27/Mar/2026:09:17:19 -0700] "GET /beste-roulette-strategie%C3%ABn/?path=/home HTTP/1.1" 200 2535 "-" "Mozilla/5.0 (compatible; MJ12bot/v1.4.8; http://mj12bot.com/)" 480 **0/480672**
144.76.19.28 - - [27/Mar/2026:09:17:21 -0700] "GET /?p=17590 HTTP/1.1" 200 3956 "-" "Mozilla/5.0 (compatible; SERankingBacklinksBot/1.0; +https://seranking.com/backlinks-crawler)" 505 **0/505076**
144.76.19.28 - - [27/Mar/2026:09:17:26 -0700] "GET /?p=17591 HTTP/1.1" 200 3956 "-" "Mozilla/5.0 (compatible; SERankingBacklinksBot/1.0; +https://seranking.com/backlinks-crawler)" 488 **0/488482**
194.247.173.99 - - [27/Mar/2026:09:17:26 -0700] "GET /beste-roulette-strategie%C3%ABn/?path=/home/falconiapl2015 HTTP/1.1" 200 3737 "-" "Mozilla/5.0 (compatible; MJ12bot/v1.4.8; http://mj12bot.com/)" 518 **0/518431**
144.76.19.28 - - [27/Mar/2026:09:17:29 -0700] "GET /?p=17592 HTTP/1.1" 200 3956 "-" "Mozilla/5.0 (compatible; SERankingBacklinksBot/1.0; +https://seranking.com/backlinks-crawler)" 488 **0/488032**
194.247.173.99 - - [27/Mar/2026:09:17:31 -0700] "GET /beste-roulette-strategie%C3%ABn/?path=/home/falconiapl2015/public_html HTTP/1.1" 200 3449 "-" "Mozilla/5.0 (compatible; MJ12bot/v1.4.8; http://mj12bot.com/)" 479 **0/479805**
