85.208.96.195 - - [27/Mar/2026:07:21:15 -0700] "GET /commodity/exploited/madthumbs172023378233 HTTP/1.1" 200 3956 "-" "Mozilla/5.0 (compatible; SemrushBot/7~bl; +http://www.semrush.com/bot.html)" 512 **0/512492**
185.191.171.12 - - [27/Mar/2026:07:21:20 -0700] "GET /commodity/appleton/hifi1718111658993 HTTP/1.1" 200 3956 "-" "Mozilla/5.0 (compatible; SemrushBot/7~bl; +http://www.semrush.com/bot.html)" 511 **0/511553**
85.208.96.212 - - [27/Mar/2026:07:21:24 -0700] "GET /commodity/sculptures/distributors171952752656 HTTP/1.1" 200 3956 "-" "Mozilla/5.0 (compatible; SemrushBot/7~bl; +http://www.semrush.com/bot.html)" 494 **0/494576**
85.208.96.210 - - [27/Mar/2026:07:21:31 -0700] "GET /commodity/vessel/affiliates171784267390 HTTP/1.1" 200 3956 "-" "Mozilla/5.0 (compatible; SemrushBot/7~bl; +http://www.semrush.com/bot.html)" 488 **0/488676**
85.208.96.204 - - [27/Mar/2026:07:21:37 -0700] "GET /commodity/bedroom/critiques172011371991 HTTP/1.1" 200 3956 "-" "Mozilla/5.0 (compatible; SemrushBot/7~bl; +http://www.semrush.com/bot.html)" 502 **0/502990**
185.191.171.6 - - [27/Mar/2026:07:21:42 -0700] "GET /commodity/route/celebrates172198490339 HTTP/1.1" 200 3956 "-" "Mozilla/5.0 (compatible; SemrushBot/7~bl; +http://www.semrush.com/bot.html)" 532 **0/532615**
85.208.96.195 - - [27/Mar/2026:07:21:46 -0700] "GET /commodity/inequalities/condition17169275031 HTTP/1.1" 200 3956 "-" "Mozilla/5.0 (compatible; SemrushBot/7~bl; +http://www.semrush.com/bot.html)" 489 **0/489028**
185.191.171.4 - - [27/Mar/2026:07:21:53 -0700] "GET /commodity/chancellor/glossary172111675657 HTTP/1.1" 200 3956 "-" "Mozilla/5.0 (compatible; SemrushBot/7~bl; +http://www.semrush.com/bot.html)" 502 **0/502558**
114.119.136.15 - - [27/Mar/2026:07:21:58 -0700] "GET /commodity/nod/seo17215582144 HTTP/1.1" 200 3956 "https://falcon-ia.com/sitemap_94.xml" "Mozilla/5.0 (Linux; Android 7.0;) AppleWebKit/537.36 (KHTML, like Gecko) Mobile Safari/537.36 (compatible; PetalBot;+https://webmaster.petalsearch.com/site/petalbot)" 514 **0/514550**
114.119.143.130 - - [27/Mar/2026:07:23:38 -0700] "GET /commodity/nobody/courtroom172029240322 HTTP/1.1" 200 3956 "https://falcon-ia.com/sitemap_9.xml" "Mozilla/5.0 (Linux; Android 7.0;) AppleWebKit/537.36 (KHTML, like Gecko) Mobile Safari/537.36 (compatible; PetalBot;+https://webmaster.petalsearch.com/site/petalbot)" 503 **0/503716**
40.77.167.0 - - [27/Mar/2026:07:24:34 -0700] "GET /yasal-kumarhane-oynamak/ HTTP/2.0" 200 27166 "-" "Mozilla/5.0 AppleWebKit/537.36 (KHTML, like Gecko; compatible; bingbot/2.0; +http://www.bing.com/bingbot.htm) Chrome/116.0.1938.76 Safari/537.36" 1751 **1/1751925**
114.119.156.190 - - [27/Mar/2026:07:24:44 -0700] "GET /commodity/nobel/thumbs171916474943 HTTP/1.1" 200 3956 "https://falcon-ia.com/sitemap_13.xml" "Mozilla/5.0 (Linux; Android 7.0;) AppleWebKit/537.36 (KHTML, like Gecko) Mobile Safari/537.36 (compatible; PetalBot;+https://webmaster.petalsearch.com/site/petalbot)" 495 **0/495202**
157.55.39.7 - - [27/Mar/2026:07:24:51 -0700] "GET /canl%C4%B1-rulet-para-i%C3%A7in-online/ HTTP/2.0" 200 29775 "-" "Mozilla/5.0 AppleWebKit/537.36 (KHTML, like Gecko; compatible; bingbot/2.0; +http://www.bing.com/bingbot.htm) Chrome/116.0.1938.76 Safari/537.36" 1692 **1/1692822**
185.191.171.7 - - [27/Mar/2026:07:25:21 -0700] "GET /commodity/travesti/forthcoming17194647038 HTTP/1.1" 200 3956 "-" "Mozilla/5.0 (compatible; SemrushBot/7~bl; +http://www.semrush.com/bot.html)" 525 **0/525880**
85.208.96.200 - - [27/Mar/2026:07:25:29 -0700] "GET /commodity/viability/sausage172017122934 HTTP/1.1" 200 3956 "-" "Mozilla/5.0 (compatible; SemrushBot/7~bl; +http://www.semrush.com/bot.html)" 573 **0/573034**
185.191.171.6 - - [27/Mar/2026:07:25:35 -0700] "GET /commodity/transitions/generate17176759566 HTTP/1.1" 200 3956 "-" "Mozilla/5.0 (compatible; SemrushBot/7~bl; +http://www.semrush.com/bot.html)" 531 **0/531853**
185.191.171.12 - - [27/Mar/2026:07:25:40 -0700] "GET /commodity/heights/conditioning17197900110 HTTP/1.1" 200 3956 "-" "Mozilla/5.0 (compatible; SemrushBot/7~bl; +http://www.semrush.com/bot.html)" 510 **0/510752**
114.119.155.69 - - [27/Mar/2026:07:26:08 -0700] "GET /commodity/nobel/thumbs171910498830 HTTP/1.1" 200 3956 "https://falcon-ia.com/sitemap_89.xml" "Mozilla/5.0 (Linux; Android 7.0;) AppleWebKit/537.36 (KHTML, like Gecko) Mobile Safari/537.36 (compatible; PetalBot;+https://webmaster.petalsearch.com/site/petalbot)" 550 **0/550847**
52.167.144.24 - - [27/Mar/2026:07:26:21 -0700] "GET /commodity/lectures/establishment17187119909 HTTP/2.0" 200 29963 "-" "Mozilla/5.0 AppleWebKit/537.36 (KHTML, like Gecko; compatible; bingbot/2.0; +http://www.bing.com/bingbot.htm) Chrome/116.0.1938.76 Safari/537.36" 1742 **1/1742440**
185.191.171.12 - - [27/Mar/2026:07:27:04 -0700] "GET /robots.txt HTTP/1.1" 200 93 "-" "Mozilla/5.0 (compatible; SemrushBot/7~bl; +http://www.semrush.com/bot.html)" 7 **0/7024**
114.119.145.102 - - [27/Mar/2026:07:27:33 -0700] "GET /commodity/noah/advocacy171692826041 HTTP/2.0" 200 3956 "-" "Mozilla/5.0 (Linux; Android 7.0;) AppleWebKit/537.36 (HTML, like Gecko) Mobile Safari/537.36 (compatible; PetalBot;+https://webmaster.petalsearch.com/site/petalbot)" 527 **0/527887**
157.55.39.7 - - [27/Mar/2026:07:27:46 -0700] "GET /commodity/execute/scat171615360425 HTTP/2.0" 200 25848 "-" "Mozilla/5.0 AppleWebKit/537.36 (KHTML, like Gecko; compatible; bingbot/2.0; +http://www.bing.com/bingbot.htm) Chrome/116.0.1938.76 Safari/537.36" 1693 **1/1693644**
85.208.96.207 - - [27/Mar/2026:07:27:51 -0700] "GET /commodity/sensors/ezine17208328034 HTTP/1.1" 200 3956 "-" "Mozilla/5.0 (compatible; SemrushBot/7~bl; +http://www.semrush.com/bot.html)" 502 **0/502256**
185.191.171.4 - - [27/Mar/2026:07:27:57 -0700] "GET /commodity/observations/craftsman172114688576 HTTP/1.1" 200 3956 "-" "Mozilla/5.0 (compatible; SemrushBot/7~bl; +http://www.semrush.com/bot.html)" 515 **0/515744**
40.77.167.0 - - [27/Mar/2026:07:29:00 -0700] "GET /magic-casino-no-deposit-bonus/ HTTP/2.0" 200 25951 "-" "Mozilla/5.0 AppleWebKit/537.36 (KHTML, like Gecko; compatible; bingbot/2.0; +http://www.bing.com/bingbot.htm) Chrome/116.0.1938.76 Safari/537.36" 1815 **1/1815859**
185.191.171.18 - - [27/Mar/2026:07:30:08 -0700] "GET /commodity/algorithms/lexisnexis172195335719 HTTP/1.1" 200 3956 "-" "Mozilla/5.0 (compatible; SemrushBot/7~bl; +http://www.semrush.com/bot.html)" 1903 **1/1903316**
85.208.96.206 - - [27/Mar/2026:07:30:15 -0700] "GET /commodity/mechanic/showtimes172056168543 HTTP/1.1" 200 3956 "-" "Mozilla/5.0 (compatible; SemrushBot/7~bl; +http://www.semrush.com/bot.html)" 515 **0/515061**
114.119.141.9 - - [27/Mar/2026:07:30:26 -0700] "GET /commodity/zdnet/iraqis1721110081366 HTTP/1.1" 200 3956 "https://falcon-ia.com/sitemap_91.xml" "Mozilla/5.0 (Linux; Android 7.0;) AppleWebKit/537.36 (KHTML, like Gecko) Mobile Safari/537.36 (compatible; PetalBot;+https://webmaster.petalsearch.com/site/petalbot)" 513 **0/513309**
142.44.225.167 - - [27/Mar/2026:07:30:36 -0700] "GET /commodity/nam/forums17184477577 HTTP/2.0" 200 3449 "-" "Mozilla/5.0 (compatible; AhrefsBot/7.0; +http://ahrefs.com/robot/)" 528 **0/528528**
114.119.145.102 - - [27/Mar/2026:07:31:53 -0700] "GET /commodity/well/looked171624066831 HTTP/1.1" 200 3956 "https://falcon-ia.com/sitemap_9.xml" "Mozilla/5.0 (Linux; Android 7.0;) AppleWebKit/537.36 (KHTML, like Gecko) Mobile Safari/537.36 (compatible; PetalBot;+https://webmaster.petalsearch.com/site/petalbot)" 502 **0/502791**
15.235.27.39 - - [27/Mar/2026:07:32:14 -0700] "GET /commodity/na/timing172114676088 HTTP/2.0" 200 3449 "-" "Mozilla/5.0 (compatible; AhrefsBot/7.0; +http://ahrefs.com/robot/)" 500 **0/500672**
85.208.96.203 - - [27/Mar/2026:07:32:26 -0700] "GET /commodity/dread/completing171787190729 HTTP/1.1" 200 3956 "-" "Mozilla/5.0 (compatible; SemrushBot/7~bl; +http://www.semrush.com/bot.html)" 493 **0/493720**
185.191.171.13 - - [27/Mar/2026:07:32:33 -0700] "GET /commodity/closet/plaintiffs171828054496 HTTP/1.1" 200 3956 "-" "Mozilla/5.0 (compatible; SemrushBot/7~bl; +http://www.semrush.com/bot.html)" 518 **0/518292**
85.208.96.208 - - [27/Mar/2026:07:32:38 -0700] "GET /commodity/technically/applicant172129864361 HTTP/1.1" 200 3956 "-" "Mozilla/5.0 (compatible; SemrushBot/7~bl; +http://www.semrush.com/bot.html)" 508 **0/508368**
85.208.96.203 - - [27/Mar/2026:07:32:42 -0700] "GET /commodity/plc/confirmed17194961264 HTTP/1.1" 200 3956 "-" "Mozilla/5.0 (compatible; SemrushBot/7~bl; +http://www.semrush.com/bot.html)" 492 **0/492406**
114.106.171.137 - - [27/Mar/2026:07:33:06 -0700] "GET / HTTP/1.1" 200 3449 "-" "Mozilla/5.0 (Windows NT 10.0; Win64; x64) AppleWebKit/537.36 (KHTML, like Gecko) Chrome/111.0.0.0 Safari/537.36" 513 **0/513368**
114.119.145.102 - - [27/Mar/2026:07:33:09 -0700] "GET /commodity/way/continuity17194645839 HTTP/1.1" 200 3956 "https://falcon-ia.com/sitemap_47.xml" "Mozilla/5.0 (Linux; Android 7.0;) AppleWebKit/537.36 (KHTML, like Gecko) Mobile Safari/537.36 (compatible; PetalBot;+https://webmaster.petalsearch.com/site/petalbot)" 502 **0/502052**
40.77.167.123 - - [27/Mar/2026:07:33:57 -0700] "GET /commodity/residences/studio17187097011 HTTP/2.0" 200 28231 "-" "Mozilla/5.0 AppleWebKit/537.36 (KHTML, like Gecko; compatible; bingbot/2.0; +http://www.bing.com/bingbot.htm) Chrome/116.0.1938.76 Safari/537.36" 1636 **1/1636063**
40.77.167.247 - - [27/Mar/2026:07:34:33 -0700] "GET /?c.4230743027200.html HTTP/2.0" 200 29194 "-" "Mozilla/5.0 AppleWebKit/537.36 (KHTML, like Gecko; compatible; bingbot/2.0; +http://www.bing.com/bingbot.htm) Chrome/116.0.1938.76 Safari/537.36" 1669 **1/1669613**
114.119.136.15 - - [27/Mar/2026:07:34:41 -0700] "GET /commodity/war/supreme171618371472 HTTP/1.1" 200 3956 "https://falcon-ia.com/sitemap_90.xml" "Mozilla/5.0 (Linux; Android 7.0;) AppleWebKit/537.36 (KHTML, like Gecko) Mobile Safari/537.36 (compatible; PetalBot;+https://webmaster.petalsearch.com/site/petalbot)" 511 **0/511669**
85.208.96.206 - - [27/Mar/2026:07:34:55 -0700] "GET /commodity/detroit/invention171878775915 HTTP/1.1" 200 3956 "-" "Mozilla/5.0 (compatible; SemrushBot/7~bl; +http://www.semrush.com/bot.html)" 497 **0/497839**
40.77.167.123 - - [27/Mar/2026:07:34:57 -0700] "GET /?c.2692326675401.html HTTP/2.0" 200 27240 "-" "Mozilla/5.0 AppleWebKit/537.36 (KHTML, like Gecko; compatible; bingbot/2.0; +http://www.bing.com/bingbot.htm) Chrome/116.0.1938.76 Safari/537.36" 1648 **1/1648478**
185.191.171.2 - - [27/Mar/2026:07:35:00 -0700] "GET /commodity/diffusion/martinique17215587705 HTTP/1.1" 200 3956 "-" "Mozilla/5.0 (compatible; SemrushBot/7~bl; +http://www.semrush.com/bot.html)" 488 **0/488034**
40.77.167.247 - - [27/Mar/2026:07:35:22 -0700] "GET /?c.3285666155200.html HTTP/2.0" 200 27076 "-" "Mozilla/5.0 AppleWebKit/537.36 (KHTML, like Gecko; compatible; bingbot/2.0; +http://www.bing.com/bingbot.htm) Chrome/116.0.1938.76 Safari/537.36" 1869 **1/1869938**
142.44.225.238 - - [27/Mar/2026:07:35:33 -0700] "GET /commodity/musica/pfc17191578259 HTTP/2.0" 200 3449 "-" "Mozilla/5.0 (compatible; AhrefsBot/7.0; +http://ahrefs.com/robot/)" 554 **0/554517**
114.119.151.172 - - [27/Mar/2026:07:35:58 -0700] "GET /commodity/vampires/aliases172192316209 HTTP/1.1" 200 3956 "https://falcon-ia.com/sitemap_93.xml" "Mozilla/5.0 (Linux; Android 7.0;) AppleWebKit/537.36 (KHTML, like Gecko) Mobile Safari/537.36 (compatible; PetalBot;+https://webmaster.petalsearch.com/site/petalbot)" 526 **0/526475**
157.55.39.9 - - [27/Mar/2026:07:36:41 -0700] "GET /canl%C4%B1-indirmek-i%C3%A7in-pop%C3%BCler-slot-makineleri-ve-oyunlar-indirir/ HTTP/2.0" 200 29821 "-" "Mozilla/5.0 AppleWebKit/537.36 (KHTML, like Gecko; compatible; bingbot/2.0; +http://www.bing.com/bingbot.htm) Chrome/116.0.1938.76 Safari/537.36" 1633 **1/1633335**
85.208.96.199 - - [27/Mar/2026:07:37:11 -0700] "GET /commodity/sale/confused1716104838686 HTTP/1.1" 200 3956 "-" "Mozilla/5.0 (compatible; SemrushBot/7~bl; +http://www.semrush.com/bot.html)" 559 **0/559241**
185.191.171.13 - - [27/Mar/2026:07:37:17 -0700] "GET /commodity/rescue/sync17179601941 HTTP/1.1" 200 3956 "-" "Mozilla/5.0 (compatible; SemrushBot/7~bl; +http://www.semrush.com/bot.html)" 543 **0/543794**
114.119.156.190 - - [27/Mar/2026:07:37:18 -0700] "GET /commodity/unc/impartial1717818976 HTTP/1.1" 200 3956 "https://falcon-ia.com/sitemap_97.xml" "Mozilla/5.0 (Linux; Android 7.0;) AppleWebKit/537.36 (KHTML, like Gecko) Mobile Safari/537.36 (compatible; PetalBot;+https://webmaster.petalsearch.com/site/petalbot)" 508 **0/508976**
40.77.167.247 - - [27/Mar/2026:07:38:35 -0700] "GET /canl%C4%B1-yasal-kumarhane-para-kazanmak/ HTTP/2.0" 200 29783 "-" "Mozilla/5.0 AppleWebKit/537.36 (KHTML, like Gecko; compatible; bingbot/2.0; +http://www.bing.com/bingbot.htm) Chrome/116.0.1938.76 Safari/537.36" 1721 **1/1721723**
157.55.39.9 - - [27/Mar/2026:07:38:39 -0700] "GET /commodity/compost/recurring171934450875 HTTP/2.0" 200 26292 "-" "Mozilla/5.0 AppleWebKit/537.36 (KHTML, like Gecko; compatible; bingbot/2.0; +http://www.bing.com/bingbot.htm) Chrome/116.0.1938.76 Safari/537.36" 1600 **1/1600773**
114.119.143.130 - - [27/Mar/2026:07:38:44 -0700] "GET /commodity/tuberculosis/potassium17184029027 HTTP/1.1" 200 3956 "https://falcon-ia.com/sitemap_97.xml" "Mozilla/5.0 (Linux; Android 7.0;) AppleWebKit/537.36 (KHTML, like Gecko) Mobile Safari/537.36 (compatible; PetalBot;+https://webmaster.petalsearch.com/site/petalbot)" 498 **0/498475**
15.235.98.13 - - [27/Mar/2026:07:38:54 -0700] "GET /commodity/mlm/philly17163414805 HTTP/2.0" 200 3449 "-" "Mozilla/5.0 (compatible; AhrefsBot/7.0; +http://ahrefs.com/robot/)" 582 **0/582896**
157.55.39.9 - - [27/Mar/2026:07:39:03 -0700] "GET /bedava-slot-veren-siteler/ HTTP/2.0" 200 26030 "-" "Mozilla/5.0 AppleWebKit/537.36 (KHTML, like Gecko; compatible; bingbot/2.0; +http://www.bing.com/bingbot.htm) Chrome/116.0.1938.76 Safari/537.36" 1660 **1/1660777**
66.249.74.130 - - [27/Mar/2026:07:39:05 -0700] "GET /product/1717834503?srsltid=AfmBOorYiAJg0Lbejib4_PljIhnedxKIEqQOvnrv4kAZHhF1B2wlCUu7 HTTP/1.1" 200 26339 "-" "Mozilla/5.0 (Linux; Android 6.0.1; Nexus 5X Build/MMB29P) AppleWebKit/537.36 (KHTML, like Gecko) Chrome/146.0.7680.153 Mobile Safari/537.36 (compatible; Googlebot/2.1; +http://www.google.com/bot.html)" 1687 **1/1687936**
185.191.171.8 - - [27/Mar/2026:07:39:18 -0700] "GET /commodity/contracting/coaches171680974794 HTTP/1.1" 200 3956 "-" "Mozilla/5.0 (compatible; SemrushBot/7~bl; +http://www.semrush.com/bot.html)" 549 **0/549519**
216.73.216.162 - - [27/Mar/2026:07:39:21 -0700] "GET /robots.txt HTTP/2.0" 200 78 "-" "Mozilla/5.0 AppleWebKit/537.36 (KHTML, like Gecko; compatible; ClaudeBot/1.0; +claudebot@anthropic.com)" 9 **0/9656**
216.73.216.162 - - [27/Mar/2026:07:39:21 -0700] "GET /sitemap.xml HTTP/2.0" 200 6282 "-" "Mozilla/5.0 AppleWebKit/537.36 (KHTML, like Gecko; compatible; ClaudeBot/1.0; +claudebot@anthropic.com)" 1586 **1/1586285**
85.208.96.200 - - [27/Mar/2026:07:39:23 -0700] "GET /commodity/elephants/controlled171913634405 HTTP/1.1" 200 3956 "-" "Mozilla/5.0 (compatible; SemrushBot/7~bl; +http://www.semrush.com/bot.html)" 554 **0/554752**
85.208.96.210 - - [27/Mar/2026:07:39:30 -0700] "GET /commodity/moderate/informational172017254672 HTTP/1.1" 200 3956 "-" "Mozilla/5.0 (compatible; SemrushBot/7~bl; +http://www.semrush.com/bot.html)" 575 **0/575491**
185.191.171.17 - - [27/Mar/2026:07:39:35 -0700] "GET /commodity/hamlet/planes171815998097 HTTP/1.1" 200 3956 "-" "Mozilla/5.0 (compatible; SemrushBot/7~bl; +http://www.semrush.com/bot.html)" 555 **0/555495**
85.208.96.210 - - [27/Mar/2026:07:39:41 -0700] "GET /commodity/imdb/extremely171985147790 HTTP/1.1" 200 3956 "-" "Mozilla/5.0 (compatible; SemrushBot/7~bl; +http://www.semrush.com/bot.html)" 512 **0/512358**
114.119.143.130 - - [27/Mar/2026:07:40:05 -0700] "GET /commodity/torture/dcp172065073271 HTTP/1.1" 200 3956 "https://falcon-ia.com/sitemap_92.xml" "Mozilla/5.0 (Linux; Android 7.0;) AppleWebKit/537.36 (KHTML, like Gecko) Mobile Safari/537.36 (compatible; PetalBot;+https://webmaster.petalsearch.com/site/petalbot)" 634 **0/634337**
54.39.210.118 - - [27/Mar/2026:07:40:38 -0700] "GET /commodity/mj/editor172159642424 HTTP/2.0" 200 3449 "-" "Mozilla/5.0 (compatible; AhrefsBot/7.0; +http://ahrefs.com/robot/)" 794 **0/794825**
40.77.167.123 - - [27/Mar/2026:07:41:28 -0700] "GET /commodity/clinical/championships17205204573 HTTP/2.0" 200 28748 "-" "Mozilla/5.0 AppleWebKit/537.36 (KHTML, like Gecko; compatible; bingbot/2.0; +http://www.bing.com/bingbot.htm) Chrome/116.0.1938.76 Safari/537.36" 1628 **1/1628311**
66.249.74.129 - - [27/Mar/2026:07:41:31 -0700] "GET /hg/17212510324 HTTP/1.1" 200 25038 "-" "Mozilla/5.0 (Linux; Android 6.0.1; Nexus 5X Build/MMB29P) AppleWebKit/537.36 (KHTML, like Gecko) Chrome/146.0.7680.153 Mobile Safari/537.36 (compatible; Googlebot/2.1; +http://www.google.com/bot.html)" 1617 **1/1617154**
114.119.155.69 - - [27/Mar/2026:07:41:38 -0700] "GET /commodity/tired/discs171766342841 HTTP/1.1" 200 3956 "https://falcon-ia.com/sitemap_92.xml" "Mozilla/5.0 (Linux; Android 7.0;) AppleWebKit/537.36 (KHTML, like Gecko) Mobile Safari/537.36 (compatible; PetalBot;+https://webmaster.petalsearch.com/site/petalbot)" 514 **0/514329**
85.208.96.199 - - [27/Mar/2026:07:41:52 -0700] "GET /commodity/arabidopsis/servant1719106241743 HTTP/1.1" 200 3956 "-" "Mozilla/5.0 (compatible; SemrushBot/7~bl; +http://www.semrush.com/bot.html)" 538 **0/538135**
185.191.171.19 - - [27/Mar/2026:07:41:56 -0700] "GET /commodity/myr/mammalian171724403415 HTTP/1.1" 200 3956 "-" "Mozilla/5.0 (compatible; SemrushBot/7~bl; +http://www.semrush.com/bot.html)" 505 **0/505998**
40.77.167.123 - - [27/Mar/2026:07:41:56 -0700] "GET /?c.0184466933703.html HTTP/2.0" 200 26093 "-" "Mozilla/5.0 AppleWebKit/537.36 (KHTML, like Gecko; compatible; bingbot/2.0; +http://www.bing.com/bingbot.htm) Chrome/116.0.1938.76 Safari/537.36" 1629 **1/1629246**
40.77.167.123 - - [27/Mar/2026:07:41:58 -0700] "GET /commodity/prescribing/identification17212701452 HTTP/2.0" 200 26711 "-" "Mozilla/5.0 AppleWebKit/537.36 (KHTML, like Gecko; compatible; bingbot/2.0; +http://www.bing.com/bingbot.htm) Chrome/116.0.1938.76 Safari/537.36" 1641 **1/1641943**
185.191.171.13 - - [27/Mar/2026:07:42:01 -0700] "GET /commodity/converts/accounts171881868681 HTTP/1.1" 200 3956 "-" "Mozilla/5.0 (compatible; SemrushBot/7~bl; +http://www.semrush.com/bot.html)" 554 **0/554683**
40.77.167.123 - - [27/Mar/2026:07:42:00 -0700] "GET /ger%C3%A7ek-yasal-kumarhane-oyunlar%C4%B1/ HTTP/2.0" 200 25826 "-" "Mozilla/5.0 AppleWebKit/537.36 (KHTML, like Gecko; compatible; bingbot/2.0; +http://www.bing.com/bingbot.htm) Chrome/116.0.1938.76 Safari/537.36" 1702 **1/1702819**
114.119.141.9 - - [27/Mar/2026:07:42:53 -0700] "GET /commodity/thai/bib172020183372 HTTP/1.1" 200 3956 "https://falcon-ia.com/sitemap_119.xml" "Mozilla/5.0 (Linux; Android 7.0;) AppleWebKit/537.36 (KHTML, like Gecko) Mobile Safari/537.36 (compatible; PetalBot;+https://webmaster.petalsearch.com/site/petalbot)" 509 **0/509488**
40.77.167.123 - - [27/Mar/2026:07:43:38 -0700] "GET /commodity/passes/screenplay17181037230 HTTP/2.0" 200 26803 "-" "Mozilla/5.0 AppleWebKit/537.36 (KHTML, like Gecko; compatible; bingbot/2.0; +http://www.bing.com/bingbot.htm) Chrome/116.0.1938.76 Safari/537.36" 1633 **1/1633620**
66.249.74.129 - - [27/Mar/2026:07:43:56 -0700] "GET /commodity/reviewer/billie1716279240 HTTP/1.1" 200 29343 "-" "Mozilla/5.0 (Linux; Android 6.0.1; Nexus 5X Build/MMB29P) AppleWebKit/537.36 (KHTML, like Gecko) Chrome/146.0.7680.153 Mobile Safari/537.36 (compatible; Googlebot/2.1; +http://www.google.com/bot.html)" 1638 **1/1638422**
85.208.96.209 - - [27/Mar/2026:07:44:12 -0700] "GET /commodity/incompatible/royal17184239047 HTTP/1.1" 200 3956 "-" "Mozilla/5.0 (compatible; SemrushBot/7~bl; +http://www.semrush.com/bot.html)" 493 **0/493275**
114.119.145.102 - - [27/Mar/2026:07:44:16 -0700] "GET /commodity/sega/protect17187457303 HTTP/2.0" 200 3956 "-" "Mozilla/5.0 (Linux; Android 7.0;) AppleWebKit/537.36 (HTML, like Gecko) Mobile Safari/537.36 (compatible; PetalBot;+https://webmaster.petalsearch.com/site/petalbot)" 509 **0/509697**
85.208.96.199 - - [27/Mar/2026:07:44:17 -0700] "GET /commodity/memorandum/flexible171982290196 HTTP/1.1" 200 3956 "-" "Mozilla/5.0 (compatible; SemrushBot/7~bl; +http://www.semrush.com/bot.html)" 479 **0/479913**
40.77.167.52 - - [27/Mar/2026:07:44:33 -0700] "GET /?c.8890749199801.html HTTP/2.0" 200 28821 "-" "Mozilla/5.0 AppleWebKit/537.36 (KHTML, like Gecko; compatible; bingbot/2.0; +http://www.bing.com/bingbot.htm) Chrome/116.0.1938.76 Safari/537.36" 1663 **1/1663642**
40.77.167.52 - - [27/Mar/2026:07:45:17 -0700] "GET /commodity/redundancy/precursor172111486697 HTTP/2.0" 200 25981 "-" "Mozilla/5.0 AppleWebKit/537.36 (KHTML, like Gecko; compatible; bingbot/2.0; +http://www.bing.com/bingbot.htm) Chrome/116.0.1938.76 Safari/537.36" 1851 **1/1851377**
114.119.155.69 - - [27/Mar/2026:07:45:48 -0700] "GET /commodity/screws/gauges17212934548 HTTP/1.1" 200 3956 "https://falcon-ia.com/sitemap_94.xml" "Mozilla/5.0 (Linux; Android 7.0;) AppleWebKit/537.36 (KHTML, like Gecko) Mobile Safari/537.36 (compatible; PetalBot;+https://webmaster.petalsearch.com/site/petalbot)" 492 **0/492585**
40.77.167.52 - - [27/Mar/2026:07:45:57 -0700] "GET /commodity/wine/discussions171721588444 HTTP/2.0" 200 25260 "-" "Mozilla/5.0 AppleWebKit/537.36 (KHTML, like Gecko; compatible; bingbot/2.0; +http://www.bing.com/bingbot.htm) Chrome/116.0.1938.76 Safari/537.36" 1615 **1/1615360**
85.208.96.196 - - [27/Mar/2026:07:46:08 -0700] "GET /commodity/bulgaria/cessation171618245004 HTTP/1.1" 200 3956 "-" "Mozilla/5.0 (compatible; SemrushBot/7~bl; +http://www.semrush.com/bot.html)" 518 **0/518829**
185.191.171.7 - - [27/Mar/2026:07:46:16 -0700] "GET /commodity/mexico/medically171712671064 HTTP/1.1" 200 3956 "-" "Mozilla/5.0 (compatible; SemrushBot/7~bl; +http://www.semrush.com/bot.html)" 520 **0/520494**
85.208.96.210 - - [27/Mar/2026:07:46:22 -0700] "GET /commodity/backpack/worrying172026020226 HTTP/1.1" 200 3956 "-" "Mozilla/5.0 (compatible; SemrushBot/7~bl; +http://www.semrush.com/bot.html)" 510 **0/510480**
85.208.96.206 - - [27/Mar/2026:07:46:28 -0700] "GET /commodity/sherwood/hardship171910871713 HTTP/1.1" 200 3956 "-" "Mozilla/5.0 (compatible; SemrushBot/7~bl; +http://www.semrush.com/bot.html)" 498 **0/498665**
85.208.96.201 - - [27/Mar/2026:07:46:33 -0700] "GET /commodity/jw/white171813331675 HTTP/1.1" 200 3956 "-" "Mozilla/5.0 (compatible; SemrushBot/7~bl; +http://www.semrush.com/bot.html)" 526 **0/526915**
157.55.39.62 - - [27/Mar/2026:07:46:35 -0700] "GET /products/9536876/ HTTP/2.0" 200 28466 "-" "Mozilla/5.0 AppleWebKit/537.36 (KHTML, like Gecko; compatible; bingbot/2.0; +http://www.bing.com/bingbot.htm) Chrome/116.0.1938.76 Safari/537.36" 1612 **1/1612440**
40.77.167.52 - - [27/Mar/2026:07:46:39 -0700] "GET /commodity/audition/gatherings171810251230 HTTP/2.0" 200 28391 "-" "Mozilla/5.0 AppleWebKit/537.36 (KHTML, like Gecko; compatible; bingbot/2.0; +http://www.bing.com/bingbot.htm) Chrome/116.0.1938.76 Safari/537.36" 1626 **1/1626513**
85.208.96.206 - - [27/Mar/2026:07:46:40 -0700] "GET /commodity/dishnetwork/endocrine171985164428 HTTP/1.1" 200 3956 "-" "Mozilla/5.0 (compatible; SemrushBot/7~bl; +http://www.semrush.com/bot.html)" 498 **0/498327**
40.77.167.52 - - [27/Mar/2026:07:46:41 -0700] "GET /?c_7597174515201_html HTTP/2.0" 200 28957 "-" "Mozilla/5.0 AppleWebKit/537.36 (KHTML, like Gecko; compatible; bingbot/2.0; +http://www.bing.com/bingbot.htm) Chrome/116.0.1938.76 Safari/537.36" 4460 **4/4460549**
85.208.96.204 - - [27/Mar/2026:07:46:45 -0700] "GET /commodity/appraisal/guam171727829878 HTTP/1.1" 200 3956 "-" "Mozilla/5.0 (compatible; SemrushBot/7~bl; +http://www.semrush.com/bot.html)" 499 **0/499401**
17.246.15.253 - - [27/Mar/2026:07:46:48 -0700] "GET /eldorado-casino-100-free-spins/ HTTP/1.1" 200 3956 "-" "Mozilla/5.0 (Macintosh; Intel Mac OS X 10_15_7) AppleWebKit/605.1.15 (KHTML, like Gecko) Version/17.4 Safari/605.1.15 (Applebot/0.1; +http://www.apple.com/go/applebot)" 513 **0/513938**
185.191.171.4 - - [27/Mar/2026:07:46:51 -0700] "GET /commodity/digitally/questions171816110017 HTTP/1.1" 200 3956 "-" "Mozilla/5.0 (compatible; SemrushBot/7~bl; +http://www.semrush.com/bot.html)" 503 **0/503087**
85.208.96.210 - - [27/Mar/2026:07:46:58 -0700] "GET /commodity/defenses/roc17187031067 HTTP/1.1" 200 3956 "-" "Mozilla/5.0 (compatible; SemrushBot/7~bl; +http://www.semrush.com/bot.html)" 492 **0/492242**
114.119.136.15 - - [27/Mar/2026:07:47:03 -0700] "GET /commodity/ruins/salaries17218863026 HTTP/1.1" 200 3956 "https://falcon-ia.com/sitemap_97.xml" "Mozilla/5.0 (Linux; Android 7.0;) AppleWebKit/537.36 (KHTML, like Gecko) Mobile Safari/537.36 (compatible; PetalBot;+https://webmaster.petalsearch.com/site/petalbot)" 553 **0/553974**
185.191.171.8 - - [27/Mar/2026:07:47:03 -0700] "GET /commodity/appalachian/roanoke171810108870 HTTP/1.1" 200 3956 "-" "Mozilla/5.0 (compatible; SemrushBot/7~bl; +http://www.semrush.com/bot.html)" 523 **0/523709**
185.191.171.9 - - [27/Mar/2026:07:47:09 -0700] "GET /commodity/gia/individually172171441450 HTTP/1.1" 200 3956 "-" "Mozilla/5.0 (compatible; SemrushBot/7~bl; +http://www.semrush.com/bot.html)" 502 **0/502268**
40.77.167.52 - - [27/Mar/2026:07:47:13 -0700] "GET /commodity/comprises/prosecutors172111689095 HTTP/2.0" 200 29271 "-" "Mozilla/5.0 AppleWebKit/537.36 (KHTML, like Gecko; compatible; bingbot/2.0; +http://www.bing.com/bingbot.htm) Chrome/116.0.1938.76 Safari/537.36" 1658 **1/1658102**
185.191.171.9 - - [27/Mar/2026:07:47:15 -0700] "GET /commodity/adam/shocking17218568488 HTTP/1.1" 200 3956 "-" "Mozilla/5.0 (compatible; SemrushBot/7~bl; +http://www.semrush.com/bot.html)" 554 **0/554744**
85.208.96.203 - - [27/Mar/2026:07:47:20 -0700] "GET /commodity/rests/sciences172126504660 HTTP/1.1" 200 3956 "-" "Mozilla/5.0 (compatible; SemrushBot/7~bl; +http://www.semrush.com/bot.html)" 547 **0/547363**
185.191.171.15 - - [27/Mar/2026:07:47:28 -0700] "GET /commodity/barron/oval172032047080 HTTP/1.1" 200 3956 "-" "Mozilla/5.0 (compatible; SemrushBot/7~bl; +http://www.semrush.com/bot.html)" 605 **0/605802**
185.191.171.12 - - [27/Mar/2026:07:47:33 -0700] "GET /commodity/grateful/relations171816210947 HTTP/1.1" 200 3956 "-" "Mozilla/5.0 (compatible; SemrushBot/7~bl; +http://www.semrush.com/bot.html)" 494 **0/494241**
40.77.167.52 - - [27/Mar/2026:07:47:33 -0700] "GET /lucky-win-casino-no-deposit-bonus/ HTTP/2.0" 200 25337 "-" "Mozilla/5.0 AppleWebKit/537.36 (KHTML, like Gecko; compatible; bingbot/2.0; +http://www.bing.com/bingbot.htm) Chrome/116.0.1938.76 Safari/537.36" 1605 **1/1605523**
185.191.171.12 - - [27/Mar/2026:07:47:39 -0700] "GET /commodity/counties/hunks171745400819 HTTP/1.1" 200 3956 "-" "Mozilla/5.0 (compatible; SemrushBot/7~bl; +http://www.semrush.com/bot.html)" 492 **0/492805**
85.208.96.203 - - [27/Mar/2026:07:47:45 -0700] "GET /commodity/bool/freely172017057064 HTTP/1.1" 200 3956 "-" "Mozilla/5.0 (compatible; SemrushBot/7~bl; +http://www.semrush.com/bot.html)" 525 **0/525846**
185.191.171.4 - - [27/Mar/2026:07:47:50 -0700] "GET /commodity/monetary/fire1717114046778 HTTP/1.1" 200 3956 "-" "Mozilla/5.0 (compatible; SemrushBot/7~bl; +http://www.semrush.com/bot.html)" 575 **0/575401**
85.208.96.210 - - [27/Mar/2026:07:47:55 -0700] "GET /commodity/ancillary/integrity171778553908 HTTP/1.1" 200 3956 "-" "Mozilla/5.0 (compatible; SemrushBot/7~bl; +http://www.semrush.com/bot.html)" 508 **0/508571**
85.208.96.198 - - [27/Mar/2026:07:47:59 -0700] "GET /commodity/portfolios/teller171742390160 HTTP/1.1" 200 3956 "-" "Mozilla/5.0 (compatible; SemrushBot/7~bl; +http://www.semrush.com/bot.html)" 524 **0/524513**
85.208.96.210 - - [27/Mar/2026:07:48:05 -0700] "GET /commodity/attribute/ferdinand171931734067 HTTP/1.1" 200 3956 "-" "Mozilla/5.0 (compatible; SemrushBot/7~bl; +http://www.semrush.com/bot.html)" 496 **0/496287**
85.208.96.204 - - [27/Mar/2026:07:48:09 -0700] "GET /robots.txt HTTP/1.1" 200 93 "-" "Mozilla/5.0 (compatible; SemrushBot/7~bl; +http://www.semrush.com/bot.html)" 6 **0/6847**
185.191.171.19 - - [27/Mar/2026:07:48:09 -0700] "GET /commodity/https/authoritative172011308552 HTTP/1.1" 200 3956 "-" "Mozilla/5.0 (compatible; SemrushBot/7~bl; +http://www.semrush.com/bot.html)" 513 **0/513757**
85.208.96.198 - - [27/Mar/2026:07:48:14 -0700] "GET /commodity/summers/agricultural17184420250 HTTP/1.1" 200 3956 "-" "Mozilla/5.0 (compatible; SemrushBot/7~bl; +http://www.semrush.com/bot.html)" 502 **0/502288**
185.191.171.3 - - [27/Mar/2026:07:48:18 -0700] "GET /commodity/willow/greensboro171946799075 HTTP/1.1" 200 3956 "-" "Mozilla/5.0 (compatible; SemrushBot/7~bl; +http://www.semrush.com/bot.html)" 509 **0/509495**
157.55.39.62 - - [27/Mar/2026:07:48:19 -0700] "GET /commodity/checkpoint/coatings17194649676 HTTP/2.0" 200 26548 "-" "Mozilla/5.0 AppleWebKit/537.36 (KHTML, like Gecko; compatible; bingbot/2.0; +http://www.bing.com/bingbot.htm) Chrome/116.0.1938.76 Safari/537.36" 1602 **1/1602372**
185.191.171.9 - - [27/Mar/2026:07:48:23 -0700] "GET /commodity/seagate/democrats171819273172 HTTP/1.1" 200 3956 "-" "Mozilla/5.0 (compatible; SemrushBot/7~bl; +http://www.semrush.com/bot.html)" 490 **0/490551**
114.119.143.130 - - [27/Mar/2026:07:48:26 -0700] "GET /commodity/responding/looksmart171618097887 HTTP/1.1" 200 3956 "https://falcon-ia.com/sitemap_97.xml" "Mozilla/5.0 (Linux; Android 7.0;) AppleWebKit/537.36 (KHTML, like Gecko) Mobile Safari/537.36 (compatible; PetalBot;+https://webmaster.petalsearch.com/site/petalbot)" 520 **0/520808**
185.191.171.4 - - [27/Mar/2026:07:48:29 -0700] "GET /commodity/listener/ramp171819018599 HTTP/1.1" 200 3956 "-" "Mozilla/5.0 (compatible; SemrushBot/7~bl; +http://www.semrush.com/bot.html)" 519 **0/519756**
85.208.96.204 - - [27/Mar/2026:07:48:34 -0700] "GET /commodity/mel/agreeing171621320328 HTTP/1.1" 200 3956 "-" "Mozilla/5.0 (compatible; SemrushBot/7~bl; +http://www.semrush.com/bot.html)" 503 **0/503766**
185.191.171.15 - - [27/Mar/2026:07:48:40 -0700] "GET /commodity/investment/resumed171810132360 HTTP/1.1" 200 3956 "-" "Mozilla/5.0 (compatible; SemrushBot/7~bl; +http://www.semrush.com/bot.html)" 485 **0/485906**
185.191.171.3 - - [27/Mar/2026:07:48:46 -0700] "GET /commodity/psychology/spike171663209171 HTTP/1.1" 200 3956 "-" "Mozilla/5.0 (compatible; SemrushBot/7~bl; +http://www.semrush.com/bot.html)" 528 **0/528543**
185.191.171.12 - - [27/Mar/2026:07:48:54 -0700] "GET /commodity/programmed/terrace171813438871 HTTP/1.1" 200 3956 "-" "Mozilla/5.0 (compatible; SemrushBot/7~bl; +http://www.semrush.com/bot.html)" 1175 **1/1175749**
85.208.96.204 - - [27/Mar/2026:07:48:59 -0700] "GET /punt-casino-100-free-spins/ HTTP/1.1" 200 3956 "-" "Mozilla/5.0 (compatible; SemrushBot/7~bl; +http://www.semrush.com/bot.html)" 514 **0/514570**
185.191.171.15 - - [27/Mar/2026:07:49:04 -0700] "GET /commodity/outpost/robust172138542822 HTTP/1.1" 200 3956 "-" "Mozilla/5.0 (compatible; SemrushBot/7~bl; +http://www.semrush.com/bot.html)" 497 **0/497246**
185.191.171.13 - - [27/Mar/2026:07:49:09 -0700] "GET /commodity/chemotherapy/miller172159264335 HTTP/1.1" 200 3956 "-" "Mozilla/5.0 (compatible; SemrushBot/7~bl; +http://www.semrush.com/bot.html)" 504 **0/504738**
185.191.171.15 - - [27/Mar/2026:07:49:14 -0700] "GET /commodity/fixture/changelog172117438160 HTTP/1.1" 200 3956 "-" "Mozilla/5.0 (compatible; SemrushBot/7~bl; +http://www.semrush.com/bot.html)" 495 **0/495491**
185.191.171.15 - - [27/Mar/2026:07:49:21 -0700] "GET /commodity/vicious/draws17191688421 HTTP/1.1" 200 3956 "-" "Mozilla/5.0 (compatible; SemrushBot/7~bl; +http://www.semrush.com/bot.html)" 493 **0/493807**
85.208.96.210 - - [27/Mar/2026:07:49:27 -0700] "GET /commodity/mf/compilation1720118588312 HTTP/1.1" 200 3956 "-" "Mozilla/5.0 (compatible; SemrushBot/7~bl; +http://www.semrush.com/bot.html)" 512 **0/512032**
85.208.96.197 - - [27/Mar/2026:07:49:31 -0700] "GET /commodity/industries/xx171843076809 HTTP/1.1" 200 3956 "-" "Mozilla/5.0 (compatible; SemrushBot/7~bl; +http://www.semrush.com/bot.html)" 496 **0/496688**
85.208.96.210 - - [27/Mar/2026:07:49:37 -0700] "GET /commodity/joshua/athlon17184007697 HTTP/1.1" 200 3956 "-" "Mozilla/5.0 (compatible; SemrushBot/7~bl; +http://www.semrush.com/bot.html)" 494 **0/494383**
157.55.39.62 - - [27/Mar/2026:07:49:41 -0700] "GET /commodity/ses/creamy172114687100 HTTP/2.0" 200 29597 "-" "Mozilla/5.0 AppleWebKit/537.36 (KHTML, like Gecko; compatible; bingbot/2.0; +http://www.bing.com/bingbot.htm) Chrome/116.0.1938.76 Safari/537.36" 1640 **1/1640172**
185.191.171.4 - - [27/Mar/2026:07:49:43 -0700] "GET /commodity/retailer/recorders17179802151 HTTP/1.1" 200 3956 "-" "Mozilla/5.0 (compatible; SemrushBot/7~bl; +http://www.semrush.com/bot.html)" 516 **0/516524**
185.191.171.17 - - [27/Mar/2026:07:49:47 -0700] "GET /commodity/nam/union17176556838 HTTP/1.1" 200 3956 "-" "Mozilla/5.0 (compatible; SemrushBot/7~bl; +http://www.semrush.com/bot.html)" 509 **0/509414**
85.208.96.206 - - [27/Mar/2026:07:49:54 -0700] "GET /commodity/controversy/heath171718556702 HTTP/1.1" 200 3956 "-" "Mozilla/5.0 (compatible; SemrushBot/7~bl; +http://www.semrush.com/bot.html)" 503 **0/503847**
85.208.96.204 - - [27/Mar/2026:07:49:58 -0700] "GET /commodity/imaginative/haired171940707242 HTTP/1.1" 200 3956 "-" "Mozilla/5.0 (compatible; SemrushBot/7~bl; +http://www.semrush.com/bot.html)" 504 **0/504615**
85.208.96.210 - - [27/Mar/2026:07:50:04 -0700] "GET /commodity/champ/commissioner172067919998 HTTP/1.1" 200 3956 "-" "Mozilla/5.0 (compatible; SemrushBot/7~bl; +http://www.semrush.com/bot.html)" 564 **0/564911**
114.119.141.9 - - [27/Mar/2026:07:50:08 -0700] "GET /commodity/reflection/highlighting17208188980 HTTP/1.1" 200 3956 "https://falcon-ia.com/sitemap_89.xml" "Mozilla/5.0 (Linux; Android 7.0;) AppleWebKit/537.36 (KHTML, like Gecko) Mobile Safari/537.36 (compatible; PetalBot;+https://webmaster.petalsearch.com/site/petalbot)" 554 **0/554576**
185.191.171.5 - - [27/Mar/2026:07:50:09 -0700] "GET /commodity/negotiated/garland171751339981 HTTP/1.1" 200 3956 "-" "Mozilla/5.0 (compatible; SemrushBot/7~bl; +http://www.semrush.com/bot.html)" 628 **0/628762**
185.191.171.9 - - [27/Mar/2026:07:50:14 -0700] "GET /commodity/supporters/reliable17212841788 HTTP/1.1" 200 3956 "-" "Mozilla/5.0 (compatible; SemrushBot/7~bl; +http://www.semrush.com/bot.html)" 511 **0/511884**
185.191.171.17 - - [27/Mar/2026:07:50:18 -0700] "GET /commodity/stokes/councils17163446697 HTTP/1.1" 200 3956 "-" "Mozilla/5.0 (compatible; SemrushBot/7~bl; +http://www.semrush.com/bot.html)" 508 **0/508963**
85.208.96.198 - - [27/Mar/2026:07:50:23 -0700] "GET /commodity/anglo/exhibit17173522110 HTTP/1.1" 200 3956 "-" "Mozilla/5.0 (compatible; SemrushBot/7~bl; +http://www.semrush.com/bot.html)" 522 **0/522809**
216.73.216.162 - - [27/Mar/2026:07:50:24 -0700] "GET /item/170332000 HTTP/2.0" 200 3449 "-" "Mozilla/5.0 AppleWebKit/537.36 (KHTML, like Gecko; compatible; ClaudeBot/1.0; +claudebot@anthropic.com)" 518 **0/518011**
85.208.96.203 - - [27/Mar/2026:07:50:27 -0700] "GET /commodity/goggles/creamy17208091390 HTTP/1.1" 200 3956 "-" "Mozilla/5.0 (compatible; SemrushBot/7~bl; +http://www.semrush.com/bot.html)" 524 **0/524826**
216.73.216.162 - - [27/Mar/2026:07:50:28 -0700] "GET /item/3312377034 HTTP/2.0" 200 3449 "-" "Mozilla/5.0 AppleWebKit/537.36 (KHTML, like Gecko; compatible; ClaudeBot/1.0; +claudebot@anthropic.com)" 497 **0/497232**
216.73.216.162 - - [27/Mar/2026:07:50:31 -0700] "GET /item/1908398258 HTTP/2.0" 200 3449 "-" "Mozilla/5.0 AppleWebKit/537.36 (KHTML, like Gecko; compatible; ClaudeBot/1.0; +claudebot@anthropic.com)" 589 **0/589074**
85.208.96.203 - - [27/Mar/2026:07:50:32 -0700] "GET /commodity/dissertation/weezer171873044346 HTTP/1.1" 200 3956 "-" "Mozilla/5.0 (compatible; SemrushBot/7~bl; +http://www.semrush.com/bot.html)" 499 **0/499168**
85.208.96.201 - - [27/Mar/2026:07:50:37 -0700] "GET /commodity/generosity/interview172123687045 HTTP/1.1" 200 3956 "-" "Mozilla/5.0 (compatible; SemrushBot/7~bl; +http://www.semrush.com/bot.html)" 500 **0/500144**
216.73.216.162 - - [27/Mar/2026:07:50:39 -0700] "GET /item/201009792 HTTP/2.0" 200 3449 "-" "Mozilla/5.0 AppleWebKit/537.36 (KHTML, like Gecko; compatible; ClaudeBot/1.0; +claudebot@anthropic.com)" 512 **0/512585**
216.73.216.162 - - [27/Mar/2026:07:50:41 -0700] "GET /item/1579972012 HTTP/2.0" 200 3449 "-" "Mozilla/5.0 AppleWebKit/537.36 (KHTML, like Gecko; compatible; ClaudeBot/1.0; +claudebot@anthropic.com)" 529 **0/529679**
85.208.96.196 - - [27/Mar/2026:07:50:42 -0700] "GET /commodity/phyllis/birds172120630307 HTTP/1.1" 200 3956 "-" "Mozilla/5.0 (compatible; SemrushBot/7~bl; +http://www.semrush.com/bot.html)" 525 **0/525148**
216.73.216.162 - - [27/Mar/2026:07:50:44 -0700] "GET /item/3925317987 HTTP/2.0" 200 3449 "-" "Mozilla/5.0 AppleWebKit/537.36 (KHTML, like Gecko; compatible; ClaudeBot/1.0; +claudebot@anthropic.com)" 560 **0/560521**
85.208.96.203 - - [27/Mar/2026:07:50:46 -0700] "GET /commodity/oh/utf171910526599 HTTP/1.1" 200 3956 "-" "Mozilla/5.0 (compatible; SemrushBot/7~bl; +http://www.semrush.com/bot.html)" 519 **0/519541**
185.191.171.8 - - [27/Mar/2026:07:50:51 -0700] "GET /commodity/nucleic/hottest17194643964 HTTP/1.1" 200 3956 "-" "Mozilla/5.0 (compatible; SemrushBot/7~bl; +http://www.semrush.com/bot.html)" 523 **0/523283**
40.77.167.4 - - [27/Mar/2026:07:50:50 -0700] "GET /en-son-online-casino-promosyonlar%C4%B1/ HTTP/2.0" 200 29778 "-" "Mozilla/5.0 AppleWebKit/537.36 (KHTML, like Gecko; compatible; bingbot/2.0; +http://www.bing.com/bingbot.htm) Chrome/116.0.1938.76 Safari/537.36" 2055 **2/2055250**
66.249.71.128 - - [27/Mar/2026:07:50:54 -0700] "GET /content.php?commodity/thematic/anne1716223756 HTTP/1.1" 403 29301 "-" "Mozilla/5.0 (Linux; Android 6.0.1; Nexus 5X Build/MMB29P) AppleWebKit/537.36 (KHTML, like Gecko) Chrome/146.0.7680.153 Mobile Safari/537.36 (compatible; Googlebot/2.1; +http://www.google.com/bot.html)" 1847 **1/1847855**
185.191.171.6 - - [27/Mar/2026:07:50:56 -0700] "GET /commodity/spear/msdn171724756805 HTTP/1.1" 200 3956 "-" "Mozilla/5.0 (compatible; SemrushBot/7~bl; +http://www.semrush.com/bot.html)" 577 **0/577516**
185.191.171.13 - - [27/Mar/2026:07:51:02 -0700] "GET /commodity/conceived/diagnostic17218859994 HTTP/1.1" 200 3956 "-" "Mozilla/5.0 (compatible; SemrushBot/7~bl; +http://www.semrush.com/bot.html)" 503 **0/503028**
85.208.96.204 - - [27/Mar/2026:07:51:07 -0700] "GET /commodity/packard/dispenser17218751147 HTTP/1.1" 200 3956 "-" "Mozilla/5.0 (compatible; SemrushBot/7~bl; +http://www.semrush.com/bot.html)" 505 **0/505667**
185.191.171.10 - - [27/Mar/2026:07:51:12 -0700] "GET /commodity/sesso/servant171621177071 HTTP/1.1" 200 3956 "-" "Mozilla/5.0 (compatible; SemrushBot/7~bl; +http://www.semrush.com/bot.html)" 535 **0/535552**
114.119.136.15 - - [27/Mar/2026:07:51:14 -0700] "GET /portfolio/portfolio-item-with-intro-with-sidebar/ HTTP/1.1" 200 3956 "https://falcon-ia.com/portfolio-category/social" "Mozilla/5.0 (Linux; Android 7.0;) AppleWebKit/537.36 (KHTML, like Gecko) Mobile Safari/537.36 (compatible; PetalBot;+https://webmaster.petalsearch.com/site/petalbot)" 520 **0/520777**
52.167.144.173 - - [27/Mar/2026:07:51:14 -0700] "GET /commodity/firmware/ever17187276065 HTTP/2.0" 200 26382 "-" "Mozilla/5.0 AppleWebKit/537.36 (KHTML, like Gecko; compatible; bingbot/2.0; +http://www.bing.com/bingbot.htm) Chrome/116.0.1938.76 Safari/537.36" 1672 **1/1672970**
85.208.96.195 - - [27/Mar/2026:07:51:16 -0700] "GET /commodity/diesel/tiles172120516392 HTTP/1.1" 200 3956 "-" "Mozilla/5.0 (compatible; SemrushBot/7~bl; +http://www.semrush.com/bot.html)" 539 **0/539538**
185.191.171.7 - - [27/Mar/2026:07:51:21 -0700] "GET /commodity/slovenian/pyramid171721617510 HTTP/1.1" 200 3956 "-" "Mozilla/5.0 (compatible; SemrushBot/7~bl; +http://www.semrush.com/bot.html)" 522 **0/522933**
85.208.96.196 - - [27/Mar/2026:07:51:26 -0700] "GET /commodity/categorized/allergies171994410840 HTTP/1.1" 200 3956 "-" "Mozilla/5.0 (compatible; SemrushBot/7~bl; +http://www.semrush.com/bot.html)" 543 **0/543100**
17.246.15.232 - - [27/Mar/2026:07:51:28 -0700] "GET /?p=20040 HTTP/1.1" 200 3956 "-" "Mozilla/5.0 (Macintosh; Intel Mac OS X 10_15_7) AppleWebKit/605.1.15 (KHTML, like Gecko) Version/17.4 Safari/605.1.15 (Applebot/0.1; +http://www.apple.com/go/applebot)" 500 **0/500693**
216.73.216.162 - - [27/Mar/2026:07:51:29 -0700] "GET /item/533132015 HTTP/2.0" 200 3449 "-" "Mozilla/5.0 AppleWebKit/537.36 (KHTML, like Gecko; compatible; ClaudeBot/1.0; +claudebot@anthropic.com)" 507 **0/507752**
85.208.96.200 - - [27/Mar/2026:07:51:30 -0700] "GET /commodity/recommending/validity17187204092 HTTP/1.1" 200 3956 "-" "Mozilla/5.0 (compatible; SemrushBot/7~bl; +http://www.semrush.com/bot.html)" 542 **0/542954**
216.73.216.162 - - [27/Mar/2026:07:51:31 -0700] "GET /item/2139750069 HTTP/2.0" 200 3449 "-" "Mozilla/5.0 AppleWebKit/537.36 (KHTML, like Gecko; compatible; ClaudeBot/1.0; +claudebot@anthropic.com)" 517 **0/517895**
216.73.216.162 - - [27/Mar/2026:07:51:34 -0700] "GET /item/195045366 HTTP/2.0" 200 3449 "-" "Mozilla/5.0 AppleWebKit/537.36 (KHTML, like Gecko; compatible; ClaudeBot/1.0; +claudebot@anthropic.com)" 515 **0/515621**
85.208.96.210 - - [27/Mar/2026:07:51:35 -0700] "GET /commodity/chandler/sudbury17191557622 HTTP/1.1" 200 3956 "-" "Mozilla/5.0 (compatible; SemrushBot/7~bl; +http://www.semrush.com/bot.html)" 494 **0/494263**
85.208.96.200 - - [27/Mar/2026:07:51:39 -0700] "GET /commodity/ra/schizophrenia172014406419 HTTP/1.1" 200 3956 "-" "Mozilla/5.0 (compatible; SemrushBot/7~bl; +http://www.semrush.com/bot.html)" 487 **0/487281**
52.167.144.173 - - [27/Mar/2026:07:51:54 -0700] "GET /?c.8596856516602.html HTTP/2.0" 200 28871 "-" "Mozilla/5.0 AppleWebKit/537.36 (KHTML, like Gecko; compatible; bingbot/2.0; +http://www.bing.com/bingbot.htm) Chrome/116.0.1938.76 Safari/537.36" 1626 **1/1626370**
216.73.216.162 - - [27/Mar/2026:07:51:59 -0700] "GET /item/199797693 HTTP/2.0" 200 3449 "-" "Mozilla/5.0 AppleWebKit/537.36 (KHTML, like Gecko; compatible; ClaudeBot/1.0; +claudebot@anthropic.com)" 502 **0/502605**
216.73.216.162 - - [27/Mar/2026:07:52:00 -0700] "GET /item/763557405 HTTP/2.0" 200 3449 "-" "Mozilla/5.0 AppleWebKit/537.36 (KHTML, like Gecko; compatible; ClaudeBot/1.0; +claudebot@anthropic.com)" 515 **0/515298**
216.73.216.162 - - [27/Mar/2026:07:52:03 -0700] "GET /item/3698874252 HTTP/2.0" 200 3449 "-" "Mozilla/5.0 AppleWebKit/537.36 (KHTML, like Gecko; compatible; ClaudeBot/1.0; +claudebot@anthropic.com)" 496 **0/496141**
40.77.167.4 - - [27/Mar/2026:07:52:09 -0700] "GET /commodity/shook/tackling172114769919 HTTP/2.0" 200 25262 "-" "Mozilla/5.0 AppleWebKit/537.36 (KHTML, like Gecko; compatible; bingbot/2.0; +http://www.bing.com/bingbot.htm) Chrome/116.0.1938.76 Safari/537.36" 1587 **1/1587093**
216.73.216.162 - - [27/Mar/2026:07:52:10 -0700] "GET /item/715786366 HTTP/2.0" 200 3449 "-" "Mozilla/5.0 AppleWebKit/537.36 (KHTML, like Gecko; compatible; ClaudeBot/1.0; +claudebot@anthropic.com)" 491 **0/491225**
216.73.216.162 - - [27/Mar/2026:07:52:12 -0700] "GET /item/1363896383 HTTP/2.0" 200 3449 "-" "Mozilla/5.0 AppleWebKit/537.36 (KHTML, like Gecko; compatible; ClaudeBot/1.0; +claudebot@anthropic.com)" 516 **0/516270**
216.73.216.162 - - [27/Mar/2026:07:52:15 -0700] "GET /item/4189986004 HTTP/2.0" 200 3449 "-" "Mozilla/5.0 AppleWebKit/537.36 (KHTML, like Gecko; compatible; ClaudeBot/1.0; +claudebot@anthropic.com)" 499 **0/499819**
40.77.167.4 - - [27/Mar/2026:07:52:11 -0700] "GET /canl%C4%B1-rulet-kazanma-takti%C4%9Fi/ HTTP/2.0" 200 29778 "-" "Mozilla/5.0 AppleWebKit/537.36 (KHTML, like Gecko; compatible; bingbot/2.0; +http://www.bing.com/bingbot.htm) Chrome/116.0.1938.76 Safari/537.36" 7288 **7/7288113**
52.167.144.173 - - [27/Mar/2026:07:52:16 -0700] "GET /commodity/sloan/primer17194707185 HTTP/2.0" 200 28669 "-" "Mozilla/5.0 AppleWebKit/537.36 (KHTML, like Gecko; compatible; bingbot/2.0; +http://www.bing.com/bingbot.htm) Chrome/116.0.1938.76 Safari/537.36" 6461 **6/6461748**
216.73.216.162 - - [27/Mar/2026:07:52:29 -0700] "GET /item/2000384027 HTTP/2.0" 200 3449 "-" "Mozilla/5.0 AppleWebKit/537.36 (KHTML, like Gecko; compatible; ClaudeBot/1.0; +claudebot@anthropic.com)" 493 **0/493854**
216.73.216.162 - - [27/Mar/2026:07:52:31 -0700] "GET /item/696103199 HTTP/2.0" 200 3449 "-" "Mozilla/5.0 AppleWebKit/537.36 (KHTML, like Gecko; compatible; ClaudeBot/1.0; +claudebot@anthropic.com)" 501 **0/501761**
114.119.136.15 - - [27/Mar/2026:07:52:38 -0700] "GET /commodity/recover/calls17163119847 HTTP/1.1" 200 3956 "https://falcon-ia.com/sitemap_47.xml" "Mozilla/5.0 (Linux; Android 7.0;) AppleWebKit/537.36 (KHTML, like Gecko) Mobile Safari/537.36 (compatible; PetalBot;+https://webmaster.petalsearch.com/site/petalbot)" 512 **0/512033**
148.113.128.177 - - [27/Mar/2026:07:52:49 -0700] "GET /commodity/lest/love171624284573 HTTP/2.0" 200 3449 "-" "Mozilla/5.0 (compatible; AhrefsBot/7.0; +http://ahrefs.com/robot/)" 482 **0/482553**
216.73.216.162 - - [27/Mar/2026:07:53:06 -0700] "GET /item/2801468485 HTTP/2.0" 200 3449 "-" "Mozilla/5.0 AppleWebKit/537.36 (KHTML, like Gecko; compatible; ClaudeBot/1.0; +claudebot@anthropic.com)" 509 **0/509055**
216.73.216.162 - - [27/Mar/2026:07:53:08 -0700] "GET /item/6270840 HTTP/2.0" 200 3449 "-" "Mozilla/5.0 AppleWebKit/537.36 (KHTML, like Gecko; compatible; ClaudeBot/1.0; +claudebot@anthropic.com)" 519 **0/519299**
216.73.216.162 - - [27/Mar/2026:07:53:11 -0700] "GET /item/228656237 HTTP/2.0" 200 3449 "-" "Mozilla/5.0 AppleWebKit/537.36 (KHTML, like Gecko; compatible; ClaudeBot/1.0; +claudebot@anthropic.com)" 557 **0/557178**
40.77.167.203 - - [27/Mar/2026:07:53:15 -0700] "GET /robots.txt HTTP/2.0" 200 78 "-" "Mozilla/5.0 AppleWebKit/537.36 (KHTML, like Gecko; compatible; bingbot/2.0; +http://www.bing.com/bingbot.htm) Chrome/116.0.1938.76 Safari/537.36" 8 **0/8731**
157.55.39.62 - - [27/Mar/2026:07:53:14 -0700] "GET /klasik-kumarhane-oyunlar%C4%B1/ HTTP/2.0" 200 29778 "-" "Mozilla/5.0 AppleWebKit/537.36 (KHTML, like Gecko; compatible; bingbot/2.0; +http://www.bing.com/bingbot.htm) Chrome/116.0.1938.76 Safari/537.36" 1630 **1/1630766**
40.77.167.4 - - [27/Mar/2026:07:53:11 -0700] "GET /mobil-slot-makinelerinin-p%C3%BCf-noktas%C4%B1-online/ HTTP/2.0" 200 25825 "-" "Mozilla/5.0 AppleWebKit/537.36 (KHTML, like Gecko; compatible; bingbot/2.0; +http://www.bing.com/bingbot.htm) Chrome/116.0.1938.76 Safari/537.36" 10077 **10/10077633**
216.73.216.162 - - [27/Mar/2026:07:53:42 -0700] "GET /item/1781702381 HTTP/2.0" 200 3449 "-" "Mozilla/5.0 AppleWebKit/537.36 (KHTML, like Gecko; compatible; ClaudeBot/1.0; +claudebot@anthropic.com)" 511 **0/511857**
216.73.216.162 - - [27/Mar/2026:07:53:44 -0700] "GET /item/3989231997 HTTP/2.0" 200 3449 "-" "Mozilla/5.0 AppleWebKit/537.36 (KHTML, like Gecko; compatible; ClaudeBot/1.0; +claudebot@anthropic.com)" 508 **0/508312**
216.73.216.162 - - [27/Mar/2026:07:53:52 -0700] "GET /item/640334302 HTTP/2.0" 200 3449 "-" "Mozilla/5.0 AppleWebKit/537.36 (KHTML, like Gecko; compatible; ClaudeBot/1.0; +claudebot@anthropic.com)" 495 **0/495425**
216.73.216.162 - - [27/Mar/2026:07:53:54 -0700] "GET /item/47454239 HTTP/2.0" 200 3449 "-" "Mozilla/5.0 AppleWebKit/537.36 (KHTML, like Gecko; compatible; ClaudeBot/1.0; +claudebot@anthropic.com)" 518 **0/518409**
114.119.151.172 - - [27/Mar/2026:07:54:04 -0700] "GET /commodity/raven/void171612334422 HTTP/1.1" 200 3956 "https://falcon-ia.com/sitemap_9.xml" "Mozilla/5.0 (Linux; Android 7.0;) AppleWebKit/537.36 (KHTML, like Gecko) Mobile Safari/537.36 (compatible; PetalBot;+https://webmaster.petalsearch.com/site/petalbot)" 498 **0/498270**
216.73.216.162 - - [27/Mar/2026:07:54:27 -0700] "GET /item/1833898685 HTTP/2.0" 200 3449 "-" "Mozilla/5.0 AppleWebKit/537.36 (KHTML, like Gecko; compatible; ClaudeBot/1.0; +claudebot@anthropic.com)" 535 **0/535168**
216.73.216.162 - - [27/Mar/2026:07:54:29 -0700] "GET /item/2632958237 HTTP/2.0" 200 3449 "-" "Mozilla/5.0 AppleWebKit/537.36 (KHTML, like Gecko; compatible; ClaudeBot/1.0; +claudebot@anthropic.com)" 501 **0/501371**
216.73.216.162 - - [27/Mar/2026:07:54:59 -0700] "GET /item/469218005 HTTP/2.0" 200 3449 "-" "Mozilla/5.0 AppleWebKit/537.36 (KHTML, like Gecko; compatible; ClaudeBot/1.0; +claudebot@anthropic.com)" 498 **0/498289**
216.73.216.162 - - [27/Mar/2026:07:55:01 -0700] "GET /item/3691697743 HTTP/2.0" 200 3449 "-" "Mozilla/5.0 AppleWebKit/537.36 (KHTML, like Gecko; compatible; ClaudeBot/1.0; +claudebot@anthropic.com)" 620 **0/620986**
216.73.216.162 - - [27/Mar/2026:07:55:17 -0700] "GET /item/11023167 HTTP/2.0" 200 3449 "-" "Mozilla/5.0 AppleWebKit/537.36 (KHTML, like Gecko; compatible; ClaudeBot/1.0; +claudebot@anthropic.com)" 490 **0/490679**
216.73.216.162 - - [27/Mar/2026:07:55:18 -0700] "GET /item/3045145167 HTTP/2.0" 200 3449 "-" "Mozilla/5.0 AppleWebKit/537.36 (KHTML, like Gecko; compatible; ClaudeBot/1.0; +claudebot@anthropic.com)" 500 **0/500516**
216.73.216.162 - - [27/Mar/2026:07:55:30 -0700] "GET /item/390129660 HTTP/2.0" 200 3449 "-" "Mozilla/5.0 AppleWebKit/537.36 (KHTML, like Gecko; compatible; ClaudeBot/1.0; +claudebot@anthropic.com)" 500 **0/500711**
216.73.216.162 - - [27/Mar/2026:07:55:31 -0700] "GET /item/712409677 HTTP/2.0" 403 3449 "-" "Mozilla/5.0 AppleWebKit/537.36 (KHTML, like Gecko; compatible; ClaudeBot/1.0; +claudebot@anthropic.com)" 515 **0/515597**
114.119.143.130 - - [27/Mar/2026:07:55:37 -0700] "GET /commodity/quite/transmitting171799193061 HTTP/1.1" 200 3956 "https://falcon-ia.com/sitemap_93.xml" "Mozilla/5.0 (Linux; Android 7.0;) AppleWebKit/537.36 (KHTML, like Gecko) Mobile Safari/537.36 (compatible; PetalBot;+https://webmaster.petalsearch.com/site/petalbot)" 491 **0/491800**
216.73.216.162 - - [27/Mar/2026:07:56:01 -0700] "GET /item/80901555 HTTP/2.0" 403 3449 "-" "Mozilla/5.0 AppleWebKit/537.36 (KHTML, like Gecko; compatible; ClaudeBot/1.0; +claudebot@anthropic.com)" 529 **0/529060**
