216.73.216.162 - - [28/Mar/2026:06:31:45 -0700] "GET /item/3047937542?fileloc=%2Fhome%2Ffalconiapl2015%2Faccess-logs%2Ffalcon-ia.com&path=%2Fhome%2Ffalconiapl2015%2Faccess-logs HTTP/2.0" 403 3449 "-" "Mozilla/5.0 AppleWebKit/537.36 (KHTML, like Gecko; compatible; ClaudeBot/1.0; +claudebot@anthropic.com)" 513 **0/513840**
74.7.227.0 - - [28/Mar/2026:06:31:46 -0700] "GET /?fileloc=//usr/bin/printf&path=//usr/bin HTTP/2.0" 200 23404 "https://falcon-ia.com/?path=//usr/bin" "Mozilla/5.0 AppleWebKit/537.36 (KHTML, like Gecko; compatible; GPTBot/1.3; +https://openai.com/gptbot)" 523 **0/523865**
216.73.216.162 - - [28/Mar/2026:06:31:48 -0700] "GET /item/2573202969?fileloc=%2Fhome%2Ffalconiapl2015%2Fpublic_html%2Fwp-admin%2Fimages%2Falign-center-2x.png&path=%2Fhome%2Ffalconiapl2015%2Fpublic_html%2Fwp-admin%2Fimages HTTP/2.0" 200 2496 "-" "Mozilla/5.0 AppleWebKit/537.36 (KHTML, like Gecko; compatible; ClaudeBot/1.0; +claudebot@anthropic.com)" 516 **0/516561**
52.167.144.17 - - [28/Mar/2026:06:31:47 -0700] "GET /bally-demo-oyna/ HTTP/2.0" 200 27034 "-" "Mozilla/5.0 AppleWebKit/537.36 (KHTML, like Gecko; compatible; bingbot/2.0; +http://www.bing.com/bingbot.htm) Chrome/116.0.1938.76 Safari/537.36" 1631 **1/1631164**
74.7.227.0 - - [28/Mar/2026:06:31:50 -0700] "GET /?fileloc=//usr/bin/csplit&path=//usr/bin HTTP/2.0" 200 22297 "https://falcon-ia.com/?path=//usr/bin" "Mozilla/5.0 AppleWebKit/537.36 (KHTML, like Gecko; compatible; GPTBot/1.3; +https://openai.com/gptbot)" 537 **0/537163**
216.73.216.162 - - [28/Mar/2026:06:31:51 -0700] "GET /item/2361645411?fileloc=%2Fhome%2Ffalconiapl2015%2Fpublic_html%2Fwp-admin%2Fimages%2Farrows-2x.png&path=%2Fhome%2Ffalconiapl2015%2Fpublic_html%2Fwp-admin%2Fimages HTTP/2.0" 200 3050 "-" "Mozilla/5.0 AppleWebKit/537.36 (KHTML, like Gecko; compatible; ClaudeBot/1.0; +claudebot@anthropic.com)" 502 **0/502663**
66.249.71.167 - - [28/Mar/2026:06:31:50 -0700] "GET /content.php?commodity/eugene/importance17181362057 HTTP/1.1" 403 29487 "-" "Mozilla/5.0 (Linux; Android 6.0.1; Nexus 5X Build/MMB29P) AppleWebKit/537.36 (KHTML, like Gecko) Chrome/146.0.7680.153 Mobile Safari/537.36 (compatible; Googlebot/2.1; +http://www.google.com/bot.html)" 1592 **1/1592462**
74.7.227.0 - - [28/Mar/2026:06:31:53 -0700] "GET /?fileloc=//usr/bin/stdbuf&path=//usr/bin HTTP/2.0" 200 22058 "https://falcon-ia.com/?path=//usr/bin" "Mozilla/5.0 AppleWebKit/537.36 (KHTML, like Gecko; compatible; GPTBot/1.3; +https://openai.com/gptbot)" 504 **0/504572**
216.73.216.162 - - [28/Mar/2026:06:31:54 -0700] "GET /item/4258652309?fileloc=%2Fhome%2Ffalconiapl2015%2F.cpanel%2Fdatastore%2F_usr_local_cpanel_bin_quota_falconiapl2015&path=%2Fhome%2Ffalconiapl2015%2F.cpanel%2Fdatastore HTTP/2.0" 200 2405 "-" "Mozilla/5.0 AppleWebKit/537.36 (KHTML, like Gecko; compatible; ClaudeBot/1.0; +claudebot@anthropic.com)" 505 **0/505721**
74.7.227.0 - - [28/Mar/2026:06:31:56 -0700] "GET /?fileloc=//usr/bin/strace&path=//usr/bin HTTP/2.0" 200 516866 "https://falcon-ia.com/?path=//usr/bin" "Mozilla/5.0 AppleWebKit/537.36 (KHTML, like Gecko; compatible; GPTBot/1.3; +https://openai.com/gptbot)" 774 **0/774873**
216.73.216.162 - - [28/Mar/2026:06:31:57 -0700] "GET /item/1926869326?fileloc=%2Fhome%2Ffalconiapl2015%2Fpublic_html%2Fwp-admin%2Fimages%2Flist-2x.png&path=%2Fhome%2Ffalconiapl2015%2Fpublic_html%2Fwp-admin%2Fimages HTTP/2.0" 200 3537 "-" "Mozilla/5.0 AppleWebKit/537.36 (KHTML, like Gecko; compatible; ClaudeBot/1.0; +claudebot@anthropic.com)" 520 **0/520226**
51.195.215.215 - - [28/Mar/2026:06:31:57 -0700] "GET /commodity/chiang/dog17207975856 HTTP/2.0" 200 3449 "-" "Mozilla/5.0 (compatible; AhrefsBot/7.0; +http://ahrefs.com/robot/)" 516 **0/516462**
74.7.227.0 - - [28/Mar/2026:06:31:59 -0700] "GET /?fileloc=//usr/bin/gnroff&path=//usr/bin HTTP/2.0" 200 3773 "https://falcon-ia.com/?path=//usr/bin" "Mozilla/5.0 AppleWebKit/537.36 (KHTML, like Gecko; compatible; GPTBot/1.3; +https://openai.com/gptbot)" 510 **0/510350**
216.73.216.162 - - [28/Mar/2026:06:32:00 -0700] "GET /item/892767753?fileloc=%2Fhome%2Ffalconiapl2015%2Faccess-logs%2Ffalcon-ia.com-ssl_log&path=%2Fhome%2Ffalconiapl2015%2Faccess-logs HTTP/2.0" 200 86289 "-" "Mozilla/5.0 AppleWebKit/537.36 (KHTML, like Gecko; compatible; ClaudeBot/1.0; +claudebot@anthropic.com)" 569 **0/569141**
74.7.227.0 - - [28/Mar/2026:06:32:02 -0700] "GET /?fileloc=//usr/bin/piconv&path=//usr/bin HTTP/2.0" 200 5185 "https://falcon-ia.com/?path=//usr/bin" "Mozilla/5.0 AppleWebKit/537.36 (KHTML, like Gecko; compatible; GPTBot/1.3; +https://openai.com/gptbot)" 537 **0/537234**
216.73.216.162 - - [28/Mar/2026:06:32:03 -0700] "GET /item/3691697743?fileloc=%2Fhome%2Ffalconiapl2015%2F.zshrc&path=%2Fhome%2Ffalconiapl2015 HTTP/2.0" 200 2614 "-" "Mozilla/5.0 AppleWebKit/537.36 (KHTML, like Gecko; compatible; ClaudeBot/1.0; +claudebot@anthropic.com)" 536 **0/536440**
74.7.227.0 - - [28/Mar/2026:06:32:05 -0700] "GET /?fileloc=//usr/bin/colcrt&path=//usr/bin HTTP/2.0" 200 7420 "https://falcon-ia.com/?path=//usr/bin" "Mozilla/5.0 AppleWebKit/537.36 (KHTML, like Gecko; compatible; GPTBot/1.3; +https://openai.com/gptbot)" 523 **0/523316**
216.73.216.162 - - [28/Mar/2026:06:32:06 -0700] "GET /item/1643730241?fileloc=%2Fhome%2Ffalconiapl2015%2F.md5sum&path=%2Fhome%2Ffalconiapl2015 HTTP/2.0" 200 2270 "-" "Mozilla/5.0 AppleWebKit/537.36 (KHTML, like Gecko; compatible; ClaudeBot/1.0; +claudebot@anthropic.com)" 503 **0/503968**
114.119.143.130 - - [28/Mar/2026:06:32:08 -0700] "GET /commodity/tasmania/appearances1720100845344?fileloc=/home/falconiapl2015/public_html/error_log&path=/home/falconiapl2015/public_html HTTP/1.1" 200 2631 "https://falcon-ia.com/commodity/tasmania/appearances1720100845344" "Mozilla/5.0 (Linux; Android 7.0;) AppleWebKit/537.36 (KHTML, like Gecko) Mobile Safari/537.36 (compatible; PetalBot;+https://webmaster.petalsearch.com/site/petalbot)" 504 **0/504421**
216.73.216.162 - - [28/Mar/2026:06:32:09 -0700] "GET /item/2632958237?fileloc=%2Fhome%2Ffalconiapl2015%2F.zshrc&path=%2Fhome%2Ffalconiapl2015 HTTP/2.0" 200 2614 "-" "Mozilla/5.0 AppleWebKit/537.36 (KHTML, like Gecko; compatible; ClaudeBot/1.0; +claudebot@anthropic.com)" 532 **0/532035**
74.7.227.0 - - [28/Mar/2026:06:32:09 -0700] "GET /?fileloc=//usr/bin/gzip&path=//usr/bin HTTP/2.0" 200 43408 "https://falcon-ia.com/?path=//usr/bin" "Mozilla/5.0 AppleWebKit/537.36 (KHTML, like Gecko; compatible; GPTBot/1.3; +https://openai.com/gptbot)" 528 **0/528684**
216.73.216.162 - - [28/Mar/2026:06:32:12 -0700] "GET /item/3916365137?fileloc=%2Fhome%2Ffalconiapl2015%2F.gemrc&path=%2Fhome%2Ffalconiapl2015 HTTP/2.0" 200 2327 "-" "Mozilla/5.0 AppleWebKit/537.36 (KHTML, like Gecko; compatible; ClaudeBot/1.0; +claudebot@anthropic.com)" 551 **0/551438**
74.7.227.0 - - [28/Mar/2026:06:32:12 -0700] "GET /?fileloc=//usr/bin/geqn&path=//usr/bin HTTP/2.0" 200 67654 "https://falcon-ia.com/?path=//usr/bin" "Mozilla/5.0 AppleWebKit/537.36 (KHTML, like Gecko; compatible; GPTBot/1.3; +https://openai.com/gptbot)" 540 **0/540845**
216.73.216.162 - - [28/Mar/2026:06:32:15 -0700] "GET /item/103008920?fileloc=%2Fhome%2Ffalconiapl2015%2Faccess-logs%2Ffalcon-ia.com-ssl_log&path=%2Fhome%2Ffalconiapl2015%2Faccess-logs HTTP/2.0" 200 86569 "-" "Mozilla/5.0 AppleWebKit/537.36 (KHTML, like Gecko; compatible; ClaudeBot/1.0; +claudebot@anthropic.com)" 577 **0/577718**
74.7.227.0 - - [28/Mar/2026:06:32:15 -0700] "GET /?fileloc=//usr/bin/rview&path=//usr/bin HTTP/2.0" 200 485678 "https://falcon-ia.com/?path=//usr/bin" "Mozilla/5.0 AppleWebKit/537.36 (KHTML, like Gecko; compatible; GPTBot/1.3; +https://openai.com/gptbot)" 716 **0/716792**
216.73.216.162 - - [28/Mar/2026:06:32:18 -0700] "GET /item/2030063920?fileloc=%2Fhome%2Ffalconiapl2015%2Fcache%2Fcache_150839a9efdf699c0ff8f5f878f96813&path=%2Fhome%2Ffalconiapl2015%2Fcache HTTP/2.0" 200 2275 "-" "Mozilla/5.0 AppleWebKit/537.36 (KHTML, like Gecko; compatible; ClaudeBot/1.0; +claudebot@anthropic.com)" 491 **0/491109**
74.7.227.0 - - [28/Mar/2026:06:32:18 -0700] "GET /?fileloc=//usr/bin/date&path=//usr/bin HTTP/2.0" 200 44207 "https://falcon-ia.com/?path=//usr/bin" "Mozilla/5.0 AppleWebKit/537.36 (KHTML, like Gecko; compatible; GPTBot/1.3; +https://openai.com/gptbot)" 522 **0/522401**
216.73.216.162 - - [28/Mar/2026:06:32:21 -0700] "GET /item/2336983115?fileloc=%2Fhome%2Ffalconiapl2015%2Fpublic_html%2Fimages%2Fimages%2Findex.php&path=%2Fhome%2Ffalconiapl2015%2Fpublic_html%2Fimages%2Fimages HTTP/2.0" 200 2269 "-" "Mozilla/5.0 AppleWebKit/537.36 (KHTML, like Gecko; compatible; ClaudeBot/1.0; +claudebot@anthropic.com)" 510 **0/510181**
74.7.227.0 - - [28/Mar/2026:06:32:21 -0700] "GET /?fileloc=//usr/bin/bzcmp&path=//usr/bin HTTP/2.0" 200 3164 "https://falcon-ia.com/?path=//usr/bin" "Mozilla/5.0 AppleWebKit/537.36 (KHTML, like Gecko; compatible; GPTBot/1.3; +https://openai.com/gptbot)" 524 **0/524188**
216.73.216.162 - - [28/Mar/2026:06:32:24 -0700] "GET /item/2394961994?fileloc=%2Fhome%2Ffalconiapl2015%2F.bash_profile.rpmnew&path=%2Fhome%2Ffalconiapl2015 HTTP/2.0" 200 2352 "-" "Mozilla/5.0 AppleWebKit/537.36 (KHTML, like Gecko; compatible; ClaudeBot/1.0; +claudebot@anthropic.com)" 489 **0/489820**
74.7.227.0 - - [28/Mar/2026:06:32:24 -0700] "GET /?fileloc=//usr/bin/gneqn&path=//usr/bin HTTP/2.0" 200 2770 "https://falcon-ia.com/?path=//usr/bin" "Mozilla/5.0 AppleWebKit/537.36 (KHTML, like Gecko; compatible; GPTBot/1.3; +https://openai.com/gptbot)" 502 **0/502291**
216.73.216.162 - - [28/Mar/2026:06:32:27 -0700] "GET /item/4160306127?fileloc=%2Fhome%2Ffalconiapl2015%2Fpublic_html%2Fwp-includes%2Fimages%2Fwpspin-1x.gif&path=%2Fhome%2Ffalconiapl2015%2Fpublic_html%2Fwp-includes%2Fimages HTTP/2.0" 200 2287 "-" "Mozilla/5.0 AppleWebKit/537.36 (KHTML, like Gecko; compatible; ClaudeBot/1.0; +claudebot@anthropic.com)" 488 **0/488893**
74.7.227.0 - - [28/Mar/2026:06:32:27 -0700] "GET /?fileloc=//usr/bin/chgrp&path=//usr/bin HTTP/2.0" 200 29284 "https://falcon-ia.com/?path=//usr/bin" "Mozilla/5.0 AppleWebKit/537.36 (KHTML, like Gecko; compatible; GPTBot/1.3; +https://openai.com/gptbot)" 504 **0/504966**
216.73.216.162 - - [28/Mar/2026:06:32:30 -0700] "GET /item/52411204?fileloc=%2Fhome%2Ffalconiapl2015%2F.ftpquota&path=%2Fhome%2Ffalconiapl2015 HTTP/2.0" 200 2259 "-" "Mozilla/5.0 AppleWebKit/537.36 (KHTML, like Gecko; compatible; ClaudeBot/1.0; +claudebot@anthropic.com)" 512 **0/512919**
74.7.227.0 - - [28/Mar/2026:06:32:31 -0700] "GET /?fileloc=//usr/bin/fgrep&path=//usr/bin HTTP/2.0" 200 2282 "https://falcon-ia.com/?path=//usr/bin" "Mozilla/5.0 AppleWebKit/537.36 (KHTML, like Gecko; compatible; GPTBot/1.3; +https://openai.com/gptbot)" 496 **0/496675**
216.73.216.162 - - [28/Mar/2026:06:32:33 -0700] "GET /item/2071247287?fileloc=%2Fhome%2Ffalconiapl2015%2Fpublic_html%2Fwp-includes%2Fimages%2Fuploader-icons-2x.png&path=%2Fhome%2Ffalconiapl2015%2Fpublic_html%2Fwp-includes%2Fimages HTTP/2.0" 200 5208 "-" "Mozilla/5.0 AppleWebKit/537.36 (KHTML, like Gecko; compatible; ClaudeBot/1.0; +claudebot@anthropic.com)" 518 **0/518419**
74.7.227.0 - - [28/Mar/2026:06:32:34 -0700] "GET /?fileloc=//usr/bin/zdiff&path=//usr/bin HTTP/2.0" 200 4149 "https://falcon-ia.com/?path=//usr/bin" "Mozilla/5.0 AppleWebKit/537.36 (KHTML, like Gecko; compatible; GPTBot/1.3; +https://openai.com/gptbot)" 517 **0/517222**
216.73.216.162 - - [28/Mar/2026:06:32:36 -0700] "GET /item/3053370252?fileloc=%2Fhome%2Ffalconiapl2015%2Faccess-logs%2Ffalcon-ia.com-ssl_log&path=%2Fhome%2Ffalconiapl2015%2Faccess-logs HTTP/2.0" 200 86903 "-" "Mozilla/5.0 AppleWebKit/537.36 (KHTML, like Gecko; compatible; ClaudeBot/1.0; +claudebot@anthropic.com)" 550 **0/550202**
74.7.227.0 - - [28/Mar/2026:06:32:37 -0700] "GET /?fileloc=//usr/bin/zmore&path=//usr/bin HTTP/2.0" 200 3151 "https://falcon-ia.com/?path=//usr/bin" "Mozilla/5.0 AppleWebKit/537.36 (KHTML, like Gecko; compatible; GPTBot/1.3; +https://openai.com/gptbot)" 492 **0/492365**
216.73.216.162 - - [28/Mar/2026:06:32:39 -0700] "GET /item/2573202969?fileloc=%2Fhome%2Ffalconiapl2015%2Fpublic_html%2Fwp-admin%2Fimages%2Fmedia-button-music.gif&path=%2Fhome%2Ffalconiapl2015%2Fpublic_html%2Fwp-admin%2Fimages HTTP/2.0" 200 2479 "-" "Mozilla/5.0 AppleWebKit/537.36 (KHTML, like Gecko; compatible; ClaudeBot/1.0; +claudebot@anthropic.com)" 498 **0/498957**
74.7.227.0 - - [28/Mar/2026:06:32:40 -0700] "GET /?fileloc=//usr/bin/watch&path=//usr/bin HTTP/2.0" 200 11570 "https://falcon-ia.com/?path=//usr/bin" "Mozilla/5.0 AppleWebKit/537.36 (KHTML, like Gecko; compatible; GPTBot/1.3; +https://openai.com/gptbot)" 510 **0/510766**
216.73.216.162 - - [28/Mar/2026:06:32:42 -0700] "GET /item/805343205?fileloc=%2Fhome%2Ffalconiapl2015%2Fpublic_html%2Fwp-content%2Fai1wm-backups%2Frobots.txt&path=%2Fhome%2Ffalconiapl2015%2Fpublic_html%2Fwp-content%2Fai1wm-backups HTTP/2.0" 200 2309 "-" "Mozilla/5.0 AppleWebKit/537.36 (KHTML, like Gecko; compatible; ClaudeBot/1.0; +claudebot@anthropic.com)" 519 **0/519586**
74.7.227.0 - - [28/Mar/2026:06:32:43 -0700] "GET /?fileloc=//usr/bin/mailx&path=//usr/bin HTTP/2.0" 200 174103 "https://falcon-ia.com/?path=//usr/bin" "Mozilla/5.0 AppleWebKit/537.36 (KHTML, like Gecko; compatible; GPTBot/1.3; +https://openai.com/gptbot)" 596 **0/596254**
216.73.216.162 - - [28/Mar/2026:06:32:46 -0700] "GET /item/98037709?fileloc=%2Fhome%2Ffalconiapl2015%2Fpublic_html%2Fwp-includes%2Frss-functions.php&path=%2Fhome%2Ffalconiapl2015%2Fpublic_html%2Fwp-includes HTTP/2.0" 200 2445 "-" "Mozilla/5.0 AppleWebKit/537.36 (KHTML, like Gecko; compatible; ClaudeBot/1.0; +claudebot@anthropic.com)" 496 **0/496838**
74.7.227.0 - - [28/Mar/2026:06:32:46 -0700] "GET /?fileloc=//usr/bin/tload&path=//usr/bin HTTP/2.0" 200 8275 "https://falcon-ia.com/?path=//usr/bin" "Mozilla/5.0 AppleWebKit/537.36 (KHTML, like Gecko; compatible; GPTBot/1.3; +https://openai.com/gptbot)" 506 **0/506345**
216.73.216.162 - - [28/Mar/2026:06:32:48 -0700] "GET /item/4148929047?fileloc=%2Fhome%2Ffalconiapl2015%2Fpublic_html%2Fwp-admin%2Fwidgets-form-blocks.php&path=%2Fhome%2Ffalconiapl2015%2Fpublic_html%2Fwp-admin HTTP/2.0" 200 4066 "-" "Mozilla/5.0 AppleWebKit/537.36 (KHTML, like Gecko; compatible; ClaudeBot/1.0; +claudebot@anthropic.com)" 540 **0/540132**
74.7.227.0 - - [28/Mar/2026:06:32:50 -0700] "GET /?fileloc=//usr/bin/cksum&path=//usr/bin HTTP/2.0" 200 16334 "https://falcon-ia.com/?path=//usr/bin" "Mozilla/5.0 AppleWebKit/537.36 (KHTML, like Gecko; compatible; GPTBot/1.3; +https://openai.com/gptbot)" 493 **0/493322**
216.73.216.162 - - [28/Mar/2026:06:32:53 -0700] "GET /item/98037709?fileloc=%2Fhome%2Ffalconiapl2015%2Fpublic_html%2Fwp-includes%2Fclass-wp-image-editor-imagick.php&path=%2Fhome%2Ffalconiapl2015%2Fpublic_html%2Fwp-includes HTTP/2.0" 200 12279 "-" "Mozilla/5.0 AppleWebKit/537.36 (KHTML, like Gecko; compatible; ClaudeBot/1.0; +claudebot@anthropic.com)" 514 **0/514897**
74.7.227.0 - - [28/Mar/2026:06:32:53 -0700] "GET /?fileloc=//usr/bin/znew&path=//usr/bin HTTP/2.0" 200 4005 "https://falcon-ia.com/?path=//usr/bin" "Mozilla/5.0 AppleWebKit/537.36 (KHTML, like Gecko; compatible; GPTBot/1.3; +https://openai.com/gptbot)" 500 **0/500629**
216.73.216.162 - - [28/Mar/2026:06:32:55 -0700] "GET /item/98037709?fileloc=%2Fhome%2Ffalconiapl2015%2Fpublic_html%2Fwp-includes%2Fclass-wp-metadata-lazyloader.php&path=%2Fhome%2Ffalconiapl2015%2Fpublic_html%2Fwp-includes HTTP/2.0" 200 4140 "-" "Mozilla/5.0 AppleWebKit/537.36 (KHTML, like Gecko; compatible; ClaudeBot/1.0; +claudebot@anthropic.com)" 492 **0/492878**
74.7.227.0 - - [28/Mar/2026:06:32:56 -0700] "GET /?fileloc=//usr/bin/vdir&path=//usr/bin HTTP/2.0" 200 57544 "https://falcon-ia.com/?path=//usr/bin" "Mozilla/5.0 AppleWebKit/537.36 (KHTML, like Gecko; compatible; GPTBot/1.3; +https://openai.com/gptbot)" 515 **0/515721**
74.7.227.0 - - [28/Mar/2026:06:32:59 -0700] "GET /?fileloc=//usr/bin/rvim&path=//usr/bin HTTP/2.0" 200 1269480 "https://falcon-ia.com/?path=//usr/bin" "Mozilla/5.0 AppleWebKit/537.36 (KHTML, like Gecko; compatible; GPTBot/1.3; +https://openai.com/gptbot)" 1086 **1/1086859**
66.249.74.128 - - [28/Mar/2026:06:32:59 -0700] "GET /content.php?commodity/jm/wmv17191873153 HTTP/1.1" 403 26647 "-" "Mozilla/5.0 (Linux; Android 6.0.1; Nexus 5X Build/MMB29P) AppleWebKit/537.36 (KHTML, like Gecko) Chrome/146.0.7680.153 Mobile Safari/537.36 (compatible; Googlebot/2.1; +http://www.google.com/bot.html)" 1603 **1/1603213**
74.7.227.0 - - [28/Mar/2026:06:33:02 -0700] "GET /?fileloc=//usr/bin/head&path=//usr/bin HTTP/2.0" 200 19728 "https://falcon-ia.com/?path=//usr/bin" "Mozilla/5.0 AppleWebKit/537.36 (KHTML, like Gecko; compatible; GPTBot/1.3; +https://openai.com/gptbot)" 536 **0/536751**
216.73.216.162 - - [28/Mar/2026:06:33:02 -0700] "GET /item/4254451754?fileloc=%2Fhome%2Ffalconiapl2015%2Fpublic_html%2Fwp-includes%2Fclass-wp-user.php&path=%2Fhome%2Ffalconiapl2015%2Fpublic_html%2Fwp-includes HTTP/2.0" 200 8000 "-" "Mozilla/5.0 AppleWebKit/537.36 (KHTML, like Gecko; compatible; ClaudeBot/1.0; +claudebot@anthropic.com)" 559 **0/559864**
216.73.216.162 - - [28/Mar/2026:06:33:05 -0700] "GET /item/3014510250?fileloc=%2Fhome%2Ffalconiapl2015%2Fpublic_html%2Fwp-includes%2Fclass-walker-comment.php&path=%2Fhome%2Ffalconiapl2015%2Fpublic_html%2Fwp-includes HTTP/2.0" 200 5470 "-" "Mozilla/5.0 AppleWebKit/537.36 (KHTML, like Gecko; compatible; ClaudeBot/1.0; +claudebot@anthropic.com)" 490 **0/490953**
74.7.227.0 - - [28/Mar/2026:06:33:05 -0700] "GET /?fileloc=//usr/bin/comm&path=//usr/bin HTTP/2.0" 200 17996 "https://falcon-ia.com/?path=//usr/bin" "Mozilla/5.0 AppleWebKit/537.36 (KHTML, like Gecko; compatible; GPTBot/1.3; +https://openai.com/gptbot)" 525 **0/525011**
74.7.227.0 - - [28/Mar/2026:06:33:09 -0700] "GET /?fileloc=//usr/bin/flock&path=//usr/bin HTTP/2.0" 200 13819 "https://falcon-ia.com/?path=//usr/bin" "Mozilla/5.0 AppleWebKit/537.36 (KHTML, like Gecko; compatible; GPTBot/1.3; +https://openai.com/gptbot)" 504 **0/504288**
216.73.216.162 - - [28/Mar/2026:06:33:12 -0700] "GET /item/2794843732?fileloc=%2Fhome%2Ffalconiapl2015%2Fpublic_html%2Fwp-admin%2Fms-edit.php&path=%2Fhome%2Ffalconiapl2015%2Fpublic_html%2Fwp-admin HTTP/2.0" 200 2405 "-" "Mozilla/5.0 AppleWebKit/537.36 (KHTML, like Gecko; compatible; ClaudeBot/1.0; +claudebot@anthropic.com)" 515 **0/515258**
74.7.227.0 - - [28/Mar/2026:06:33:12 -0700] "GET /?fileloc=//usr/bin/zcat&path=//usr/bin HTTP/2.0" 200 3205 "https://falcon-ia.com/?path=//usr/bin" "Mozilla/5.0 AppleWebKit/537.36 (KHTML, like Gecko; compatible; GPTBot/1.3; +https://openai.com/gptbot)" 503 **0/503370**
216.73.216.162 - - [28/Mar/2026:06:33:14 -0700] "GET /item/98037709?fileloc=%2Fhome%2Ffalconiapl2015%2Fpublic_html%2Fwp-includes%2Frobots-template.php&path=%2Fhome%2Ffalconiapl2015%2Fpublic_html%2Fwp-includes HTTP/2.0" 200 3420 "-" "Mozilla/5.0 AppleWebKit/537.36 (KHTML, like Gecko; compatible; ClaudeBot/1.0; +claudebot@anthropic.com)" 491 **0/491651**
114.119.136.15 - - [28/Mar/2026:06:33:15 -0700] "GET /commodity/swell/coolpix171919920437 HTTP/1.1" 200 3956 "https://falcon-ia.com/sitemap_119.xml" "Mozilla/5.0 (Linux; Android 7.0;) AppleWebKit/537.36 (KHTML, like Gecko) Mobile Safari/537.36 (compatible; PetalBot;+https://webmaster.petalsearch.com/site/petalbot)" 494 **0/494173**
74.7.227.0 - - [28/Mar/2026:06:33:15 -0700] "GET /?fileloc=//usr/bin/lynx&path=//usr/bin HTTP/2.0" 200 634932 "https://falcon-ia.com/?path=//usr/bin" "Mozilla/5.0 AppleWebKit/537.36 (KHTML, like Gecko; compatible; GPTBot/1.3; +https://openai.com/gptbot)" 778 **0/778691**
74.7.227.0 - - [28/Mar/2026:06:33:18 -0700] "GET /?fileloc=//usr/bin/prove&path=//usr/bin HTTP/2.0" 200 7460 "https://falcon-ia.com/?path=//usr/bin" "Mozilla/5.0 AppleWebKit/537.36 (KHTML, like Gecko; compatible; GPTBot/1.3; +https://openai.com/gptbot)" 539 **0/539929**
74.7.227.0 - - [28/Mar/2026:06:33:21 -0700] "GET /?fileloc=//usr/bin/chown&path=//usr/bin HTTP/2.0" 200 30346 "https://falcon-ia.com/?path=//usr/bin" "Mozilla/5.0 AppleWebKit/537.36 (KHTML, like Gecko; compatible; GPTBot/1.3; +https://openai.com/gptbot)" 531 **0/531429**
74.7.227.0 - - [28/Mar/2026:06:33:25 -0700] "GET /?fileloc=//usr/bin/gprof&path=//usr/bin HTTP/2.0" 200 43569 "https://falcon-ia.com/?path=//usr/bin" "Mozilla/5.0 AppleWebKit/537.36 (KHTML, like Gecko; compatible; GPTBot/1.3; +https://openai.com/gptbot)" 522 **0/522079**
74.7.227.0 - - [28/Mar/2026:06:33:28 -0700] "GET /?fileloc=//usr/bin/pinky&path=//usr/bin HTTP/2.0" 200 17576 "https://falcon-ia.com/?path=//usr/bin" "Mozilla/5.0 AppleWebKit/537.36 (KHTML, like Gecko; compatible; GPTBot/1.3; +https://openai.com/gptbot)" 522 **0/522296**
74.7.227.0 - - [28/Mar/2026:06:33:31 -0700] "GET /?fileloc=//usr/bin/gsnd&path=//usr/bin HTTP/2.0" 200 2426 "https://falcon-ia.com/?path=//usr/bin" "Mozilla/5.0 AppleWebKit/537.36 (KHTML, like Gecko; compatible; GPTBot/1.3; +https://openai.com/gptbot)" 529 **0/529470**
185.191.171.8 - - [28/Mar/2026:06:33:32 -0700] "GET /commodity/saturated/american172032279306 HTTP/1.1" 200 3956 "-" "Mozilla/5.0 (compatible; SemrushBot/7~bl; +http://www.semrush.com/bot.html)" 532 **0/532162**
74.7.227.0 - - [28/Mar/2026:06:33:34 -0700] "GET /?fileloc=//usr/bin/zgrep&path=//usr/bin HTTP/2.0" 200 5246 "https://falcon-ia.com/?path=//usr/bin" "Mozilla/5.0 AppleWebKit/537.36 (KHTML, like Gecko; compatible; GPTBot/1.3; +https://openai.com/gptbot)" 503 **0/503779**
74.7.227.0 - - [28/Mar/2026:06:33:37 -0700] "GET /?fileloc=//usr/bin/xargs&path=//usr/bin HTTP/2.0" 200 31460 "https://falcon-ia.com/?path=//usr/bin" "Mozilla/5.0 AppleWebKit/537.36 (KHTML, like Gecko; compatible; GPTBot/1.3; +https://openai.com/gptbot)" 1651 **1/1651450**
185.191.171.15 - - [28/Mar/2026:06:33:37 -0700] "GET /commodity/embraced/sarasota172011285667 HTTP/1.1" 200 3956 "-" "Mozilla/5.0 (compatible; SemrushBot/7~bl; +http://www.semrush.com/bot.html)" 1989 **1/1989699**
74.7.227.0 - - [28/Mar/2026:06:33:40 -0700] "GET /?fileloc=//usr/bin/delv&path=//usr/bin HTTP/2.0" 200 16909 "https://falcon-ia.com/?path=//usr/bin" "Mozilla/5.0 AppleWebKit/537.36 (KHTML, like Gecko; compatible; GPTBot/1.3; +https://openai.com/gptbot)" 559 **0/559613**
185.191.171.10 - - [28/Mar/2026:06:33:48 -0700] "GET /commodity/thessalonians/sequential171925516492 HTTP/1.1" 200 3956 "-" "Mozilla/5.0 (compatible; SemrushBot/7~bl; +http://www.semrush.com/bot.html)" 7722 **7/7722146**
198.244.240.146 - - [28/Mar/2026:06:33:55 -0700] "GET /commodity/ces/viable17179504141 HTTP/2.0" 200 3449 "-" "Mozilla/5.0 (compatible; AhrefsBot/7.0; +http://ahrefs.com/robot/)" 510 **0/510170**
216.73.216.162 - - [28/Mar/2026:06:33:55 -0700] "GET /item/2360712976?fileloc=%2Fhome%2Ffalconiapl2015%2Fpublic_html%2Fwp-includes%2Fdeprecated.php&path=%2Fhome%2Ffalconiapl2015%2Fpublic_html%2Fwp-includes HTTP/2.0" 200 44006 "-" "Mozilla/5.0 AppleWebKit/537.36 (KHTML, like Gecko; compatible; ClaudeBot/1.0; +claudebot@anthropic.com)" 527 **0/527921**
216.73.216.162 - - [28/Mar/2026:06:33:58 -0700] "GET /item/2794843732?fileloc=%2Fhome%2Ffalconiapl2015%2Fpublic_html%2Fwp-admin%2Fcustom-background.php&path=%2Fhome%2Ffalconiapl2015%2Fpublic_html%2Fwp-admin HTTP/2.0" 200 2498 "-" "Mozilla/5.0 AppleWebKit/537.36 (KHTML, like Gecko; compatible; ClaudeBot/1.0; +claudebot@anthropic.com)" 742 **0/742140**
74.7.227.0 - - [28/Mar/2026:06:33:43 -0700] "GET /?fileloc=//usr/bin/mesg&path=//usr/bin HTTP/2.0" 200 6775 "https://falcon-ia.com/?path=//usr/bin" "Mozilla/5.0 AppleWebKit/537.36 (KHTML, like Gecko; compatible; GPTBot/1.3; +https://openai.com/gptbot)" 16530 **16/16530805**
74.7.227.0 - - [28/Mar/2026:06:34:00 -0700] "GET /?fileloc=//usr/bin/bzcat&path=//usr/bin HTTP/2.0" 200 15986 "https://falcon-ia.com/?path=//usr/bin" "Mozilla/5.0 AppleWebKit/537.36 (KHTML, like Gecko; compatible; GPTBot/1.3; +https://openai.com/gptbot)" 565 **0/565623**
74.7.227.0 - - [28/Mar/2026:06:34:03 -0700] "GET /?fileloc=//usr/bin/convert&path=//usr/bin HTTP/2.0" 200 5422 "https://falcon-ia.com/?path=//usr/bin" "Mozilla/5.0 AppleWebKit/537.36 (KHTML, like Gecko; compatible; GPTBot/1.3; +https://openai.com/gptbot)" 1679 **1/1679906**
74.7.227.0 - - [28/Mar/2026:06:34:07 -0700] "GET /?fileloc=//usr/bin/lftpget&path=//usr/bin HTTP/2.0" 200 2896 "https://falcon-ia.com/?path=//usr/bin" "Mozilla/5.0 AppleWebKit/537.36 (KHTML, like Gecko; compatible; GPTBot/1.3; +https://openai.com/gptbot)" 540 **0/540452**
216.73.216.162 - - [28/Mar/2026:06:34:07 -0700] "GET /item/2360712976?fileloc=%2Fhome%2Ffalconiapl2015%2Fpublic_html%2Fwp-includes%2Fblock-bindings.php&path=%2Fhome%2Ffalconiapl2015%2Fpublic_html%2Fwp-includes HTTP/2.0" 200 4277 "-" "Mozilla/5.0 AppleWebKit/537.36 (KHTML, like Gecko; compatible; ClaudeBot/1.0; +claudebot@anthropic.com)" 518 **0/518699**
216.73.216.162 - - [28/Mar/2026:06:34:09 -0700] "GET /item/3049169697?fileloc=%2Fhome%2Ffalconiapl2015%2Fpublic_html%2Fwp-includes%2Fdeprecated.php&path=%2Fhome%2Ffalconiapl2015%2Fpublic_html%2Fwp-includes HTTP/2.0" 200 44006 "-" "Mozilla/5.0 AppleWebKit/537.36 (KHTML, like Gecko; compatible; ClaudeBot/1.0; +claudebot@anthropic.com)" 500 **0/500778**
74.7.227.0 - - [28/Mar/2026:06:34:10 -0700] "GET /?fileloc=//usr/bin/mariadb&path=//usr/bin HTTP/2.0" 200 787567 "https://falcon-ia.com/?path=//usr/bin" "Mozilla/5.0 AppleWebKit/537.36 (KHTML, like Gecko; compatible; GPTBot/1.3; +https://openai.com/gptbot)" 896 **0/896971**
74.7.227.0 - - [28/Mar/2026:06:34:13 -0700] "GET /?fileloc=//usr/bin/readlink&path=//usr/bin HTTP/2.0" 200 20559 "https://falcon-ia.com/?path=//usr/bin" "Mozilla/5.0 AppleWebKit/537.36 (KHTML, like Gecko; compatible; GPTBot/1.3; +https://openai.com/gptbot)" 516 **0/516435**
52.167.144.25 - - [28/Mar/2026:06:34:12 -0700] "GET /commodity/digimon/ws17187162004 HTTP/2.0" 200 28353 "-" "Mozilla/5.0 AppleWebKit/537.36 (KHTML, like Gecko; compatible; bingbot/2.0; +http://www.bing.com/bingbot.htm) Chrome/116.0.1938.76 Safari/537.36" 1657 **1/1657293**
185.191.171.16 - - [28/Mar/2026:06:34:14 -0700] "GET /commodity/soil/dh171663067423 HTTP/1.1" 200 3956 "-" "Mozilla/5.0 (compatible; SemrushBot/7~bl; +http://www.semrush.com/bot.html)" 492 **0/492503**
74.7.227.0 - - [28/Mar/2026:06:34:16 -0700] "GET /?fileloc=//usr/bin/git-shell&path=//usr/bin HTTP/2.0" 200 952233 "https://falcon-ia.com/?path=//usr/bin" "Mozilla/5.0 AppleWebKit/537.36 (KHTML, like Gecko; compatible; GPTBot/1.3; +https://openai.com/gptbot)" 930 **0/930609**
85.208.96.207 - - [28/Mar/2026:06:34:18 -0700] "GET /commodity/employee/revision17179736605 HTTP/1.1" 200 3956 "-" "Mozilla/5.0 (compatible; SemrushBot/7~bl; +http://www.semrush.com/bot.html)" 537 **0/537127**
74.7.227.0 - - [28/Mar/2026:06:34:19 -0700] "GET /?fileloc=//usr/bin/perldoc&path=//usr/bin HTTP/2.0" 200 2346 "https://falcon-ia.com/?path=//usr/bin" "Mozilla/5.0 AppleWebKit/537.36 (KHTML, like Gecko; compatible; GPTBot/1.3; +https://openai.com/gptbot)" 518 **0/518167**
74.7.227.0 - - [28/Mar/2026:06:34:22 -0700] "GET /?fileloc=//usr/bin/fc-cache&path=//usr/bin HTTP/2.0" 200 2301 "https://falcon-ia.com/?path=//usr/bin" "Mozilla/5.0 AppleWebKit/537.36 (KHTML, like Gecko; compatible; GPTBot/1.3; +https://openai.com/gptbot)" 508 **0/508203**
216.73.216.162 - - [28/Mar/2026:06:34:22 -0700] "GET /item/3115444169?fileloc=%2Fhome%2Ffalconiapl2015%2Fpublic_html%2Fwp-content%2Fupgrade-temp-backup%2F.htaccess&path=%2Fhome%2Ffalconiapl2015%2Fpublic_html%2Fwp-content%2Fupgrade-temp-backup HTTP/2.0" 403 3449 "-" "Mozilla/5.0 AppleWebKit/537.36 (KHTML, like Gecko; compatible; ClaudeBot/1.0; +claudebot@anthropic.com)" 517 **0/517663**
85.208.96.197 - - [28/Mar/2026:06:34:23 -0700] "GET /commodity/beat/toes172038225824 HTTP/1.1" 200 3956 "-" "Mozilla/5.0 (compatible; SemrushBot/7~bl; +http://www.semrush.com/bot.html)" 493 **0/493053**
216.73.216.162 - - [28/Mar/2026:06:34:25 -0700] "GET /item/1028613639?path=%2Fhome%2Ffalconiapl2015%2Fpublic_html%2Fimages%2Fimages HTTP/2.0" 403 3449 "-" "Mozilla/5.0 AppleWebKit/537.36 (KHTML, like Gecko; compatible; ClaudeBot/1.0; +claudebot@anthropic.com)" 502 **0/502803**
74.7.227.0 - - [28/Mar/2026:06:34:25 -0700] "GET /?fileloc=//usr/bin/xmllint&path=//usr/bin HTTP/2.0" 200 25576 "https://falcon-ia.com/?path=//usr/bin" "Mozilla/5.0 AppleWebKit/537.36 (KHTML, like Gecko; compatible; GPTBot/1.3; +https://openai.com/gptbot)" 495 **0/495155**
185.191.171.10 - - [28/Mar/2026:06:34:27 -0700] "GET /commodity/ceramics/comparison17215538649 HTTP/1.1" 200 3956 "-" "Mozilla/5.0 (compatible; SemrushBot/7~bl; +http://www.semrush.com/bot.html)" 500 **0/500847**
74.7.227.0 - - [28/Mar/2026:06:34:28 -0700] "GET /?fileloc=//usr/bin/gsoelim&path=//usr/bin HTTP/2.0" 200 16321 "https://falcon-ia.com/?path=//usr/bin" "Mozilla/5.0 AppleWebKit/537.36 (KHTML, like Gecko; compatible; GPTBot/1.3; +https://openai.com/gptbot)" 504 **0/504159**
74.7.227.0 - - [28/Mar/2026:06:34:32 -0700] "GET /?fileloc=//usr/bin/conjure&path=//usr/bin HTTP/2.0" 200 5427 "https://falcon-ia.com/?path=//usr/bin" "Mozilla/5.0 AppleWebKit/537.36 (KHTML, like Gecko; compatible; GPTBot/1.3; +https://openai.com/gptbot)" 502 **0/502563**
185.191.171.11 - - [28/Mar/2026:06:34:33 -0700] "GET /commodity/christine/luxembourg171745416712 HTTP/1.1" 200 3956 "-" "Mozilla/5.0 (compatible; SemrushBot/7~bl; +http://www.semrush.com/bot.html)" 491 **0/491041**
74.7.227.0 - - [28/Mar/2026:06:34:35 -0700] "GET /?fileloc=//usr/bin/fc-scan&path=//usr/bin HTTP/2.0" 200 6383 "https://falcon-ia.com/?path=//usr/bin" "Mozilla/5.0 AppleWebKit/537.36 (KHTML, like Gecko; compatible; GPTBot/1.3; +https://openai.com/gptbot)" 500 **0/500087**
85.208.96.209 - - [28/Mar/2026:06:34:37 -0700] "GET /commodity/tubes/anchor1719103279722 HTTP/1.1" 200 3956 "-" "Mozilla/5.0 (compatible; SemrushBot/7~bl; +http://www.semrush.com/bot.html)" 490 **0/490266**
74.7.227.0 - - [28/Mar/2026:06:34:38 -0700] "GET /?fileloc=//usr/bin/tzselect&path=//usr/bin HTTP/2.0" 200 8221 "https://falcon-ia.com/?path=//usr/bin" "Mozilla/5.0 AppleWebKit/537.36 (KHTML, like Gecko; compatible; GPTBot/1.3; +https://openai.com/gptbot)" 521 **0/521311**
74.7.227.0 - - [28/Mar/2026:06:34:41 -0700] "GET /?fileloc=//usr/bin/display&path=//usr/bin HTTP/2.0" 200 5437 "https://falcon-ia.com/?path=//usr/bin" "Mozilla/5.0 AppleWebKit/537.36 (KHTML, like Gecko; compatible; GPTBot/1.3; +https://openai.com/gptbot)" 497 **0/497648**
85.208.96.211 - - [28/Mar/2026:06:34:42 -0700] "GET /commodity/stafford/sendmail172147404414 HTTP/1.1" 200 3956 "-" "Mozilla/5.0 (compatible; SemrushBot/7~bl; +http://www.semrush.com/bot.html)" 498 **0/498991**
74.7.227.0 - - [28/Mar/2026:06:34:45 -0700] "GET /?fileloc=//usr/bin/hostname&path=//usr/bin HTTP/2.0" 200 8572 "https://falcon-ia.com/?path=//usr/bin" "Mozilla/5.0 AppleWebKit/537.36 (KHTML, like Gecko; compatible; GPTBot/1.3; +https://openai.com/gptbot)" 523 **0/523641**
66.249.74.130 - - [28/Mar/2026:06:34:44 -0700] "GET /content.php?commodity/pm/bv17212589888 HTTP/1.1" 403 26066 "-" "Mozilla/5.0 (Linux; Android 6.0.1; Nexus 5X Build/MMB29P) AppleWebKit/537.36 (KHTML, like Gecko) Chrome/146.0.7680.153 Mobile Safari/537.36 (compatible; Googlebot/2.1; +http://www.google.com/bot.html)" 1624 **1/1624861**
85.208.96.195 - - [28/Mar/2026:06:34:46 -0700] "GET /commodity/waste/vgroup1716101832636 HTTP/1.1" 200 3956 "-" "Mozilla/5.0 (compatible; SemrushBot/7~bl; +http://www.semrush.com/bot.html)" 510 **0/510123**
74.7.227.0 - - [28/Mar/2026:06:34:48 -0700] "GET /?fileloc=//usr/bin/readelf&path=//usr/bin HTTP/2.0" 200 221090 "https://falcon-ia.com/?path=//usr/bin" "Mozilla/5.0 AppleWebKit/537.36 (KHTML, like Gecko; compatible; GPTBot/1.3; +https://openai.com/gptbot)" 589 **0/589568**
114.119.151.246 - - [28/Mar/2026:06:34:49 -0700] "GET /commodity/swaziland/computerworld171857774616?path=/home/falconiapl2015/public_html HTTP/1.1" 200 3956 "https://falcon-ia.com/commodity/swaziland/computerworld171857774616" "Mozilla/5.0 (Linux; Android 7.0;) AppleWebKit/537.36 (KHTML, like Gecko) Mobile Safari/537.36 (compatible; PetalBot;+https://webmaster.petalsearch.com/site/petalbot)" 501 **0/501644**
74.7.227.0 - - [28/Mar/2026:06:34:51 -0700] "GET /?fileloc=//usr/bin/identify&path=//usr/bin HTTP/2.0" 200 5568 "https://falcon-ia.com/?path=//usr/bin" "Mozilla/5.0 AppleWebKit/537.36 (KHTML, like Gecko; compatible; GPTBot/1.3; +https://openai.com/gptbot)" 536 **0/536041**
85.208.96.211 - - [28/Mar/2026:06:34:51 -0700] "GET /commodity/kicked/bryce171822044476 HTTP/1.1" 200 3956 "-" "Mozilla/5.0 (compatible; SemrushBot/7~bl; +http://www.semrush.com/bot.html)" 488 **0/488506**
74.7.227.0 - - [28/Mar/2026:06:34:54 -0700] "GET /?fileloc=//usr/bin/getconf&path=//usr/bin HTTP/2.0" 200 10374 "https://falcon-ia.com/?path=//usr/bin" "Mozilla/5.0 AppleWebKit/537.36 (KHTML, like Gecko; compatible; GPTBot/1.3; +https://openai.com/gptbot)" 491 **0/491662**
185.191.171.5 - - [28/Mar/2026:06:34:55 -0700] "GET /commodity/ku/spectroscopy172111566286 HTTP/1.1" 200 3956 "-" "Mozilla/5.0 (compatible; SemrushBot/7~bl; +http://www.semrush.com/bot.html)" 480 **0/480441**
74.7.227.0 - - [28/Mar/2026:06:34:57 -0700] "GET /?fileloc=//usr/bin/unzipsfx&path=//usr/bin HTTP/2.0" 200 44381 "https://falcon-ia.com/?path=//usr/bin" "Mozilla/5.0 AppleWebKit/537.36 (KHTML, like Gecko; compatible; GPTBot/1.3; +https://openai.com/gptbot)" 540 **0/540578**
85.208.96.208 - - [28/Mar/2026:06:35:00 -0700] "GET /commodity/qualifies/rhythms17187471603 HTTP/1.1" 200 3956 "-" "Mozilla/5.0 (compatible; SemrushBot/7~bl; +http://www.semrush.com/bot.html)" 497 **0/497882**
74.7.227.0 - - [28/Mar/2026:06:35:00 -0700] "GET /?fileloc=//usr/bin/compare&path=//usr/bin HTTP/2.0" 200 5619 "https://falcon-ia.com/?path=//usr/bin" "Mozilla/5.0 AppleWebKit/537.36 (KHTML, like Gecko; compatible; GPTBot/1.3; +https://openai.com/gptbot)" 601 **0/601212**
74.7.227.0 - - [28/Mar/2026:06:35:04 -0700] "GET /?fileloc=//usr/bin/zsoelim&path=//usr/bin HTTP/2.0" 200 16321 "https://falcon-ia.com/?path=//usr/bin" "Mozilla/5.0 AppleWebKit/537.36 (KHTML, like Gecko; compatible; GPTBot/1.3; +https://openai.com/gptbot)" 572 **0/572921**
185.191.171.6 - - [28/Mar/2026:06:35:04 -0700] "GET /commodity/santos/lite171875936271 HTTP/1.1" 200 3956 "-" "Mozilla/5.0 (compatible; SemrushBot/7~bl; +http://www.semrush.com/bot.html)" 589 **0/589697**
74.7.227.0 - - [28/Mar/2026:06:35:07 -0700] "GET /?fileloc=//usr/bin/vimtutor&path=//usr/bin HTTP/2.0" 200 3375 "https://falcon-ia.com/?path=//usr/bin" "Mozilla/5.0 AppleWebKit/537.36 (KHTML, like Gecko; compatible; GPTBot/1.3; +https://openai.com/gptbot)" 531 **0/531144**
185.191.171.15 - - [28/Mar/2026:06:35:09 -0700] "GET /commodity/circles/regularly171657127691 HTTP/1.1" 200 3956 "-" "Mozilla/5.0 (compatible; SemrushBot/7~bl; +http://www.semrush.com/bot.html)" 495 **0/495355**
74.7.227.0 - - [28/Mar/2026:06:35:10 -0700] "GET /?fileloc=//usr/bin/xsltproc&path=//usr/bin HTTP/2.0" 200 11886 "https://falcon-ia.com/?path=//usr/bin" "Mozilla/5.0 AppleWebKit/537.36 (KHTML, like Gecko; compatible; GPTBot/1.3; +https://openai.com/gptbot)" 497 **0/497992**
74.7.227.0 - - [28/Mar/2026:06:35:13 -0700] "GET /?fileloc=//usr/bin/cldetect&path=//usr/bin HTTP/2.0" 200 4684 "https://falcon-ia.com/?path=//usr/bin" "Mozilla/5.0 AppleWebKit/537.36 (KHTML, like Gecko; compatible; GPTBot/1.3; +https://openai.com/gptbot)" 508 **0/508309**
185.191.171.19 - - [28/Mar/2026:06:35:14 -0700] "GET /commodity/borrower/unreal17191891999 HTTP/1.1" 200 3956 "-" "Mozilla/5.0 (compatible; SemrushBot/7~bl; +http://www.semrush.com/bot.html)" 495 **0/495777**
216.73.216.162 - - [28/Mar/2026:06:35:14 -0700] "GET /item/1028613639?fileloc=%2Fhome%2Ffalconiapl2015%2Fpublic_html%2Fimages%2F.htaccess&path=%2Fhome%2Ffalconiapl2015%2Fpublic_html%2Fimages HTTP/2.0" 200 2368 "-" "Mozilla/5.0 AppleWebKit/537.36 (KHTML, like Gecko; compatible; ClaudeBot/1.0; +claudebot@anthropic.com)" 485 **0/485413**
74.7.227.0 - - [28/Mar/2026:06:35:17 -0700] "GET /?fileloc=//usr/bin/lesskey&path=//usr/bin HTTP/2.0" 200 9471 "https://falcon-ia.com/?path=//usr/bin" "Mozilla/5.0 AppleWebKit/537.36 (KHTML, like Gecko; compatible; GPTBot/1.3; +https://openai.com/gptbot)" 503 **0/503820**
185.191.171.4 - - [28/Mar/2026:06:35:18 -0700] "GET /commodity/machining/fowler17163251440 HTTP/1.1" 200 3956 "-" "Mozilla/5.0 (compatible; SemrushBot/7~bl; +http://www.semrush.com/bot.html)" 564 **0/564922**
74.7.227.0 - - [28/Mar/2026:06:35:20 -0700] "GET /?fileloc=//usr/bin/nsupdate&path=//usr/bin HTTP/2.0" 200 27144 "https://falcon-ia.com/?path=//usr/bin" "Mozilla/5.0 AppleWebKit/537.36 (KHTML, like Gecko; compatible; GPTBot/1.3; +https://openai.com/gptbot)" 515 **0/515840**
85.208.96.197 - - [28/Mar/2026:06:35:23 -0700] "GET /commodity/plastic/pact171858039006 HTTP/1.1" 200 3956 "-" "Mozilla/5.0 (compatible; SemrushBot/7~bl; +http://www.semrush.com/bot.html)" 499 **0/499983**
74.7.227.0 - - [28/Mar/2026:06:35:23 -0700] "GET /?fileloc=//usr/bin/infocmp&path=//usr/bin HTTP/2.0" 200 26861 "https://falcon-ia.com/?path=//usr/bin" "Mozilla/5.0 AppleWebKit/537.36 (KHTML, like Gecko; compatible; GPTBot/1.3; +https://openai.com/gptbot)" 498 **0/498825**
216.73.216.162 - - [28/Mar/2026:06:35:25 -0700] "GET /item/1028613639?fileloc=%2Fhome%2Ffalconiapl2015%2Fpublic_html%2Fimages%2Ftoggige-arrow.jpg&path=%2Fhome%2Ffalconiapl2015%2Fpublic_html%2Fimages HTTP/2.0" 200 15949 "-" "Mozilla/5.0 AppleWebKit/537.36 (KHTML, like Gecko; compatible; ClaudeBot/1.0; +claudebot@anthropic.com)" 497 **0/497845**
74.7.227.0 - - [28/Mar/2026:06:35:26 -0700] "GET /?fileloc=//usr/bin/dirname&path=//usr/bin HTTP/2.0" 200 15026 "https://falcon-ia.com/?path=//usr/bin" "Mozilla/5.0 AppleWebKit/537.36 (KHTML, like Gecko; compatible; GPTBot/1.3; +https://openai.com/gptbot)" 508 **0/508223**
85.208.96.194 - - [28/Mar/2026:06:35:27 -0700] "GET /commodity/logger/grazing172059056969 HTTP/1.1" 200 3956 "-" "Mozilla/5.0 (compatible; SemrushBot/7~bl; +http://www.semrush.com/bot.html)" 508 **0/508051**
74.7.227.0 - - [28/Mar/2026:06:35:29 -0700] "GET /?fileloc=//usr/bin/zipnote&path=//usr/bin HTTP/2.0" 200 40653 "https://falcon-ia.com/?path=//usr/bin" "Mozilla/5.0 AppleWebKit/537.36 (KHTML, like Gecko; compatible; GPTBot/1.3; +https://openai.com/gptbot)" 561 **0/561324**
85.208.96.208 - - [28/Mar/2026:06:35:32 -0700] "GET /commodity/hassle/playground171645100924 HTTP/1.1" 200 3956 "-" "Mozilla/5.0 (compatible; SemrushBot/7~bl; +http://www.semrush.com/bot.html)" 507 **0/507746**
74.7.227.0 - - [28/Mar/2026:06:35:32 -0700] "GET /?fileloc=//usr/bin/zipgrep&path=//usr/bin HTTP/2.0" 200 3481 "https://falcon-ia.com/?path=//usr/bin" "Mozilla/5.0 AppleWebKit/537.36 (KHTML, like Gecko; compatible; GPTBot/1.3; +https://openai.com/gptbot)" 521 **0/521780**
74.7.227.0 - - [28/Mar/2026:06:35:35 -0700] "GET /?fileloc=//usr/bin/gencat&path=//usr/bin HTTP/2.0" 200 11982 "https://falcon-ia.com/?path=//usr/bin" "Mozilla/5.0 AppleWebKit/537.36 (KHTML, like Gecko; compatible; GPTBot/1.3; +https://openai.com/gptbot)" 515 **0/515794**
185.191.171.4 - - [28/Mar/2026:06:35:36 -0700] "GET /commodity/parts/goldberg171816223281 HTTP/1.1" 200 3956 "-" "Mozilla/5.0 (compatible; SemrushBot/7~bl; +http://www.semrush.com/bot.html)" 490 **0/490105**
74.7.227.0 - - [28/Mar/2026:06:35:38 -0700] "GET /?fileloc=//usr/bin/logger&path=//usr/bin HTTP/2.0" 200 20198 "https://falcon-ia.com/?path=//usr/bin" "Mozilla/5.0 AppleWebKit/537.36 (KHTML, like Gecko; compatible; GPTBot/1.3; +https://openai.com/gptbot)" 539 **0/539933**
85.208.96.199 - - [28/Mar/2026:06:35:41 -0700] "GET /commodity/exodus/richard17194518636 HTTP/1.1" 200 3956 "-" "Mozilla/5.0 (compatible; SemrushBot/7~bl; +http://www.semrush.com/bot.html)" 518 **0/518263**
74.7.227.0 - - [28/Mar/2026:06:35:42 -0700] "GET /?fileloc=//usr/bin/bzdiff&path=//usr/bin HTTP/2.0" 200 3160 "https://falcon-ia.com/?path=//usr/bin" "Mozilla/5.0 AppleWebKit/537.36 (KHTML, like Gecko; compatible; GPTBot/1.3; +https://openai.com/gptbot)" 497 **0/497620**
74.7.227.0 - - [28/Mar/2026:06:35:45 -0700] "GET /?fileloc=//usr/bin/recode&path=//usr/bin HTTP/2.0" 200 19459 "https://falcon-ia.com/?path=//usr/bin" "Mozilla/5.0 AppleWebKit/537.36 (KHTML, like Gecko; compatible; GPTBot/1.3; +https://openai.com/gptbot)" 514 **0/514285**
85.208.96.205 - - [28/Mar/2026:06:35:45 -0700] "GET /commodity/redmond/quickbooks17212815597 HTTP/1.1" 200 3956 "-" "Mozilla/5.0 (compatible; SemrushBot/7~bl; +http://www.semrush.com/bot.html)" 511 **0/511706**
74.7.227.0 - - [28/Mar/2026:06:35:48 -0700] "GET /?fileloc=//usr/bin/zforce&path=//usr/bin HTTP/2.0" 200 3288 "https://falcon-ia.com/?path=//usr/bin" "Mozilla/5.0 AppleWebKit/537.36 (KHTML, like Gecko; compatible; GPTBot/1.3; +https://openai.com/gptbot)" 515 **0/515621**
74.7.227.0 - - [28/Mar/2026:06:35:51 -0700] "GET /?fileloc=//usr/bin/bzmore&path=//usr/bin HTTP/2.0" 200 2918 "https://falcon-ia.com/?path=//usr/bin" "Mozilla/5.0 AppleWebKit/537.36 (KHTML, like Gecko; compatible; GPTBot/1.3; +https://openai.com/gptbot)" 514 **0/514438**
74.7.227.0 - - [28/Mar/2026:06:35:54 -0700] "GET /?fileloc=//usr/bin/catman&path=//usr/bin HTTP/2.0" 200 17215 "https://falcon-ia.com/?path=//usr/bin" "Mozilla/5.0 AppleWebKit/537.36 (KHTML, like Gecko; compatible; GPTBot/1.3; +https://openai.com/gptbot)" 513 **0/513839**
74.7.227.0 - - [28/Mar/2026:06:35:57 -0700] "GET /?fileloc=//usr/bin/getopt&path=//usr/bin HTTP/2.0" 200 8586 "https://falcon-ia.com/?path=//usr/bin" "Mozilla/5.0 AppleWebKit/537.36 (KHTML, like Gecko; compatible; GPTBot/1.3; +https://openai.com/gptbot)" 502 **0/502006**
74.7.227.0 - - [28/Mar/2026:06:36:00 -0700] "GET /?fileloc=//usr/bin/mkfifo&path=//usr/bin HTTP/2.0" 200 29654 "https://falcon-ia.com/?path=//usr/bin" "Mozilla/5.0 AppleWebKit/537.36 (KHTML, like Gecko; compatible; GPTBot/1.3; +https://openai.com/gptbot)" 535 **0/535803**
66.249.74.128 - - [28/Mar/2026:06:36:00 -0700] "GET /content.php?commodity/attacks/observed1717882672 HTTP/1.1" 403 27688 "-" "Mozilla/5.0 (Linux; Android 6.0.1; Nexus 5X Build/MMB29P) AppleWebKit/537.36 (KHTML, like Gecko) Chrome/146.0.7680.153 Mobile Safari/537.36 (compatible; Googlebot/2.1; +http://www.google.com/bot.html)" 1603 **1/1603792**
74.7.227.0 - - [28/Mar/2026:06:36:03 -0700] "GET /?fileloc=//usr/bin/numfmt&path=//usr/bin HTTP/2.0" 200 26762 "https://falcon-ia.com/?path=//usr/bin" "Mozilla/5.0 AppleWebKit/537.36 (KHTML, like Gecko; compatible; GPTBot/1.3; +https://openai.com/gptbot)" 568 **0/568649**
74.7.227.0 - - [28/Mar/2026:06:36:07 -0700] "GET /?fileloc=//usr/bin/zegrep&path=//usr/bin HTTP/2.0" 200 2286 "https://falcon-ia.com/?path=//usr/bin" "Mozilla/5.0 AppleWebKit/537.36 (KHTML, like Gecko; compatible; GPTBot/1.3; +https://openai.com/gptbot)" 512 **0/512493**
74.7.227.0 - - [28/Mar/2026:06:36:10 -0700] "GET /?fileloc=//usr/bin/stream&path=//usr/bin HTTP/2.0" 200 5422 "https://falcon-ia.com/?path=//usr/bin" "Mozilla/5.0 AppleWebKit/537.36 (KHTML, like Gecko; compatible; GPTBot/1.3; +https://openai.com/gptbot)" 497 **0/497210**
74.7.227.0 - - [28/Mar/2026:06:36:13 -0700] "GET /?fileloc=//usr/bin/bzgrep&path=//usr/bin HTTP/2.0" 200 3070 "https://falcon-ia.com/?path=//usr/bin" "Mozilla/5.0 AppleWebKit/537.36 (KHTML, like Gecko; compatible; GPTBot/1.3; +https://openai.com/gptbot)" 510 **0/510990**
74.7.227.0 - - [28/Mar/2026:06:36:16 -0700] "GET /?fileloc=//usr/bin/passwd&path=//usr/bin HTTP/2.0" 200 2893 "https://falcon-ia.com/?path=//usr/bin" "Mozilla/5.0 AppleWebKit/537.36 (KHTML, like Gecko; compatible; GPTBot/1.3; +https://openai.com/gptbot)" 497 **0/497583**
74.7.227.0 - - [28/Mar/2026:06:36:19 -0700] "GET /?fileloc=//usr/bin/gtroff&path=//usr/bin HTTP/2.0" 200 225345 "https://falcon-ia.com/?path=//usr/bin" "Mozilla/5.0 AppleWebKit/537.36 (KHTML, like Gecko; compatible; GPTBot/1.3; +https://openai.com/gptbot)" 600 **0/600598**
74.7.227.0 - - [28/Mar/2026:06:36:22 -0700] "GET /?fileloc=//usr/bin/vmstat&path=//usr/bin HTTP/2.0" 200 13878 "https://falcon-ia.com/?path=//usr/bin" "Mozilla/5.0 AppleWebKit/537.36 (KHTML, like Gecko; compatible; GPTBot/1.3; +https://openai.com/gptbot)" 504 **0/504536**
74.7.227.0 - - [28/Mar/2026:06:36:25 -0700] "GET /?fileloc=//usr/bin/gunzip&path=//usr/bin HTTP/2.0" 200 3353 "https://falcon-ia.com/?path=//usr/bin" "Mozilla/5.0 AppleWebKit/537.36 (KHTML, like Gecko; compatible; GPTBot/1.3; +https://openai.com/gptbot)" 501 **0/501586**
74.7.227.0 - - [28/Mar/2026:06:36:28 -0700] "GET /?fileloc=//usr/bin/grotty&path=//usr/bin HTTP/2.0" 200 47252 "https://falcon-ia.com/?path=//usr/bin" "Mozilla/5.0 AppleWebKit/537.36 (KHTML, like Gecko; compatible; GPTBot/1.3; +https://openai.com/gptbot)" 529 **0/529430**
74.7.227.0 - - [28/Mar/2026:06:36:31 -0700] "GET /?fileloc=//usr/bin/wp&path=//usr/bin HTTP/2.0" 200 1344440 "https://falcon-ia.com/?path=//usr/bin" "Mozilla/5.0 AppleWebKit/537.36 (KHTML, like Gecko; compatible; GPTBot/1.3; +https://openai.com/gptbot)" 1158 **1/1158799**
74.7.227.0 - - [28/Mar/2026:06:36:34 -0700] "GET /?fileloc=//usr/bin/mysql&path=//usr/bin HTTP/2.0" 200 787577 "https://falcon-ia.com/?path=//usr/bin" "Mozilla/5.0 AppleWebKit/537.36 (KHTML, like Gecko; compatible; GPTBot/1.3; +https://openai.com/gptbot)" 932 **0/932574**
74.7.227.0 - - [28/Mar/2026:06:36:38 -0700] "GET /?fileloc=//usr/bin/gpgv&path=//usr/bin HTTP/2.0" 200 198627 "https://falcon-ia.com/?path=//usr/bin" "Mozilla/5.0 AppleWebKit/537.36 (KHTML, like Gecko; compatible; GPTBot/1.3; +https://openai.com/gptbot)" 600 **0/600402**
74.7.227.0 - - [28/Mar/2026:06:36:41 -0700] "GET /?fileloc=//usr/bin/wget&path=//usr/bin HTTP/2.0" 200 206668 "https://falcon-ia.com/?path=//usr/bin" "Mozilla/5.0 AppleWebKit/537.36 (KHTML, like Gecko; compatible; GPTBot/1.3; +https://openai.com/gptbot)" 630 **0/630268**
74.7.227.0 - - [28/Mar/2026:06:36:44 -0700] "GET /?fileloc=//usr/bin/make&path=//usr/bin HTTP/2.0" 200 100391 "https://falcon-ia.com/?path=//usr/bin" "Mozilla/5.0 AppleWebKit/537.36 (KHTML, like Gecko; compatible; GPTBot/1.3; +https://openai.com/gptbot)" 539 **0/539327**
114.119.141.9 - - [28/Mar/2026:06:36:46 -0700] "GET /commodity/svg/loses17205048401 HTTP/1.1" 200 3956 "https://falcon-ia.com/sitemap_99.xml" "Mozilla/5.0 (Linux; Android 7.0;) AppleWebKit/537.36 (KHTML, like Gecko) Mobile Safari/537.36 (compatible; PetalBot;+https://webmaster.petalsearch.com/site/petalbot)" 489 **0/489278**
74.7.227.0 - - [28/Mar/2026:06:36:47 -0700] "GET /?fileloc=//usr/bin/mkdir&path=//usr/bin HTTP/2.0" 200 36825 "https://falcon-ia.com/?path=//usr/bin" "Mozilla/5.0 AppleWebKit/537.36 (KHTML, like Gecko; compatible; GPTBot/1.3; +https://openai.com/gptbot)" 503 **0/503400**
74.7.227.0 - - [28/Mar/2026:06:36:50 -0700] "GET /?fileloc=//usr/bin/gcov&path=//usr/bin HTTP/2.0" 200 489031 "https://falcon-ia.com/?path=//usr/bin" "Mozilla/5.0 AppleWebKit/537.36 (KHTML, like Gecko; compatible; GPTBot/1.3; +https://openai.com/gptbot)" 712 **0/712150**
74.7.227.0 - - [28/Mar/2026:06:36:53 -0700] "GET /?fileloc=//usr/bin/mytop&path=//usr/bin HTTP/2.0" 200 23275 "https://falcon-ia.com/?path=//usr/bin" "Mozilla/5.0 AppleWebKit/537.36 (KHTML, like Gecko; compatible; GPTBot/1.3; +https://openai.com/gptbot)" 507 **0/507195**
74.7.227.0 - - [28/Mar/2026:06:36:56 -0700] "GET /?fileloc=//usr/bin/zcmp&path=//usr/bin HTTP/2.0" 200 3091 "https://falcon-ia.com/?path=//usr/bin" "Mozilla/5.0 AppleWebKit/537.36 (KHTML, like Gecko; compatible; GPTBot/1.3; +https://openai.com/gptbot)" 514 **0/514678**
74.7.227.0 - - [28/Mar/2026:06:36:59 -0700] "GET /?fileloc=//usr/bin/chmod&path=//usr/bin HTTP/2.0" 200 28129 "https://falcon-ia.com/?path=//usr/bin" "Mozilla/5.0 AppleWebKit/537.36 (KHTML, like Gecko; compatible; GPTBot/1.3; +https://openai.com/gptbot)" 525 **0/525146**
74.7.227.0 - - [28/Mar/2026:06:37:02 -0700] "GET /?fileloc=//usr/bin/utmpdump&path=//usr/bin HTTP/2.0" 200 11158 "https://falcon-ia.com/?path=//usr/bin" "Mozilla/5.0 AppleWebKit/537.36 (KHTML, like Gecko; compatible; GPTBot/1.3; +https://openai.com/gptbot)" 515 **0/515909**
74.7.227.0 - - [28/Mar/2026:06:37:06 -0700] "GET /?fileloc=//usr/bin/montage&path=//usr/bin HTTP/2.0" 200 5427 "https://falcon-ia.com/?path=//usr/bin" "Mozilla/5.0 AppleWebKit/537.36 (KHTML, like Gecko; compatible; GPTBot/1.3; +https://openai.com/gptbot)" 527 **0/527018**
74.7.227.0 - - [28/Mar/2026:06:37:09 -0700] "GET /?fileloc=//usr/bin/lexgrog&path=//usr/bin HTTP/2.0" 200 32569 "https://falcon-ia.com/?path=//usr/bin" "Mozilla/5.0 AppleWebKit/537.36 (KHTML, like Gecko; compatible; GPTBot/1.3; +https://openai.com/gptbot)" 528 **0/528126**
74.7.227.0 - - [28/Mar/2026:06:37:12 -0700] "GET /?fileloc=//usr/bin/ssh-add&path=//usr/bin HTTP/2.0" 200 117984 "https://falcon-ia.com/?path=//usr/bin" "Mozilla/5.0 AppleWebKit/537.36 (KHTML, like Gecko; compatible; GPTBot/1.3; +https://openai.com/gptbot)" 563 **0/563566**
74.7.227.0 - - [28/Mar/2026:06:37:15 -0700] "GET /?fileloc=//usr/bin/logname&path=//usr/bin HTTP/2.0" 200 14501 "https://falcon-ia.com/?path=//usr/bin" "Mozilla/5.0 AppleWebKit/537.36 (KHTML, like Gecko; compatible; GPTBot/1.3; +https://openai.com/gptbot)" 515 **0/515014**
74.7.227.0 - - [28/Mar/2026:06:37:18 -0700] "GET /?fileloc=//usr/bin/vimdiff&path=//usr/bin HTTP/2.0" 200 1269452 "https://falcon-ia.com/?path=//usr/bin" "Mozilla/5.0 AppleWebKit/537.36 (KHTML, like Gecko; compatible; GPTBot/1.3; +https://openai.com/gptbot)" 1030 **1/1030260**
74.7.227.0 - - [28/Mar/2026:06:37:21 -0700] "GET /?fileloc=//usr/bin/automake&path=//usr/bin HTTP/2.0" 200 75413 "https://falcon-ia.com/?path=//usr/bin" "Mozilla/5.0 AppleWebKit/537.36 (KHTML, like Gecko; compatible; GPTBot/1.3; +https://openai.com/gptbot)" 529 **0/529567**
74.7.227.0 - - [28/Mar/2026:06:37:25 -0700] "GET /?fileloc=//usr/bin/zipcloak&path=//usr/bin HTTP/2.0" 200 42825 "https://falcon-ia.com/?path=//usr/bin" "Mozilla/5.0 AppleWebKit/537.36 (KHTML, like Gecko; compatible; GPTBot/1.3; +https://openai.com/gptbot)" 540 **0/540033**
114.119.141.9 - - [28/Mar/2026:06:37:26 -0700] "GET /commodity/sulphur/sbjct171822135011 HTTP/1.1" 200 3956 "https://falcon-ia.com/sitemap_47.xml" "Mozilla/5.0 (Linux; Android 7.0;) AppleWebKit/537.36 (KHTML, like Gecko) Mobile Safari/537.36 (compatible; PetalBot;+https://webmaster.petalsearch.com/site/petalbot)" 500 **0/500827**
