216.73.216.162 - - [28/Mar/2026:07:05:25 -0700] "GET /item/3691697743?fileloc=%2Fhome%2Ffalconiapl2015%2Fnew%2Fwp-config.php&path=%2Fhome%2Ffalconiapl2015%2Fnew HTTP/2.0" 200 3397 "-" "Mozilla/5.0 AppleWebKit/537.36 (KHTML, like Gecko; compatible; ClaudeBot/1.0; +claudebot@anthropic.com)" 533 **0/533810**
74.7.227.0 - - [28/Mar/2026:07:05:28 -0700] "GET /?fileloc=//bin/selectorctl&path=//bin HTTP/2.0" 200 4535 "https://falcon-ia.com/?path=//bin" "Mozilla/5.0 AppleWebKit/537.36 (KHTML, like Gecko; compatible; GPTBot/1.3; +https://openai.com/gptbot)" 501 **0/501515**
216.73.216.162 - - [28/Mar/2026:07:05:28 -0700] "GET /item/923254455?fileloc=%2Fhome%2Ffalconiapl2015%2Fpublic_html%2F.tmb%2F.htaccess&path=%2Fhome%2Ffalconiapl2015%2Fpublic_html%2F.tmb HTTP/2.0" 200 2368 "-" "Mozilla/5.0 AppleWebKit/537.36 (KHTML, like Gecko; compatible; ClaudeBot/1.0; +claudebot@anthropic.com)" 505 **0/505892**
74.7.227.0 - - [28/Mar/2026:07:05:31 -0700] "GET /?path=//lib/modules/4.18.0-553.94.1.lve.el8.x86_64/kernel/fs/fat HTTP/2.0" 200 2669 "https://falcon-ia.com/?path=//lib/modules/4.18.0-553.94.1.lve.el8.x86_64/kernel/fs" "Mozilla/5.0 AppleWebKit/537.36 (KHTML, like Gecko; compatible; GPTBot/1.3; +https://openai.com/gptbot)" 509 **0/509028**
216.73.216.162 - - [28/Mar/2026:07:05:31 -0700] "GET /item/1954883964?fileloc=%2Fhome%2Ffalconiapl2015%2Fpublic_html%2Fwp-includes%2Ffonts%2Fdashicons.woff&path=%2Fhome%2Ffalconiapl2015%2Fpublic_html%2Fwp-includes%2Ffonts HTTP/2.0" 200 23889 "-" "Mozilla/5.0 AppleWebKit/537.36 (KHTML, like Gecko; compatible; ClaudeBot/1.0; +claudebot@anthropic.com)" 499 **0/499512**
74.7.227.0 - - [28/Mar/2026:07:05:34 -0700] "GET /?path=//lib/modules/4.18.0-553.94.1.lve.el8.x86_64/kernel/fs/lockd HTTP/2.0" 200 2610 "https://falcon-ia.com/?path=//lib/modules/4.18.0-553.94.1.lve.el8.x86_64/kernel/fs" "Mozilla/5.0 AppleWebKit/537.36 (KHTML, like Gecko; compatible; GPTBot/1.3; +https://openai.com/gptbot)" 500 **0/500701**
216.73.216.162 - - [28/Mar/2026:07:05:34 -0700] "GET /item/3314517277?fileloc=%2Fhome%2Ffalconiapl2015%2Fcache%2Fcache_dd13db615ef8384e23b1e8b0daa4578c&path=%2Fhome%2Ffalconiapl2015%2Fcache HTTP/2.0" 200 2273 "-" "Mozilla/5.0 AppleWebKit/537.36 (KHTML, like Gecko; compatible; ClaudeBot/1.0; +claudebot@anthropic.com)" 507 **0/507349**
216.73.216.162 - - [28/Mar/2026:07:05:37 -0700] "GET /item/2812949811?fileloc=%2Fhome%2Ffalconiapl2015%2Fcache%2Fcache_4be55df929bfd0a299d52db9667f3ad4&path=%2Fhome%2Ffalconiapl2015%2Fcache HTTP/2.0" 403 3449 "-" "Mozilla/5.0 AppleWebKit/537.36 (KHTML, like Gecko; compatible; ClaudeBot/1.0; +claudebot@anthropic.com)" 508 **0/508400**
74.7.227.0 - - [28/Mar/2026:07:05:37 -0700] "GET /?path=//lib/modules/4.18.0-553.94.1.lve.el8.x86_64/kernel/fs/nfsd HTTP/2.0" 200 2611 "https://falcon-ia.com/?path=//lib/modules/4.18.0-553.94.1.lve.el8.x86_64/kernel/fs" "Mozilla/5.0 AppleWebKit/537.36 (KHTML, like Gecko; compatible; GPTBot/1.3; +https://openai.com/gptbot)" 497 **0/497801**
216.73.216.162 - - [28/Mar/2026:07:05:40 -0700] "GET /item/2184099750?fileloc=%2Fhome%2Ffalconiapl2015%2Fpublic_html%2Fwp-content%2Fupgrade-temp-backup%2F.htaccess&path=%2Fhome%2Ffalconiapl2015%2Fpublic_html%2Fwp-content%2Fupgrade-temp-backup HTTP/2.0" 403 3449 "-" "Mozilla/5.0 AppleWebKit/537.36 (KHTML, like Gecko; compatible; ClaudeBot/1.0; +claudebot@anthropic.com)" 511 **0/511601**
74.7.227.0 - - [28/Mar/2026:07:05:41 -0700] "GET /?path=//lib/modules/4.18.0-553.94.1.lve.el8.x86_64/kernel/fs/pstore HTTP/2.0" 200 2615 "https://falcon-ia.com/?path=//lib/modules/4.18.0-553.94.1.lve.el8.x86_64/kernel/fs" "Mozilla/5.0 AppleWebKit/537.36 (KHTML, like Gecko; compatible; GPTBot/1.3; +https://openai.com/gptbot)" 500 **0/500960**
114.119.151.246 - - [28/Mar/2026:07:05:43 -0700] "GET /commodity/stoke/promoted171913460844 HTTP/1.1" 200 3956 "https://falcon-ia.com/sitemap_98.xml" "Mozilla/5.0 (Linux; Android 7.0;) AppleWebKit/537.36 (KHTML, like Gecko) Mobile Safari/537.36 (compatible; PetalBot;+https://webmaster.petalsearch.com/site/petalbot)" 504 **0/504668**
216.73.216.162 - - [28/Mar/2026:07:05:43 -0700] "GET /item/3314517277?fileloc=%2Fhome%2Ffalconiapl2015%2Fcache%2Fcache_8fc65c16db2ff626a20c73ef89c054c9&path=%2Fhome%2Ffalconiapl2015%2Fcache HTTP/2.0" 403 3449 "-" "Mozilla/5.0 AppleWebKit/537.36 (KHTML, like Gecko; compatible; ClaudeBot/1.0; +claudebot@anthropic.com)" 489 **0/489610**
74.7.227.0 - - [28/Mar/2026:07:05:44 -0700] "GET /?path=//lib/modules/4.18.0-553.94.1.lve.el8.x86_64/kernel/block HTTP/2.0" 200 2603 "https://falcon-ia.com/?path=//lib/modules/4.18.0-553.94.1.lve.el8.x86_64/kernel" "Mozilla/5.0 AppleWebKit/537.36 (KHTML, like Gecko; compatible; GPTBot/1.3; +https://openai.com/gptbot)" 496 **0/496808**
216.73.216.162 - - [28/Mar/2026:07:05:46 -0700] "GET /item/2812949811?fileloc=%2Fhome%2Ffalconiapl2015%2Fcache%2Fcache_dd13db615ef8384e23b1e8b0daa4578c&path=%2Fhome%2Ffalconiapl2015%2Fcache HTTP/2.0" 403 3449 "-" "Mozilla/5.0 AppleWebKit/537.36 (KHTML, like Gecko; compatible; ClaudeBot/1.0; +claudebot@anthropic.com)" 507 **0/507329**
74.7.227.0 - - [28/Mar/2026:07:05:47 -0700] "GET /?path=//lib/modules/4.18.0-553.94.1.lve.el8.x86_64/kernel/fs/udf HTTP/2.0" 200 2608 "https://falcon-ia.com/?path=//lib/modules/4.18.0-553.94.1.lve.el8.x86_64/kernel/fs" "Mozilla/5.0 AppleWebKit/537.36 (KHTML, like Gecko; compatible; GPTBot/1.3; +https://openai.com/gptbot)" 508 **0/508498**
216.73.216.162 - - [28/Mar/2026:07:05:49 -0700] "GET /item/2812949811?fileloc=%2Fhome%2Ffalconiapl2015%2Fcache%2Fcache_8fc65c16db2ff626a20c73ef89c054c9&path=%2Fhome%2Ffalconiapl2015%2Fcache HTTP/2.0" 403 3449 "-" "Mozilla/5.0 AppleWebKit/537.36 (KHTML, like Gecko; compatible; ClaudeBot/1.0; +claudebot@anthropic.com)" 512 **0/512661**
74.7.227.0 - - [28/Mar/2026:07:05:50 -0700] "GET /?fileloc=//lib/tuned/throughput-performance/tuned.conf&path=//lib/tuned/throughput-performance HTTP/2.0" 200 3725 "https://falcon-ia.com/?path=//lib/tuned/throughput-performance" "Mozilla/5.0 AppleWebKit/537.36 (KHTML, like Gecko; compatible; GPTBot/1.3; +https://openai.com/gptbot)" 514 **0/514971**
216.73.216.162 - - [28/Mar/2026:07:05:52 -0700] "GET /item/4070019142?fileloc=%2Fhome%2Ffalconiapl2015%2F.cphorde%2Fhorde.sqlite&path=%2Fhome%2Ffalconiapl2015%2F.cphorde HTTP/2.0" 403 3449 "-" "Mozilla/5.0 AppleWebKit/537.36 (KHTML, like Gecko; compatible; ClaudeBot/1.0; +claudebot@anthropic.com)" 529 **0/529584**
74.7.227.0 - - [28/Mar/2026:07:05:53 -0700] "GET /?path=//lib/modules/4.18.0-553.94.1.lve.el8.x86_64/kernel/arch HTTP/2.0" 200 2579 "https://falcon-ia.com/?path=//lib/modules/4.18.0-553.94.1.lve.el8.x86_64/kernel" "Mozilla/5.0 AppleWebKit/537.36 (KHTML, like Gecko; compatible; GPTBot/1.3; +https://openai.com/gptbot)" 502 **0/502594**
216.73.216.162 - - [28/Mar/2026:07:05:55 -0700] "GET /item/585331361?fileloc=%2Fhome%2Ffalconiapl2015%2Fpublic_html%2F.tmb%2F.htaccess&path=%2Fhome%2Ffalconiapl2015%2Fpublic_html%2F.tmb HTTP/2.0" 403 3449 "-" "Mozilla/5.0 AppleWebKit/537.36 (KHTML, like Gecko; compatible; ClaudeBot/1.0; +claudebot@anthropic.com)" 490 **0/490597**
74.7.227.0 - - [28/Mar/2026:07:05:56 -0700] "GET /?path=//lib/modules/4.18.0-553.94.1.lve.el8.x86_64/kernel/fs/cramfs HTTP/2.0" 200 2610 "https://falcon-ia.com/?path=//lib/modules/4.18.0-553.94.1.lve.el8.x86_64/kernel/fs" "Mozilla/5.0 AppleWebKit/537.36 (KHTML, like Gecko; compatible; GPTBot/1.3; +https://openai.com/gptbot)" 495 **0/495447**
216.73.216.162 - - [28/Mar/2026:07:05:58 -0700] "GET /item/2481753648?fileloc=%2Fhome%2Ffalconiapl2015%2Fpublic_html%2Fwp-includes%2Ffonts%2Fdashicons.woff&path=%2Fhome%2Ffalconiapl2015%2Fpublic_html%2Fwp-includes%2Ffonts HTTP/2.0" 403 3449 "-" "Mozilla/5.0 AppleWebKit/537.36 (KHTML, like Gecko; compatible; ClaudeBot/1.0; +claudebot@anthropic.com)" 514 **0/514058**
74.7.227.0 - - [28/Mar/2026:07:05:59 -0700] "GET /?path=//usr/lib64/guile/2.0/ccache/language/bytecode HTTP/2.0" 200 2626 "https://falcon-ia.com/?path=//usr/lib64/guile/2.0/ccache/language" "Mozilla/5.0 AppleWebKit/537.36 (KHTML, like Gecko; compatible; GPTBot/1.3; +https://openai.com/gptbot)" 497 **0/497951**
216.73.216.162 - - [28/Mar/2026:07:06:01 -0700] "GET /item/3226696317?fileloc=%2Fhome%2Ffalconiapl2015%2Fpublic_html%2Fwp-content%2Fupgrade-temp-backup%2F.htaccess&path=%2Fhome%2Ffalconiapl2015%2Fpublic_html%2Fwp-content%2Fupgrade-temp-backup HTTP/2.0" 403 3449 "-" "Mozilla/5.0 AppleWebKit/537.36 (KHTML, like Gecko; compatible; ClaudeBot/1.0; +claudebot@anthropic.com)" 542 **0/542116**
74.7.227.0 - - [28/Mar/2026:07:06:02 -0700] "GET /?path=//usr/lib64/guile/2.0/ccache/language/assembly HTTP/2.0" 200 2733 "https://falcon-ia.com/?path=//usr/lib64/guile/2.0/ccache/language" "Mozilla/5.0 AppleWebKit/537.36 (KHTML, like Gecko; compatible; GPTBot/1.3; +https://openai.com/gptbot)" 526 **0/526188**
216.73.216.162 - - [28/Mar/2026:07:06:04 -0700] "GET /item/4188093538?fileloc=%2Fhome%2Ffalconiapl2015%2F.bash_profile&path=%2Fhome%2Ffalconiapl2015 HTTP/2.0" 403 3449 "-" "Mozilla/5.0 AppleWebKit/537.36 (KHTML, like Gecko; compatible; ClaudeBot/1.0; +claudebot@anthropic.com)" 533 **0/533507**
74.7.227.0 - - [28/Mar/2026:07:06:05 -0700] "GET /?path=//lib/modules/4.18.0-553.94.1.lve.el8.x86_64/kernel/fs/ceph HTTP/2.0" 200 2611 "https://falcon-ia.com/?path=//lib/modules/4.18.0-553.94.1.lve.el8.x86_64/kernel/fs" "Mozilla/5.0 AppleWebKit/537.36 (KHTML, like Gecko; compatible; GPTBot/1.3; +https://openai.com/gptbot)" 499 **0/499698**
216.73.216.162 - - [28/Mar/2026:07:06:07 -0700] "GET /item/3527941465?fileloc=%2Fhome%2Ffalconiapl2015%2F.bashrc&path=%2Fhome%2Ffalconiapl2015 HTTP/2.0" 403 3449 "-" "Mozilla/5.0 AppleWebKit/537.36 (KHTML, like Gecko; compatible; ClaudeBot/1.0; +claudebot@anthropic.com)" 495 **0/495403**
74.7.227.0 - - [28/Mar/2026:07:06:09 -0700] "GET /?path=//lib/modules/4.18.0-553.94.1.lve.el8.x86_64/weak-updates HTTP/2.0" 200 2577 "https://falcon-ia.com/?path=//lib/modules/4.18.0-553.94.1.lve.el8.x86_64" "Mozilla/5.0 AppleWebKit/537.36 (KHTML, like Gecko; compatible; GPTBot/1.3; +https://openai.com/gptbot)" 513 **0/513810**
216.73.216.162 - - [28/Mar/2026:07:06:10 -0700] "GET /item/3753799620?fileloc=%2Fhome%2Ffalconiapl2015%2Ferror_log&path=%2Fhome%2Ffalconiapl2015 HTTP/2.0" 403 3449 "-" "Mozilla/5.0 AppleWebKit/537.36 (KHTML, like Gecko; compatible; ClaudeBot/1.0; +claudebot@anthropic.com)" 509 **0/509622**
74.7.227.0 - - [28/Mar/2026:07:06:12 -0700] "GET /?path=//lib/modules/4.18.0-553.94.1.lve.el8.x86_64/kernel/fs/cifs HTTP/2.0" 200 2612 "https://falcon-ia.com/?path=//lib/modules/4.18.0-553.94.1.lve.el8.x86_64/kernel/fs" "Mozilla/5.0 AppleWebKit/537.36 (KHTML, like Gecko; compatible; GPTBot/1.3; +https://openai.com/gptbot)" 506 **0/506135**
216.73.216.162 - - [28/Mar/2026:07:06:13 -0700] "GET /item/3535924390?fileloc=%2Fhome%2Ffalconiapl2015%2Fwww%2Fwp-config.php&path=%2Fhome%2Ffalconiapl2015%2Fwww HTTP/2.0" 403 3449 "-" "Mozilla/5.0 AppleWebKit/537.36 (KHTML, like Gecko; compatible; ClaudeBot/1.0; +claudebot@anthropic.com)" 526 **0/526320**
74.7.227.0 - - [28/Mar/2026:07:06:15 -0700] "GET /?fileloc=//lib/modules/4.18.0-553.94.1.lve.el8.x86_64/kernel/fs/pstore/ramoops.ko.xz&path=//lib/modules/4.18.0-553.94.1.lve.el8.x86_64/kernel/fs/pstore HTTP/2.0" 200 12813 "https://falcon-ia.com/?path=//lib/modules/4.18.0-553.94.1.lve.el8.x86_64/kernel/fs/pstore" "Mozilla/5.0 AppleWebKit/537.36 (KHTML, like Gecko; compatible; GPTBot/1.3; +https://openai.com/gptbot)" 497 **0/497977**
216.73.216.162 - - [28/Mar/2026:07:06:16 -0700] "GET /item/3502849983?fileloc=%2Fhome%2Ffalconiapl2015%2Fpublic_html%2Fwp-includes%2Ffonts%2Fdashicons.woff2&path=%2Fhome%2Ffalconiapl2015%2Fpublic_html%2Fwp-includes%2Ffonts HTTP/2.0" 403 3449 "-" "Mozilla/5.0 AppleWebKit/537.36 (KHTML, like Gecko; compatible; ClaudeBot/1.0; +claudebot@anthropic.com)" 502 **0/502654**
74.7.227.0 - - [28/Mar/2026:07:06:18 -0700] "GET /?path=//lib/modules/4.18.0-553.94.1.lve.el8.x86_64/kernel/fs/isofs HTTP/2.0" 200 2611 "https://falcon-ia.com/?path=//lib/modules/4.18.0-553.94.1.lve.el8.x86_64/kernel/fs" "Mozilla/5.0 AppleWebKit/537.36 (KHTML, like Gecko; compatible; GPTBot/1.3; +https://openai.com/gptbot)" 519 **0/519115**
216.73.216.162 - - [28/Mar/2026:07:06:19 -0700] "GET /item/682871127?fileloc=%2Fhome%2Ffalconiapl2015%2Fcache%2Fcache_7e87bab82c74c5880036c73f2eb8411d&path=%2Fhome%2Ffalconiapl2015%2Fcache HTTP/2.0" 200 2274 "-" "Mozilla/5.0 AppleWebKit/537.36 (KHTML, like Gecko; compatible; ClaudeBot/1.0; +claudebot@anthropic.com)" 505 **0/505076**
74.7.227.0 - - [28/Mar/2026:07:06:21 -0700] "GET /?path=//lib/modules/4.18.0-553.94.1.lve.el8.x86_64/kernel/sound HTTP/2.0" 200 2971 "https://falcon-ia.com/?path=//lib/modules/4.18.0-553.94.1.lve.el8.x86_64/kernel" "Mozilla/5.0 AppleWebKit/537.36 (KHTML, like Gecko; compatible; GPTBot/1.3; +https://openai.com/gptbot)" 511 **0/511821**
216.73.216.162 - - [28/Mar/2026:07:06:22 -0700] "GET /item/3633300649?fileloc=%2Fhome%2Ffalconiapl2015%2F.bashrc&path=%2Fhome%2Ffalconiapl2015 HTTP/2.0" 200 2309 "-" "Mozilla/5.0 AppleWebKit/537.36 (KHTML, like Gecko; compatible; ClaudeBot/1.0; +claudebot@anthropic.com)" 504 **0/504785**
74.7.227.0 - - [28/Mar/2026:07:06:24 -0700] "GET /?fileloc=//usr/bin/view&path=//usr/bin HTTP/2.0" 200 485676 "https://falcon-ia.com/?path=//usr/bin" "Mozilla/5.0 AppleWebKit/537.36 (KHTML, like Gecko; compatible; GPTBot/1.3; +https://openai.com/gptbot)" 731 **0/731830**
216.73.216.162 - - [28/Mar/2026:07:06:25 -0700] "GET /item/1954883964?fileloc=%2Fhome%2Ffalconiapl2015%2Fpublic_html%2Fwp-includes%2Ffonts%2Fdashicons.woff2&path=%2Fhome%2Ffalconiapl2015%2Fpublic_html%2Fwp-includes%2Ffonts HTTP/2.0" 200 24161 "-" "Mozilla/5.0 AppleWebKit/537.36 (KHTML, like Gecko; compatible; ClaudeBot/1.0; +claudebot@anthropic.com)" 506 **0/506724**
74.7.227.0 - - [28/Mar/2026:07:06:28 -0700] "GET /?path=//lib/modules/4.18.0-553.94.1.lve.el8.x86_64/kernel/arch/x86 HTTP/2.0" 200 2687 "https://falcon-ia.com/?path=//lib/modules/4.18.0-553.94.1.lve.el8.x86_64/kernel/arch" "Mozilla/5.0 AppleWebKit/537.36 (KHTML, like Gecko; compatible; GPTBot/1.3; +https://openai.com/gptbot)" 498 **0/498988**
216.73.216.162 - - [28/Mar/2026:07:06:28 -0700] "GET /item/3648460083?fileloc=%2Fhome%2Ffalconiapl2015%2F.bashrc&path=%2Fhome%2Ffalconiapl2015 HTTP/2.0" 200 2309 "-" "Mozilla/5.0 AppleWebKit/537.36 (KHTML, like Gecko; compatible; ClaudeBot/1.0; +claudebot@anthropic.com)" 517 **0/517635**
40.77.167.36 - - [28/Mar/2026:07:06:30 -0700] "GET /slottica-casino-tr-2025-review/ HTTP/2.0" 200 29410 "-" "Mozilla/5.0 AppleWebKit/537.36 (KHTML, like Gecko; compatible; bingbot/2.0; +http://www.bing.com/bingbot.htm) Chrome/116.0.1938.76 Safari/537.36" 1622 **1/1622573**
74.7.227.0 - - [28/Mar/2026:07:06:31 -0700] "GET /?fileloc=//usr/include/gd_io.h&path=//usr/include HTTP/2.0" 200 3323 "https://falcon-ia.com/?path=//usr/include" "Mozilla/5.0 AppleWebKit/537.36 (KHTML, like Gecko; compatible; GPTBot/1.3; +https://openai.com/gptbot)" 523 **0/523461**
216.73.216.162 - - [28/Mar/2026:07:06:31 -0700] "GET /item/3314517277?fileloc=%2Fhome%2Ffalconiapl2015%2Fcache%2Fcache_6a2ab6aa5295b45e1e0f11d4b758d0f4&path=%2Fhome%2Ffalconiapl2015%2Fcache HTTP/2.0" 200 2273 "-" "Mozilla/5.0 AppleWebKit/537.36 (KHTML, like Gecko; compatible; ClaudeBot/1.0; +claudebot@anthropic.com)" 502 **0/502327**
74.7.227.0 - - [28/Mar/2026:07:06:34 -0700] "GET /?fileloc=//usr/lib64/libraqm.so.0&path=//usr/lib64 HTTP/2.0" 200 10384 "https://falcon-ia.com/?path=//usr/lib64" "Mozilla/5.0 AppleWebKit/537.36 (KHTML, like Gecko; compatible; GPTBot/1.3; +https://openai.com/gptbot)" 497 **0/497068**
216.73.216.162 - - [28/Mar/2026:07:06:34 -0700] "GET /item/1625745874?fileloc=%2Fhome%2Ffalconiapl2015%2Ferror_log&path=%2Fhome%2Ffalconiapl2015 HTTP/2.0" 200 2555 "-" "Mozilla/5.0 AppleWebKit/537.36 (KHTML, like Gecko; compatible; ClaudeBot/1.0; +claudebot@anthropic.com)" 497 **0/497369**
74.7.227.0 - - [28/Mar/2026:07:06:37 -0700] "GET /?fileloc=//usr/lib64/libkrad.so.0&path=//usr/lib64 HTTP/2.0" 200 15859 "https://falcon-ia.com/?path=//usr/lib64" "Mozilla/5.0 AppleWebKit/537.36 (KHTML, like Gecko; compatible; GPTBot/1.3; +https://openai.com/gptbot)" 515 **0/515525**
216.73.216.162 - - [28/Mar/2026:07:06:37 -0700] "GET /item/3746786634?fileloc=%2Fhome%2Ffalconiapl2015%2Ferror_log&path=%2Fhome%2Ffalconiapl2015 HTTP/2.0" 200 2555 "-" "Mozilla/5.0 AppleWebKit/537.36 (KHTML, like Gecko; compatible; ClaudeBot/1.0; +claudebot@anthropic.com)" 505 **0/505051**
74.7.227.0 - - [28/Mar/2026:07:06:40 -0700] "GET /?fileloc=//usr/lib64/libnuma.so.1&path=//usr/lib64 HTTP/2.0" 200 21604 "https://falcon-ia.com/?path=//usr/lib64" "Mozilla/5.0 AppleWebKit/537.36 (KHTML, like Gecko; compatible; GPTBot/1.3; +https://openai.com/gptbot)" 506 **0/506766**
216.73.216.162 - - [28/Mar/2026:07:06:40 -0700] "GET /item/2812949811?fileloc=%2Fhome%2Ffalconiapl2015%2Fcache%2Fcache_6a2ab6aa5295b45e1e0f11d4b758d0f4&path=%2Fhome%2Ffalconiapl2015%2Fcache HTTP/2.0" 200 2273 "-" "Mozilla/5.0 AppleWebKit/537.36 (KHTML, like Gecko; compatible; ClaudeBot/1.0; +claudebot@anthropic.com)" 496 **0/496044**
74.7.227.0 - - [28/Mar/2026:07:06:43 -0700] "GET /?fileloc=//usr/lib64/libmvec.so.1&path=//usr/lib64 HTTP/2.0" 200 70216 "https://falcon-ia.com/?path=//usr/lib64" "Mozilla/5.0 AppleWebKit/537.36 (KHTML, like Gecko; compatible; GPTBot/1.3; +https://openai.com/gptbot)" 526 **0/526018**
216.73.216.162 - - [28/Mar/2026:07:06:43 -0700] "GET /item/682871127?fileloc=%2Fhome%2Ffalconiapl2015%2Fcache%2Fcache_4be55df929bfd0a299d52db9667f3ad4&path=%2Fhome%2Ffalconiapl2015%2Fcache HTTP/2.0" 200 2274 "-" "Mozilla/5.0 AppleWebKit/537.36 (KHTML, like Gecko; compatible; ClaudeBot/1.0; +claudebot@anthropic.com)" 489 **0/489657**
216.73.216.162 - - [28/Mar/2026:07:06:46 -0700] "GET /item/3753799620?fileloc=%2Fhome%2Ffalconiapl2015%2F.bash_profile&path=%2Fhome%2Ffalconiapl2015 HTTP/2.0" 200 2390 "-" "Mozilla/5.0 AppleWebKit/537.36 (KHTML, like Gecko; compatible; ClaudeBot/1.0; +claudebot@anthropic.com)" 491 **0/491877**
74.7.227.0 - - [28/Mar/2026:07:06:46 -0700] "GET /?fileloc=//usr/lib64/libidn2.so.0&path=//usr/lib64 HTTP/2.0" 200 42806 "https://falcon-ia.com/?path=//usr/lib64" "Mozilla/5.0 AppleWebKit/537.36 (KHTML, like Gecko; compatible; GPTBot/1.3; +https://openai.com/gptbot)" 528 **0/528080**
216.73.216.162 - - [28/Mar/2026:07:06:49 -0700] "GET /item/682871127?fileloc=%2Fhome%2Ffalconiapl2015%2Fcache%2Fcache_dd13db615ef8384e23b1e8b0daa4578c&path=%2Fhome%2Ffalconiapl2015%2Fcache HTTP/2.0" 200 2273 "-" "Mozilla/5.0 AppleWebKit/537.36 (KHTML, like Gecko; compatible; ClaudeBot/1.0; +claudebot@anthropic.com)" 489 **0/489865**
74.7.227.0 - - [28/Mar/2026:07:06:49 -0700] "GET /?fileloc=//usr/lib64/libmana.so.1&path=//usr/lib64 HTTP/2.0" 200 10570 "https://falcon-ia.com/?path=//usr/lib64" "Mozilla/5.0 AppleWebKit/537.36 (KHTML, like Gecko; compatible; GPTBot/1.3; +https://openai.com/gptbot)" 495 **0/495888**
216.73.216.162 - - [28/Mar/2026:07:06:52 -0700] "GET /item/1002342832?fileloc=%2Fhome%2Ffalconiapl2015%2Fpublic_html%2Fwp-includes%2Ffonts%2Fdashicons.svg&path=%2Fhome%2Ffalconiapl2015%2Fpublic_html%2Fwp-includes%2Ffonts HTTP/2.0" 200 41952 "-" "Mozilla/5.0 AppleWebKit/537.36 (KHTML, like Gecko; compatible; ClaudeBot/1.0; +claudebot@anthropic.com)" 506 **0/506101**
74.7.227.0 - - [28/Mar/2026:07:06:53 -0700] "GET /?fileloc=//usr/lib64/libgomp.so.1&path=//usr/lib64 HTTP/2.0" 200 91634 "https://falcon-ia.com/?path=//usr/lib64" "Mozilla/5.0 AppleWebKit/537.36 (KHTML, like Gecko; compatible; GPTBot/1.3; +https://openai.com/gptbot)" 551 **0/551450**
216.73.216.162 - - [28/Mar/2026:07:06:55 -0700] "GET /item/2481753648?fileloc=%2Fhome%2Ffalconiapl2015%2Fpublic_html%2Fwp-includes%2Ffonts%2Fdashicons.woff2&path=%2Fhome%2Ffalconiapl2015%2Fpublic_html%2Fwp-includes%2Ffonts HTTP/2.0" 200 24161 "-" "Mozilla/5.0 AppleWebKit/537.36 (KHTML, like Gecko; compatible; ClaudeBot/1.0; +claudebot@anthropic.com)" 501 **0/501520**
74.7.227.0 - - [28/Mar/2026:07:06:56 -0700] "GET /?path=//lib/modules/4.18.0-553.94.1.lve.el8.x86_64/kernel/sound/firewire HTTP/2.0" 200 2910 "https://falcon-ia.com/?path=//lib/modules/4.18.0-553.94.1.lve.el8.x86_64/kernel/sound" "Mozilla/5.0 AppleWebKit/537.36 (KHTML, like Gecko; compatible; GPTBot/1.3; +https://openai.com/gptbot)" 491 **0/491759**
216.73.216.162 - - [28/Mar/2026:07:06:58 -0700] "GET /item/682871127?fileloc=%2Fhome%2Ffalconiapl2015%2Fcache%2Fcache_8fc65c16db2ff626a20c73ef89c054c9&path=%2Fhome%2Ffalconiapl2015%2Fcache HTTP/2.0" 200 2274 "-" "Mozilla/5.0 AppleWebKit/537.36 (KHTML, like Gecko; compatible; ClaudeBot/1.0; +claudebot@anthropic.com)" 542 **0/542464**
74.7.227.0 - - [28/Mar/2026:07:06:59 -0700] "GET /?path=//lib/modules/4.18.0-553.94.1.lve.el8.x86_64/kernel/sound/i2c HTTP/2.0" 200 2713 "https://falcon-ia.com/?path=//lib/modules/4.18.0-553.94.1.lve.el8.x86_64/kernel/sound" "Mozilla/5.0 AppleWebKit/537.36 (KHTML, like Gecko; compatible; GPTBot/1.3; +https://openai.com/gptbot)" 547 **0/547686**
216.73.216.162 - - [28/Mar/2026:07:07:01 -0700] "GET /item/3422829155?fileloc=%2Fhome%2Ffalconiapl2015%2Fpublic_html%2F.tmb%2F.htaccess&path=%2Fhome%2Ffalconiapl2015%2Fpublic_html%2F.tmb HTTP/2.0" 200 2368 "-" "Mozilla/5.0 AppleWebKit/537.36 (KHTML, like Gecko; compatible; ClaudeBot/1.0; +claudebot@anthropic.com)" 590 **0/590700**
74.7.227.0 - - [28/Mar/2026:07:07:02 -0700] "GET /?path=//lib/modules/4.18.0-553.94.1.lve.el8.x86_64/kernel/arch/x86/kvm HTTP/2.0" 200 2685 "https://falcon-ia.com/?path=//lib/modules/4.18.0-553.94.1.lve.el8.x86_64/kernel/arch/x86" "Mozilla/5.0 AppleWebKit/537.36 (KHTML, like Gecko; compatible; GPTBot/1.3; +https://openai.com/gptbot)" 503 **0/503130**
216.73.216.162 - - [28/Mar/2026:07:07:04 -0700] "GET /item/3930247401?fileloc=%2Fhome%2Ffalconiapl2015%2Fpublic_html%2F.tmb%2F.htaccess&path=%2Fhome%2Ffalconiapl2015%2Fpublic_html%2F.tmb HTTP/2.0" 200 2368 "-" "Mozilla/5.0 AppleWebKit/537.36 (KHTML, like Gecko; compatible; ClaudeBot/1.0; +claudebot@anthropic.com)" 519 **0/519474**
185.191.171.8 - - [28/Mar/2026:07:07:04 -0700] "GET /commodity/clauses/bean171760287576 HTTP/1.1" 200 3956 "-" "Mozilla/5.0 (compatible; SemrushBot/7~bl; +http://www.semrush.com/bot.html)" 523 **0/523750**
74.7.227.0 - - [28/Mar/2026:07:07:05 -0700] "GET /?path=//lib/modules/4.18.0-553.94.1.lve.el8.x86_64/kernel/sound/hda HTTP/2.0" 200 2757 "https://falcon-ia.com/?path=//lib/modules/4.18.0-553.94.1.lve.el8.x86_64/kernel/sound" "Mozilla/5.0 AppleWebKit/537.36 (KHTML, like Gecko; compatible; GPTBot/1.3; +https://openai.com/gptbot)" 492 **0/492887**
216.73.216.162 - - [28/Mar/2026:07:07:07 -0700] "GET /item/1166118298?fileloc=%2Fhome%2Ffalconiapl2015%2Fpublic_html%2Fwp-includes%2FID3%2Freadme.txt&path=%2Fhome%2Ffalconiapl2015%2Fpublic_html%2Fwp-includes%2FID3 HTTP/2.0" 200 12363 "-" "Mozilla/5.0 AppleWebKit/537.36 (KHTML, like Gecko; compatible; ClaudeBot/1.0; +claudebot@anthropic.com)" 533 **0/533524**
74.7.227.0 - - [28/Mar/2026:07:07:08 -0700] "GET /?path=//lib/modules/4.18.0-553.94.1.lve.el8.x86_64/kernel/sound/pci HTTP/2.0" 200 3543 "https://falcon-ia.com/?path=//lib/modules/4.18.0-553.94.1.lve.el8.x86_64/kernel/sound" "Mozilla/5.0 AppleWebKit/537.36 (KHTML, like Gecko; compatible; GPTBot/1.3; +https://openai.com/gptbot)" 487 **0/487369**
216.73.216.162 - - [28/Mar/2026:07:07:10 -0700] "GET /item/1394108385?fileloc=%2Fhome%2Ffalconiapl2015%2Ferror_log&path=%2Fhome%2Ffalconiapl2015 HTTP/2.0" 200 2555 "-" "Mozilla/5.0 AppleWebKit/537.36 (KHTML, like Gecko; compatible; ClaudeBot/1.0; +claudebot@anthropic.com)" 496 **0/496954**
114.119.151.246 - - [28/Mar/2026:07:07:11 -0700] "GET /commodity/sticky/cheney172117759367?path=/home/falconiapl2015 HTTP/1.1" 200 4257 "https://falcon-ia.com/commodity/sticky/cheney172117759367" "Mozilla/5.0 (Linux; Android 7.0;) AppleWebKit/537.36 (KHTML, like Gecko) Mobile Safari/537.36 (compatible; PetalBot;+https://webmaster.petalsearch.com/site/petalbot)" 493 **0/493701**
74.7.227.0 - - [28/Mar/2026:07:07:12 -0700] "GET /?path=//lib/modules/4.18.0-553.94.1.lve.el8.x86_64/kernel/sound/soc HTTP/2.0" 200 2792 "https://falcon-ia.com/?path=//lib/modules/4.18.0-553.94.1.lve.el8.x86_64/kernel/sound" "Mozilla/5.0 AppleWebKit/537.36 (KHTML, like Gecko; compatible; GPTBot/1.3; +https://openai.com/gptbot)" 503 **0/503415**
85.208.96.211 - - [28/Mar/2026:07:07:12 -0700] "GET /commodity/strength/refresh1717849279 HTTP/1.1" 200 3956 "-" "Mozilla/5.0 (compatible; SemrushBot/7~bl; +http://www.semrush.com/bot.html)" 501 **0/501027**
216.73.216.162 - - [28/Mar/2026:07:07:13 -0700] "GET /item/1625745874?fileloc=%2Fhome%2Ffalconiapl2015%2F.bash_profile&path=%2Fhome%2Ffalconiapl2015 HTTP/2.0" 200 2390 "-" "Mozilla/5.0 AppleWebKit/537.36 (KHTML, like Gecko; compatible; ClaudeBot/1.0; +claudebot@anthropic.com)" 497 **0/497566**
51.195.183.143 - - [28/Mar/2026:07:07:14 -0700] "GET /frank-casino-no-deposit-bonus/ HTTP/2.0" 200 3449 "-" "Mozilla/5.0 (compatible; AhrefsBot/7.0; +http://ahrefs.com/robot/)" 532 **0/532478**
74.7.227.0 - - [28/Mar/2026:07:07:15 -0700] "GET /?fileloc=//usr/lib64/libmlx5.so.1&path=//usr/lib64 HTTP/2.0" 200 169140 "https://falcon-ia.com/?path=//usr/lib64" "Mozilla/5.0 AppleWebKit/537.36 (KHTML, like Gecko; compatible; GPTBot/1.3; +https://openai.com/gptbot)" 564 **0/564565**
216.73.216.162 - - [28/Mar/2026:07:07:16 -0700] "GET /item/3746786634?fileloc=%2Fhome%2Ffalconiapl2015%2F.bash_profile&path=%2Fhome%2Ffalconiapl2015 HTTP/2.0" 200 2390 "-" "Mozilla/5.0 AppleWebKit/537.36 (KHTML, like Gecko; compatible; ClaudeBot/1.0; +claudebot@anthropic.com)" 511 **0/511458**
85.208.96.203 - - [28/Mar/2026:07:07:16 -0700] "GET /commodity/browser/climb171813380546 HTTP/1.1" 200 3956 "-" "Mozilla/5.0 (compatible; SemrushBot/7~bl; +http://www.semrush.com/bot.html)" 498 **0/498042**
74.7.227.0 - - [28/Mar/2026:07:07:18 -0700] "GET /?path=//lib/firmware HTTP/2.0" 200 12344 "https://falcon-ia.com/?path=//lib" "Mozilla/5.0 AppleWebKit/537.36 (KHTML, like Gecko; compatible; GPTBot/1.3; +https://openai.com/gptbot)" 521 **0/521103**
216.73.216.162 - - [28/Mar/2026:07:07:19 -0700] "GET /item/4188093538?fileloc=%2Fhome%2Ffalconiapl2015%2F.bashrc&path=%2Fhome%2Ffalconiapl2015 HTTP/2.0" 200 2309 "-" "Mozilla/5.0 AppleWebKit/537.36 (KHTML, like Gecko; compatible; ClaudeBot/1.0; +claudebot@anthropic.com)" 524 **0/524134**
74.7.227.0 - - [28/Mar/2026:07:07:21 -0700] "GET /?path=//lib/sysimage HTTP/2.0" 200 2313 "https://falcon-ia.com/?path=//lib" "Mozilla/5.0 AppleWebKit/537.36 (KHTML, like Gecko; compatible; GPTBot/1.3; +https://openai.com/gptbot)" 504 **0/504472**
216.73.216.162 - - [28/Mar/2026:07:07:22 -0700] "GET /item/52574727?fileloc=%2Fhome%2Ffalconiapl2015%2Fnew%2Fwp-activate.php&path=%2Fhome%2Ffalconiapl2015%2Fnew HTTP/2.0" 200 4669 "-" "Mozilla/5.0 AppleWebKit/537.36 (KHTML, like Gecko; compatible; ClaudeBot/1.0; +claudebot@anthropic.com)" 508 **0/508514**
74.7.227.0 - - [28/Mar/2026:07:07:24 -0700] "GET /?path=//run/faillock HTTP/2.0" 200 2310 "https://falcon-ia.com/?path=//run" "Mozilla/5.0 AppleWebKit/537.36 (KHTML, like Gecko; compatible; GPTBot/1.3; +https://openai.com/gptbot)" 504 **0/504360**
216.73.216.162 - - [28/Mar/2026:07:07:25 -0700] "GET /item/1394108385?fileloc=%2Fhome%2Ffalconiapl2015%2F.bash_profile&path=%2Fhome%2Ffalconiapl2015 HTTP/2.0" 200 2390 "-" "Mozilla/5.0 AppleWebKit/537.36 (KHTML, like Gecko; compatible; ClaudeBot/1.0; +claudebot@anthropic.com)" 518 **0/518883**
74.7.227.0 - - [28/Mar/2026:07:07:27 -0700] "GET /?fileloc=//bin/base32&path=//bin HTTP/2.0" 200 18350 "https://falcon-ia.com/?path=//bin" "Mozilla/5.0 AppleWebKit/537.36 (KHTML, like Gecko; compatible; GPTBot/1.3; +https://openai.com/gptbot)" 516 **0/516436**
216.73.216.162 - - [28/Mar/2026:07:07:28 -0700] "GET /item/788457145?fileloc=%2Fhome%2Ffalconiapl2015%2Fnew%2Fwp-activate.php&path=%2Fhome%2Ffalconiapl2015%2Fnew HTTP/2.0" 200 4669 "-" "Mozilla/5.0 AppleWebKit/537.36 (KHTML, like Gecko; compatible; ClaudeBot/1.0; +claudebot@anthropic.com)" 514 **0/514695**
74.7.227.0 - - [28/Mar/2026:07:07:31 -0700] "GET /?path=//lib/modules/4.18.0-553.94.1.lve.el8.x86_64/kernel/sound/firewire/motu HTTP/2.0" 200 2634 "https://falcon-ia.com/?path=//lib/modules/4.18.0-553.94.1.lve.el8.x86_64/kernel/sound/firewire" "Mozilla/5.0 AppleWebKit/537.36 (KHTML, like Gecko; compatible; GPTBot/1.3; +https://openai.com/gptbot)" 496 **0/496260**
216.73.216.162 - - [28/Mar/2026:07:07:33 -0700] "GET /item/4254451754?fileloc=%2Fhome%2Ffalconiapl2015%2Fpublic_html%2Fwp-admin%2Foptions-general.php&path=%2Fhome%2Ffalconiapl2015%2Fpublic_html%2Fwp-admin HTTP/2.0" 200 8791 "-" "Mozilla/5.0 AppleWebKit/537.36 (KHTML, like Gecko; compatible; ClaudeBot/1.0; +claudebot@anthropic.com)" 488 **0/488505**
74.7.227.0 - - [28/Mar/2026:07:07:34 -0700] "GET /?fileloc=//bin/base64&path=//bin HTTP/2.0" 200 18282 "https://falcon-ia.com/?path=//bin" "Mozilla/5.0 AppleWebKit/537.36 (KHTML, like Gecko; compatible; GPTBot/1.3; +https://openai.com/gptbot)" 497 **0/497164**
216.73.216.162 - - [28/Mar/2026:07:07:35 -0700] "GET /item/1492738538?fileloc=%2Fhome%2Ffalconiapl2015%2Fpublic_html%2Fwp-includes%2Fblocks%2Farchives.php&path=%2Fhome%2Ffalconiapl2015%2Fpublic_html%2Fwp-includes%2Fblocks HTTP/2.0" 200 3792 "-" "Mozilla/5.0 AppleWebKit/537.36 (KHTML, like Gecko; compatible; ClaudeBot/1.0; +claudebot@anthropic.com)" 539 **0/539965**
74.7.227.0 - - [28/Mar/2026:07:07:37 -0700] "GET /?path=//lib/modules/4.18.0-553.83.1.lve.el8.x86_64/kernel/fs/cramfs HTTP/2.0" 200 2613 "https://falcon-ia.com/?path=//lib/modules/4.18.0-553.83.1.lve.el8.x86_64/kernel/fs" "Mozilla/5.0 AppleWebKit/537.36 (KHTML, like Gecko; compatible; GPTBot/1.3; +https://openai.com/gptbot)" 494 **0/494698**
216.73.216.162 - - [28/Mar/2026:07:07:38 -0700] "GET /item/217684840?fileloc=%2Fhome%2Ffalconiapl2015%2Fpublic_html%2Fwp-admin%2Fupgrade.php&path=%2Fhome%2Ffalconiapl2015%2Fpublic_html%2Fwp-admin HTTP/2.0" 200 4281 "-" "Mozilla/5.0 AppleWebKit/537.36 (KHTML, like Gecko; compatible; ClaudeBot/1.0; +claudebot@anthropic.com)" 495 **0/495033**
74.7.227.0 - - [28/Mar/2026:07:07:40 -0700] "GET /?path=//lib/modules/4.18.0-553.94.1.lve.el8.x86_64/kernel/sound/hda/ext HTTP/2.0" 200 2631 "https://falcon-ia.com/?path=//lib/modules/4.18.0-553.94.1.lve.el8.x86_64/kernel/sound/hda" "Mozilla/5.0 AppleWebKit/537.36 (KHTML, like Gecko; compatible; GPTBot/1.3; +https://openai.com/gptbot)" 498 **0/498919**
216.73.216.162 - - [28/Mar/2026:07:07:41 -0700] "GET /item/4254451754?fileloc=%2Fhome%2Ffalconiapl2015%2Fpublic_html%2Fwp-admin%2Foptions-head.php&path=%2Fhome%2Ffalconiapl2015%2Fpublic_html%2Fwp-admin HTTP/2.0" 200 2620 "-" "Mozilla/5.0 AppleWebKit/537.36 (KHTML, like Gecko; compatible; ClaudeBot/1.0; +claudebot@anthropic.com)" 519 **0/519019**
74.7.227.0 - - [28/Mar/2026:07:07:44 -0700] "GET /?path=//lib/modules/4.18.0-553.94.1.lve.el8.x86_64/kernel/sound/pci/oxygen HTTP/2.0" 200 2690 "https://falcon-ia.com/?path=//lib/modules/4.18.0-553.94.1.lve.el8.x86_64/kernel/sound/pci" "Mozilla/5.0 AppleWebKit/537.36 (KHTML, like Gecko; compatible; GPTBot/1.3; +https://openai.com/gptbot)" 496 **0/496468**
216.73.216.162 - - [28/Mar/2026:07:07:44 -0700] "GET /item/2006064466?fileloc=%2Fhome%2Ffalconiapl2015%2Fpublic_html%2Fwp-includes%2Ffonts.php&path=%2Fhome%2Ffalconiapl2015%2Fpublic_html%2Fwp-includes HTTP/2.0" 200 4884 "-" "Mozilla/5.0 AppleWebKit/537.36 (KHTML, like Gecko; compatible; ClaudeBot/1.0; +claudebot@anthropic.com)" 502 **0/502082**
74.7.227.0 - - [28/Mar/2026:07:07:47 -0700] "GET /?path=//lib/modules/4.18.0-553.94.1.lve.el8.x86_64/kernel/sound/soc/intel HTTP/2.0" 200 2737 "https://falcon-ia.com/?path=//lib/modules/4.18.0-553.94.1.lve.el8.x86_64/kernel/sound/soc" "Mozilla/5.0 AppleWebKit/537.36 (KHTML, like Gecko; compatible; GPTBot/1.3; +https://openai.com/gptbot)" 514 **0/514358**
216.73.216.162 - - [28/Mar/2026:07:07:47 -0700] "GET /item/120145074?fileloc=%2Fhome%2Ffalconiapl2015%2Fpublic_html%2Fwp-includes%2Fcategory-template.php&path=%2Fhome%2Ffalconiapl2015%2Fpublic_html%2Fwp-includes HTTP/2.0" 200 15282 "-" "Mozilla/5.0 AppleWebKit/537.36 (KHTML, like Gecko; compatible; ClaudeBot/1.0; +claudebot@anthropic.com)" 502 **0/502524**
74.7.227.0 - - [28/Mar/2026:07:07:50 -0700] "GET /?path=//lib/modules/4.18.0-553.94.1.lve.el8.x86_64/kernel/sound/pci/mixart HTTP/2.0" 200 2630 "https://falcon-ia.com/?path=//lib/modules/4.18.0-553.94.1.lve.el8.x86_64/kernel/sound/pci" "Mozilla/5.0 AppleWebKit/537.36 (KHTML, like Gecko; compatible; GPTBot/1.3; +https://openai.com/gptbot)" 490 **0/490710**
216.73.216.162 - - [28/Mar/2026:07:07:50 -0700] "GET /item/701783622?fileloc=%2Fhome%2Ffalconiapl2015%2Fpublic_html%2Fwp-admin%2Finstall-helper.php&path=%2Fhome%2Ffalconiapl2015%2Fpublic_html%2Fwp-admin HTTP/2.0" 200 4114 "-" "Mozilla/5.0 AppleWebKit/537.36 (KHTML, like Gecko; compatible; ClaudeBot/1.0; +claudebot@anthropic.com)" 506 **0/506615**
216.73.216.162 - - [28/Mar/2026:07:07:53 -0700] "GET /item/4007138791?fileloc=%2Fhome%2Ffalconiapl2015%2Fpublic_html%2Fwp-admin%2Foptions-reading.php&path=%2Fhome%2Ffalconiapl2015%2Fpublic_html%2Fwp-admin HTTP/2.0" 403 3449 "-" "Mozilla/5.0 AppleWebKit/537.36 (KHTML, like Gecko; compatible; ClaudeBot/1.0; +claudebot@anthropic.com)" 500 **0/500219**
74.7.227.0 - - [28/Mar/2026:07:07:53 -0700] "GET /?path=//lib/firmware/inside-secure HTTP/2.0" 200 2569 "https://falcon-ia.com/?path=//lib/firmware" "Mozilla/5.0 AppleWebKit/537.36 (KHTML, like Gecko; compatible; GPTBot/1.3; +https://openai.com/gptbot)" 500 **0/500123**
216.73.216.162 - - [28/Mar/2026:07:07:56 -0700] "GET /item/1665553619?fileloc=%2Fhome%2Ffalconiapl2015%2Fpublic_html%2Fwp-admin%2Fuser-new.php&path=%2Fhome%2Ffalconiapl2015%2Fpublic_html%2Fwp-admin HTTP/2.0" 403 3449 "-" "Mozilla/5.0 AppleWebKit/537.36 (KHTML, like Gecko; compatible; ClaudeBot/1.0; +claudebot@anthropic.com)" 534 **0/534420**
74.7.227.0 - - [28/Mar/2026:07:07:56 -0700] "GET /?fileloc=//lib/firmware/TAS2XXX8ED6-1.bin&path=//lib/firmware HTTP/2.0" 200 9101 "https://falcon-ia.com/?path=//lib/firmware" "Mozilla/5.0 AppleWebKit/537.36 (KHTML, like Gecko; compatible; GPTBot/1.3; +https://openai.com/gptbot)" 506 **0/506108**
216.73.216.162 - - [28/Mar/2026:07:07:59 -0700] "GET /item/2006064466?fileloc=%2Fhome%2Ffalconiapl2015%2Fpublic_html%2Fwp-includes%2Fclass-wp-locale.php&path=%2Fhome%2Ffalconiapl2015%2Fpublic_html%2Fwp-includes HTTP/2.0" 403 3449 "-" "Mozilla/5.0 AppleWebKit/537.36 (KHTML, like Gecko; compatible; ClaudeBot/1.0; +claudebot@anthropic.com)" 525 **0/525842**
74.7.227.0 - - [28/Mar/2026:07:07:59 -0700] "GET /?fileloc=//lib/firmware/TAS2XXX8E8A.bin&path=//lib/firmware HTTP/2.0" 200 9122 "https://falcon-ia.com/?path=//lib/firmware" "Mozilla/5.0 AppleWebKit/537.36 (KHTML, like Gecko; compatible; GPTBot/1.3; +https://openai.com/gptbot)" 512 **0/512210**
216.73.216.162 - - [28/Mar/2026:07:08:02 -0700] "GET /item/3695237939?fileloc=%2Fhome%2Ffalconiapl2015%2Fpublic_html%2Fwp-admin%2Fprivacy.php&path=%2Fhome%2Ffalconiapl2015%2Fpublic_html%2Fwp-admin HTTP/2.0" 403 3449 "-" "Mozilla/5.0 AppleWebKit/537.36 (KHTML, like Gecko; compatible; ClaudeBot/1.0; +claudebot@anthropic.com)" 531 **0/531681**
74.7.227.0 - - [28/Mar/2026:07:08:02 -0700] "GET /?fileloc=//lib/firmware/TAS2XXX3EE00.bin&path=//lib/firmware HTTP/2.0" 200 9545 "https://falcon-ia.com/?path=//lib/firmware" "Mozilla/5.0 AppleWebKit/537.36 (KHTML, like Gecko; compatible; GPTBot/1.3; +https://openai.com/gptbot)" 584 **0/584270**
216.73.216.162 - - [28/Mar/2026:07:08:05 -0700] "GET /item/3842029087?fileloc=%2Fhome%2Ffalconiapl2015%2Fpublic_html%2Fwp-includes%2Fclass-wp-widget-factory.php&path=%2Fhome%2Ffalconiapl2015%2Fpublic_html%2Fwp-includes HTTP/2.0" 403 3449 "-" "Mozilla/5.0 AppleWebKit/537.36 (KHTML, like Gecko; compatible; ClaudeBot/1.0; +claudebot@anthropic.com)" 510 **0/510871**
74.7.227.0 - - [28/Mar/2026:07:08:05 -0700] "GET /?path=//lib/firmware/4.18.0-553.104.1.lve.el8.x86_64 HTTP/2.0" 200 2842 "https://falcon-ia.com/?path=//lib/firmware" "Mozilla/5.0 AppleWebKit/537.36 (KHTML, like Gecko; compatible; GPTBot/1.3; +https://openai.com/gptbot)" 503 **0/503042**
216.73.216.162 - - [28/Mar/2026:07:08:08 -0700] "GET /item/4124803183?fileloc=%2Fhome%2Ffalconiapl2015%2Fpublic_html%2Fwp-admin%2Findex.php&path=%2Fhome%2Ffalconiapl2015%2Fpublic_html%2Fwp-admin HTTP/2.0" 403 3449 "-" "Mozilla/5.0 AppleWebKit/537.36 (KHTML, like Gecko; compatible; ClaudeBot/1.0; +claudebot@anthropic.com)" 511 **0/511358**
74.7.227.0 - - [28/Mar/2026:07:08:09 -0700] "GET /?path=//lib/firmware/4.18.0-553.94.1.lve.el8.x86_64 HTTP/2.0" 200 2839 "https://falcon-ia.com/?path=//lib/firmware" "Mozilla/5.0 AppleWebKit/537.36 (KHTML, like Gecko; compatible; GPTBot/1.3; +https://openai.com/gptbot)" 513 **0/513233**
216.73.216.162 - - [28/Mar/2026:07:08:11 -0700] "GET /item/3695237939?fileloc=%2Fhome%2Ffalconiapl2015%2Fpublic_html%2Fwp-admin%2Flink.php&path=%2Fhome%2Ffalconiapl2015%2Fpublic_html%2Fwp-admin HTTP/2.0" 403 3449 "-" "Mozilla/5.0 AppleWebKit/537.36 (KHTML, like Gecko; compatible; ClaudeBot/1.0; +claudebot@anthropic.com)" 491 **0/491782**
74.7.227.0 - - [28/Mar/2026:07:08:12 -0700] "GET /?path=//lib/firmware/4.18.0-553.83.1.lve.el8.x86_64 HTTP/2.0" 200 2840 "https://falcon-ia.com/?path=//lib/firmware" "Mozilla/5.0 AppleWebKit/537.36 (KHTML, like Gecko; compatible; GPTBot/1.3; +https://openai.com/gptbot)" 519 **0/519253**
216.73.216.162 - - [28/Mar/2026:07:08:14 -0700] "GET /item/329567976?fileloc=%2Fhome%2Ffalconiapl2015%2Fpublic_html%2Fwp-includes%2Fms-site.php&path=%2Fhome%2Ffalconiapl2015%2Fpublic_html%2Fwp-includes HTTP/2.0" 403 3449 "-" "Mozilla/5.0 AppleWebKit/537.36 (KHTML, like Gecko; compatible; ClaudeBot/1.0; +claudebot@anthropic.com)" 500 **0/500561**
74.7.227.0 - - [28/Mar/2026:07:08:15 -0700] "GET /?path=//lib/firmware/ene-ub6250 HTTP/2.0" 200 2684 "https://falcon-ia.com/?path=//lib/firmware" "Mozilla/5.0 AppleWebKit/537.36 (KHTML, like Gecko; compatible; GPTBot/1.3; +https://openai.com/gptbot)" 503 **0/503604**
216.73.216.162 - - [28/Mar/2026:07:08:17 -0700] "GET /item/2797267930?fileloc=%2Fhome%2Ffalconiapl2015%2Fpublic_html%2Fwp-includes%2Frevisions.php&path=%2Fhome%2Ffalconiapl2015%2Fpublic_html%2Fwp-includes HTTP/2.0" 403 3449 "-" "Mozilla/5.0 AppleWebKit/537.36 (KHTML, like Gecko; compatible; ClaudeBot/1.0; +claudebot@anthropic.com)" 486 **0/486843**
74.7.227.0 - - [28/Mar/2026:07:08:18 -0700] "GET /?path=//lib/modules/4.18.0-553.94.1.lve.el8.x86_64/kernel/sound/soc/codecs HTTP/2.0" 200 4216 "https://falcon-ia.com/?path=//lib/modules/4.18.0-553.94.1.lve.el8.x86_64/kernel/sound/soc" "Mozilla/5.0 AppleWebKit/537.36 (KHTML, like Gecko; compatible; GPTBot/1.3; +https://openai.com/gptbot)" 503 **0/503962**
216.73.216.162 - - [28/Mar/2026:07:08:20 -0700] "GET /item/3314517277?fileloc=%2Fhome%2Ffalconiapl2015%2Fpublic_html%2Fwp-includes%2Fblocks%2Flatest-comments.php&path=%2Fhome%2Ffalconiapl2015%2Fpublic_html%2Fwp-includes%2Fblocks HTTP/2.0" 403 3449 "-" "Mozilla/5.0 AppleWebKit/537.36 (KHTML, like Gecko; compatible; ClaudeBot/1.0; +claudebot@anthropic.com)" 494 **0/494946**
74.7.227.0 - - [28/Mar/2026:07:08:21 -0700] "GET /?path=//lib/modules/4.18.0-553.94.1.lve.el8.x86_64/kernel/sound/pci/pcxhr HTTP/2.0" 200 2630 "https://falcon-ia.com/?path=//lib/modules/4.18.0-553.94.1.lve.el8.x86_64/kernel/sound/pci" "Mozilla/5.0 AppleWebKit/537.36 (KHTML, like Gecko; compatible; GPTBot/1.3; +https://openai.com/gptbot)" 502 **0/502312**
216.73.216.162 - - [28/Mar/2026:07:08:23 -0700] "GET /item/120145074?fileloc=%2Fhome%2Ffalconiapl2015%2Fpublic_html%2Fwp-includes%2Fcategory.php&path=%2Fhome%2Ffalconiapl2015%2Fpublic_html%2Fwp-includes HTTP/2.0" 403 3449 "-" "Mozilla/5.0 AppleWebKit/537.36 (KHTML, like Gecko; compatible; ClaudeBot/1.0; +claudebot@anthropic.com)" 501 **0/501337**
74.7.227.0 - - [28/Mar/2026:07:08:24 -0700] "GET /?path=//lib/modules/4.18.0-553.94.1.lve.el8.x86_64/kernel/sound/pci/asihpi HTTP/2.0" 200 2630 "https://falcon-ia.com/?path=//lib/modules/4.18.0-553.94.1.lve.el8.x86_64/kernel/sound/pci" "Mozilla/5.0 AppleWebKit/537.36 (KHTML, like Gecko; compatible; GPTBot/1.3; +https://openai.com/gptbot)" 516 **0/516517**
216.73.216.162 - - [28/Mar/2026:07:08:26 -0700] "GET /item/4124803183?fileloc=%2Fhome%2Ffalconiapl2015%2Fpublic_html%2Fwp-admin%2Fpress-this.php&path=%2Fhome%2Ffalconiapl2015%2Fpublic_html%2Fwp-admin HTTP/2.0" 403 3449 "-" "Mozilla/5.0 AppleWebKit/537.36 (KHTML, like Gecko; compatible; ClaudeBot/1.0; +claudebot@anthropic.com)" 503 **0/503502**
52.167.144.222 - - [28/Mar/2026:07:08:26 -0700] "GET /%C5%9Fimdi-oynamak-i%C3%A7in-%C3%BCcretsiz-slot-makineleri/ HTTP/2.0" 200 25752 "-" "Mozilla/5.0 AppleWebKit/537.36 (KHTML, like Gecko; compatible; bingbot/2.0; +http://www.bing.com/bingbot.htm) Chrome/116.0.1938.76 Safari/537.36" 1626 **1/1626097**
74.7.227.0 - - [28/Mar/2026:07:08:27 -0700] "GET /?path=//lib/modules/4.18.0-553.94.1.lve.el8.x86_64/kernel/sound/pci/ctxfi HTTP/2.0" 200 2629 "https://falcon-ia.com/?path=//lib/modules/4.18.0-553.94.1.lve.el8.x86_64/kernel/sound/pci" "Mozilla/5.0 AppleWebKit/537.36 (KHTML, like Gecko; compatible; GPTBot/1.3; +https://openai.com/gptbot)" 494 **0/494121**
216.73.216.162 - - [28/Mar/2026:07:08:29 -0700] "GET /item/2431412713?fileloc=%2Fhome%2Ffalconiapl2015%2Fpublic_html%2Fwp-admin%2Fms-options.php&path=%2Fhome%2Ffalconiapl2015%2Fpublic_html%2Fwp-admin HTTP/2.0" 403 3449 "-" "Mozilla/5.0 AppleWebKit/537.36 (KHTML, like Gecko; compatible; ClaudeBot/1.0; +claudebot@anthropic.com)" 526 **0/526644**
74.7.227.0 - - [28/Mar/2026:07:08:30 -0700] "GET /?path=//lib/firmware/go7007 HTTP/2.0" 200 2801 "https://falcon-ia.com/?path=//lib/firmware" "Mozilla/5.0 AppleWebKit/537.36 (KHTML, like Gecko; compatible; GPTBot/1.3; +https://openai.com/gptbot)" 520 **0/520241**
114.119.156.190 - - [28/Mar/2026:07:08:32 -0700] "GET /commodity/stern/distributed172011015651?fileloc=/home/falconiapl2015/public_html/wp-config-sample.php&path=/home/falconiapl2015/public_html HTTP/1.1" 200 3763 "https://falcon-ia.com/commodity/stern/distributed172011015651" "Mozilla/5.0 (Linux; Android 7.0;) AppleWebKit/537.36 (KHTML, like Gecko) Mobile Safari/537.36 (compatible; PetalBot;+https://webmaster.petalsearch.com/site/petalbot)" 505 **0/505107**
216.73.216.162 - - [28/Mar/2026:07:08:32 -0700] "GET /item/2431412713?fileloc=%2Fhome%2Ffalconiapl2015%2Fpublic_html%2Fwp-admin%2Fprofile.php&path=%2Fhome%2Ffalconiapl2015%2Fpublic_html%2Fwp-admin HTTP/2.0" 403 3449 "-" "Mozilla/5.0 AppleWebKit/537.36 (KHTML, like Gecko; compatible; ClaudeBot/1.0; +claudebot@anthropic.com)" 541 **0/541860**
74.7.227.0 - - [28/Mar/2026:07:08:34 -0700] "GET /?path=//lib/firmware/av7110 HTTP/2.0" 200 2580 "https://falcon-ia.com/?path=//lib/firmware" "Mozilla/5.0 AppleWebKit/537.36 (KHTML, like Gecko; compatible; GPTBot/1.3; +https://openai.com/gptbot)" 517 **0/517023**
216.73.216.162 - - [28/Mar/2026:07:08:35 -0700] "GET /item/2642274973?fileloc=%2Fhome%2Ffalconiapl2015%2Fpublic_html%2Fwp-admin%2Ferase-personal-data.php&path=%2Fhome%2Ffalconiapl2015%2Fpublic_html%2Fwp-admin HTTP/2.0" 200 4933 "-" "Mozilla/5.0 AppleWebKit/537.36 (KHTML, like Gecko; compatible; ClaudeBot/1.0; +claudebot@anthropic.com)" 510 **0/510197**
74.7.227.0 - - [28/Mar/2026:07:08:37 -0700] "GET /?fileloc=//lib/firmware/rt3290.bin&path=//lib/firmware HTTP/2.0" 200 4731 "https://falcon-ia.com/?path=//lib/firmware" "Mozilla/5.0 AppleWebKit/537.36 (KHTML, like Gecko; compatible; GPTBot/1.3; +https://openai.com/gptbot)" 514 **0/514311**
216.73.216.162 - - [28/Mar/2026:07:08:38 -0700] "GET /item/1974076107?fileloc=%2Fhome%2Ffalconiapl2015%2Fpublic_html%2Fwp-admin%2Foptions-reading.php&path=%2Fhome%2Ffalconiapl2015%2Fpublic_html%2Fwp-admin HTTP/2.0" 200 5303 "-" "Mozilla/5.0 AppleWebKit/537.36 (KHTML, like Gecko; compatible; ClaudeBot/1.0; +claudebot@anthropic.com)" 498 **0/498536**
74.7.227.0 - - [28/Mar/2026:07:08:40 -0700] "GET /?path=//lib/modules/4.18.0-553.94.1.lve.el8.x86_64/kernel/sound/pci/ac97 HTTP/2.0" 200 2633 "https://falcon-ia.com/?path=//lib/modules/4.18.0-553.94.1.lve.el8.x86_64/kernel/sound/pci" "Mozilla/5.0 AppleWebKit/537.36 (KHTML, like Gecko; compatible; GPTBot/1.3; +https://openai.com/gptbot)" 505 **0/505110**
198.244.240.152 - - [28/Mar/2026:07:08:40 -0700] "GET /joker-gokkast-online/ HTTP/2.0" 200 3449 "-" "Mozilla/5.0 (compatible; AhrefsBot/7.0; +http://ahrefs.com/robot/)" 489 **0/489302**
216.73.216.162 - - [28/Mar/2026:07:08:41 -0700] "GET /item/2812949811?fileloc=%2Fhome%2Ffalconiapl2015%2Fpublic_html%2Fwp-includes%2Fblocks%2Flatest-comments.php&path=%2Fhome%2Ffalconiapl2015%2Fpublic_html%2Fwp-includes%2Fblocks HTTP/2.0" 200 4031 "-" "Mozilla/5.0 AppleWebKit/537.36 (KHTML, like Gecko; compatible; ClaudeBot/1.0; +claudebot@anthropic.com)" 504 **0/504275**
74.7.227.0 - - [28/Mar/2026:07:08:43 -0700] "GET /?path=//lib/modules/4.18.0-553.94.1.lve.el8.x86_64/kernel/sound/soc/intel/boards HTTP/2.0" 200 3881 "https://falcon-ia.com/?path=//lib/modules/4.18.0-553.94.1.lve.el8.x86_64/kernel/sound/soc/intel" "Mozilla/5.0 AppleWebKit/537.36 (KHTML, like Gecko; compatible; GPTBot/1.3; +https://openai.com/gptbot)" 500 **0/500318**
216.73.216.162 - - [28/Mar/2026:07:08:44 -0700] "GET /item/555241071?fileloc=%2Fhome%2Ffalconiapl2015%2Fpublic_html%2Fwp-includes%2Fblocks%2Fvideo.php&path=%2Fhome%2Ffalconiapl2015%2Fpublic_html%2Fwp-includes%2Fblocks HTTP/2.0" 200 3341 "-" "Mozilla/5.0 AppleWebKit/537.36 (KHTML, like Gecko; compatible; ClaudeBot/1.0; +claudebot@anthropic.com)" 497 **0/497071**
74.7.227.0 - - [28/Mar/2026:07:08:46 -0700] "GET /?path=//lib/modules/4.18.0-553.94.1.lve.el8.x86_64/kernel/sound/soc/intel/common HTTP/2.0" 200 2709 "https://falcon-ia.com/?path=//lib/modules/4.18.0-553.94.1.lve.el8.x86_64/kernel/sound/soc/intel" "Mozilla/5.0 AppleWebKit/537.36 (KHTML, like Gecko; compatible; GPTBot/1.3; +https://openai.com/gptbot)" 499 **0/499348**
216.73.216.162 - - [28/Mar/2026:07:08:47 -0700] "GET /item/1413085935?fileloc=%2Fhome%2Ffalconiapl2015%2Fpublic_html%2Fwp-includes%2Frevisions.php&path=%2Fhome%2Ffalconiapl2015%2Fpublic_html%2Fwp-includes HTTP/2.0" 200 2273 "-" "Mozilla/5.0 AppleWebKit/537.36 (KHTML, like Gecko; compatible; ClaudeBot/1.0; +claudebot@anthropic.com)" 501 **0/501027**
74.7.227.0 - - [28/Mar/2026:07:08:49 -0700] "GET /?path=//lib/modules/4.18.0-553.94.1.lve.el8.x86_64/kernel/sound/pci/trident HTTP/2.0" 200 2630 "https://falcon-ia.com/?path=//lib/modules/4.18.0-553.94.1.lve.el8.x86_64/kernel/sound/pci" "Mozilla/5.0 AppleWebKit/537.36 (KHTML, like Gecko; compatible; GPTBot/1.3; +https://openai.com/gptbot)" 504 **0/504512**
216.73.216.162 - - [28/Mar/2026:07:08:50 -0700] "GET /item/2797267930?fileloc=%2Fhome%2Ffalconiapl2015%2Fpublic_html%2Fwp-includes%2Fregistration.php&path=%2Fhome%2Ffalconiapl2015%2Fpublic_html%2Fwp-includes HTTP/2.0" 200 2402 "-" "Mozilla/5.0 AppleWebKit/537.36 (KHTML, like Gecko; compatible; ClaudeBot/1.0; +claudebot@anthropic.com)" 509 **0/509677**
74.7.227.0 - - [28/Mar/2026:07:08:53 -0700] "GET /?path=//lib/modules/4.18.0-553.94.1.lve.el8.x86_64/kernel/sound/pci/lola HTTP/2.0" 200 2628 "https://falcon-ia.com/?path=//lib/modules/4.18.0-553.94.1.lve.el8.x86_64/kernel/sound/pci" "Mozilla/5.0 AppleWebKit/537.36 (KHTML, like Gecko; compatible; GPTBot/1.3; +https://openai.com/gptbot)" 510 **0/510049**
216.73.216.162 - - [28/Mar/2026:07:08:53 -0700] "GET /item/329567976?fileloc=%2Fhome%2Ffalconiapl2015%2Fpublic_html%2Fwp-includes%2Fclass-wp-locale-switcher.php&path=%2Fhome%2Ffalconiapl2015%2Fpublic_html%2Fwp-includes HTTP/2.0" 200 4023 "-" "Mozilla/5.0 AppleWebKit/537.36 (KHTML, like Gecko; compatible; ClaudeBot/1.0; +claudebot@anthropic.com)" 490 **0/490741**
74.7.227.0 - - [28/Mar/2026:07:08:56 -0700] "GET /?path=//lib/modules/4.18.0-553.94.1.lve.el8.x86_64/kernel/sound/soc/amd HTTP/2.0" 200 2751 "https://falcon-ia.com/?path=//lib/modules/4.18.0-553.94.1.lve.el8.x86_64/kernel/sound/soc" "Mozilla/5.0 AppleWebKit/537.36 (KHTML, like Gecko; compatible; GPTBot/1.3; +https://openai.com/gptbot)" 493 **0/493253**
216.73.216.162 - - [28/Mar/2026:07:08:56 -0700] "GET /item/2006064466?fileloc=%2Fhome%2Ffalconiapl2015%2Fpublic_html%2Fwp-includes%2Flocale.php&path=%2Fhome%2Ffalconiapl2015%2Fpublic_html%2Fwp-includes HTTP/2.0" 200 2382 "-" "Mozilla/5.0 AppleWebKit/537.36 (KHTML, like Gecko; compatible; ClaudeBot/1.0; +claudebot@anthropic.com)" 502 **0/502963**
216.73.216.162 - - [28/Mar/2026:07:08:59 -0700] "GET /item/2071247287?fileloc=%2Fhome%2Ffalconiapl2015%2Fpublic_html%2Fwp-includes%2Fblocks%2Favatar.php&path=%2Fhome%2Ffalconiapl2015%2Fpublic_html%2Fwp-includes%2Fblocks HTTP/2.0" 200 3919 "-" "Mozilla/5.0 AppleWebKit/537.36 (KHTML, like Gecko; compatible; ClaudeBot/1.0; +claudebot@anthropic.com)" 507 **0/507866**
74.7.227.0 - - [28/Mar/2026:07:08:59 -0700] "GET /?path=//lib/modules/4.18.0-553.94.1.lve.el8.x86_64/kernel/sound/soc/sof HTTP/2.0" 200 2875 "https://falcon-ia.com/?path=//lib/modules/4.18.0-553.94.1.lve.el8.x86_64/kernel/sound/soc" "Mozilla/5.0 AppleWebKit/537.36 (KHTML, like Gecko; compatible; GPTBot/1.3; +https://openai.com/gptbot)" 497 **0/497978**
216.73.216.162 - - [28/Mar/2026:07:09:02 -0700] "GET /item/3695237939?fileloc=%2Fhome%2Ffalconiapl2015%2Fpublic_html%2Fwp-admin%2Fadmin-footer.php&path=%2Fhome%2Ffalconiapl2015%2Fpublic_html%2Fwp-admin HTTP/2.0" 200 3290 "-" "Mozilla/5.0 AppleWebKit/537.36 (KHTML, like Gecko; compatible; ClaudeBot/1.0; +claudebot@anthropic.com)" 603 **0/603529**
74.7.227.0 - - [28/Mar/2026:07:09:02 -0700] "GET /?path=//lib/modules/4.18.0-553.94.1.lve.el8.x86_64/kernel/sound/pci/hda HTTP/2.0" 200 3172 "https://falcon-ia.com/?path=//lib/modules/4.18.0-553.94.1.lve.el8.x86_64/kernel/sound/pci" "Mozilla/5.0 AppleWebKit/537.36 (KHTML, like Gecko; compatible; GPTBot/1.3; +https://openai.com/gptbot)" 609 **0/609418**
216.73.216.162 - - [28/Mar/2026:07:09:05 -0700] "GET /item/4124803183?fileloc=%2Fhome%2Ffalconiapl2015%2Fpublic_html%2Fwp-admin%2Fms-delete-site.php&path=%2Fhome%2Ffalconiapl2015%2Fpublic_html%2Fwp-admin HTTP/2.0" 200 4157 "-" "Mozilla/5.0 AppleWebKit/537.36 (KHTML, like Gecko; compatible; ClaudeBot/1.0; +claudebot@anthropic.com)" 563 **0/563609**
