74.7.227.0 - - [28/Mar/2026:06:47:55 -0700] "GET /?path=//usr/lib64/python3.12/lib2to3/fixes HTTP/2.0" 200 4123 "https://falcon-ia.com/?path=//usr/lib64/python3.12/lib2to3" "Mozilla/5.0 AppleWebKit/537.36 (KHTML, like Gecko; compatible; GPTBot/1.3; +https://openai.com/gptbot)" 510 **0/510123**
216.73.216.162 - - [28/Mar/2026:06:47:56 -0700] "GET /item/4160306127?fileloc=%2F%2Flib64%2Flibwebpdecoder.so.3&path=%2F%2Flib64 HTTP/2.0" 200 89318 "-" "Mozilla/5.0 AppleWebKit/537.36 (KHTML, like Gecko; compatible; ClaudeBot/1.0; +claudebot@anthropic.com)" 561 **0/561248**
74.7.227.0 - - [28/Mar/2026:06:47:58 -0700] "GET /?fileloc=//usr/include/tgmath.h&path=//usr/include HTTP/2.0" 200 7836 "https://falcon-ia.com/?path=//usr/include" "Mozilla/5.0 AppleWebKit/537.36 (KHTML, like Gecko; compatible; GPTBot/1.3; +https://openai.com/gptbot)" 531 **0/531749**
216.73.216.162 - - [28/Mar/2026:06:47:59 -0700] "GET /item/735910960?path=%2Fhome%2Ffalconiapl2015%2Fpublic_html%2Fwp-includes%2Fcustomize HTTP/2.0" 200 3772 "-" "Mozilla/5.0 AppleWebKit/537.36 (KHTML, like Gecko; compatible; ClaudeBot/1.0; +claudebot@anthropic.com)" 488 **0/488236**
74.7.227.0 - - [28/Mar/2026:06:48:01 -0700] "GET /?fileloc=//usr/libexec/git-core/git-web--browse&path=//usr/libexec/git-core HTTP/2.0" 200 4003 "https://falcon-ia.com/?path=//usr/libexec/git-core" "Mozilla/5.0 AppleWebKit/537.36 (KHTML, like Gecko; compatible; GPTBot/1.3; +https://openai.com/gptbot)" 535 **0/535743**
216.73.216.162 - - [28/Mar/2026:06:48:02 -0700] "GET /item/103008920?path=%2Fhome%2Ffalconiapl2015%2Fpublic_html%2Fwp-content%2Fplugins%2Fadvanced-custom-fields-pro HTTP/2.0" 200 2875 "-" "Mozilla/5.0 AppleWebKit/537.36 (KHTML, like Gecko; compatible; ClaudeBot/1.0; +claudebot@anthropic.com)" 528 **0/528824**
74.7.227.0 - - [28/Mar/2026:06:48:04 -0700] "GET /?fileloc=//usr/lib64/libhandle.so.1&path=//usr/lib64 HTTP/2.0" 200 7490 "https://falcon-ia.com/?path=//usr/lib64" "Mozilla/5.0 AppleWebKit/537.36 (KHTML, like Gecko; compatible; GPTBot/1.3; +https://openai.com/gptbot)" 493 **0/493074**
216.73.216.162 - - [28/Mar/2026:06:48:05 -0700] "GET /item/4110897659?path=%2Fhome%2Ffalconiapl2015%2Fpublic_html%2Fwp-admin HTTP/2.0" 200 5481 "-" "Mozilla/5.0 AppleWebKit/537.36 (KHTML, like Gecko; compatible; ClaudeBot/1.0; +claudebot@anthropic.com)" 489 **0/489666**
74.7.227.0 - - [28/Mar/2026:06:48:07 -0700] "GET /?fileloc=//usr/lib64/libxcb-dri2.so&path=//usr/lib64 HTTP/2.0" 200 7408 "https://falcon-ia.com/?path=//usr/lib64" "Mozilla/5.0 AppleWebKit/537.36 (KHTML, like Gecko; compatible; GPTBot/1.3; +https://openai.com/gptbot)" 521 **0/521328**
216.73.216.162 - - [28/Mar/2026:06:48:08 -0700] "GET /item/1887989693?path=%2Fhome%2Ffalconiapl2015%2Fpublic_html%2Fwp-admin%2Fjs HTTP/2.0" 200 5311 "-" "Mozilla/5.0 AppleWebKit/537.36 (KHTML, like Gecko; compatible; ClaudeBot/1.0; +claudebot@anthropic.com)" 524 **0/524102**
74.7.227.0 - - [28/Mar/2026:06:48:11 -0700] "GET /?fileloc=//usr/lib64/libimaevm.so.2&path=//usr/lib64 HTTP/2.0" 200 11490 "https://falcon-ia.com/?path=//usr/lib64" "Mozilla/5.0 AppleWebKit/537.36 (KHTML, like Gecko; compatible; GPTBot/1.3; +https://openai.com/gptbot)" 504 **0/504900**
216.73.216.162 - - [28/Mar/2026:06:48:11 -0700] "GET /item/103008920?path=%2Fhome%2Ffalconiapl2015%2Fpublic_html%2Fwp-includes%2Ftheme-compat HTTP/2.0" 200 2869 "-" "Mozilla/5.0 AppleWebKit/537.36 (KHTML, like Gecko; compatible; ClaudeBot/1.0; +claudebot@anthropic.com)" 506 **0/506630**
74.7.227.0 - - [28/Mar/2026:06:48:14 -0700] "GET /?fileloc=//usr/lib64/libtevent.so.0&path=//usr/lib64 HTTP/2.0" 200 36168 "https://falcon-ia.com/?path=//usr/lib64" "Mozilla/5.0 AppleWebKit/537.36 (KHTML, like Gecko; compatible; GPTBot/1.3; +https://openai.com/gptbot)" 527 **0/527142**
216.73.216.162 - - [28/Mar/2026:06:48:14 -0700] "GET /item/514587713?path=%2Fhome%2Ffalconiapl2015 HTTP/2.0" 200 3737 "-" "Mozilla/5.0 AppleWebKit/537.36 (KHTML, like Gecko; compatible; ClaudeBot/1.0; +claudebot@anthropic.com)" 524 **0/524862**
51.195.215.65 - - [28/Mar/2026:06:48:15 -0700] "GET /commodity/belt/ldap171781238704 HTTP/2.0" 200 3449 "-" "Mozilla/5.0 (compatible; AhrefsBot/7.0; +http://ahrefs.com/robot/)" 492 **0/492581**
74.7.227.0 - - [28/Mar/2026:06:48:17 -0700] "GET /?fileloc=//usr/lib64/libsnappy.so.1&path=//usr/lib64 HTTP/2.0" 200 18699 "https://falcon-ia.com/?path=//usr/lib64" "Mozilla/5.0 AppleWebKit/537.36 (KHTML, like Gecko; compatible; GPTBot/1.3; +https://openai.com/gptbot)" 515 **0/515904**
216.73.216.162 - - [28/Mar/2026:06:48:17 -0700] "GET /item/243587077?path=%2Fhome%2Ffalconiapl2015%2Fpublic_html%2Fwp-includes%2Fcustomize HTTP/2.0" 200 3772 "-" "Mozilla/5.0 AppleWebKit/537.36 (KHTML, like Gecko; compatible; ClaudeBot/1.0; +claudebot@anthropic.com)" 513 **0/513523**
74.7.227.0 - - [28/Mar/2026:06:48:20 -0700] "GET /?fileloc=//usr/lib64/libparted.so.2&path=//usr/lib64 HTTP/2.0" 200 118993 "https://falcon-ia.com/?path=//usr/lib64" "Mozilla/5.0 AppleWebKit/537.36 (KHTML, like Gecko; compatible; GPTBot/1.3; +https://openai.com/gptbot)" 593 **0/593224**
74.7.227.0 - - [28/Mar/2026:06:48:23 -0700] "GET /?fileloc=//usr/lib64/libxcb-dri3.so&path=//usr/lib64 HTTP/2.0" 200 7167 "https://falcon-ia.com/?path=//usr/lib64" "Mozilla/5.0 AppleWebKit/537.36 (KHTML, like Gecko; compatible; GPTBot/1.3; +https://openai.com/gptbot)" 506 **0/506778**
216.73.216.162 - - [28/Mar/2026:06:48:27 -0700] "GET /robots.txt HTTP/2.0" 200 78 "-" "Mozilla/5.0 AppleWebKit/537.36 (KHTML, like Gecko; compatible; ClaudeBot/1.0; +claudebot@anthropic.com)" 10 **0/10494**
74.7.227.0 - - [28/Mar/2026:06:48:26 -0700] "GET /?fileloc=//usr/lib64/libk5crypto.so&path=//usr/lib64 HTTP/2.0" 200 34962 "https://falcon-ia.com/?path=//usr/lib64" "Mozilla/5.0 AppleWebKit/537.36 (KHTML, like Gecko; compatible; GPTBot/1.3; +https://openai.com/gptbot)" 508 **0/508605**
216.73.216.162 - - [28/Mar/2026:06:48:27 -0700] "GET /item/3422829155?fileloc=%2Fhome%2Ffalconiapl2015%2Fpublic_html%2Fwp-includes%2Fclass-wp-oembed-controller.php&path=%2Fhome%2Ffalconiapl2015%2Fpublic_html%2Fwp-includes HTTP/2.0" 200 4332 "-" "Mozilla/5.0 AppleWebKit/537.36 (KHTML, like Gecko; compatible; ClaudeBot/1.0; +claudebot@anthropic.com)" 501 **0/501599**
74.7.227.0 - - [28/Mar/2026:06:48:30 -0700] "GET /?path=//usr/lib64/python3.12/lib2to3/fixes/__pycache__ HTTP/2.0" 200 5705 "https://falcon-ia.com/?path=//usr/lib64/python3.12/lib2to3/fixes" "Mozilla/5.0 AppleWebKit/537.36 (KHTML, like Gecko; compatible; GPTBot/1.3; +https://openai.com/gptbot)" 539 **0/539000**
216.73.216.162 - - [28/Mar/2026:06:48:30 -0700] "GET /item/3719550586?path=%2Fhome%2Ffalconiapl2015%2F.cagefs%2Ftmp HTTP/2.0" 200 2671 "-" "Mozilla/5.0 AppleWebKit/537.36 (KHTML, like Gecko; compatible; ClaudeBot/1.0; +claudebot@anthropic.com)" 535 **0/535734**
74.7.227.0 - - [28/Mar/2026:06:48:33 -0700] "GET /?fileloc=//bin/scl_enabled&path=//bin HTTP/2.0" 200 2426 "https://falcon-ia.com/?path=//bin" "Mozilla/5.0 AppleWebKit/537.36 (KHTML, like Gecko; compatible; GPTBot/1.3; +https://openai.com/gptbot)" 493 **0/493137**
216.73.216.162 - - [28/Mar/2026:06:48:33 -0700] "GET /item/3611603697?path=%2Fhome%2Ffalconiapl2015%2Fpublic_html%2Fwp-includes%2Fassets HTTP/2.0" 200 2867 "-" "Mozilla/5.0 AppleWebKit/537.36 (KHTML, like Gecko; compatible; ClaudeBot/1.0; +claudebot@anthropic.com)" 533 **0/533864**
216.73.216.162 - - [28/Mar/2026:06:48:36 -0700] "GET /item/3312377034?fileloc=%2Fhome%2Ffalconiapl2015%2Fpublic_html%2Fwp-includes%2Fblocks%2Ffootnotes.php&path=%2Fhome%2Ffalconiapl2015%2Fpublic_html%2Fwp-includes%2Fblocks HTTP/2.0" 200 3570 "-" "Mozilla/5.0 AppleWebKit/537.36 (KHTML, like Gecko; compatible; ClaudeBot/1.0; +claudebot@anthropic.com)" 494 **0/494095**
74.7.227.0 - - [28/Mar/2026:06:48:36 -0700] "GET /?fileloc=//bin/mariadb-slap&path=//bin HTTP/2.0" 200 632012 "https://falcon-ia.com/?path=//bin" "Mozilla/5.0 AppleWebKit/537.36 (KHTML, like Gecko; compatible; GPTBot/1.3; +https://openai.com/gptbot)" 855 **0/855574**
74.7.227.0 - - [28/Mar/2026:06:48:39 -0700] "GET /?fileloc=//bin/fc-validate&path=//bin HTTP/2.0" 200 6949 "https://falcon-ia.com/?path=//bin" "Mozilla/5.0 AppleWebKit/537.36 (KHTML, like Gecko; compatible; GPTBot/1.3; +https://openai.com/gptbot)" 507 **0/507374**
216.73.216.162 - - [28/Mar/2026:06:48:39 -0700] "GET /item/1772124902?path=%2Fhome%2Ffalconiapl2015%2Flogs HTTP/2.0" 200 2788 "-" "Mozilla/5.0 AppleWebKit/537.36 (KHTML, like Gecko; compatible; ClaudeBot/1.0; +claudebot@anthropic.com)" 498 **0/498023**
216.73.216.162 - - [28/Mar/2026:06:48:42 -0700] "GET /item/2000384027?fileloc=%2Fhome%2Ffalconiapl2015%2Fpublic_html%2Fwp-admin%2Foptions-permalink.php&path=%2Fhome%2Ffalconiapl2015%2Fpublic_html%2Fwp-admin HTTP/2.0" 200 7922 "-" "Mozilla/5.0 AppleWebKit/537.36 (KHTML, like Gecko; compatible; ClaudeBot/1.0; +claudebot@anthropic.com)" 485 **0/485105**
74.7.227.0 - - [28/Mar/2026:06:48:42 -0700] "GET /?fileloc=//usr/libexec/git-core/git-unpack-file&path=//usr/libexec/git-core HTTP/2.0" 200 1603119 "https://falcon-ia.com/?path=//usr/libexec/git-core" "Mozilla/5.0 AppleWebKit/537.36 (KHTML, like Gecko; compatible; GPTBot/1.3; +https://openai.com/gptbot)" 1109 **1/1109648**
216.73.216.162 - - [28/Mar/2026:06:48:45 -0700] "GET /item/2098730225?fileloc=%2F%2Flib%2Fsendmail&path=%2F%2Flib HTTP/2.0" 200 2890 "-" "Mozilla/5.0 AppleWebKit/537.36 (KHTML, like Gecko; compatible; ClaudeBot/1.0; +claudebot@anthropic.com)" 510 **0/510136**
74.7.227.0 - - [28/Mar/2026:06:48:46 -0700] "GET /?fileloc=//usr/include/byteswap.h&path=//usr/include HTTP/2.0" 200 2865 "https://falcon-ia.com/?path=//usr/include" "Mozilla/5.0 AppleWebKit/537.36 (KHTML, like Gecko; compatible; GPTBot/1.3; +https://openai.com/gptbot)" 498 **0/498362**
216.73.216.162 - - [28/Mar/2026:06:48:48 -0700] "GET /item/2000384027?fileloc=%2Fhome%2Ffalconiapl2015%2Fpublic_html%2Fwp-includes%2Fclass-wp-user-request.php&path=%2Fhome%2Ffalconiapl2015%2Fpublic_html%2Fwp-includes HTTP/2.0" 200 2887 "-" "Mozilla/5.0 AppleWebKit/537.36 (KHTML, like Gecko; compatible; ClaudeBot/1.0; +claudebot@anthropic.com)" 520 **0/520200**
74.7.227.0 - - [28/Mar/2026:06:48:49 -0700] "GET /?fileloc=//usr/include/monetary.h&path=//usr/include HTTP/2.0" 200 3044 "https://falcon-ia.com/?path=//usr/include" "Mozilla/5.0 AppleWebKit/537.36 (KHTML, like Gecko; compatible; GPTBot/1.3; +https://openai.com/gptbot)" 490 **0/490665**
216.73.216.162 - - [28/Mar/2026:06:48:51 -0700] "GET /item/2139750069?fileloc=%2Fhome%2Ffalconiapl2015%2Fpublic_html%2Fwp-admin%2Fcss%2Fabout-rtl.min.css&path=%2Fhome%2Ffalconiapl2015%2Fpublic_html%2Fwp-admin%2Fcss HTTP/2.0" 200 8032 "-" "Mozilla/5.0 AppleWebKit/537.36 (KHTML, like Gecko; compatible; ClaudeBot/1.0; +claudebot@anthropic.com)" 502 **0/502099**
74.7.227.0 - - [28/Mar/2026:06:48:52 -0700] "GET /?fileloc=//usr/include/jmorecfg.h&path=//usr/include HTTP/2.0" 200 7429 "https://falcon-ia.com/?path=//usr/include" "Mozilla/5.0 AppleWebKit/537.36 (KHTML, like Gecko; compatible; GPTBot/1.3; +https://openai.com/gptbot)" 491 **0/491439**
114.119.151.172 - - [28/Mar/2026:06:48:53 -0700] "GET /commodity/warning/problems171919428009?fileloc=/home/falconiapl2015/public_html/robots.txt&path=/home/falconiapl2015/public_html HTTP/1.1" 200 2531 "https://falcon-ia.com/commodity/warning/problems171919428009" "Mozilla/5.0 (Linux; Android 7.0;) AppleWebKit/537.36 (KHTML, like Gecko) Mobile Safari/537.36 (compatible; PetalBot;+https://webmaster.petalsearch.com/site/petalbot)" 487 **0/487941**
216.73.216.162 - - [28/Mar/2026:06:48:54 -0700] "GET /item/505266654?fileloc=%2Fhome%2Ffalconiapl2015%2Fpublic_html%2Fwp-admin%2Fload-scripts.php&path=%2Fhome%2Ffalconiapl2015%2Fpublic_html%2Fwp-admin HTTP/2.0" 200 3209 "-" "Mozilla/5.0 AppleWebKit/537.36 (KHTML, like Gecko; compatible; ClaudeBot/1.0; +claudebot@anthropic.com)" 505 **0/505194**
74.7.227.0 - - [28/Mar/2026:06:48:55 -0700] "GET /?fileloc=//usr/lib64/libbabeltrace-ctf.so.1&path=//usr/lib64 HTTP/2.0" 200 120895 "https://falcon-ia.com/?path=//usr/lib64" "Mozilla/5.0 AppleWebKit/537.36 (KHTML, like Gecko; compatible; GPTBot/1.3; +https://openai.com/gptbot)" 559 **0/559023**
216.73.216.162 - - [28/Mar/2026:06:48:57 -0700] "GET /item/3784455859?path=%2Fhome%2Ffalconiapl2015%2F.cphorde HTTP/2.0" 200 2684 "-" "Mozilla/5.0 AppleWebKit/537.36 (KHTML, like Gecko; compatible; ClaudeBot/1.0; +claudebot@anthropic.com)" 510 **0/510514**
74.7.227.0 - - [28/Mar/2026:06:48:58 -0700] "GET /?fileloc=//usr/lib64/libmariadb.a&path=//usr/lib64 HTTP/2.0" 200 127142 "https://falcon-ia.com/?path=//usr/lib64" "Mozilla/5.0 AppleWebKit/537.36 (KHTML, like Gecko; compatible; GPTBot/1.3; +https://openai.com/gptbot)" 567 **0/567048**
216.73.216.162 - - [28/Mar/2026:06:49:00 -0700] "GET /item/3314517277?fileloc=%2Fhome%2Ffalconiapl2015%2Fpublic_html%2Fwp-includes%2Fclass-wp-object-cache.php&path=%2Fhome%2Ffalconiapl2015%2Fpublic_html%2Fwp-includes HTTP/2.0" 200 5886 "-" "Mozilla/5.0 AppleWebKit/537.36 (KHTML, like Gecko; compatible; ClaudeBot/1.0; +claudebot@anthropic.com)" 547 **0/547069**
74.7.227.0 - - [28/Mar/2026:06:49:01 -0700] "GET /?fileloc=//usr/lib64/libtinfo.so.6&path=//usr/lib64 HTTP/2.0" 200 57315 "https://falcon-ia.com/?path=//usr/lib64" "Mozilla/5.0 AppleWebKit/537.36 (KHTML, like Gecko; compatible; GPTBot/1.3; +https://openai.com/gptbot)" 606 **0/606628**
216.73.216.162 - - [28/Mar/2026:06:49:03 -0700] "GET /item/3905958014?path=%2Fhome%2Ffalconiapl2015%2Fpublic_html%2F.tmb HTTP/2.0" 200 2681 "-" "Mozilla/5.0 AppleWebKit/537.36 (KHTML, like Gecko; compatible; ClaudeBot/1.0; +claudebot@anthropic.com)" 505 **0/505582**
74.7.227.0 - - [28/Mar/2026:06:49:04 -0700] "GET /?fileloc=//usr/lib64/python3.12/lib2to3/fixes/__pycache__/fix_import.cpython-312.pyc&path=//usr/lib64/python3.12/lib2to3/fixes/__pycache__ HTTP/2.0" 200 4563 "https://falcon-ia.com/?path=//usr/lib64/python3.12/lib2to3/fixes/__pycache__" "Mozilla/5.0 AppleWebKit/537.36 (KHTML, like Gecko; compatible; GPTBot/1.3; +https://openai.com/gptbot)" 489 **0/489024**
216.73.216.162 - - [28/Mar/2026:06:49:06 -0700] "GET /item/228656237?path=%2Fhome%2Ffalconiapl2015%2F.cpanel HTTP/2.0" 200 3233 "-" "Mozilla/5.0 AppleWebKit/537.36 (KHTML, like Gecko; compatible; ClaudeBot/1.0; +claudebot@anthropic.com)" 539 **0/539453**
74.7.227.0 - - [28/Mar/2026:06:49:07 -0700] "GET /?fileloc=//usr/lib64/libsysfs.so.2&path=//usr/lib64 HTTP/2.0" 200 17342 "https://falcon-ia.com/?path=//usr/lib64" "Mozilla/5.0 AppleWebKit/537.36 (KHTML, like Gecko; compatible; GPTBot/1.3; +https://openai.com/gptbot)" 505 **0/505868**
216.73.216.162 - - [28/Mar/2026:06:49:09 -0700] "GET /item/434927160?path=%2Fhome%2Ffalconiapl2015 HTTP/2.0" 200 3737 "-" "Mozilla/5.0 AppleWebKit/537.36 (KHTML, like Gecko; compatible; ClaudeBot/1.0; +claudebot@anthropic.com)" 517 **0/517888**
74.7.227.0 - - [28/Mar/2026:06:49:11 -0700] "GET /?fileloc=//usr/lib64/libtinfo.so&path=//usr/lib64 HTTP/2.0" 200 57293 "https://falcon-ia.com/?path=//usr/lib64" "Mozilla/5.0 AppleWebKit/537.36 (KHTML, like Gecko; compatible; GPTBot/1.3; +https://openai.com/gptbot)" 532 **0/532984**
216.73.216.162 - - [28/Mar/2026:06:49:12 -0700] "GET /item/2812949811?fileloc=%2Fhome%2Ffalconiapl2015%2Fpublic_html%2Fwp-includes%2Fclass-wp-object-cache.php&path=%2Fhome%2Ffalconiapl2015%2Fpublic_html%2Fwp-includes HTTP/2.0" 200 5886 "-" "Mozilla/5.0 AppleWebKit/537.36 (KHTML, like Gecko; compatible; ClaudeBot/1.0; +claudebot@anthropic.com)" 537 **0/537972**
74.7.227.0 - - [28/Mar/2026:06:49:14 -0700] "GET /?fileloc=//usr/lib64/libfreebl3.so&path=//usr/lib64 HTTP/2.0" 200 6118 "https://falcon-ia.com/?path=//usr/lib64" "Mozilla/5.0 AppleWebKit/537.36 (KHTML, like Gecko; compatible; GPTBot/1.3; +https://openai.com/gptbot)" 487 **0/487253**
216.73.216.162 - - [28/Mar/2026:06:49:15 -0700] "GET /item/2252766055?path=%2Fhome%2Ffalconiapl2015%2Fpublic_html%2F.easyssl_backup HTTP/2.0" 200 2841 "-" "Mozilla/5.0 AppleWebKit/537.36 (KHTML, like Gecko; compatible; ClaudeBot/1.0; +claudebot@anthropic.com)" 513 **0/513813**
74.7.227.0 - - [28/Mar/2026:06:49:17 -0700] "GET /?fileloc=//usr/lib64/libsasl2.so.3&path=//usr/lib64 HTTP/2.0" 200 50474 "https://falcon-ia.com/?path=//usr/lib64" "Mozilla/5.0 AppleWebKit/537.36 (KHTML, like Gecko; compatible; GPTBot/1.3; +https://openai.com/gptbot)" 510 **0/510839**
216.73.216.162 - - [28/Mar/2026:06:49:18 -0700] "GET /item/2252766055?path=%2Fhome%2Ffalconiapl2015%2Fpublic_html%2Fwp-content HTTP/2.0" 200 2867 "-" "Mozilla/5.0 AppleWebKit/537.36 (KHTML, like Gecko; compatible; ClaudeBot/1.0; +claudebot@anthropic.com)" 491 **0/491870**
74.7.227.0 - - [28/Mar/2026:06:49:20 -0700] "GET /?fileloc=//usr/lib64/libcares.so.2&path=//usr/lib64 HTTP/2.0" 200 34701 "https://falcon-ia.com/?path=//usr/lib64" "Mozilla/5.0 AppleWebKit/537.36 (KHTML, like Gecko; compatible; GPTBot/1.3; +https://openai.com/gptbot)" 499 **0/499190**
216.73.216.162 - - [28/Mar/2026:06:49:21 -0700] "GET /item/2056639609?path=%2Fhome%2Ffalconiapl2015%2F.cl.selector HTTP/2.0" 200 2680 "-" "Mozilla/5.0 AppleWebKit/537.36 (KHTML, like Gecko; compatible; ClaudeBot/1.0; +claudebot@anthropic.com)" 498 **0/498050**
74.7.227.0 - - [28/Mar/2026:06:49:23 -0700] "GET /?fileloc=//usr/lib64/libodbc.so&path=//usr/lib64 HTTP/2.0" 200 155689 "https://falcon-ia.com/?path=//usr/lib64" "Mozilla/5.0 AppleWebKit/537.36 (KHTML, like Gecko; compatible; GPTBot/1.3; +https://openai.com/gptbot)" 568 **0/568818**
216.73.216.162 - - [28/Mar/2026:06:49:24 -0700] "GET /item/3519617912?fileloc=%2F%2Fproc%2Fkcore&path=%2F%2Fproc HTTP/2.0" 200 2247 "-" "Mozilla/5.0 AppleWebKit/537.36 (KHTML, like Gecko; compatible; ClaudeBot/1.0; +claudebot@anthropic.com)" 506 **0/506096**
74.7.227.0 - - [28/Mar/2026:06:49:26 -0700] "GET /?fileloc=//usr/lib64/libip6tc.so.2&path=//usr/lib64 HTTP/2.0" 200 15080 "https://falcon-ia.com/?path=//usr/lib64" "Mozilla/5.0 AppleWebKit/537.36 (KHTML, like Gecko; compatible; GPTBot/1.3; +https://openai.com/gptbot)" 500 **0/500305**
216.73.216.162 - - [28/Mar/2026:06:49:27 -0700] "GET /item/3544149475?fileloc=%2Fhome%2Ffalconiapl2015%2Fpublic_html%2Fwp-includes%2Fwp-diff.php&path=%2Fhome%2Ffalconiapl2015%2Fpublic_html%2Fwp-includes HTTP/2.0" 200 2578 "-" "Mozilla/5.0 AppleWebKit/537.36 (KHTML, like Gecko; compatible; ClaudeBot/1.0; +claudebot@anthropic.com)" 508 **0/508395**
74.7.227.0 - - [28/Mar/2026:06:49:30 -0700] "GET /?fileloc=//usr/lib64/libjasper.so&path=//usr/lib64 HTTP/2.0" 200 141550 "https://falcon-ia.com/?path=//usr/lib64" "Mozilla/5.0 AppleWebKit/537.36 (KHTML, like Gecko; compatible; GPTBot/1.3; +https://openai.com/gptbot)" 594 **0/594351**
216.73.216.162 - - [28/Mar/2026:06:49:30 -0700] "GET /item/3835258245?fileloc=%2Fhome%2Ffalconiapl2015%2Fpublic_html%2Fwp-admin%2Fexport-personal-data-interface.php&path=%2Fhome%2Ffalconiapl2015%2Fpublic_html%2Fwp-admin HTTP/2.0" 200 2285 "-" "Mozilla/5.0 AppleWebKit/537.36 (KHTML, like Gecko; compatible; ClaudeBot/1.0; +claudebot@anthropic.com)" 494 **0/494727**
74.7.227.0 - - [28/Mar/2026:06:49:33 -0700] "GET /?fileloc=//usr/lib64/libip4tc.so.2&path=//usr/lib64 HTTP/2.0" 200 14860 "https://falcon-ia.com/?path=//usr/lib64" "Mozilla/5.0 AppleWebKit/537.36 (KHTML, like Gecko; compatible; GPTBot/1.3; +https://openai.com/gptbot)" 506 **0/506922**
216.73.216.162 - - [28/Mar/2026:06:49:33 -0700] "GET /item/3198071407?path=%2Fhome%2Ffalconiapl2015%2Flogs HTTP/2.0" 403 3449 "-" "Mozilla/5.0 AppleWebKit/537.36 (KHTML, like Gecko; compatible; ClaudeBot/1.0; +claudebot@anthropic.com)" 495 **0/495681**
74.7.227.0 - - [28/Mar/2026:06:49:36 -0700] "GET /?fileloc=//usr/lib64/libnss3.so&path=//usr/lib64 HTTP/2.0" 200 432495 "https://falcon-ia.com/?path=//usr/lib64" "Mozilla/5.0 AppleWebKit/537.36 (KHTML, like Gecko; compatible; GPTBot/1.3; +https://openai.com/gptbot)" 691 **0/691460**
216.73.216.162 - - [28/Mar/2026:06:49:36 -0700] "GET /item/2395768410?path=%2Fhome%2Ffalconiapl2015%2Fpublic_html%2Fwp-includes%2Fcertificates HTTP/2.0" 403 3449 "-" "Mozilla/5.0 AppleWebKit/537.36 (KHTML, like Gecko; compatible; ClaudeBot/1.0; +claudebot@anthropic.com)" 505 **0/505910**
74.7.227.0 - - [28/Mar/2026:06:49:39 -0700] "GET /?fileloc=//usr/lib64/libisccfg.so&path=//usr/lib64 HTTP/2.0" 200 50728 "https://falcon-ia.com/?path=//usr/lib64" "Mozilla/5.0 AppleWebKit/537.36 (KHTML, like Gecko; compatible; GPTBot/1.3; +https://openai.com/gptbot)" 535 **0/535011**
216.73.216.162 - - [28/Mar/2026:06:49:39 -0700] "GET /item/1543075150?fileloc=%2Fhome%2Ffalconiapl2015%2Fpublic_html%2Fwp-includes%2Fclass-wp-editor-loop.php&path=%2Fhome%2Ffalconiapl2015%2Fpublic_html%2Fwp-includes HTTP/2.0" 403 3449 "-" "Mozilla/5.0 AppleWebKit/537.36 (KHTML, like Gecko; compatible; ClaudeBot/1.0; +claudebot@anthropic.com)" 510 **0/510334**
74.7.227.0 - - [28/Mar/2026:06:49:42 -0700] "GET /?fileloc=//usr/lib64/libsmime3.so&path=//usr/lib64 HTTP/2.0" 200 66698 "https://falcon-ia.com/?path=//usr/lib64" "Mozilla/5.0 AppleWebKit/537.36 (KHTML, like Gecko; compatible; GPTBot/1.3; +https://openai.com/gptbot)" 538 **0/538645**
216.73.216.162 - - [28/Mar/2026:06:49:42 -0700] "GET /item/2300715566?path=%2Fhome%2Ffalconiapl2015 HTTP/2.0" 403 3449 "-" "Mozilla/5.0 AppleWebKit/537.36 (KHTML, like Gecko; compatible; ClaudeBot/1.0; +claudebot@anthropic.com)" 491 **0/491893**
74.7.227.0 - - [28/Mar/2026:06:49:45 -0700] "GET /?fileloc=//usr/lib64/libfstrm.so&path=//usr/lib64 HTTP/2.0" 200 18179 "https://falcon-ia.com/?path=//usr/lib64" "Mozilla/5.0 AppleWebKit/537.36 (KHTML, like Gecko; compatible; GPTBot/1.3; +https://openai.com/gptbot)" 497 **0/497337**
216.73.216.162 - - [28/Mar/2026:06:49:47 -0700] "GET /item/4281971789?fileloc=%2Fhome%2Ffalconiapl2015%2Fpublic_html%2Fwp-admin%2Fupgrade.php&path=%2Fhome%2Ffalconiapl2015%2Fpublic_html%2Fwp-admin HTTP/2.0" 403 3449 "-" "Mozilla/5.0 AppleWebKit/537.36 (KHTML, like Gecko; compatible; ClaudeBot/1.0; +claudebot@anthropic.com)" 492 **0/492734**
74.7.227.0 - - [28/Mar/2026:06:49:48 -0700] "GET /?fileloc=//usr/lib64/libgssrpc.so&path=//usr/lib64 HTTP/2.0" 200 51001 "https://falcon-ia.com/?path=//usr/lib64" "Mozilla/5.0 AppleWebKit/537.36 (KHTML, like Gecko; compatible; GPTBot/1.3; +https://openai.com/gptbot)" 536 **0/536469**
216.73.216.162 - - [28/Mar/2026:06:49:50 -0700] "GET /item/1002342832?fileloc=%2Fhome%2Ffalconiapl2015%2Fpublic_html%2Fwp-includes%2Fpost-formats.php&path=%2Fhome%2Ffalconiapl2015%2Fpublic_html%2Fwp-includes HTTP/2.0" 403 3449 "-" "Mozilla/5.0 AppleWebKit/537.36 (KHTML, like Gecko; compatible; ClaudeBot/1.0; +claudebot@anthropic.com)" 522 **0/522245**
74.7.227.0 - - [28/Mar/2026:06:49:52 -0700] "GET /?fileloc=//usr/lib64/libverto.so&path=//usr/lib64 HTTP/2.0" 200 11043 "https://falcon-ia.com/?path=//usr/lib64" "Mozilla/5.0 AppleWebKit/537.36 (KHTML, like Gecko; compatible; GPTBot/1.3; +https://openai.com/gptbot)" 501 **0/501420**
216.73.216.162 - - [28/Mar/2026:06:49:53 -0700] "GET /item/618226921?fileloc=%2Fhome%2Ffalconiapl2015%2Fpublic_html%2Fwp-admin%2Foptions-writing.php&path=%2Fhome%2Ffalconiapl2015%2Fpublic_html%2Fwp-admin HTTP/2.0" 403 3449 "-" "Mozilla/5.0 AppleWebKit/537.36 (KHTML, like Gecko; compatible; ClaudeBot/1.0; +claudebot@anthropic.com)" 508 **0/508642**
74.7.227.0 - - [28/Mar/2026:06:49:55 -0700] "GET /?fileloc=//usr/lib64/libcairo.so.2&path=//usr/lib64 HTTP/2.0" 200 483571 "https://falcon-ia.com/?path=//usr/lib64" "Mozilla/5.0 AppleWebKit/537.36 (KHTML, like Gecko; compatible; GPTBot/1.3; +https://openai.com/gptbot)" 744 **0/744781**
216.73.216.162 - - [28/Mar/2026:06:49:56 -0700] "GET /item/3198071407?fileloc=%2Fhome%2Ffalconiapl2015%2Fpublic_html%2Fwp-admin%2Foptions-writing.php&path=%2Fhome%2Ffalconiapl2015%2Fpublic_html%2Fwp-admin HTTP/2.0" 403 3449 "-" "Mozilla/5.0 AppleWebKit/537.36 (KHTML, like Gecko; compatible; ClaudeBot/1.0; +claudebot@anthropic.com)" 498 **0/498566**
74.7.227.0 - - [28/Mar/2026:06:49:58 -0700] "GET /?fileloc=//usr/lib64/libform.so&path=//usr/lib64 HTTP/2.0" 200 28632 "https://falcon-ia.com/?path=//usr/lib64" "Mozilla/5.0 AppleWebKit/537.36 (KHTML, like Gecko; compatible; GPTBot/1.3; +https://openai.com/gptbot)" 503 **0/503989**
216.73.216.162 - - [28/Mar/2026:06:49:59 -0700] "GET /item/2571990870?fileloc=%2Fhome%2Ffalconiapl2015%2Fpublic_html%2Fwp-includes%2Fclass-wp-session-tokens.php&path=%2Fhome%2Ffalconiapl2015%2Fpublic_html%2Fwp-includes HTTP/2.0" 403 3449 "-" "Mozilla/5.0 AppleWebKit/537.36 (KHTML, like Gecko; compatible; ClaudeBot/1.0; +claudebot@anthropic.com)" 500 **0/500084**
74.7.227.0 - - [28/Mar/2026:06:50:01 -0700] "GET /?fileloc=//usr/lib64/libkrb5.so&path=//usr/lib64 HTTP/2.0" 200 294311 "https://falcon-ia.com/?path=//usr/lib64" "Mozilla/5.0 AppleWebKit/537.36 (KHTML, like Gecko; compatible; GPTBot/1.3; +https://openai.com/gptbot)" 1251 **1/1251772**
216.73.216.162 - - [28/Mar/2026:06:50:02 -0700] "GET /item/1702637264?fileloc=%2Fhome%2Ffalconiapl2015%2Fpublic_html%2Fwp-includes%2Fclass-walker-page-dropdown.php&path=%2Fhome%2Ffalconiapl2015%2Fpublic_html%2Fwp-includes HTTP/2.0" 403 3449 "-" "Mozilla/5.0 AppleWebKit/537.36 (KHTML, like Gecko; compatible; ClaudeBot/1.0; +claudebot@anthropic.com)" 708 **0/708142**
74.7.227.0 - - [28/Mar/2026:06:50:04 -0700] "GET /?fileloc=//usr/lib64/libpanel.so.6&path=//usr/lib64 HTTP/2.0" 200 7256 "https://falcon-ia.com/?path=//usr/lib64" "Mozilla/5.0 AppleWebKit/537.36 (KHTML, like Gecko; compatible; GPTBot/1.3; +https://openai.com/gptbot)" 676 **0/676890**
216.73.216.162 - - [28/Mar/2026:06:50:05 -0700] "GET /item/267899740?path=%2Fhome%2Ffalconiapl2015%2Fpublic_html%2F.well-known HTTP/2.0" 403 3449 "-" "Mozilla/5.0 AppleWebKit/537.36 (KHTML, like Gecko; compatible; ClaudeBot/1.0; +claudebot@anthropic.com)" 675 **0/675499**
74.7.227.0 - - [28/Mar/2026:06:50:07 -0700] "GET /?fileloc=//usr/lib64/libpanel.so&path=//usr/lib64 HTTP/2.0" 200 7275 "https://falcon-ia.com/?path=//usr/lib64" "Mozilla/5.0 AppleWebKit/537.36 (KHTML, like Gecko; compatible; GPTBot/1.3; +https://openai.com/gptbot)" 587 **0/587151**
216.73.216.162 - - [28/Mar/2026:06:50:08 -0700] "GET /item/3130375041?path=%2Fhome%2Ffalconiapl2015%2Fpublic_ftp HTTP/2.0" 403 3449 "-" "Mozilla/5.0 AppleWebKit/537.36 (KHTML, like Gecko; compatible; ClaudeBot/1.0; +claudebot@anthropic.com)" 595 **0/595075**
74.7.227.0 - - [28/Mar/2026:06:50:11 -0700] "GET /?fileloc=//usr/lib64/libnspr4.so&path=//usr/lib64 HTTP/2.0" 200 100209 "https://falcon-ia.com/?path=//usr/lib64" "Mozilla/5.0 AppleWebKit/537.36 (KHTML, like Gecko; compatible; GPTBot/1.3; +https://openai.com/gptbot)" 584 **0/584082**
216.73.216.162 - - [28/Mar/2026:06:50:11 -0700] "GET /item/3448918175?fileloc=%2Fhome%2Ffalconiapl2015%2Fpublic_html%2Fwp-includes%2Fclass-phpmailer.php&path=%2Fhome%2Ffalconiapl2015%2Fpublic_html%2Fwp-includes HTTP/2.0" 403 3449 "-" "Mozilla/5.0 AppleWebKit/537.36 (KHTML, like Gecko; compatible; ClaudeBot/1.0; +claudebot@anthropic.com)" 511 **0/511740**
216.73.216.162 - - [28/Mar/2026:06:50:14 -0700] "GET /item/3494741023?path=%2Fhome%2Ffalconiapl2015%2Fpublic_html%2F.well-known HTTP/2.0" 200 2658 "-" "Mozilla/5.0 AppleWebKit/537.36 (KHTML, like Gecko; compatible; ClaudeBot/1.0; +claudebot@anthropic.com)" 507 **0/507008**
74.7.227.0 - - [28/Mar/2026:06:50:14 -0700] "GET /?fileloc=//usr/lib64/libtirpc.so.3&path=//usr/lib64 HTTP/2.0" 200 85178 "https://falcon-ia.com/?path=//usr/lib64" "Mozilla/5.0 AppleWebKit/537.36 (KHTML, like Gecko; compatible; GPTBot/1.3; +https://openai.com/gptbot)" 569 **0/569005**
198.244.242.124 - - [28/Mar/2026:06:50:15 -0700] "GET /sitemap.xml HTTP/2.0" 200 6323 "-" "Mozilla/5.0 (compatible; AhrefsBot/7.0; +http://ahrefs.com/robot/)" 1434 **1/1434829**
216.73.216.162 - - [28/Mar/2026:06:50:17 -0700] "GET /item/4154893473?fileloc=%2Fhome%2Ffalconiapl2015%2Fpublic_html%2Fwp-mail.php&path=%2Fhome%2Ffalconiapl2015%2Fpublic_html HTTP/2.0" 200 5289 "-" "Mozilla/5.0 AppleWebKit/537.36 (KHTML, like Gecko; compatible; ClaudeBot/1.0; +claudebot@anthropic.com)" 494 **0/494548**
74.7.227.0 - - [28/Mar/2026:06:50:17 -0700] "GET /?fileloc=//usr/lib64/libsepol.so.1&path=//usr/lib64 HTTP/2.0" 200 272276 "https://falcon-ia.com/?path=//usr/lib64" "Mozilla/5.0 AppleWebKit/537.36 (KHTML, like Gecko; compatible; GPTBot/1.3; +https://openai.com/gptbot)" 642 **0/642800**
216.73.216.162 - - [28/Mar/2026:06:50:20 -0700] "GET /item/1666765718?fileloc=%2Fhome%2Ffalconiapl2015%2Fpublic_html%2Fxmlrpc.php&path=%2Fhome%2Ffalconiapl2015%2Fpublic_html HTTP/2.0" 200 3646 "-" "Mozilla/5.0 AppleWebKit/537.36 (KHTML, like Gecko; compatible; ClaudeBot/1.0; +claudebot@anthropic.com)" 510 **0/510806**
74.7.227.0 - - [28/Mar/2026:06:50:20 -0700] "GET /?fileloc=//usr/lib64/libkeyutils.so&path=//usr/lib64 HTTP/2.0" 200 8314 "https://falcon-ia.com/?path=//usr/lib64" "Mozilla/5.0 AppleWebKit/537.36 (KHTML, like Gecko; compatible; GPTBot/1.3; +https://openai.com/gptbot)" 523 **0/523250**
216.73.216.162 - - [28/Mar/2026:06:50:23 -0700] "GET /item/3784455859?fileloc=%2Fhome%2Ffalconiapl2015%2Fpublic_html%2Fwp-comments-post.php&path=%2Fhome%2Ffalconiapl2015%2Fpublic_html HTTP/2.0" 200 3279 "-" "Mozilla/5.0 AppleWebKit/537.36 (KHTML, like Gecko; compatible; ClaudeBot/1.0; +claudebot@anthropic.com)" 510 **0/510530**
74.7.227.0 - - [28/Mar/2026:06:50:23 -0700] "GET /?fileloc=//usr/lib64/libodbcinst.so&path=//usr/lib64 HTTP/2.0" 200 32746 "https://falcon-ia.com/?path=//usr/lib64" "Mozilla/5.0 AppleWebKit/537.36 (KHTML, like Gecko; compatible; GPTBot/1.3; +https://openai.com/gptbot)" 534 **0/534014**
216.73.216.162 - - [28/Mar/2026:06:50:26 -0700] "GET /item/2395768410?fileloc=%2Fhome%2Ffalconiapl2015%2Fpublic_html%2Fwp-includes%2Fclass-wp-widget-factory.php&path=%2Fhome%2Ffalconiapl2015%2Fpublic_html%2Fwp-includes HTTP/2.0" 200 3233 "-" "Mozilla/5.0 AppleWebKit/537.36 (KHTML, like Gecko; compatible; ClaudeBot/1.0; +claudebot@anthropic.com)" 515 **0/515881**
114.119.143.130 - - [28/Mar/2026:06:50:26 -0700] "GET /commodity/vibration/taliban17173573293?fileloc=/home/falconiapl2015/public_html/wp-login.php&path=/home/falconiapl2015/public_html HTTP/1.1" 200 15772 "https://falcon-ia.com/commodity/vibration/taliban17173573293" "Mozilla/5.0 (Linux; Android 7.0;) AppleWebKit/537.36 (KHTML, like Gecko) Mobile Safari/537.36 (compatible; PetalBot;+https://webmaster.petalsearch.com/site/petalbot)" 491 **0/491685**
74.7.227.0 - - [28/Mar/2026:06:50:26 -0700] "GET /?fileloc=//usr/lib64/libasprintf.so&path=//usr/lib64 HTTP/2.0" 200 5910 "https://falcon-ia.com/?path=//usr/lib64" "Mozilla/5.0 AppleWebKit/537.36 (KHTML, like Gecko; compatible; GPTBot/1.3; +https://openai.com/gptbot)" 496 **0/496176**
216.73.216.162 - - [28/Mar/2026:06:50:29 -0700] "GET /item/4124803183?fileloc=%2Fhome%2Ffalconiapl2015%2Fpublic_html%2Fwp-includes%2Fms-files.php&path=%2Fhome%2Ffalconiapl2015%2Fpublic_html%2Fwp-includes HTTP/2.0" 200 3432 "-" "Mozilla/5.0 AppleWebKit/537.36 (KHTML, like Gecko; compatible; ClaudeBot/1.0; +claudebot@anthropic.com)" 524 **0/524333**
74.7.227.0 - - [28/Mar/2026:06:50:29 -0700] "GET /?fileloc=//usr/lib64/libfreetype.so&path=//usr/lib64 HTTP/2.0" 200 325559 "https://falcon-ia.com/?path=//usr/lib64" "Mozilla/5.0 AppleWebKit/537.36 (KHTML, like Gecko; compatible; GPTBot/1.3; +https://openai.com/gptbot)" 761 **0/761602**
216.73.216.162 - - [28/Mar/2026:06:50:32 -0700] "GET /item/1166118298?fileloc=%2Fhome%2Ffalconiapl2015%2Fpublic_html%2Fwp-includes%2Fms-deprecated.php&path=%2Fhome%2Ffalconiapl2015%2Fpublic_html%2Fwp-includes HTTP/2.0" 200 8433 "-" "Mozilla/5.0 AppleWebKit/537.36 (KHTML, like Gecko; compatible; ClaudeBot/1.0; +claudebot@anthropic.com)" 507 **0/507243**
74.7.227.0 - - [28/Mar/2026:06:50:33 -0700] "GET /?fileloc=//bin/msql2mysql&path=//bin HTTP/2.0" 200 2941 "https://falcon-ia.com/?path=//bin" "Mozilla/5.0 AppleWebKit/537.36 (KHTML, like Gecko; compatible; GPTBot/1.3; +https://openai.com/gptbot)" 520 **0/520385**
216.73.216.162 - - [28/Mar/2026:06:50:35 -0700] "GET /item/266687625?fileloc=%2Fhome%2Ffalconiapl2015%2Fpublic_html%2Fwp-includes%2Fclass-wp-textdomain-registry.php&path=%2Fhome%2Ffalconiapl2015%2Fpublic_html%2Fwp-includes HTTP/2.0" 200 5153 "-" "Mozilla/5.0 AppleWebKit/537.36 (KHTML, like Gecko; compatible; ClaudeBot/1.0; +claudebot@anthropic.com)" 514 **0/514058**
74.7.227.0 - - [28/Mar/2026:06:50:36 -0700] "GET /?path=//lib/modules/4.18.0-553.104.1.lve.el8.x86_64/updates HTTP/2.0" 200 2332 "https://falcon-ia.com/?path=//lib/modules/4.18.0-553.104.1.lve.el8.x86_64" "Mozilla/5.0 AppleWebKit/537.36 (KHTML, like Gecko; compatible; GPTBot/1.3; +https://openai.com/gptbot)" 509 **0/509240**
216.73.216.162 - - [28/Mar/2026:06:50:38 -0700] "GET /item/2098730225?fileloc=%2Fhome%2Ffalconiapl2015%2Fpublic_html%2Fwp-admin%2Fcontribute.php&path=%2Fhome%2Ffalconiapl2015%2Fpublic_html%2Fwp-admin HTTP/2.0" 200 4230 "-" "Mozilla/5.0 AppleWebKit/537.36 (KHTML, like Gecko; compatible; ClaudeBot/1.0; +claudebot@anthropic.com)" 503 **0/503737**
74.7.227.0 - - [28/Mar/2026:06:50:39 -0700] "GET /?path=//lib/modules/4.18.0-553.104.1.lve.el8.x86_64/kernel HTTP/2.0" 200 2850 "https://falcon-ia.com/?path=//lib/modules/4.18.0-553.104.1.lve.el8.x86_64" "Mozilla/5.0 AppleWebKit/537.36 (KHTML, like Gecko; compatible; GPTBot/1.3; +https://openai.com/gptbot)" 550 **0/550803**
216.73.216.162 - - [28/Mar/2026:06:50:41 -0700] "GET /item/4281971789?fileloc=%2Fhome%2Ffalconiapl2015%2Fpublic_html%2Fwp-admin%2Ferase-personal-data.php&path=%2Fhome%2Ffalconiapl2015%2Fpublic_html%2Fwp-admin HTTP/2.0" 200 4933 "-" "Mozilla/5.0 AppleWebKit/537.36 (KHTML, like Gecko; compatible; ClaudeBot/1.0; +claudebot@anthropic.com)" 523 **0/523091**
74.7.227.0 - - [28/Mar/2026:06:50:42 -0700] "GET /?fileloc=//usr/include/gdfontmb.h&path=//usr/include HTTP/2.0" 200 2585 "https://falcon-ia.com/?path=//usr/include" "Mozilla/5.0 AppleWebKit/537.36 (KHTML, like Gecko; compatible; GPTBot/1.3; +https://openai.com/gptbot)" 533 **0/533610**
216.73.216.162 - - [28/Mar/2026:06:50:44 -0700] "GET /item/2812949811?fileloc=%2Fhome%2Ffalconiapl2015%2Fpublic_html%2Fwp-includes%2Fkses.php&path=%2Fhome%2Ffalconiapl2015%2Fpublic_html%2Fwp-includes HTTP/2.0" 200 23200 "-" "Mozilla/5.0 AppleWebKit/537.36 (KHTML, like Gecko; compatible; ClaudeBot/1.0; +claudebot@anthropic.com)" 510 **0/510848**
74.7.227.0 - - [28/Mar/2026:06:50:46 -0700] "GET /?path=//usr/lib64/python3.6/test HTTP/2.0" 200 2692 "https://falcon-ia.com/?path=//usr/lib64/python3.6" "Mozilla/5.0 AppleWebKit/537.36 (KHTML, like Gecko; compatible; GPTBot/1.3; +https://openai.com/gptbot)" 523 **0/523317**
216.73.216.162 - - [28/Mar/2026:06:50:47 -0700] "GET /item/946327045?fileloc=%2Fhome%2Ffalconiapl2015%2Fpublic_html%2Fwp-includes%2Fclass-wp-tax-query.php&path=%2Fhome%2Ffalconiapl2015%2Fpublic_html%2Fwp-includes HTTP/2.0" 200 7510 "-" "Mozilla/5.0 AppleWebKit/537.36 (KHTML, like Gecko; compatible; ClaudeBot/1.0; +claudebot@anthropic.com)" 508 **0/508951**
74.7.227.0 - - [28/Mar/2026:06:50:49 -0700] "GET /?path=//usr/lib64/python3.6/http HTTP/2.0" 200 2781 "https://falcon-ia.com/?path=//usr/lib64/python3.6" "Mozilla/5.0 AppleWebKit/537.36 (KHTML, like Gecko; compatible; GPTBot/1.3; +https://openai.com/gptbot)" 496 **0/496551**
216.73.216.162 - - [28/Mar/2026:06:50:50 -0700] "GET /item/3448918175?fileloc=%2Fhome%2Ffalconiapl2015%2Fpublic_html%2Fwp-includes%2Fpost-template.php&path=%2Fhome%2Ffalconiapl2015%2Fpublic_html%2Fwp-includes HTTP/2.0" 200 18525 "-" "Mozilla/5.0 AppleWebKit/537.36 (KHTML, like Gecko; compatible; ClaudeBot/1.0; +claudebot@anthropic.com)" 519 **0/519700**
74.7.227.0 - - [28/Mar/2026:06:50:52 -0700] "GET /?path=//usr/lib64/apr-util-1 HTTP/2.0" 200 2657 "https://falcon-ia.com/?path=//usr/lib64" "Mozilla/5.0 AppleWebKit/537.36 (KHTML, like Gecko; compatible; GPTBot/1.3; +https://openai.com/gptbot)" 509 **0/509288**
216.73.216.162 - - [28/Mar/2026:06:50:53 -0700] "GET /item/3133363481?fileloc=%2Fhome%2Ffalconiapl2015%2Fpublic_html%2Fwp-admin%2Fcontribute.php&path=%2Fhome%2Ffalconiapl2015%2Fpublic_html%2Fwp-admin HTTP/2.0" 200 4230 "-" "Mozilla/5.0 AppleWebKit/537.36 (KHTML, like Gecko; compatible; ClaudeBot/1.0; +claudebot@anthropic.com)" 540 **0/540280**
74.7.227.0 - - [28/Mar/2026:06:50:55 -0700] "GET /?fileloc=//usr/lib64/libblkid.so.1&path=//usr/lib64 HTTP/2.0" 200 130398 "https://falcon-ia.com/?path=//usr/lib64" "Mozilla/5.0 AppleWebKit/537.36 (KHTML, like Gecko; compatible; GPTBot/1.3; +https://openai.com/gptbot)" 566 **0/566131**
216.73.216.162 - - [28/Mar/2026:06:50:56 -0700] "GET /item/3103824947?fileloc=%2Fhome%2Ffalconiapl2015%2Fpublic_html%2Fwp-includes%2Fvars.php&path=%2Fhome%2Ffalconiapl2015%2Fpublic_html%2Fwp-includes HTTP/2.0" 200 4181 "-" "Mozilla/5.0 AppleWebKit/537.36 (KHTML, like Gecko; compatible; ClaudeBot/1.0; +claudebot@anthropic.com)" 498 **0/498023**
74.7.227.0 - - [28/Mar/2026:06:50:58 -0700] "GET /?fileloc=//usr/lib64/libkcapi.so.1&path=//usr/lib64 HTTP/2.0" 200 23528 "https://falcon-ia.com/?path=//usr/lib64" "Mozilla/5.0 AppleWebKit/537.36 (KHTML, like Gecko; compatible; GPTBot/1.3; +https://openai.com/gptbot)" 501 **0/501717**
216.73.216.162 - - [28/Mar/2026:06:50:59 -0700] "GET /item/555241071?fileloc=%2Fhome%2Ffalconiapl2015%2Fpublic_html%2Fwp-includes%2Fclass-wp-duotone.php&path=%2Fhome%2Ffalconiapl2015%2Fpublic_html%2Fwp-includes HTTP/2.0" 200 11494 "-" "Mozilla/5.0 AppleWebKit/537.36 (KHTML, like Gecko; compatible; ClaudeBot/1.0; +claudebot@anthropic.com)" 526 **0/526582**
85.208.96.201 - - [28/Mar/2026:06:51:01 -0700] "GET /commodity/bulgarian/towing17202052407 HTTP/1.1" 200 3956 "-" "Mozilla/5.0 (compatible; SemrushBot/7~bl; +http://www.semrush.com/bot.html)" 559 **0/559812**
74.7.227.0 - - [28/Mar/2026:06:51:01 -0700] "GET /?fileloc=//usr/lib64/libexpat.so.1&path=//usr/lib64 HTTP/2.0" 200 72470 "https://falcon-ia.com/?path=//usr/lib64" "Mozilla/5.0 AppleWebKit/537.36 (KHTML, like Gecko; compatible; GPTBot/1.3; +https://openai.com/gptbot)" 592 **0/592258**
216.73.216.162 - - [28/Mar/2026:06:51:02 -0700] "GET /item/2255190269?fileloc=%2Fhome%2Ffalconiapl2015%2Fpublic_html%2Fwp-comments-post.php&path=%2Fhome%2Ffalconiapl2015%2Fpublic_html HTTP/2.0" 200 3279 "-" "Mozilla/5.0 AppleWebKit/537.36 (KHTML, like Gecko; compatible; ClaudeBot/1.0; +claudebot@anthropic.com)" 553 **0/553554**
74.7.227.0 - - [28/Mar/2026:06:51:04 -0700] "GET /?fileloc=//usr/lib64/libformw.so.6&path=//usr/lib64 HTTP/2.0" 200 32081 "https://falcon-ia.com/?path=//usr/lib64" "Mozilla/5.0 AppleWebKit/537.36 (KHTML, like Gecko; compatible; GPTBot/1.3; +https://openai.com/gptbot)" 569 **0/569826**
216.73.216.162 - - [28/Mar/2026:06:51:05 -0700] "GET /item/3861971846?fileloc=%2Fhome%2Ffalconiapl2015%2Fpublic_html%2Fwp-admin%2Foptions-head.php&path=%2Fhome%2Ffalconiapl2015%2Fpublic_html%2Fwp-admin HTTP/2.0" 200 2620 "-" "Mozilla/5.0 AppleWebKit/537.36 (KHTML, like Gecko; compatible; ClaudeBot/1.0; +claudebot@anthropic.com)" 564 **0/564257**
74.7.227.0 - - [28/Mar/2026:06:51:08 -0700] "GET /?fileloc=//usr/lib64/libcomps.so.0&path=//usr/lib64 HTTP/2.0" 200 59419 "https://falcon-ia.com/?path=//usr/lib64" "Mozilla/5.0 AppleWebKit/537.36 (KHTML, like Gecko; compatible; GPTBot/1.3; +https://openai.com/gptbot)" 534 **0/534223**
216.73.216.162 - - [28/Mar/2026:06:51:08 -0700] "GET /item/1543075150?fileloc=%2Fhome%2Ffalconiapl2015%2Fpublic_html%2Fwp-includes%2Fclass-wp-block-styles-registry.php&path=%2Fhome%2Ffalconiapl2015%2Fpublic_html%2Fwp-includes HTTP/2.0" 200 3912 "-" "Mozilla/5.0 AppleWebKit/537.36 (KHTML, like Gecko; compatible; ClaudeBot/1.0; +claudebot@anthropic.com)" 520 **0/520409**
185.191.171.17 - - [28/Mar/2026:06:51:08 -0700] "GET /commodity/handicapped/darth171910673036 HTTP/1.1" 200 3956 "-" "Mozilla/5.0 (compatible; SemrushBot/7~bl; +http://www.semrush.com/bot.html)" 505 **0/505897**
74.7.227.0 - - [28/Mar/2026:06:51:11 -0700] "GET /?fileloc=//usr/lib64/libnssdbm3.so&path=//usr/lib64 HTTP/2.0" 200 60896 "https://falcon-ia.com/?path=//usr/lib64" "Mozilla/5.0 AppleWebKit/537.36 (KHTML, like Gecko; compatible; GPTBot/1.3; +https://openai.com/gptbot)" 551 **0/551709**
216.73.216.162 - - [28/Mar/2026:06:51:11 -0700] "GET /item/1978828418?fileloc=%2Fhome%2Ffalconiapl2015%2Fpublic_html%2Fwp-admin%2Finstall-helper.php&path=%2Fhome%2Ffalconiapl2015%2Fpublic_html%2Fwp-admin HTTP/2.0" 200 4114 "-" "Mozilla/5.0 AppleWebKit/537.36 (KHTML, like Gecko; compatible; ClaudeBot/1.0; +claudebot@anthropic.com)" 514 **0/514980**
85.208.96.212 - - [28/Mar/2026:06:51:13 -0700] "GET /commodity/shutdown/intravenous171718786998 HTTP/1.1" 200 3956 "-" "Mozilla/5.0 (compatible; SemrushBot/7~bl; +http://www.semrush.com/bot.html)" 548 **0/548717**
74.7.227.0 - - [28/Mar/2026:06:51:14 -0700] "GET /?fileloc=//usr/lib64/libomapi.so.0&path=//usr/lib64 HTTP/2.0" 200 48742 "https://falcon-ia.com/?path=//usr/lib64" "Mozilla/5.0 AppleWebKit/537.36 (KHTML, like Gecko; compatible; GPTBot/1.3; +https://openai.com/gptbot)" 534 **0/534380**
216.73.216.162 - - [28/Mar/2026:06:51:14 -0700] "GET /item/3312377034?fileloc=%2Fhome%2Ffalconiapl2015%2Fpublic_html%2Fwp-includes%2Fblocks%2Faccordion-item.php&path=%2Fhome%2Ffalconiapl2015%2Fpublic_html%2Fwp-includes%2Fblocks HTTP/2.0" 200 3150 "-" "Mozilla/5.0 AppleWebKit/537.36 (KHTML, like Gecko; compatible; ClaudeBot/1.0; +claudebot@anthropic.com)" 497 **0/497756**
216.73.216.162 - - [28/Mar/2026:06:51:17 -0700] "GET /item/3251409683?fileloc=%2Fhome%2Ffalconiapl2015%2Fpublic_html%2Fwp-includes%2Fclass-wp-session-tokens.php&path=%2Fhome%2Ffalconiapl2015%2Fpublic_html%2Fwp-includes HTTP/2.0" 200 4078 "-" "Mozilla/5.0 AppleWebKit/537.36 (KHTML, like Gecko; compatible; ClaudeBot/1.0; +claudebot@anthropic.com)" 506 **0/506296**
74.7.227.0 - - [28/Mar/2026:06:51:17 -0700] "GET /?fileloc=//usr/lib64/libmatio.so.9&path=//usr/lib64 HTTP/2.0" 200 97757 "https://falcon-ia.com/?path=//usr/lib64" "Mozilla/5.0 AppleWebKit/537.36 (KHTML, like Gecko; compatible; GPTBot/1.3; +https://openai.com/gptbot)" 570 **0/570520**
85.208.96.201 - - [28/Mar/2026:06:51:18 -0700] "GET /commodity/revisions/bdsm17208361831 HTTP/1.1" 200 3956 "-" "Mozilla/5.0 (compatible; SemrushBot/7~bl; +http://www.semrush.com/bot.html)" 529 **0/529668**
216.73.216.162 - - [28/Mar/2026:06:51:20 -0700] "GET /item/4124803183?fileloc=%2Fhome%2Ffalconiapl2015%2Fpublic_html%2Fwp-includes%2Fclass-wp-locale-switcher.php&path=%2Fhome%2Ffalconiapl2015%2Fpublic_html%2Fwp-includes HTTP/2.0" 200 4023 "-" "Mozilla/5.0 AppleWebKit/537.36 (KHTML, like Gecko; compatible; ClaudeBot/1.0; +claudebot@anthropic.com)" 509 **0/509051**
74.7.227.0 - - [28/Mar/2026:06:51:20 -0700] "GET /?path=//usr/lib64/python3.6/test/__pycache__ HTTP/2.0" 200 2659 "https://falcon-ia.com/?path=//usr/lib64/python3.6/test" "Mozilla/5.0 AppleWebKit/537.36 (KHTML, like Gecko; compatible; GPTBot/1.3; +https://openai.com/gptbot)" 504 **0/504418**
85.208.96.209 - - [28/Mar/2026:06:51:22 -0700] "GET /commodity/displayed/musicians171718754211 HTTP/1.1" 200 3956 "-" "Mozilla/5.0 (compatible; SemrushBot/7~bl; +http://www.semrush.com/bot.html)" 497 **0/497914**
216.73.216.162 - - [28/Mar/2026:06:51:23 -0700] "GET /item/1908398258?fileloc=%2Fhome%2Ffalconiapl2015%2Fpublic_html%2Fwp-includes%2Ffeed-rdf.php&path=%2Fhome%2Ffalconiapl2015%2Fpublic_html%2Fwp-includes HTTP/2.0" 200 3258 "-" "Mozilla/5.0 AppleWebKit/537.36 (KHTML, like Gecko; compatible; ClaudeBot/1.0; +claudebot@anthropic.com)" 513 **0/513117**
74.7.227.0 - - [28/Mar/2026:06:51:23 -0700] "GET /?path=//usr/lib64/python3.6/http/__pycache__ HTTP/2.0" 200 2957 "https://falcon-ia.com/?path=//usr/lib64/python3.6/http" "Mozilla/5.0 AppleWebKit/537.36 (KHTML, like Gecko; compatible; GPTBot/1.3; +https://openai.com/gptbot)" 483 **0/483048**
216.73.216.162 - - [28/Mar/2026:06:51:26 -0700] "GET /item/1166118298?fileloc=%2Fhome%2Ffalconiapl2015%2Fpublic_html%2Fwp-includes%2Frevision.php&path=%2Fhome%2Ffalconiapl2015%2Fpublic_html%2Fwp-includes HTTP/2.0" 200 10078 "-" "Mozilla/5.0 AppleWebKit/537.36 (KHTML, like Gecko; compatible; ClaudeBot/1.0; +claudebot@anthropic.com)" 506 **0/506041**
74.7.227.0 - - [28/Mar/2026:06:51:26 -0700] "GET /?fileloc=//usr/lib64/libglapi.so.0&path=//usr/lib64 HTTP/2.0" 200 36420 "https://falcon-ia.com/?path=//usr/lib64" "Mozilla/5.0 AppleWebKit/537.36 (KHTML, like Gecko; compatible; GPTBot/1.3; +https://openai.com/gptbot)" 531 **0/531344**
216.73.216.162 - - [28/Mar/2026:06:51:29 -0700] "GET /item/946327045?fileloc=%2Fhome%2Ffalconiapl2015%2Fpublic_html%2Fwp-includes%2Ffonts.php&path=%2Fhome%2Ffalconiapl2015%2Fpublic_html%2Fwp-includes HTTP/2.0" 200 4884 "-" "Mozilla/5.0 AppleWebKit/537.36 (KHTML, like Gecko; compatible; ClaudeBot/1.0; +claudebot@anthropic.com)" 523 **0/523371**
74.7.227.0 - - [28/Mar/2026:06:51:29 -0700] "GET /?fileloc=//usr/lib64/libdhash.so.1&path=//usr/lib64 HTTP/2.0" 200 8248 "https://falcon-ia.com/?path=//usr/lib64" "Mozilla/5.0 AppleWebKit/537.36 (KHTML, like Gecko; compatible; GPTBot/1.3; +https://openai.com/gptbot)" 614 **0/614176**
74.7.227.0 - - [28/Mar/2026:06:51:33 -0700] "GET /?fileloc=//usr/lib64/librpmio.so.8&path=//usr/lib64 HTTP/2.0" 200 77082 "https://falcon-ia.com/?path=//usr/lib64" "Mozilla/5.0 AppleWebKit/537.36 (KHTML, like Gecko; compatible; GPTBot/1.3; +https://openai.com/gptbot)" 544 **0/544730**
216.73.216.162 - - [28/Mar/2026:06:51:35 -0700] "GET /item/3575996491?fileloc=%2Fhome%2Ffalconiapl2015%2Fpublic_html%2Fwp-content%2Findex.php&path=%2Fhome%2Ffalconiapl2015%2Fpublic_html%2Fwp-content HTTP/2.0" 200 2294 "-" "Mozilla/5.0 AppleWebKit/537.36 (KHTML, like Gecko; compatible; ClaudeBot/1.0; +claudebot@anthropic.com)" 502 **0/502011**
74.7.227.0 - - [28/Mar/2026:06:51:36 -0700] "GET /?fileloc=//usr/lib64/liblcms2.so.2&path=//usr/lib64 HTTP/2.0" 200 142990 "https://falcon-ia.com/?path=//usr/lib64" "Mozilla/5.0 AppleWebKit/537.36 (KHTML, like Gecko; compatible; GPTBot/1.3; +https://openai.com/gptbot)" 573 **0/573186**
216.73.216.162 - - [28/Mar/2026:06:51:38 -0700] "GET /item/682871127?fileloc=%2Fhome%2Ffalconiapl2015%2Fpublic_html%2Fwp-includes%2Fsodium_compat%2Fcomposer.json&path=%2Fhome%2Ffalconiapl2015%2Fpublic_html%2Fwp-includes%2Fsodium_compat HTTP/2.0" 200 2967 "-" "Mozilla/5.0 AppleWebKit/537.36 (KHTML, like Gecko; compatible; ClaudeBot/1.0; +claudebot@anthropic.com)" 489 **0/489616**
74.7.227.0 - - [28/Mar/2026:06:51:39 -0700] "GET /?fileloc=//usr/lib64/libcrack.so.2&path=//usr/lib64 HTTP/2.0" 200 14569 "https://falcon-ia.com/?path=//usr/lib64" "Mozilla/5.0 AppleWebKit/537.36 (KHTML, like Gecko; compatible; GPTBot/1.3; +https://openai.com/gptbot)" 540 **0/540089**
216.73.216.162 - - [28/Mar/2026:06:51:41 -0700] "GET /item/171932332?fileloc=%2Fhome%2Ffalconiapl2015%2Fpublic_html%2Fwp-settings.php&path=%2Fhome%2Ffalconiapl2015%2Fpublic_html HTTP/2.0" 200 8340 "-" "Mozilla/5.0 AppleWebKit/537.36 (KHTML, like Gecko; compatible; ClaudeBot/1.0; +claudebot@anthropic.com)" 501 **0/501388**
74.7.227.0 - - [28/Mar/2026:06:51:42 -0700] "GET /?fileloc=//usr/lib64/libverto.so.1&path=//usr/lib64 HTTP/2.0" 200 11043 "https://falcon-ia.com/?path=//usr/lib64" "Mozilla/5.0 AppleWebKit/537.36 (KHTML, like Gecko; compatible; GPTBot/1.3; +https://openai.com/gptbot)" 499 **0/499065**
216.73.216.162 - - [28/Mar/2026:06:51:44 -0700] "GET /item/3389381839?fileloc=%2Fhome%2Ffalconiapl2015%2Fpublic_html%2Fwp-activate.php&path=%2Fhome%2Ffalconiapl2015%2Fpublic_html HTTP/2.0" 200 4672 "-" "Mozilla/5.0 AppleWebKit/537.36 (KHTML, like Gecko; compatible; ClaudeBot/1.0; +claudebot@anthropic.com)" 495 **0/495915**
114.119.155.69 - - [28/Mar/2026:06:51:45 -0700] "GET /commodity/vertices/se172019989045?fileloc=/home/falconiapl2015/public_html/wp-trackback.php&path=/home/falconiapl2015/public_html HTTP/1.1" 200 4403 "https://falcon-ia.com/commodity/vertices/se172019989045" "Mozilla/5.0 (Linux; Android 7.0;) AppleWebKit/537.36 (KHTML, like Gecko) Mobile Safari/537.36 (compatible; PetalBot;+https://webmaster.petalsearch.com/site/petalbot)" 488 **0/488246**
74.7.227.0 - - [28/Mar/2026:06:51:46 -0700] "GET /?fileloc=//usr/lib64/libavif.so.14&path=//usr/lib64 HTTP/2.0" 200 57961 "https://falcon-ia.com/?path=//usr/lib64" "Mozilla/5.0 AppleWebKit/537.36 (KHTML, like Gecko; compatible; GPTBot/1.3; +https://openai.com/gptbot)" 546 **0/546899**
216.73.216.162 - - [28/Mar/2026:06:51:47 -0700] "GET /item/3658802151?fileloc=%2Fhome%2Ffalconiapl2015%2Fpublic_html%2Fwp-load.php&path=%2Fhome%2Ffalconiapl2015%2Fpublic_html HTTP/2.0" 200 3855 "-" "Mozilla/5.0 AppleWebKit/537.36 (KHTML, like Gecko; compatible; ClaudeBot/1.0; +claudebot@anthropic.com)" 491 **0/491249**
74.7.227.0 - - [28/Mar/2026:06:51:49 -0700] "GET /?fileloc=//usr/lib64/libgccpp.so.1&path=//usr/lib64 HTTP/2.0" 200 5166 "https://falcon-ia.com/?path=//usr/lib64" "Mozilla/5.0 AppleWebKit/537.36 (KHTML, like Gecko; compatible; GPTBot/1.3; +https://openai.com/gptbot)" 513 **0/513953**
216.73.216.162 - - [28/Mar/2026:06:51:50 -0700] "GET /item/505266654?fileloc=%2Fhome%2Ffalconiapl2015%2Fpublic_html%2Fwp-config-sample.php&path=%2Fhome%2Ffalconiapl2015%2Fpublic_html HTTP/2.0" 403 3449 "-" "Mozilla/5.0 AppleWebKit/537.36 (KHTML, like Gecko; compatible; ClaudeBot/1.0; +claudebot@anthropic.com)" 487 **0/487354**
74.7.227.0 - - [28/Mar/2026:06:51:52 -0700] "GET /?fileloc=//usr/lib64/libfstrm.so.0&path=//usr/lib64 HTTP/2.0" 200 18177 "https://falcon-ia.com/?path=//usr/lib64" "Mozilla/5.0 AppleWebKit/537.36 (KHTML, like Gecko; compatible; GPTBot/1.3; +https://openai.com/gptbot)" 499 **0/499030**
216.73.216.162 - - [28/Mar/2026:06:51:53 -0700] "GET /item/3544149475?fileloc=%2Fhome%2Ffalconiapl2015%2Fpublic_html%2Fwp-includes%2Ffeed-rdf.php&path=%2Fhome%2Ffalconiapl2015%2Fpublic_html%2Fwp-includes HTTP/2.0" 403 3449 "-" "Mozilla/5.0 AppleWebKit/537.36 (KHTML, like Gecko; compatible; ClaudeBot/1.0; +claudebot@anthropic.com)" 517 **0/517360**
74.7.227.0 - - [28/Mar/2026:06:51:55 -0700] "GET /?fileloc=//usr/lib64/libslang.so.2&path=//usr/lib64 HTTP/2.0" 200 325175 "https://falcon-ia.com/?path=//usr/lib64" "Mozilla/5.0 AppleWebKit/537.36 (KHTML, like Gecko; compatible; GPTBot/1.3; +https://openai.com/gptbot)" 691 **0/691481**
