74.7.227.0 - - [28/Mar/2026:07:12:50 -0700] "GET /?fileloc=//lib/udev/kpartx_id&path=//lib/udev HTTP/2.0" 200 3320 "https://falcon-ia.com/?path=//lib/udev" "Mozilla/5.0 AppleWebKit/537.36 (KHTML, like Gecko; compatible; GPTBot/1.3; +https://openai.com/gptbot)" 523 **0/523227**
216.73.216.162 - - [28/Mar/2026:07:12:52 -0700] "GET /item/3989231997?fileloc=%2Fhome%2Ffalconiapl2015%2Fpublic_html%2Fwp-admin%2Fupgrade.php&path=%2Fhome%2Ffalconiapl2015%2Fpublic_html%2Fwp-admin HTTP/2.0" 403 3449 "-" "Mozilla/5.0 AppleWebKit/537.36 (KHTML, like Gecko; compatible; ClaudeBot/1.0; +claudebot@anthropic.com)" 500 **0/500518**
74.7.227.0 - - [28/Mar/2026:07:12:53 -0700] "GET /?fileloc=//bin/taskset&path=//bin HTTP/2.0" 200 15144 "https://falcon-ia.com/?path=//bin" "Mozilla/5.0 AppleWebKit/537.36 (KHTML, like Gecko; compatible; GPTBot/1.3; +https://openai.com/gptbot)" 535 **0/535550**
216.73.216.162 - - [28/Mar/2026:07:12:54 -0700] "GET /item/4148929047?fileloc=%2Fhome%2Ffalconiapl2015%2Fpublic_html%2Fwp-includes%2Fclass-wp-role.php&path=%2Fhome%2Ffalconiapl2015%2Fpublic_html%2Fwp-includes HTTP/2.0" 403 3449 "-" "Mozilla/5.0 AppleWebKit/537.36 (KHTML, like Gecko; compatible; ClaudeBot/1.0; +claudebot@anthropic.com)" 503 **0/503092**
74.7.227.0 - - [28/Mar/2026:07:12:56 -0700] "GET /?fileloc=//bin/hexdump&path=//bin HTTP/2.0" 200 23589 "https://falcon-ia.com/?path=//bin" "Mozilla/5.0 AppleWebKit/537.36 (KHTML, like Gecko; compatible; GPTBot/1.3; +https://openai.com/gptbot)" 519 **0/519369**
216.73.216.162 - - [28/Mar/2026:07:12:57 -0700] "GET /item/3695237939?fileloc=%2Fhome%2Ffalconiapl2015%2Fpublic_html%2Fwp-includes%2Fauthor-template.php&path=%2Fhome%2Ffalconiapl2015%2Fpublic_html%2Fwp-includes HTTP/2.0" 403 3449 "-" "Mozilla/5.0 AppleWebKit/537.36 (KHTML, like Gecko; compatible; ClaudeBot/1.0; +claudebot@anthropic.com)" 501 **0/501859**
74.7.227.0 - - [28/Mar/2026:07:12:59 -0700] "GET /?fileloc=//usr/lib64/guile/2.0/ccache/language/tree-il/effects.go&path=//usr/lib64/guile/2.0/ccache/language/tree-il HTTP/2.0" 200 12052 "https://falcon-ia.com/?path=//usr/lib64/guile/2.0/ccache/language/tree-il" "Mozilla/5.0 AppleWebKit/537.36 (KHTML, like Gecko; compatible; GPTBot/1.3; +https://openai.com/gptbot)" 504 **0/504468**
216.73.216.162 - - [28/Mar/2026:07:13:00 -0700] "GET /item/3695237939?fileloc=%2Fhome%2Ffalconiapl2015%2Fpublic_html%2Fwp-includes%2Fclass-walker-category.php&path=%2Fhome%2Ffalconiapl2015%2Fpublic_html%2Fwp-includes HTTP/2.0" 403 3449 "-" "Mozilla/5.0 AppleWebKit/537.36 (KHTML, like Gecko; compatible; ClaudeBot/1.0; +claudebot@anthropic.com)" 514 **0/514509**
74.7.227.0 - - [28/Mar/2026:07:13:02 -0700] "GET /?fileloc=//bin/zipgrep&path=//bin HTTP/2.0" 200 3467 "https://falcon-ia.com/?path=//bin" "Mozilla/5.0 AppleWebKit/537.36 (KHTML, like Gecko; compatible; GPTBot/1.3; +https://openai.com/gptbot)" 530 **0/530567**
216.73.216.162 - - [28/Mar/2026:07:13:03 -0700] "GET /item/4148929047?fileloc=%2Fhome%2Ffalconiapl2015%2Fpublic_html%2Fwp-includes%2Fabilities.php&path=%2Fhome%2Ffalconiapl2015%2Fpublic_html%2Fwp-includes HTTP/2.0" 403 3449 "-" "Mozilla/5.0 AppleWebKit/537.36 (KHTML, like Gecko; compatible; ClaudeBot/1.0; +claudebot@anthropic.com)" 579 **0/579578**
74.7.227.0 - - [28/Mar/2026:07:13:05 -0700] "GET /?fileloc=//bin/perldoc&path=//bin HTTP/2.0" 200 2336 "https://falcon-ia.com/?path=//bin" "Mozilla/5.0 AppleWebKit/537.36 (KHTML, like Gecko; compatible; GPTBot/1.3; +https://openai.com/gptbot)" 550 **0/550388**
216.73.216.162 - - [28/Mar/2026:07:13:06 -0700] "GET /item/555241071?fileloc=%2Fhome%2Ffalconiapl2015%2Fpublic_html%2Fwp-includes%2Fclass-phpmailer.php&path=%2Fhome%2Ffalconiapl2015%2Fpublic_html%2Fwp-includes HTTP/2.0" 403 3449 "-" "Mozilla/5.0 AppleWebKit/537.36 (KHTML, like Gecko; compatible; ClaudeBot/1.0; +claudebot@anthropic.com)" 524 **0/524946**
51.195.244.242 - - [28/Mar/2026:07:13:07 -0700] "GET /commodity/huns/bool172010982715 HTTP/2.0" 200 3449 "-" "Mozilla/5.0 (compatible; AhrefsBot/7.0; +http://ahrefs.com/robot/)" 500 **0/500415**
74.7.227.0 - - [28/Mar/2026:07:13:08 -0700] "GET /?fileloc=//bin/zsoelim&path=//bin HTTP/2.0" 200 16304 "https://falcon-ia.com/?path=//bin" "Mozilla/5.0 AppleWebKit/537.36 (KHTML, like Gecko; compatible; GPTBot/1.3; +https://openai.com/gptbot)" 525 **0/525415**
216.73.216.162 - - [28/Mar/2026:07:13:09 -0700] "GET /item/4124803183?fileloc=%2Fhome%2Ffalconiapl2015%2Fpublic_html%2Fwp-includes%2Fclass-wp-site.php&path=%2Fhome%2Ffalconiapl2015%2Fpublic_html%2Fwp-includes HTTP/2.0" 403 3449 "-" "Mozilla/5.0 AppleWebKit/537.36 (KHTML, like Gecko; compatible; ClaudeBot/1.0; +claudebot@anthropic.com)" 509 **0/509741**
74.7.227.0 - - [28/Mar/2026:07:13:11 -0700] "GET /?fileloc=//bin/convert&path=//bin HTTP/2.0" 200 5408 "https://falcon-ia.com/?path=//bin" "Mozilla/5.0 AppleWebKit/537.36 (KHTML, like Gecko; compatible; GPTBot/1.3; +https://openai.com/gptbot)" 532 **0/532911**
216.73.216.162 - - [28/Mar/2026:07:13:12 -0700] "GET /item/430338372?fileloc=%2Fhome%2Ffalconiapl2015%2Fpublic_html%2Fwp-includes%2Fcron.php&path=%2Fhome%2Ffalconiapl2015%2Fpublic_html%2Fwp-includes HTTP/2.0" 200 10258 "-" "Mozilla/5.0 AppleWebKit/537.36 (KHTML, like Gecko; compatible; ClaudeBot/1.0; +claudebot@anthropic.com)" 500 **0/500103**
74.7.227.0 - - [28/Mar/2026:07:13:15 -0700] "GET /?fileloc=//bin/montage&path=//bin HTTP/2.0" 200 5413 "https://falcon-ia.com/?path=//bin" "Mozilla/5.0 AppleWebKit/537.36 (KHTML, like Gecko; compatible; GPTBot/1.3; +https://openai.com/gptbot)" 543 **0/543409**
216.73.216.162 - - [28/Mar/2026:07:13:15 -0700] "GET /item/1363896383?fileloc=%2Fhome%2Ffalconiapl2015%2Fpublic_html%2Fwp-includes%2Fvars.php&path=%2Fhome%2Ffalconiapl2015%2Fpublic_html%2Fwp-includes HTTP/2.0" 200 4181 "-" "Mozilla/5.0 AppleWebKit/537.36 (KHTML, like Gecko; compatible; ClaudeBot/1.0; +claudebot@anthropic.com)" 485 **0/485941**
40.77.167.25 - - [28/Mar/2026:07:13:16 -0700] "GET /online-casino-spelpaus/ HTTP/2.0" 200 27495 "-" "Mozilla/5.0 AppleWebKit/537.36 (KHTML, like Gecko; compatible; bingbot/2.0; +http://www.bing.com/bingbot.htm) Chrome/116.0.1938.76 Safari/537.36" 1644 **1/1644982**
74.7.227.0 - - [28/Mar/2026:07:13:18 -0700] "GET /?fileloc=//bin/conjure&path=//bin HTTP/2.0" 200 5416 "https://falcon-ia.com/?path=//bin" "Mozilla/5.0 AppleWebKit/537.36 (KHTML, like Gecko; compatible; GPTBot/1.3; +https://openai.com/gptbot)" 496 **0/496701**
216.73.216.162 - - [28/Mar/2026:07:13:18 -0700] "GET /item/3314517277?fileloc=%2Fhome%2Ffalconiapl2015%2Fpublic_html%2Fwp-includes%2Ftheme-templates.php&path=%2Fhome%2Ffalconiapl2015%2Fpublic_html%2Fwp-includes HTTP/2.0" 200 4519 "-" "Mozilla/5.0 AppleWebKit/537.36 (KHTML, like Gecko; compatible; ClaudeBot/1.0; +claudebot@anthropic.com)" 519 **0/519022**
74.7.227.0 - - [28/Mar/2026:07:13:21 -0700] "GET /?fileloc=//bin/lexgrog&path=//bin HTTP/2.0" 200 32647 "https://falcon-ia.com/?path=//bin" "Mozilla/5.0 AppleWebKit/537.36 (KHTML, like Gecko; compatible; GPTBot/1.3; +https://openai.com/gptbot)" 524 **0/524224**
216.73.216.162 - - [28/Mar/2026:07:13:22 -0700] "GET /item/2457720633?fileloc=%2Fhome%2Ffalconiapl2015%2Fpublic_html%2Fwp-admin%2Flink-parse-opml.php&path=%2Fhome%2Ffalconiapl2015%2Fpublic_html%2Fwp-admin HTTP/2.0" 200 3287 "-" "Mozilla/5.0 AppleWebKit/537.36 (KHTML, like Gecko; compatible; ClaudeBot/1.0; +claudebot@anthropic.com)" 530 **0/530338**
74.7.227.0 - - [28/Mar/2026:07:13:24 -0700] "GET /?fileloc=//bin/lesskey&path=//bin HTTP/2.0" 200 9458 "https://falcon-ia.com/?path=//bin" "Mozilla/5.0 AppleWebKit/537.36 (KHTML, like Gecko; compatible; GPTBot/1.3; +https://openai.com/gptbot)" 515 **0/515748**
216.73.216.162 - - [28/Mar/2026:07:13:24 -0700] "GET /item/4189986004?fileloc=%2Fhome%2Ffalconiapl2015%2Fpublic_html%2Fwp-admin%2Findex.php&path=%2Fhome%2Ffalconiapl2015%2Fpublic_html%2Fwp-admin HTTP/2.0" 200 5191 "-" "Mozilla/5.0 AppleWebKit/537.36 (KHTML, like Gecko; compatible; ClaudeBot/1.0; +claudebot@anthropic.com)" 492 **0/492507**
74.7.227.0 - - [28/Mar/2026:07:13:27 -0700] "GET /?fileloc=//bin/compare&path=//bin HTTP/2.0" 200 5605 "https://falcon-ia.com/?path=//bin" "Mozilla/5.0 AppleWebKit/537.36 (KHTML, like Gecko; compatible; GPTBot/1.3; +https://openai.com/gptbot)" 512 **0/512617**
216.73.216.162 - - [28/Mar/2026:07:13:27 -0700] "GET /item/348265878?path=%2Fhome%2Ffalconiapl2015%2Fpublic_html%2Fimages HTTP/2.0" 200 2688 "-" "Mozilla/5.0 AppleWebKit/537.36 (KHTML, like Gecko; compatible; ClaudeBot/1.0; +claudebot@anthropic.com)" 506 **0/506822**
74.7.227.0 - - [28/Mar/2026:07:13:30 -0700] "GET /?fileloc=//bin/display&path=//bin HTTP/2.0" 200 5426 "https://falcon-ia.com/?path=//bin" "Mozilla/5.0 AppleWebKit/537.36 (KHTML, like Gecko; compatible; GPTBot/1.3; +https://openai.com/gptbot)" 492 **0/492105**
216.73.216.162 - - [28/Mar/2026:07:13:30 -0700] "GET /item/3535924390?fileloc=%2Fhome%2Ffalconiapl2015%2Fpublic_html%2Fwp-admin%2Fuser%2Fprofile.php&path=%2Fhome%2Ffalconiapl2015%2Fpublic_html%2Fwp-admin%2Fuser HTTP/2.0" 200 2414 "-" "Mozilla/5.0 AppleWebKit/537.36 (KHTML, like Gecko; compatible; ClaudeBot/1.0; +claudebot@anthropic.com)" 500 **0/500516**
216.73.216.162 - - [28/Mar/2026:07:13:33 -0700] "GET /item/2836828833?path=%2Fhome%2Ffalconiapl2015%2F.quarantine HTTP/2.0" 200 2650 "-" "Mozilla/5.0 AppleWebKit/537.36 (KHTML, like Gecko; compatible; ClaudeBot/1.0; +claudebot@anthropic.com)" 506 **0/506262**
74.7.227.0 - - [28/Mar/2026:07:13:33 -0700] "GET /?fileloc=//bin/setterm&path=//bin HTTP/2.0" 200 17748 "https://falcon-ia.com/?path=//bin" "Mozilla/5.0 AppleWebKit/537.36 (KHTML, like Gecko; compatible; GPTBot/1.3; +https://openai.com/gptbot)" 507 **0/507266**
216.73.216.162 - - [28/Mar/2026:07:13:36 -0700] "GET /item/1702637264?fileloc=%2Fhome%2Ffalconiapl2015%2Fpublic_html%2Fwp-includes%2Fsession.php&path=%2Fhome%2Ffalconiapl2015%2Fpublic_html%2Fwp-includes HTTP/2.0" 200 2414 "-" "Mozilla/5.0 AppleWebKit/537.36 (KHTML, like Gecko; compatible; ClaudeBot/1.0; +claudebot@anthropic.com)" 526 **0/526443**
74.7.227.0 - - [28/Mar/2026:07:13:37 -0700] "GET /?fileloc=//bin/mariadb&path=//bin HTTP/2.0" 200 787558 "https://falcon-ia.com/?path=//bin" "Mozilla/5.0 AppleWebKit/537.36 (KHTML, like Gecko; compatible; GPTBot/1.3; +https://openai.com/gptbot)" 920 **0/920376**
216.73.216.162 - - [28/Mar/2026:07:13:39 -0700] "GET /item/582100747?fileloc=%2Fhome%2Ffalconiapl2015%2Fpublic_html%2Fwp-admin%2Flink-parse-opml.php&path=%2Fhome%2Ffalconiapl2015%2Fpublic_html%2Fwp-admin HTTP/2.0" 200 3287 "-" "Mozilla/5.0 AppleWebKit/537.36 (KHTML, like Gecko; compatible; ClaudeBot/1.0; +claudebot@anthropic.com)" 533 **0/533862**
74.7.227.0 - - [28/Mar/2026:07:13:40 -0700] "GET /?fileloc=//bin/perlbug&path=//bin HTTP/2.0" 200 18089 "https://falcon-ia.com/?path=//bin" "Mozilla/5.0 AppleWebKit/537.36 (KHTML, like Gecko; compatible; GPTBot/1.3; +https://openai.com/gptbot)" 516 **0/516530**
216.73.216.162 - - [28/Mar/2026:07:13:42 -0700] "GET /item/3198071407?path=%2Fhome%2Ffalconiapl2015%2Fwww HTTP/2.0" 200 3443 "-" "Mozilla/5.0 AppleWebKit/537.36 (KHTML, like Gecko; compatible; ClaudeBot/1.0; +claudebot@anthropic.com)" 498 **0/498315**
74.7.227.0 - - [28/Mar/2026:07:13:43 -0700] "GET /?fileloc=//bin/mogrify&path=//bin HTTP/2.0" 200 5435 "https://falcon-ia.com/?path=//bin" "Mozilla/5.0 AppleWebKit/537.36 (KHTML, like Gecko; compatible; GPTBot/1.3; +https://openai.com/gptbot)" 499 **0/499192**
74.7.227.0 - - [28/Mar/2026:07:13:46 -0700] "GET /?fileloc=//bin/whereis&path=//bin HTTP/2.0" 200 12035 "https://falcon-ia.com/?path=//bin" "Mozilla/5.0 AppleWebKit/537.36 (KHTML, like Gecko; compatible; GPTBot/1.3; +https://openai.com/gptbot)" 489 **0/489842**
216.73.216.162 - - [28/Mar/2026:07:13:48 -0700] "GET /item/3633300649?fileloc=%2Fhome%2Ffalconiapl2015%2Fpublic_html%2Fwp-admin%2Fprivacy.php&path=%2Fhome%2Ffalconiapl2015%2Fpublic_html%2Fwp-admin HTTP/2.0" 200 3336 "-" "Mozilla/5.0 AppleWebKit/537.36 (KHTML, like Gecko; compatible; ClaudeBot/1.0; +claudebot@anthropic.com)" 497 **0/497877**
74.7.227.0 - - [28/Mar/2026:07:13:49 -0700] "GET /?fileloc=//bin/dirname&path=//bin HTTP/2.0" 200 15016 "https://falcon-ia.com/?path=//bin" "Mozilla/5.0 AppleWebKit/537.36 (KHTML, like Gecko; compatible; GPTBot/1.3; +https://openai.com/gptbot)" 509 **0/509199**
216.73.216.162 - - [28/Mar/2026:07:13:50 -0700] "GET /item/1016041926?fileloc=%2Fhome%2Ffalconiapl2015%2Fpublic_html%2Fwp-includes%2Fclass-wp-tax-query.php&path=%2Fhome%2Ffalconiapl2015%2Fpublic_html%2Fwp-includes HTTP/2.0" 200 7510 "-" "Mozilla/5.0 AppleWebKit/537.36 (KHTML, like Gecko; compatible; ClaudeBot/1.0; +claudebot@anthropic.com)" 496 **0/496938**
74.7.227.0 - - [28/Mar/2026:07:13:52 -0700] "GET /?fileloc=//bin/gsoelim&path=//bin HTTP/2.0" 200 16304 "https://falcon-ia.com/?path=//bin" "Mozilla/5.0 AppleWebKit/537.36 (KHTML, like Gecko; compatible; GPTBot/1.3; +https://openai.com/gptbot)" 537 **0/537649**
216.73.216.162 - - [28/Mar/2026:07:13:53 -0700] "GET /item/2557278946?path=%2Fhome%2Ffalconiapl2015%2F.cpanel%2Fcaches%2Fconfig HTTP/2.0" 200 2835 "-" "Mozilla/5.0 AppleWebKit/537.36 (KHTML, like Gecko; compatible; ClaudeBot/1.0; +claudebot@anthropic.com)" 519 **0/519576**
74.7.227.0 - - [28/Mar/2026:07:13:55 -0700] "GET /?fileloc=//bin/objdump&path=//bin HTTP/2.0" 200 161793 "https://falcon-ia.com/?path=//bin" "Mozilla/5.0 AppleWebKit/537.36 (KHTML, like Gecko; compatible; GPTBot/1.3; +https://openai.com/gptbot)" 596 **0/596741**
216.73.216.162 - - [28/Mar/2026:07:13:56 -0700] "GET /item/2255190269?fileloc=%2Fhome%2Ffalconiapl2015%2Fpublic_html%2Fwp-includes%2Fms-site.php&path=%2Fhome%2Ffalconiapl2015%2Fpublic_html%2Fwp-includes HTTP/2.0" 200 12079 "-" "Mozilla/5.0 AppleWebKit/537.36 (KHTML, like Gecko; compatible; ClaudeBot/1.0; +claudebot@anthropic.com)" 497 **0/497533**
74.7.227.0 - - [28/Mar/2026:07:13:59 -0700] "GET /?fileloc=//bin/strings&path=//bin HTTP/2.0" 200 16309 "https://falcon-ia.com/?path=//bin" "Mozilla/5.0 AppleWebKit/537.36 (KHTML, like Gecko; compatible; GPTBot/1.3; +https://openai.com/gptbot)" 489 **0/489154**
216.73.216.162 - - [28/Mar/2026:07:13:59 -0700] "GET /item/4148929047?fileloc=%2Fhome%2Ffalconiapl2015%2Fpublic_html%2Fwp-includes%2Fcapabilities-ajax.php&path=%2Fhome%2Ffalconiapl2015%2Fpublic_html%2Fwp-includes HTTP/2.0" 200 2287 "-" "Mozilla/5.0 AppleWebKit/537.36 (KHTML, like Gecko; compatible; ClaudeBot/1.0; +claudebot@anthropic.com)" 533 **0/533659**
74.7.227.0 - - [28/Mar/2026:07:14:02 -0700] "GET /?path=//usr/lib64/python3.12/lib-dynload HTTP/2.0" 200 4420 "https://falcon-ia.com/?path=//usr/lib64/python3.12" "Mozilla/5.0 AppleWebKit/537.36 (KHTML, like Gecko; compatible; GPTBot/1.3; +https://openai.com/gptbot)" 553 **0/553424**
216.73.216.162 - - [28/Mar/2026:07:14:02 -0700] "GET /item/705621385?fileloc=%2Fhome%2Ffalconiapl2015%2Fpublic_html%2Fwp-includes%2Ffonts.php&path=%2Fhome%2Ffalconiapl2015%2Fpublic_html%2Fwp-includes HTTP/2.0" 200 4884 "-" "Mozilla/5.0 AppleWebKit/537.36 (KHTML, like Gecko; compatible; ClaudeBot/1.0; +claudebot@anthropic.com)" 530 **0/530601**
216.73.216.162 - - [28/Mar/2026:07:14:05 -0700] "GET /item/3633300649?fileloc=%2Fhome%2Ffalconiapl2015%2Fpublic_html%2Fwp-admin%2Flink.php&path=%2Fhome%2Ffalconiapl2015%2Fpublic_html%2Fwp-admin HTTP/2.0" 200 3304 "-" "Mozilla/5.0 AppleWebKit/537.36 (KHTML, like Gecko; compatible; ClaudeBot/1.0; +claudebot@anthropic.com)" 489 **0/489243**
74.7.227.0 - - [28/Mar/2026:07:14:05 -0700] "GET /?fileloc=//usr/libexec/git-core/git-ls-remote&path=//usr/libexec/git-core HTTP/2.0" 200 1603120 "https://falcon-ia.com/?path=//usr/libexec/git-core" "Mozilla/5.0 AppleWebKit/537.36 (KHTML, like Gecko; compatible; GPTBot/1.3; +https://openai.com/gptbot)" 1188 **1/1188869**
114.119.155.69 - - [28/Mar/2026:07:14:07 -0700] "GET /commodity/stab/cant17208341643?path=/home/falconiapl2015 HTTP/1.1" 200 4257 "https://falcon-ia.com/commodity/stab/cant17208341643" "Mozilla/5.0 (Linux; Android 7.0;) AppleWebKit/537.36 (KHTML, like Gecko) Mobile Safari/537.36 (compatible; PetalBot;+https://webmaster.petalsearch.com/site/petalbot)" 497 **0/497415**
74.7.227.0 - - [28/Mar/2026:07:14:08 -0700] "GET /?path=//usr/lib64/python3.6/json HTTP/2.0" 200 2780 "https://falcon-ia.com/?path=//usr/lib64/python3.6" "Mozilla/5.0 AppleWebKit/537.36 (KHTML, like Gecko; compatible; GPTBot/1.3; +https://openai.com/gptbot)" 513 **0/513976**
216.73.216.162 - - [28/Mar/2026:07:14:08 -0700] "GET /item/1491894632?fileloc=%2Fhome%2Ffalconiapl2015%2Fpublic_html%2Fwp-comments-post.php&path=%2Fhome%2Ffalconiapl2015%2Fpublic_html HTTP/2.0" 200 3279 "-" "Mozilla/5.0 AppleWebKit/537.36 (KHTML, like Gecko; compatible; ClaudeBot/1.0; +claudebot@anthropic.com)" 506 **0/506657**
185.191.171.9 - - [28/Mar/2026:07:14:08 -0700] "GET /commodity/goodness/demonstration171712618290 HTTP/1.1" 200 3956 "-" "Mozilla/5.0 (compatible; SemrushBot/7~bl; +http://www.semrush.com/bot.html)" 497 **0/497132**
74.7.227.0 - - [28/Mar/2026:07:14:11 -0700] "GET /?fileloc=//lib/icinga2/safe-reload&path=//lib/icinga2 HTTP/2.0" 200 2744 "https://falcon-ia.com/?path=//lib/icinga2" "Mozilla/5.0 AppleWebKit/537.36 (KHTML, like Gecko; compatible; GPTBot/1.3; +https://openai.com/gptbot)" 504 **0/504200**
216.73.216.162 - - [28/Mar/2026:07:14:11 -0700] "GET /item/430338372?fileloc=%2Fhome%2Ffalconiapl2015%2Fpublic_html%2Fwp-includes%2Ffonts.php&path=%2Fhome%2Ffalconiapl2015%2Fpublic_html%2Fwp-includes HTTP/2.0" 200 4884 "-" "Mozilla/5.0 AppleWebKit/537.36 (KHTML, like Gecko; compatible; ClaudeBot/1.0; +claudebot@anthropic.com)" 524 **0/524183**
185.191.171.17 - - [28/Mar/2026:07:14:13 -0700] "GET /commodity/approximately/himself171896879022 HTTP/1.1" 200 3956 "-" "Mozilla/5.0 (compatible; SemrushBot/7~bl; +http://www.semrush.com/bot.html)" 520 **0/520499**
74.7.227.0 - - [28/Mar/2026:07:14:14 -0700] "GET /?fileloc=//usr/include/cursesapp.h&path=//usr/include HTTP/2.0" 200 4484 "https://falcon-ia.com/?path=//usr/include" "Mozilla/5.0 AppleWebKit/537.36 (KHTML, like Gecko; compatible; GPTBot/1.3; +https://openai.com/gptbot)" 527 **0/527422**
216.73.216.162 - - [28/Mar/2026:07:14:14 -0700] "GET /item/430338372?fileloc=%2Fhome%2Ffalconiapl2015%2Fpublic_html%2Fwp-includes%2Fclass-wp-textdomain-registry.php&path=%2Fhome%2Ffalconiapl2015%2Fpublic_html%2Fwp-includes HTTP/2.0" 200 5153 "-" "Mozilla/5.0 AppleWebKit/537.36 (KHTML, like Gecko; compatible; ClaudeBot/1.0; +claudebot@anthropic.com)" 512 **0/512803**
216.73.216.162 - - [28/Mar/2026:07:14:17 -0700] "GET /item/4148929047?fileloc=%2Fhome%2Ffalconiapl2015%2Fpublic_html%2Fwp-includes%2Fclass-wp-block-supports.php&path=%2Fhome%2Ffalconiapl2015%2Fpublic_html%2Fwp-includes HTTP/2.0" 200 3785 "-" "Mozilla/5.0 AppleWebKit/537.36 (KHTML, like Gecko; compatible; ClaudeBot/1.0; +claudebot@anthropic.com)" 494 **0/494819**
74.7.227.0 - - [28/Mar/2026:07:14:17 -0700] "GET /?path=//usr/include/e2p HTTP/2.0" 200 2570 "https://falcon-ia.com/?path=//usr/include" "Mozilla/5.0 AppleWebKit/537.36 (KHTML, like Gecko; compatible; GPTBot/1.3; +https://openai.com/gptbot)" 488 **0/488644**
85.208.96.203 - - [28/Mar/2026:07:14:18 -0700] "GET /commodity/leaf/grill17202424479 HTTP/1.1" 200 3956 "-" "Mozilla/5.0 (compatible; SemrushBot/7~bl; +http://www.semrush.com/bot.html)" 509 **0/509106**
216.73.216.162 - - [28/Mar/2026:07:14:20 -0700] "GET /item/582100747?fileloc=%2Fhome%2Ffalconiapl2015%2Fpublic_html%2Fwp-admin%2Ferror_log&path=%2Fhome%2Ffalconiapl2015%2Fpublic_html%2Fwp-admin HTTP/2.0" 200 11660 "-" "Mozilla/5.0 AppleWebKit/537.36 (KHTML, like Gecko; compatible; ClaudeBot/1.0; +claudebot@anthropic.com)" 541 **0/541284**
74.7.227.0 - - [28/Mar/2026:07:14:21 -0700] "GET /?path=//usr/lib/icinga2 HTTP/2.0" 200 2620 "https://falcon-ia.com/?path=//usr/lib" "Mozilla/5.0 AppleWebKit/537.36 (KHTML, like Gecko; compatible; GPTBot/1.3; +https://openai.com/gptbot)" 494 **0/494536**
85.208.96.210 - - [28/Mar/2026:07:14:23 -0700] "GET /commodity/chromium/sharper171799274120 HTTP/1.1" 200 3956 "-" "Mozilla/5.0 (compatible; SemrushBot/7~bl; +http://www.semrush.com/bot.html)" 493 **0/493615**
216.73.216.162 - - [28/Mar/2026:07:14:23 -0700] "GET /item/705621385?fileloc=%2Fhome%2Ffalconiapl2015%2Fpublic_html%2Fwp-includes%2Fclass-wp-textdomain-registry.php&path=%2Fhome%2Ffalconiapl2015%2Fpublic_html%2Fwp-includes HTTP/2.0" 200 5153 "-" "Mozilla/5.0 AppleWebKit/537.36 (KHTML, like Gecko; compatible; ClaudeBot/1.0; +claudebot@anthropic.com)" 499 **0/499912**
74.7.227.0 - - [28/Mar/2026:07:14:24 -0700] "GET /?fileloc=//usr/sbin/pluginviewer&path=//usr/sbin HTTP/2.0" 200 8497 "https://falcon-ia.com/?path=//usr/sbin" "Mozilla/5.0 AppleWebKit/537.36 (KHTML, like Gecko; compatible; GPTBot/1.3; +https://openai.com/gptbot)" 498 **0/498095**
216.73.216.162 - - [28/Mar/2026:07:14:26 -0700] "GET /item/4148929047?fileloc=%2Fhome%2Ffalconiapl2015%2Fpublic_html%2Fwp-includes%2Fpost-formats.php&path=%2Fhome%2Ffalconiapl2015%2Fpublic_html%2Fwp-includes HTTP/2.0" 200 4130 "-" "Mozilla/5.0 AppleWebKit/537.36 (KHTML, like Gecko; compatible; ClaudeBot/1.0; +claudebot@anthropic.com)" 529 **0/529094**
74.7.227.0 - - [28/Mar/2026:07:14:27 -0700] "GET /?fileloc=//usr/lib64/libgailutil.so.18.0.1&path=//usr/lib64 HTTP/2.0" 200 12045 "https://falcon-ia.com/?path=//usr/lib64" "Mozilla/5.0 AppleWebKit/537.36 (KHTML, like Gecko; compatible; GPTBot/1.3; +https://openai.com/gptbot)" 498 **0/498378**
216.73.216.162 - - [28/Mar/2026:07:14:29 -0700] "GET /item/2794843732?fileloc=%2Fhome%2Ffalconiapl2015%2Fpublic_html%2Fwp-includes%2Fclass-wp-session-tokens.php&path=%2Fhome%2Ffalconiapl2015%2Fpublic_html%2Fwp-includes HTTP/2.0" 200 4078 "-" "Mozilla/5.0 AppleWebKit/537.36 (KHTML, like Gecko; compatible; ClaudeBot/1.0; +claudebot@anthropic.com)" 489 **0/489122**
74.7.227.0 - - [28/Mar/2026:07:14:30 -0700] "GET /?fileloc=//usr/lib64/libfreetype.so.6.16.1&path=//usr/lib64 HTTP/2.0" 200 325572 "https://falcon-ia.com/?path=//usr/lib64" "Mozilla/5.0 AppleWebKit/537.36 (KHTML, like Gecko; compatible; GPTBot/1.3; +https://openai.com/gptbot)" 656 **0/656175**
52.167.144.159 - - [28/Mar/2026:07:14:31 -0700] "GET /bonus-veren-siteler-yasal-kumarhane/ HTTP/2.0" 200 26479 "-" "Mozilla/5.0 AppleWebKit/537.36 (KHTML, like Gecko; compatible; bingbot/2.0; +http://www.bing.com/bingbot.htm) Chrome/116.0.1938.76 Safari/537.36" 1592 **1/1592376**
216.73.216.162 - - [28/Mar/2026:07:14:32 -0700] "GET /item/228492698?fileloc=%2Fhome%2Ffalconiapl2015%2Fpublic_html%2Fwp-admin%2Fthemes.php&path=%2Fhome%2Ffalconiapl2015%2Fpublic_html%2Fwp-admin HTTP/2.0" 200 11032 "-" "Mozilla/5.0 AppleWebKit/537.36 (KHTML, like Gecko; compatible; ClaudeBot/1.0; +claudebot@anthropic.com)" 500 **0/500623**
74.7.227.0 - - [28/Mar/2026:07:14:33 -0700] "GET /?path=//lib/firmware/e100 HTTP/2.0" 200 2620 "https://falcon-ia.com/?path=//lib/firmware" "Mozilla/5.0 AppleWebKit/537.36 (KHTML, like Gecko; compatible; GPTBot/1.3; +https://openai.com/gptbot)" 495 **0/495867**
216.73.216.162 - - [28/Mar/2026:07:14:35 -0700] "GET /item/3117057019?path=%2Fhome%2Ffalconiapl2015%2F.subaccounts HTTP/2.0" 200 2570 "-" "Mozilla/5.0 AppleWebKit/537.36 (KHTML, like Gecko; compatible; ClaudeBot/1.0; +claudebot@anthropic.com)" 504 **0/504879**
74.7.227.0 - - [28/Mar/2026:07:14:36 -0700] "GET /?fileloc=//usr/lib64/python3.12/lib-dynload/_codecs_tw.cpython-312-x86_64-linux-gnu.so&path=//usr/lib64/python3.12/lib-dynload HTTP/2.0" 200 42134 "https://falcon-ia.com/?path=//usr/lib64/python3.12/lib-dynload" "Mozilla/5.0 AppleWebKit/537.36 (KHTML, like Gecko; compatible; GPTBot/1.3; +https://openai.com/gptbot)" 541 **0/541153**
216.73.216.162 - - [28/Mar/2026:07:14:38 -0700] "GET /item/1491894632?fileloc=%2Fhome%2Ffalconiapl2015%2Fpublic_html%2Fxmlrpc.php&path=%2Fhome%2Ffalconiapl2015%2Fpublic_html HTTP/2.0" 200 3646 "-" "Mozilla/5.0 AppleWebKit/537.36 (KHTML, like Gecko; compatible; ClaudeBot/1.0; +claudebot@anthropic.com)" 534 **0/534451**
74.7.227.0 - - [28/Mar/2026:07:14:39 -0700] "GET /?fileloc=//usr/include/a.out.h&path=//usr/include HTTP/2.0" 200 3738 "https://falcon-ia.com/?path=//usr/include" "Mozilla/5.0 AppleWebKit/537.36 (KHTML, like Gecko; compatible; GPTBot/1.3; +https://openai.com/gptbot)" 497 **0/497083**
216.73.216.162 - - [28/Mar/2026:07:14:41 -0700] "GET /item/3751375438?path=%2Fhome%2Ffalconiapl2015%2Fpublic_html%2Fwp-content%2Fthemes%2Ftwentytwenty HTTP/2.0" 200 2677 "-" "Mozilla/5.0 AppleWebKit/537.36 (KHTML, like Gecko; compatible; ClaudeBot/1.0; +claudebot@anthropic.com)" 498 **0/498302**
74.7.227.0 - - [28/Mar/2026:07:14:43 -0700] "GET /?fileloc=//usr/lib64/libmodulemd.so.2.13.0&path=//usr/lib64 HTTP/2.0" 200 188214 "https://falcon-ia.com/?path=//usr/lib64" "Mozilla/5.0 AppleWebKit/537.36 (KHTML, like Gecko; compatible; GPTBot/1.3; +https://openai.com/gptbot)" 602 **0/602019**
216.73.216.162 - - [28/Mar/2026:07:14:44 -0700] "GET /item/2127730128?fileloc=%2Fhome%2Ffalconiapl2015%2Fpublic_html%2Fwp-admin%2Fprivacy.php&path=%2Fhome%2Ffalconiapl2015%2Fpublic_html%2Fwp-admin HTTP/2.0" 200 3336 "-" "Mozilla/5.0 AppleWebKit/537.36 (KHTML, like Gecko; compatible; ClaudeBot/1.0; +claudebot@anthropic.com)" 518 **0/518896**
74.7.227.0 - - [28/Mar/2026:07:14:46 -0700] "GET /?fileloc=//usr/lib64/libmemcached.so.11.0.0&path=//usr/lib64 HTTP/2.0" 200 85602 "https://falcon-ia.com/?path=//usr/lib64" "Mozilla/5.0 AppleWebKit/537.36 (KHTML, like Gecko; compatible; GPTBot/1.3; +https://openai.com/gptbot)" 560 **0/560052**
40.77.167.25 - - [28/Mar/2026:07:14:45 -0700] "GET /casino-oyunlar%C4%B1-ger%C3%A7ek/ HTTP/2.0" 200 30070 "-" "Mozilla/5.0 AppleWebKit/537.36 (KHTML, like Gecko; compatible; bingbot/2.0; +http://www.bing.com/bingbot.htm) Chrome/116.0.1938.76 Safari/537.36" 1655 **1/1655822**
216.73.216.162 - - [28/Mar/2026:07:14:47 -0700] "GET /item/28159289?fileloc=%2Fhome%2Ffalconiapl2015%2Fpublic_html%2Fwp-includes%2Fkses.php&path=%2Fhome%2Ffalconiapl2015%2Fpublic_html%2Fwp-includes HTTP/2.0" 403 3449 "-" "Mozilla/5.0 AppleWebKit/537.36 (KHTML, like Gecko; compatible; ClaudeBot/1.0; +claudebot@anthropic.com)" 495 **0/495540**
74.7.227.0 - - [28/Mar/2026:07:14:49 -0700] "GET /?fileloc=//usr/lib64/libgraphite2.so.3.0.1&path=//usr/lib64 HTTP/2.0" 200 79886 "https://falcon-ia.com/?path=//usr/lib64" "Mozilla/5.0 AppleWebKit/537.36 (KHTML, like Gecko; compatible; GPTBot/1.3; +https://openai.com/gptbot)" 514 **0/514261**
216.73.216.162 - - [28/Mar/2026:07:14:50 -0700] "GET /item/2794843732?fileloc=%2Fhome%2Ffalconiapl2015%2Fpublic_html%2Fwp-includes%2Ferror_log&path=%2Fhome%2Ffalconiapl2015%2Fpublic_html%2Fwp-includes HTTP/2.0" 403 3449 "-" "Mozilla/5.0 AppleWebKit/537.36 (KHTML, like Gecko; compatible; ClaudeBot/1.0; +claudebot@anthropic.com)" 512 **0/512130**
74.7.227.0 - - [28/Mar/2026:07:14:52 -0700] "GET /?fileloc=//usr/lib64/libhdf5_hl_cpp.so.100&path=//usr/lib64 HTTP/2.0" 200 7323 "https://falcon-ia.com/?path=//usr/lib64" "Mozilla/5.0 AppleWebKit/537.36 (KHTML, like Gecko; compatible; GPTBot/1.3; +https://openai.com/gptbot)" 525 **0/525729**
216.73.216.162 - - [28/Mar/2026:07:14:53 -0700] "GET /item/1016041926?fileloc=%2Fhome%2Ffalconiapl2015%2Fpublic_html%2Fwp-includes%2Ffonts.php&path=%2Fhome%2Ffalconiapl2015%2Fpublic_html%2Fwp-includes HTTP/2.0" 403 3449 "-" "Mozilla/5.0 AppleWebKit/537.36 (KHTML, like Gecko; compatible; ClaudeBot/1.0; +claudebot@anthropic.com)" 517 **0/517104**
74.7.227.0 - - [28/Mar/2026:07:14:55 -0700] "GET /?path=//lib/modules/4.18.0-553.94.1.lve.el8.x86_64/kernel/sound/x86 HTTP/2.0" 200 2622 "https://falcon-ia.com/?path=//lib/modules/4.18.0-553.94.1.lve.el8.x86_64/kernel/sound" "Mozilla/5.0 AppleWebKit/537.36 (KHTML, like Gecko; compatible; GPTBot/1.3; +https://openai.com/gptbot)" 490 **0/490274**
216.73.216.162 - - [28/Mar/2026:07:14:56 -0700] "GET /item/3918673194?path=%2Fhome%2Ffalconiapl2015%2Fpublic_html%2F.well-known HTTP/2.0" 403 3449 "-" "Mozilla/5.0 AppleWebKit/537.36 (KHTML, like Gecko; compatible; ClaudeBot/1.0; +claudebot@anthropic.com)" 510 **0/510664**
74.7.227.0 - - [28/Mar/2026:07:14:58 -0700] "GET /?path=//lib/modules/4.18.0-553.83.1.lve.el8.x86_64/kernel/net HTTP/2.0" 200 3432 "https://falcon-ia.com/?path=//lib/modules/4.18.0-553.83.1.lve.el8.x86_64/kernel" "Mozilla/5.0 AppleWebKit/537.36 (KHTML, like Gecko; compatible; GPTBot/1.3; +https://openai.com/gptbot)" 503 **0/503417**
216.73.216.162 - - [28/Mar/2026:07:14:59 -0700] "GET /item/3015722365?fileloc=%2Fhome%2Ffalconiapl2015%2Fpublic_html%2Fwp-admin%2Findex.php&path=%2Fhome%2Ffalconiapl2015%2Fpublic_html%2Fwp-admin HTTP/2.0" 403 3449 "-" "Mozilla/5.0 AppleWebKit/537.36 (KHTML, like Gecko; compatible; ClaudeBot/1.0; +claudebot@anthropic.com)" 536 **0/536442**
74.7.227.0 - - [28/Mar/2026:07:15:01 -0700] "GET /?fileloc=//bin/mktemp&path=//bin HTTP/2.0" 200 19428 "https://falcon-ia.com/?path=//bin" "Mozilla/5.0 AppleWebKit/537.36 (KHTML, like Gecko; compatible; GPTBot/1.3; +https://openai.com/gptbot)" 754 **0/754718**
216.73.216.162 - - [28/Mar/2026:07:15:02 -0700] "GET /item/2127730128?fileloc=%2Fhome%2Ffalconiapl2015%2Fpublic_html%2Fwp-admin%2Flink.php&path=%2Fhome%2Ffalconiapl2015%2Fpublic_html%2Fwp-admin HTTP/2.0" 403 3449 "-" "Mozilla/5.0 AppleWebKit/537.36 (KHTML, like Gecko; compatible; ClaudeBot/1.0; +claudebot@anthropic.com)" 581 **0/581413**
74.7.227.0 - - [28/Mar/2026:07:15:04 -0700] "GET /?fileloc=//bin/grops&path=//bin HTTP/2.0" 200 66792 "https://falcon-ia.com/?path=//bin" "Mozilla/5.0 AppleWebKit/537.36 (KHTML, like Gecko; compatible; GPTBot/1.3; +https://openai.com/gptbot)" 598 **0/598733**
216.73.216.162 - - [28/Mar/2026:07:15:05 -0700] "GET /item/2255190269?fileloc=%2Fhome%2Ffalconiapl2015%2Fpublic_html%2Fwp-includes%2Fclass-wp-duotone.php&path=%2Fhome%2Ffalconiapl2015%2Fpublic_html%2Fwp-includes HTTP/2.0" 403 3449 "-" "Mozilla/5.0 AppleWebKit/537.36 (KHTML, like Gecko; compatible; ClaudeBot/1.0; +claudebot@anthropic.com)" 539 **0/539827**
74.7.227.0 - - [28/Mar/2026:07:15:07 -0700] "GET /?fileloc=//bin/rmdir&path=//bin HTTP/2.0" 200 19709 "https://falcon-ia.com/?path=//bin" "Mozilla/5.0 AppleWebKit/537.36 (KHTML, like Gecko; compatible; GPTBot/1.3; +https://openai.com/gptbot)" 537 **0/537321**
216.73.216.162 - - [28/Mar/2026:07:15:08 -0700] "GET /item/1016041926?fileloc=%2Fhome%2Ffalconiapl2015%2Fpublic_html%2Fwp-includes%2Fclass-wp-textdomain-registry.php&path=%2Fhome%2Ffalconiapl2015%2Fpublic_html%2Fwp-includes HTTP/2.0" 403 3449 "-" "Mozilla/5.0 AppleWebKit/537.36 (KHTML, like Gecko; compatible; ClaudeBot/1.0; +claudebot@anthropic.com)" 524 **0/524478**
74.7.227.0 - - [28/Mar/2026:07:15:10 -0700] "GET /?fileloc=//bin/xmlwf&path=//bin HTTP/2.0" 200 14403 "https://falcon-ia.com/?path=//bin" "Mozilla/5.0 AppleWebKit/537.36 (KHTML, like Gecko; compatible; GPTBot/1.3; +https://openai.com/gptbot)" 512 **0/512675**
216.73.216.162 - - [28/Mar/2026:07:15:11 -0700] "GET /item/705621385?fileloc=%2Fhome%2Ffalconiapl2015%2Fpublic_html%2Fwp-includes%2Fclass-wp-locale.php&path=%2Fhome%2Ffalconiapl2015%2Fpublic_html%2Fwp-includes HTTP/2.0" 403 3449 "-" "Mozilla/5.0 AppleWebKit/537.36 (KHTML, like Gecko; compatible; ClaudeBot/1.0; +claudebot@anthropic.com)" 523 **0/523139**
74.7.227.0 - - [28/Mar/2026:07:15:14 -0700] "GET /?fileloc=//bin/mysql&path=//bin HTTP/2.0" 200 787586 "https://falcon-ia.com/?path=//bin" "Mozilla/5.0 AppleWebKit/537.36 (KHTML, like Gecko; compatible; GPTBot/1.3; +https://openai.com/gptbot)" 962 **0/962481**
216.73.216.162 - - [28/Mar/2026:07:15:14 -0700] "GET /item/4257440226?fileloc=%2Fhome%2Ffalconiapl2015%2Fpublic_html%2Fwp-admin%2Fuser-new.php&path=%2Fhome%2Ffalconiapl2015%2Fpublic_html%2Fwp-admin HTTP/2.0" 403 3449 "-" "Mozilla/5.0 AppleWebKit/537.36 (KHTML, like Gecko; compatible; ClaudeBot/1.0; +claudebot@anthropic.com)" 491 **0/491031**
74.7.227.0 - - [28/Mar/2026:07:15:17 -0700] "GET /?fileloc=//bin/stream&path=//bin HTTP/2.0" 200 5409 "https://falcon-ia.com/?path=//bin" "Mozilla/5.0 AppleWebKit/537.36 (KHTML, like Gecko; compatible; GPTBot/1.3; +https://openai.com/gptbot)" 494 **0/494854**
114.119.156.190 - - [28/Mar/2026:07:15:17 -0700] "GET /commodity/spin/wife171919589005?path=/home/falconiapl2015/public_html HTTP/1.1" 200 3956 "https://falcon-ia.com/commodity/spin/wife171919589005" "Mozilla/5.0 (Linux; Android 7.0;) AppleWebKit/537.36 (KHTML, like Gecko) Mobile Safari/537.36 (compatible; PetalBot;+https://webmaster.petalsearch.com/site/petalbot)" 512 **0/512697**
216.73.216.162 - - [28/Mar/2026:07:15:17 -0700] "GET /item/3633300649?fileloc=%2Fhome%2Ffalconiapl2015%2Fpublic_html%2Fwp-admin%2Fadmin-footer.php&path=%2Fhome%2Ffalconiapl2015%2Fpublic_html%2Fwp-admin HTTP/2.0" 403 3449 "-" "Mozilla/5.0 AppleWebKit/537.36 (KHTML, like Gecko; compatible; ClaudeBot/1.0; +claudebot@anthropic.com)" 495 **0/495395**
74.7.227.0 - - [28/Mar/2026:07:15:20 -0700] "GET /?fileloc=//bin/passwd&path=//bin HTTP/2.0" 200 2884 "https://falcon-ia.com/?path=//bin" "Mozilla/5.0 AppleWebKit/537.36 (KHTML, like Gecko; compatible; GPTBot/1.3; +https://openai.com/gptbot)" 507 **0/507084**
216.73.216.162 - - [28/Mar/2026:07:15:20 -0700] "GET /item/1383015292?fileloc=%2Fhome%2Ffalconiapl2015%2Fpublic_html%2Fwp-admin%2Fprivacy.php&path=%2Fhome%2Ffalconiapl2015%2Fpublic_html%2Fwp-admin HTTP/2.0" 403 3449 "-" "Mozilla/5.0 AppleWebKit/537.36 (KHTML, like Gecko; compatible; ClaudeBot/1.0; +claudebot@anthropic.com)" 490 **0/490112**
74.7.227.0 - - [28/Mar/2026:07:15:23 -0700] "GET /?fileloc=//bin/bzgrep&path=//bin HTTP/2.0" 200 3060 "https://falcon-ia.com/?path=//bin" "Mozilla/5.0 AppleWebKit/537.36 (KHTML, like Gecko; compatible; GPTBot/1.3; +https://openai.com/gptbot)" 521 **0/521222**
216.73.216.162 - - [28/Mar/2026:07:15:23 -0700] "GET /item/1926869326?fileloc=%2Fhome%2Ffalconiapl2015%2Fpublic_html%2Fwp-includes%2FPHPMailer%2FOAuthTokenProvider.php&path=%2Fhome%2Ffalconiapl2015%2Fpublic_html%2Fwp-includes%2FPHPMailer HTTP/2.0" 403 3449 "-" "Mozilla/5.0 AppleWebKit/537.36 (KHTML, like Gecko; compatible; ClaudeBot/1.0; +claudebot@anthropic.com)" 496 **0/496196**
74.7.227.0 - - [28/Mar/2026:07:15:26 -0700] "GET /?fileloc=//bin/rview&path=//bin HTTP/2.0" 200 485664 "https://falcon-ia.com/?path=//bin" "Mozilla/5.0 AppleWebKit/537.36 (KHTML, like Gecko; compatible; GPTBot/1.3; +https://openai.com/gptbot)" 722 **0/722632**
216.73.216.162 - - [28/Mar/2026:07:15:29 -0700] "GET /item/582100747?fileloc=%2Fhome%2Ffalconiapl2015%2Fpublic_html%2Fwp-admin%2Fmy-sites.php&path=%2Fhome%2Ffalconiapl2015%2Fpublic_html%2Fwp-admin HTTP/2.0" 200 4202 "-" "Mozilla/5.0 AppleWebKit/537.36 (KHTML, like Gecko; compatible; ClaudeBot/1.0; +claudebot@anthropic.com)" 542 **0/542985**
74.7.227.0 - - [28/Mar/2026:07:15:29 -0700] "GET /?fileloc=//bin/groups&path=//bin HTTP/2.0" 200 15719 "https://falcon-ia.com/?path=//bin" "Mozilla/5.0 AppleWebKit/537.36 (KHTML, like Gecko; compatible; GPTBot/1.3; +https://openai.com/gptbot)" 504 **0/504845**
216.73.216.162 - - [28/Mar/2026:07:15:31 -0700] "GET /item/3893796305?fileloc=%2Fhome%2Ffalconiapl2015%2Fpublic_html%2Fwp-load.php&path=%2Fhome%2Ffalconiapl2015%2Fpublic_html HTTP/2.0" 200 3855 "-" "Mozilla/5.0 AppleWebKit/537.36 (KHTML, like Gecko; compatible; ClaudeBot/1.0; +claudebot@anthropic.com)" 491 **0/491729**
74.7.227.0 - - [28/Mar/2026:07:15:32 -0700] "GET /?path=//lib/modules/4.18.0-553.83.1.lve.el8.x86_64/kernel/net/openvswitch HTTP/2.0" 200 2714 "https://falcon-ia.com/?path=//lib/modules/4.18.0-553.83.1.lve.el8.x86_64/kernel/net" "Mozilla/5.0 AppleWebKit/537.36 (KHTML, like Gecko; compatible; GPTBot/1.3; +https://openai.com/gptbot)" 497 **0/497490**
216.73.216.162 - - [28/Mar/2026:07:15:34 -0700] "GET /item/3924474097?fileloc=%2Fhome%2Ffalconiapl2015%2Fpublic_html%2Fwp-mail.php&path=%2Fhome%2Ffalconiapl2015%2Fpublic_html HTTP/2.0" 200 5289 "-" "Mozilla/5.0 AppleWebKit/537.36 (KHTML, like Gecko; compatible; ClaudeBot/1.0; +claudebot@anthropic.com)" 510 **0/510109**
74.7.227.0 - - [28/Mar/2026:07:15:35 -0700] "GET /?path=//lib/modules/4.18.0-553.83.1.lve.el8.x86_64/kernel/net/802 HTTP/2.0" 200 2734 "https://falcon-ia.com/?path=//lib/modules/4.18.0-553.83.1.lve.el8.x86_64/kernel/net" "Mozilla/5.0 AppleWebKit/537.36 (KHTML, like Gecko; compatible; GPTBot/1.3; +https://openai.com/gptbot)" 486 **0/486392**
216.73.216.162 - - [28/Mar/2026:07:15:37 -0700] "GET /item/4254451754?fileloc=%2Fhome%2Ffalconiapl2015%2Fpublic_html%2Fwp-admin%2F.htaccess&path=%2Fhome%2Ffalconiapl2015%2Fpublic_html%2Fwp-admin HTTP/2.0" 200 3049 "-" "Mozilla/5.0 AppleWebKit/537.36 (KHTML, like Gecko; compatible; ClaudeBot/1.0; +claudebot@anthropic.com)" 489 **0/489252**
74.7.227.0 - - [28/Mar/2026:07:15:38 -0700] "GET /?path=//lib/modules/4.18.0-553.83.1.lve.el8.x86_64/kernel/net/sunrpc HTTP/2.0" 200 2715 "https://falcon-ia.com/?path=//lib/modules/4.18.0-553.83.1.lve.el8.x86_64/kernel/net" "Mozilla/5.0 AppleWebKit/537.36 (KHTML, like Gecko; compatible; GPTBot/1.3; +https://openai.com/gptbot)" 521 **0/521284**
216.73.216.162 - - [28/Mar/2026:07:15:40 -0700] "GET /item/1016041926?fileloc=%2Fhome%2Ffalconiapl2015%2Fpublic_html%2Fwp-includes%2Fglobal-styles-and-settings.php&path=%2Fhome%2Ffalconiapl2015%2Fpublic_html%2Fwp-includes HTTP/2.0" 200 7716 "-" "Mozilla/5.0 AppleWebKit/537.36 (KHTML, like Gecko; compatible; ClaudeBot/1.0; +claudebot@anthropic.com)" 513 **0/513336**
74.7.227.0 - - [28/Mar/2026:07:15:42 -0700] "GET /?path=//lib/modules/4.18.0-553.83.1.lve.el8.x86_64/kernel/net/packet HTTP/2.0" 200 2621 "https://falcon-ia.com/?path=//lib/modules/4.18.0-553.83.1.lve.el8.x86_64/kernel/net" "Mozilla/5.0 AppleWebKit/537.36 (KHTML, like Gecko; compatible; GPTBot/1.3; +https://openai.com/gptbot)" 520 **0/520676**
216.73.216.162 - - [28/Mar/2026:07:15:43 -0700] "GET /item/4124803183?fileloc=%2Fhome%2Ffalconiapl2015%2Fpublic_html%2Fwp-admin%2Fmedia-new.php&path=%2Fhome%2Ffalconiapl2015%2Fpublic_html%2Fwp-admin HTTP/2.0" 200 3705 "-" "Mozilla/5.0 AppleWebKit/537.36 (KHTML, like Gecko; compatible; ClaudeBot/1.0; +claudebot@anthropic.com)" 516 **0/516316**
74.7.227.0 - - [28/Mar/2026:07:15:45 -0700] "GET /?path=//lib/modules/4.18.0-553.83.1.lve.el8.x86_64/kernel/net/bridge HTTP/2.0" 200 2717 "https://falcon-ia.com/?path=//lib/modules/4.18.0-553.83.1.lve.el8.x86_64/kernel/net" "Mozilla/5.0 AppleWebKit/537.36 (KHTML, like Gecko; compatible; GPTBot/1.3; +https://openai.com/gptbot)" 500 **0/500489**
216.73.216.162 - - [28/Mar/2026:07:15:46 -0700] "GET /item/3924474097?fileloc=%2Fhome%2Ffalconiapl2015%2Fpublic_html%2Fwp-cron.php&path=%2Fhome%2Ffalconiapl2015%2Fpublic_html HTTP/2.0" 200 4272 "-" "Mozilla/5.0 AppleWebKit/537.36 (KHTML, like Gecko; compatible; ClaudeBot/1.0; +claudebot@anthropic.com)" 502 **0/502010**
74.7.227.0 - - [28/Mar/2026:07:15:48 -0700] "GET /?path=//lib/modules/4.18.0-553.83.1.lve.el8.x86_64/kernel/net/8021q HTTP/2.0" 200 2615 "https://falcon-ia.com/?path=//lib/modules/4.18.0-553.83.1.lve.el8.x86_64/kernel/net" "Mozilla/5.0 AppleWebKit/537.36 (KHTML, like Gecko; compatible; GPTBot/1.3; +https://openai.com/gptbot)" 511 **0/511779**
216.73.216.162 - - [28/Mar/2026:07:15:49 -0700] "GET /item/2798200397?fileloc=%2Fhome%2Ffalconiapl2015%2Fpublic_html%2Fwp-settings.php&path=%2Fhome%2Ffalconiapl2015%2Fpublic_html HTTP/2.0" 200 8340 "-" "Mozilla/5.0 AppleWebKit/537.36 (KHTML, like Gecko; compatible; ClaudeBot/1.0; +claudebot@anthropic.com)" 503 **0/503655**
74.7.227.0 - - [28/Mar/2026:07:15:51 -0700] "GET /?path=//lib/modules/4.18.0-553.83.1.lve.el8.x86_64/kernel/net/sctp HTTP/2.0" 200 2353 "https://falcon-ia.com/?path=//lib/modules/4.18.0-553.83.1.lve.el8.x86_64/kernel/net" "Mozilla/5.0 AppleWebKit/537.36 (KHTML, like Gecko; compatible; GPTBot/1.3; +https://openai.com/gptbot)" 528 **0/528204**
216.73.216.162 - - [28/Mar/2026:07:15:52 -0700] "GET /item/1665553619?fileloc=%2Fhome%2Ffalconiapl2015%2Fpublic_html%2Fwp-admin%2Fmy-sites.php&path=%2Fhome%2Ffalconiapl2015%2Fpublic_html%2Fwp-admin HTTP/2.0" 200 4202 "-" "Mozilla/5.0 AppleWebKit/537.36 (KHTML, like Gecko; compatible; ClaudeBot/1.0; +claudebot@anthropic.com)" 487 **0/487311**
52.167.144.159 - - [28/Mar/2026:07:15:52 -0700] "GET /?c.8283339137500.html HTTP/2.0" 200 28630 "-" "Mozilla/5.0 AppleWebKit/537.36 (KHTML, like Gecko; compatible; bingbot/2.0; +http://www.bing.com/bingbot.htm) Chrome/116.0.1938.76 Safari/537.36" 1600 **1/1600044**
74.7.227.0 - - [28/Mar/2026:07:15:54 -0700] "GET /?path=//lib/modules/4.18.0-553.83.1.lve.el8.x86_64/kernel/net/xfrm HTTP/2.0" 200 2662 "https://falcon-ia.com/?path=//lib/modules/4.18.0-553.83.1.lve.el8.x86_64/kernel/net" "Mozilla/5.0 AppleWebKit/537.36 (KHTML, like Gecko; compatible; GPTBot/1.3; +https://openai.com/gptbot)" 515 **0/515648**
216.73.216.162 - - [28/Mar/2026:07:15:55 -0700] "GET /item/2277642976?fileloc=%2Fhome%2Ffalconiapl2015%2Fpublic_html%2Fwp-cron.php&path=%2Fhome%2Ffalconiapl2015%2Fpublic_html HTTP/2.0" 200 4272 "-" "Mozilla/5.0 AppleWebKit/537.36 (KHTML, like Gecko; compatible; ClaudeBot/1.0; +claudebot@anthropic.com)" 484 **0/484574**
74.7.227.0 - - [28/Mar/2026:07:15:58 -0700] "GET /?path=//lib/modules/4.18.0-553.83.1.lve.el8.x86_64/kernel/net/core HTTP/2.0" 200 2619 "https://falcon-ia.com/?path=//lib/modules/4.18.0-553.83.1.lve.el8.x86_64/kernel/net" "Mozilla/5.0 AppleWebKit/537.36 (KHTML, like Gecko; compatible; GPTBot/1.3; +https://openai.com/gptbot)" 493 **0/493018**
216.73.216.162 - - [28/Mar/2026:07:15:58 -0700] "GET /item/430338372?fileloc=%2Fhome%2Ffalconiapl2015%2Fpublic_html%2Fwp-includes%2Fglobal-styles-and-settings.php&path=%2Fhome%2Ffalconiapl2015%2Fpublic_html%2Fwp-includes HTTP/2.0" 200 7716 "-" "Mozilla/5.0 AppleWebKit/537.36 (KHTML, like Gecko; compatible; ClaudeBot/1.0; +claudebot@anthropic.com)" 489 **0/489377**
74.7.227.0 - - [28/Mar/2026:07:16:01 -0700] "GET /?path=//lib/modules/4.18.0-553.83.1.lve.el8.x86_64/kernel/net/ceph HTTP/2.0" 200 2616 "https://falcon-ia.com/?path=//lib/modules/4.18.0-553.83.1.lve.el8.x86_64/kernel/net" "Mozilla/5.0 AppleWebKit/537.36 (KHTML, like Gecko; compatible; GPTBot/1.3; +https://openai.com/gptbot)" 610 **0/610545**
216.73.216.162 - - [28/Mar/2026:07:16:01 -0700] "GET /item/1416074375?fileloc=%2Fhome%2Ffalconiapl2015%2Fpublic_html%2Fwp-admin%2F.htaccess&path=%2Fhome%2Ffalconiapl2015%2Fpublic_html%2Fwp-admin HTTP/2.0" 200 3049 "-" "Mozilla/5.0 AppleWebKit/537.36 (KHTML, like Gecko; compatible; ClaudeBot/1.0; +claudebot@anthropic.com)" 579 **0/579175**
74.7.227.0 - - [28/Mar/2026:07:16:04 -0700] "GET /?path=//lib/modules/4.18.0-553.83.1.lve.el8.x86_64/kernel/net/mptcp HTTP/2.0" 200 2619 "https://falcon-ia.com/?path=//lib/modules/4.18.0-553.83.1.lve.el8.x86_64/kernel/net" "Mozilla/5.0 AppleWebKit/537.36 (KHTML, like Gecko; compatible; GPTBot/1.3; +https://openai.com/gptbot)" 548 **0/548044**
216.73.216.162 - - [28/Mar/2026:07:16:04 -0700] "GET /item/1887429758?fileloc=%2Fhome%2Ffalconiapl2015%2Fpublic_html%2Fwp-activate.php&path=%2Fhome%2Ffalconiapl2015%2Fpublic_html HTTP/2.0" 200 4672 "-" "Mozilla/5.0 AppleWebKit/537.36 (KHTML, like Gecko; compatible; ClaudeBot/1.0; +claudebot@anthropic.com)" 510 **0/510681**
17.246.23.49 - - [28/Mar/2026:07:16:06 -0700] "GET /leukste-casino-las-vegas/ HTTP/1.1" 200 3956 "-" "Mozilla/5.0 (Macintosh; Intel Mac OS X 10_15_7) AppleWebKit/605.1.15 (KHTML, like Gecko) Version/17.4 Safari/605.1.15 (Applebot/0.1; +http://www.apple.com/go/applebot)" 504 **0/504707**
51.89.129.184 - - [28/Mar/2026:07:16:07 -0700] "GET /commodity/httpd/lead17176596882 HTTP/2.0" 200 3449 "-" "Mozilla/5.0 (compatible; AhrefsBot/7.0; +http://ahrefs.com/robot/)" 519 **0/519565**
216.73.216.162 - - [28/Mar/2026:07:16:07 -0700] "GET /item/2799412496?fileloc=%2Fhome%2Ffalconiapl2015%2Fpublic_html%2Fwp-settings.php&path=%2Fhome%2Ffalconiapl2015%2Fpublic_html HTTP/2.0" 200 8340 "-" "Mozilla/5.0 AppleWebKit/537.36 (KHTML, like Gecko; compatible; ClaudeBot/1.0; +claudebot@anthropic.com)" 504 **0/504389**
74.7.227.0 - - [28/Mar/2026:07:16:07 -0700] "GET /?path=//lib/modules/4.18.0-553.83.1.lve.el8.x86_64/kernel/net/sched HTTP/2.0" 200 3768 "https://falcon-ia.com/?path=//lib/modules/4.18.0-553.83.1.lve.el8.x86_64/kernel/net" "Mozilla/5.0 AppleWebKit/537.36 (KHTML, like Gecko; compatible; GPTBot/1.3; +https://openai.com/gptbot)" 492 **0/492956**
216.73.216.162 - - [28/Mar/2026:07:16:10 -0700] "GET /item/2547723647?fileloc=%2Fhome%2Ffalconiapl2015%2Fpublic_html%2Fwp-includes%2Fsodium_compat%2Fnamespaced%2FCrypto.php&path=%2Fhome%2Ffalconiapl2015%2Fpublic_html%2Fwp-includes%2Fsodium_compat%2Fnamespaced HTTP/2.0" 200 2357 "-" "Mozilla/5.0 AppleWebKit/537.36 (KHTML, like Gecko; compatible; ClaudeBot/1.0; +claudebot@anthropic.com)" 515 **0/515201**
74.7.227.0 - - [28/Mar/2026:07:16:11 -0700] "GET /?path=//lib/modules/4.18.0-553.83.1.lve.el8.x86_64/kernel/net/qrtr HTTP/2.0" 200 2645 "https://falcon-ia.com/?path=//lib/modules/4.18.0-553.83.1.lve.el8.x86_64/kernel/net" "Mozilla/5.0 AppleWebKit/537.36 (KHTML, like Gecko; compatible; GPTBot/1.3; +https://openai.com/gptbot)" 514 **0/514339**
216.73.216.162 - - [28/Mar/2026:07:16:13 -0700] "GET /item/2056639609?fileloc=%2Fhome%2Ffalconiapl2015%2Fpublic_html%2Fwp-content%2Fmu-plugins%2Fmu-plugin-68f9dfb042570.php&path=%2Fhome%2Ffalconiapl2015%2Fpublic_html%2Fwp-content%2Fmu-plugins HTTP/2.0" 200 2491 "-" "Mozilla/5.0 AppleWebKit/537.36 (KHTML, like Gecko; compatible; ClaudeBot/1.0; +claudebot@anthropic.com)" 516 **0/516068**
74.7.227.0 - - [28/Mar/2026:07:16:14 -0700] "GET /?path=//lib/modules/4.18.0-553.83.1.lve.el8.x86_64/kernel/net/sunrpc/xprtrdma HTTP/2.0" 200 2636 "https://falcon-ia.com/?path=//lib/modules/4.18.0-553.83.1.lve.el8.x86_64/kernel/net/sunrpc" "Mozilla/5.0 AppleWebKit/537.36 (KHTML, like Gecko; compatible; GPTBot/1.3; +https://openai.com/gptbot)" 525 **0/525582**
216.73.216.162 - - [28/Mar/2026:07:16:16 -0700] "GET /item/2642274973?fileloc=%2Fhome%2Ffalconiapl2015%2Fpublic_html%2Fwp-content%2Findex.php&path=%2Fhome%2Ffalconiapl2015%2Fpublic_html%2Fwp-content HTTP/2.0" 200 2294 "-" "Mozilla/5.0 AppleWebKit/537.36 (KHTML, like Gecko; compatible; ClaudeBot/1.0; +claudebot@anthropic.com)" 507 **0/507954**
74.7.227.0 - - [28/Mar/2026:07:16:17 -0700] "GET /?path=//lib/modules/4.18.0-553.83.1.lve.el8.x86_64/kernel/net/sunrpc/auth_gss HTTP/2.0" 200 2682 "https://falcon-ia.com/?path=//lib/modules/4.18.0-553.83.1.lve.el8.x86_64/kernel/net/sunrpc" "Mozilla/5.0 AppleWebKit/537.36 (KHTML, like Gecko; compatible; GPTBot/1.3; +https://openai.com/gptbot)" 489 **0/489998**
74.7.227.0 - - [28/Mar/2026:07:16:20 -0700] "GET /?path=//lib/modules/4.18.0-553.83.1.lve.el8.x86_64/kernel/net/tipc HTTP/2.0" 200 2649 "https://falcon-ia.com/?path=//lib/modules/4.18.0-553.83.1.lve.el8.x86_64/kernel/net" "Mozilla/5.0 AppleWebKit/537.36 (KHTML, like Gecko; compatible; GPTBot/1.3; +https://openai.com/gptbot)" 524 **0/524785**
216.73.216.162 - - [28/Mar/2026:07:16:21 -0700] "GET /item/4247844451?fileloc=%2Fhome%2Ffalconiapl2015%2Fpublic_html%2Fimages%2Fimages%2FJhRQnZWfcPKNwVSXBlmL.mov&path=%2Fhome%2Ffalconiapl2015%2Fpublic_html%2Fimages%2Fimages HTTP/2.0" 200 4701 "-" "Mozilla/5.0 AppleWebKit/537.36 (KHTML, like Gecko; compatible; ClaudeBot/1.0; +claudebot@anthropic.com)" 503 **0/503834**
74.7.227.0 - - [28/Mar/2026:07:16:23 -0700] "GET /?path=//lib/modules/4.18.0-553.83.1.lve.el8.x86_64/kernel/net/can HTTP/2.0" 200 2699 "https://falcon-ia.com/?path=//lib/modules/4.18.0-553.83.1.lve.el8.x86_64/kernel/net" "Mozilla/5.0 AppleWebKit/537.36 (KHTML, like Gecko; compatible; GPTBot/1.3; +https://openai.com/gptbot)" 489 **0/489530**
216.73.216.162 - - [28/Mar/2026:07:16:23 -0700] "GET /item/3648460083?fileloc=%2Fhome%2Ffalconiapl2015%2Fpublic_html%2Fimages%2Fimages%2FJhRQnZWfcPKNwVSXBlmL.mov&path=%2Fhome%2Ffalconiapl2015%2Fpublic_html%2Fimages%2Fimages HTTP/2.0" 200 4701 "-" "Mozilla/5.0 AppleWebKit/537.36 (KHTML, like Gecko; compatible; ClaudeBot/1.0; +claudebot@anthropic.com)" 495 **0/495023**
216.73.216.162 - - [28/Mar/2026:07:16:26 -0700] "GET /item/62571846?fileloc=%2Fhome%2Ffalconiapl2015%2Fpublic_html%2Fimages%2Fimages%2FJhRQnZWfcPKNwVSXBlmL.mov&path=%2Fhome%2Ffalconiapl2015%2Fpublic_html%2Fimages%2Fimages HTTP/2.0" 200 4701 "-" "Mozilla/5.0 AppleWebKit/537.36 (KHTML, like Gecko; compatible; ClaudeBot/1.0; +claudebot@anthropic.com)" 502 **0/502805**
74.7.227.0 - - [28/Mar/2026:07:16:26 -0700] "GET /?path=//lib/modules/4.18.0-553.83.1.lve.el8.x86_64/kernel/net/ipv4 HTTP/2.0" 200 3209 "https://falcon-ia.com/?path=//lib/modules/4.18.0-553.83.1.lve.el8.x86_64/kernel/net" "Mozilla/5.0 AppleWebKit/537.36 (KHTML, like Gecko; compatible; GPTBot/1.3; +https://openai.com/gptbot)" 502 **0/502017**
216.73.216.162 - - [28/Mar/2026:07:16:29 -0700] "GET /item/3633300649?fileloc=%2Fhome%2Ffalconiapl2015%2F.734ae9c6ac41e57803c9c841a9a213fa401aa319a&path=%2Fhome%2Ffalconiapl2015 HTTP/2.0" 200 2270 "-" "Mozilla/5.0 AppleWebKit/537.36 (KHTML, like Gecko; compatible; ClaudeBot/1.0; +claudebot@anthropic.com)" 509 **0/509333**
74.7.227.0 - - [28/Mar/2026:07:16:30 -0700] "GET /?path=//lib/modules/4.18.0-553.83.1.lve.el8.x86_64/kernel/net/l2tp HTTP/2.0" 200 2679 "https://falcon-ia.com/?path=//lib/modules/4.18.0-553.83.1.lve.el8.x86_64/kernel/net" "Mozilla/5.0 AppleWebKit/537.36 (KHTML, like Gecko; compatible; GPTBot/1.3; +https://openai.com/gptbot)" 585 **0/585910**
216.73.216.162 - - [28/Mar/2026:07:16:32 -0700] "GET /item/3527941465?fileloc=%2Fhome%2Ffalconiapl2015%2F.734ae9c6ac41e57803c9c841a9a213fa401aa319a&path=%2Fhome%2Ffalconiapl2015 HTTP/2.0" 200 2270 "-" "Mozilla/5.0 AppleWebKit/537.36 (KHTML, like Gecko; compatible; ClaudeBot/1.0; +claudebot@anthropic.com)" 541 **0/541814**
74.7.227.0 - - [28/Mar/2026:07:16:33 -0700] "GET /?path=//lib/modules/4.18.0-553.83.1.lve.el8.x86_64/kernel/net/tls HTTP/2.0" 200 2612 "https://falcon-ia.com/?path=//lib/modules/4.18.0-553.83.1.lve.el8.x86_64/kernel/net" "Mozilla/5.0 AppleWebKit/537.36 (KHTML, like Gecko; compatible; GPTBot/1.3; +https://openai.com/gptbot)" 541 **0/541398**
185.191.171.18 - - [28/Mar/2026:07:16:34 -0700] "GET /commodity/catholics/displayed172032221717 HTTP/1.1" 200 3956 "-" "Mozilla/5.0 (compatible; SemrushBot/7~bl; +http://www.semrush.com/bot.html)" 502 **0/502126**
