216.73.216.162 - - [28/Mar/2026:07:16:35 -0700] "GET /item/1516986146?fileloc=%2Fhome%2Ffalconiapl2015%2F.734ae9c6ac41e57803c9c841a9a213fa401aa319a&path=%2Fhome%2Ffalconiapl2015 HTTP/2.0" 200 2270 "-" "Mozilla/5.0 AppleWebKit/537.36 (KHTML, like Gecko; compatible; ClaudeBot/1.0; +claudebot@anthropic.com)" 539 **0/539254**
74.7.227.0 - - [28/Mar/2026:07:16:36 -0700] "GET /?path=//lib/modules/4.18.0-553.83.1.lve.el8.x86_64/kernel/net/ipv6 HTTP/2.0" 200 3029 "https://falcon-ia.com/?path=//lib/modules/4.18.0-553.83.1.lve.el8.x86_64/kernel/net" "Mozilla/5.0 AppleWebKit/537.36 (KHTML, like Gecko; compatible; GPTBot/1.3; +https://openai.com/gptbot)" 510 **0/510558**
114.119.155.69 - - [28/Mar/2026:07:16:36 -0700] "GET /commodity/spice/br17173621330?path=/home/falconiapl2015 HTTP/1.1" 200 4257 "https://falcon-ia.com/commodity/spice/br17173621330" "Mozilla/5.0 (Linux; Android 7.0;) AppleWebKit/537.36 (KHTML, like Gecko) Mobile Safari/537.36 (compatible; PetalBot;+https://webmaster.petalsearch.com/site/petalbot)" 491 **0/491031**
216.73.216.162 - - [28/Mar/2026:07:16:38 -0700] "GET /item/1294776906?fileloc=%2Fhome%2Ffalconiapl2015%2F.734ae9c6ac41e57803c9c841a9a213fa401aa319a&path=%2Fhome%2Ffalconiapl2015 HTTP/2.0" 200 2270 "-" "Mozilla/5.0 AppleWebKit/537.36 (KHTML, like Gecko; compatible; ClaudeBot/1.0; +claudebot@anthropic.com)" 500 **0/500031**
74.7.227.0 - - [28/Mar/2026:07:16:39 -0700] "GET /?path=//lib/modules/4.18.0-553.83.1.lve.el8.x86_64/kernel/net/mpls HTTP/2.0" 200 2656 "https://falcon-ia.com/?path=//lib/modules/4.18.0-553.83.1.lve.el8.x86_64/kernel/net" "Mozilla/5.0 AppleWebKit/537.36 (KHTML, like Gecko; compatible; GPTBot/1.3; +https://openai.com/gptbot)" 524 **0/524004**
185.191.171.17 - - [28/Mar/2026:07:16:39 -0700] "GET /commodity/permalink/natalie171855054507 HTTP/1.1" 200 3956 "-" "Mozilla/5.0 (compatible; SemrushBot/7~bl; +http://www.semrush.com/bot.html)" 494 **0/494486**
216.73.216.162 - - [28/Mar/2026:07:16:41 -0700] "GET /item/3593351529?fileloc=%2Fhome%2Ffalconiapl2015%2Flogs%2Fftp.falcon-ia.com-ftp_log-Jul-2024.gz&path=%2Fhome%2Ffalconiapl2015%2Flogs HTTP/2.0" 200 2656 "-" "Mozilla/5.0 AppleWebKit/537.36 (KHTML, like Gecko; compatible; ClaudeBot/1.0; +claudebot@anthropic.com)" 498 **0/498538**
74.7.227.0 - - [28/Mar/2026:07:16:42 -0700] "GET /?path=//lib/modules/4.18.0-553.83.1.lve.el8.x86_64/kernel/net/unix HTTP/2.0" 200 2617 "https://falcon-ia.com/?path=//lib/modules/4.18.0-553.83.1.lve.el8.x86_64/kernel/net" "Mozilla/5.0 AppleWebKit/537.36 (KHTML, like Gecko; compatible; GPTBot/1.3; +https://openai.com/gptbot)" 506 **0/506285**
185.191.171.4 - - [28/Mar/2026:07:16:44 -0700] "GET /commodity/ranch/cooler172195166031 HTTP/1.1" 200 3956 "-" "Mozilla/5.0 (compatible; SemrushBot/7~bl; +http://www.semrush.com/bot.html)" 495 **0/495309**
74.7.227.0 - - [28/Mar/2026:07:16:45 -0700] "GET /?path=//lib/modules/4.18.0-553.83.1.lve.el8.x86_64/kernel/net/atm HTTP/2.0" 200 2615 "https://falcon-ia.com/?path=//lib/modules/4.18.0-553.83.1.lve.el8.x86_64/kernel/net" "Mozilla/5.0 AppleWebKit/537.36 (KHTML, like Gecko; compatible; GPTBot/1.3; +https://openai.com/gptbot)" 507 **0/507198**
216.73.216.162 - - [28/Mar/2026:07:16:46 -0700] "GET /item/139417828?path=%2Fhome%2Ffalconiapl2015%2Fpublic_html%2F.easyssl_backup HTTP/2.0" 200 2841 "-" "Mozilla/5.0 AppleWebKit/537.36 (KHTML, like Gecko; compatible; ClaudeBot/1.0; +claudebot@anthropic.com)" 504 **0/504772**
216.73.216.162 - - [28/Mar/2026:07:16:48 -0700] "GET /item/696103199?path=%2Fhome%2Ffalconiapl2015%2Fpublic_html%2Fwp-content%2Fuploads%2Frsssl HTTP/2.0" 200 2646 "-" "Mozilla/5.0 AppleWebKit/537.36 (KHTML, like Gecko; compatible; ClaudeBot/1.0; +claudebot@anthropic.com)" 497 **0/497708**
85.208.96.204 - - [28/Mar/2026:07:16:48 -0700] "GET /commodity/exams/ultimately171979214390 HTTP/1.1" 200 3956 "-" "Mozilla/5.0 (compatible; SemrushBot/7~bl; +http://www.semrush.com/bot.html)" 511 **0/511676**
74.7.227.0 - - [28/Mar/2026:07:16:48 -0700] "GET /?path=//lib/modules/4.18.0-553.83.1.lve.el8.x86_64/kernel/net/xdp HTTP/2.0" 200 2620 "https://falcon-ia.com/?path=//lib/modules/4.18.0-553.83.1.lve.el8.x86_64/kernel/net" "Mozilla/5.0 AppleWebKit/537.36 (KHTML, like Gecko; compatible; GPTBot/1.3; +https://openai.com/gptbot)" 518 **0/518848**
216.73.216.162 - - [28/Mar/2026:07:16:51 -0700] "GET /item/2240660132?fileloc=%2Fhome%2Ffalconiapl2015%2Fpublic_html%2Fwp-admin%2Fload-scripts.php&path=%2Fhome%2Ffalconiapl2015%2Fpublic_html%2Fwp-admin HTTP/2.0" 200 3209 "-" "Mozilla/5.0 AppleWebKit/537.36 (KHTML, like Gecko; compatible; ClaudeBot/1.0; +claudebot@anthropic.com)" 507 **0/507717**
74.7.227.0 - - [28/Mar/2026:07:16:52 -0700] "GET /?path=//lib/modules/4.18.0-553.83.1.lve.el8.x86_64/kernel/net/llc HTTP/2.0" 200 2612 "https://falcon-ia.com/?path=//lib/modules/4.18.0-553.83.1.lve.el8.x86_64/kernel/net" "Mozilla/5.0 AppleWebKit/537.36 (KHTML, like Gecko; compatible; GPTBot/1.3; +https://openai.com/gptbot)" 542 **0/542152**
85.208.96.211 - - [28/Mar/2026:07:16:53 -0700] "GET /commodity/disciplines/turned171612354311 HTTP/1.1" 200 3956 "-" "Mozilla/5.0 (compatible; SemrushBot/7~bl; +http://www.semrush.com/bot.html)" 543 **0/543067**
216.73.216.162 - - [28/Mar/2026:07:16:54 -0700] "GET /item/3847809934?fileloc=%2Fhome%2Ffalconiapl2015%2Fpublic_html%2Fwp-includes%2Fclass-wp-block-processor.php&path=%2Fhome%2Ffalconiapl2015%2Fpublic_html%2Fwp-includes HTTP/2.0" 200 18738 "-" "Mozilla/5.0 AppleWebKit/537.36 (KHTML, like Gecko; compatible; ClaudeBot/1.0; +claudebot@anthropic.com)" 510 **0/510846**
74.7.227.0 - - [28/Mar/2026:07:16:55 -0700] "GET /?fileloc=//bin/gunzip&path=//bin HTTP/2.0" 200 3342 "https://falcon-ia.com/?path=//bin" "Mozilla/5.0 AppleWebKit/537.36 (KHTML, like Gecko; compatible; GPTBot/1.3; +https://openai.com/gptbot)" 495 **0/495737**
216.73.216.162 - - [28/Mar/2026:07:16:57 -0700] "GET /item/205359608?path=%2Fhome%2Ffalconiapl2015%2Fpublic_html%2F.easyssl_backup HTTP/2.0" 200 2841 "-" "Mozilla/5.0 AppleWebKit/537.36 (KHTML, like Gecko; compatible; ClaudeBot/1.0; +claudebot@anthropic.com)" 496 **0/496496**
185.191.171.17 - - [28/Mar/2026:07:16:57 -0700] "GET /betsson-casino-100-free-spins/ HTTP/1.1" 200 3956 "-" "Mozilla/5.0 (compatible; SemrushBot/7~bl; +http://www.semrush.com/bot.html)" 492 **0/492801**
74.7.227.0 - - [28/Mar/2026:07:16:58 -0700] "GET /?fileloc=//bin/bzmore&path=//bin HTTP/2.0" 200 2910 "https://falcon-ia.com/?path=//bin" "Mozilla/5.0 AppleWebKit/537.36 (KHTML, like Gecko; compatible; GPTBot/1.3; +https://openai.com/gptbot)" 509 **0/509047**
216.73.216.162 - - [28/Mar/2026:07:17:00 -0700] "GET /item/3941460958?path=%2Fhome%2Ffalconiapl2015%2Fpublic_html%2Fwp-content%2Fplugins%2Felementor HTTP/2.0" 200 3139 "-" "Mozilla/5.0 AppleWebKit/537.36 (KHTML, like Gecko; compatible; ClaudeBot/1.0; +claudebot@anthropic.com)" 511 **0/511517**
74.7.227.0 - - [28/Mar/2026:07:17:01 -0700] "GET /?fileloc=//bin/xargs&path=//bin HTTP/2.0" 200 31444 "https://falcon-ia.com/?path=//bin" "Mozilla/5.0 AppleWebKit/537.36 (KHTML, like Gecko; compatible; GPTBot/1.3; +https://openai.com/gptbot)" 540 **0/540296**
185.191.171.1 - - [28/Mar/2026:07:17:02 -0700] "GET /commodity/discussions/shade172165465443 HTTP/1.1" 200 3956 "-" "Mozilla/5.0 (compatible; SemrushBot/7~bl; +http://www.semrush.com/bot.html)" 516 **0/516555**
216.73.216.162 - - [28/Mar/2026:07:17:03 -0700] "GET /item/2983371384?path=%2Fhome%2Ffalconiapl2015%2Fpublic_html%2Fwp-content HTTP/2.0" 403 3449 "-" "Mozilla/5.0 AppleWebKit/537.36 (KHTML, like Gecko; compatible; ClaudeBot/1.0; +claudebot@anthropic.com)" 576 **0/576095**
216.73.216.162 - - [28/Mar/2026:07:17:06 -0700] "GET /item/1887989693?fileloc=%2Fhome%2Ffalconiapl2015%2Fpublic_html%2Fwp-admin%2Fcss%2Fwp-admin.min.css&path=%2Fhome%2Ffalconiapl2015%2Fpublic_html%2Fwp-admin%2Fcss HTTP/2.0" 403 3449 "-" "Mozilla/5.0 AppleWebKit/537.36 (KHTML, like Gecko; compatible; ClaudeBot/1.0; +claudebot@anthropic.com)" 619 **0/619733**
74.7.227.0 - - [28/Mar/2026:07:17:04 -0700] "GET /?fileloc=//bin/vmstat&path=//bin HTTP/2.0" 200 13868 "https://falcon-ia.com/?path=//bin" "Mozilla/5.0 AppleWebKit/537.36 (KHTML, like Gecko; compatible; GPTBot/1.3; +https://openai.com/gptbot)" 3193 **3/3193718**
74.7.227.0 - - [28/Mar/2026:07:17:07 -0700] "GET /?fileloc=//bin/cksum&path=//bin HTTP/2.0" 200 16325 "https://falcon-ia.com/?path=//bin" "Mozilla/5.0 AppleWebKit/537.36 (KHTML, like Gecko; compatible; GPTBot/1.3; +https://openai.com/gptbot)" 539 **0/539531**
40.77.167.25 - - [28/Mar/2026:07:17:07 -0700] "GET /commodity/emc/periodicals171922475996 HTTP/2.0" 200 28767 "-" "Mozilla/5.0 AppleWebKit/537.36 (KHTML, like Gecko; compatible; bingbot/2.0; +http://www.bing.com/bingbot.htm) Chrome/116.0.1938.76 Safari/537.36" 1656 **1/1656529**
216.73.216.162 - - [28/Mar/2026:07:17:09 -0700] "GET /item/422601928?fileloc=%2Fhome%2Ffalconiapl2015%2Fpublic_html%2Fwp-includes%2Fclass-wp-block-processor.php&path=%2Fhome%2Ffalconiapl2015%2Fpublic_html%2Fwp-includes HTTP/2.0" 403 3449 "-" "Mozilla/5.0 AppleWebKit/537.36 (KHTML, like Gecko; compatible; ClaudeBot/1.0; +claudebot@anthropic.com)" 537 **0/537295**
40.77.167.25 - - [28/Mar/2026:07:17:09 -0700] "GET /bonuslarla-g%C3%BCvenli-web-casinolarda-oynay%C4%B1n/ HTTP/2.0" 200 24917 "-" "Mozilla/5.0 AppleWebKit/537.36 (KHTML, like Gecko; compatible; bingbot/2.0; +http://www.bing.com/bingbot.htm) Chrome/116.0.1938.76 Safari/537.36" 1642 **1/1642052**
74.7.227.0 - - [28/Mar/2026:07:17:10 -0700] "GET /?fileloc=//bin/rsync&path=//bin HTTP/2.0" 200 223799 "https://falcon-ia.com/?path=//bin" "Mozilla/5.0 AppleWebKit/537.36 (KHTML, like Gecko; compatible; GPTBot/1.3; +https://openai.com/gptbot)" 600 **0/600618**
216.73.216.162 - - [28/Mar/2026:07:17:12 -0700] "GET /item/1492738538?fileloc=%2Fhome%2Ffalconiapl2015%2Fpublic_html%2Fwp-includes%2Fclass.wp-scripts-beta.php&path=%2Fhome%2Ffalconiapl2015%2Fpublic_html%2Fwp-includes HTTP/2.0" 403 3449 "-" "Mozilla/5.0 AppleWebKit/537.36 (KHTML, like Gecko; compatible; ClaudeBot/1.0; +claudebot@anthropic.com)" 540 **0/540512**
74.7.227.0 - - [28/Mar/2026:07:17:14 -0700] "GET /?fileloc=//bin/gzexe&path=//bin HTTP/2.0" 200 4684 "https://falcon-ia.com/?path=//bin" "Mozilla/5.0 AppleWebKit/537.36 (KHTML, like Gecko; compatible; GPTBot/1.3; +https://openai.com/gptbot)" 522 **0/522420**
216.73.216.162 - - [28/Mar/2026:07:17:15 -0700] "GET /item/1998328006?path=%2Fhome%2Ffalconiapl2015%2Fpublic_html HTTP/2.0" 403 3449 "-" "Mozilla/5.0 AppleWebKit/537.36 (KHTML, like Gecko; compatible; ClaudeBot/1.0; +claudebot@anthropic.com)" 550 **0/550303**
74.7.227.0 - - [28/Mar/2026:07:17:17 -0700] "GET /?fileloc=//bin/stdbuf&path=//bin HTTP/2.0" 200 22046 "https://falcon-ia.com/?path=//bin" "Mozilla/5.0 AppleWebKit/537.36 (KHTML, like Gecko; compatible; GPTBot/1.3; +https://openai.com/gptbot)" 499 **0/499813**
74.7.227.0 - - [28/Mar/2026:07:17:20 -0700] "GET /?fileloc=//bin/xsubpp&path=//bin HTTP/2.0" 200 4545 "https://falcon-ia.com/?path=//bin" "Mozilla/5.0 AppleWebKit/537.36 (KHTML, like Gecko; compatible; GPTBot/1.3; +https://openai.com/gptbot)" 502 **0/502937**
216.73.216.162 - - [28/Mar/2026:07:17:18 -0700] "GET /item/4039807140?fileloc=%2Fhome%2Ffalconiapl2015%2Fpublic_html%2Fwp-includes%2Fscript-loader.php&path=%2Fhome%2Ffalconiapl2015%2Fpublic_html%2Fwp-includes HTTP/2.0" 403 3449 "-" "Mozilla/5.0 AppleWebKit/537.36 (KHTML, like Gecko; compatible; ClaudeBot/1.0; +claudebot@anthropic.com)" 3005 **3/3005846**
216.73.216.162 - - [28/Mar/2026:07:17:21 -0700] "GET /item/419245295?fileloc=%2Fhome%2Ffalconiapl2015%2Fpublic_html%2Fwp-admin%2Fload-scripts.php&path=%2Fhome%2Ffalconiapl2015%2Fpublic_html%2Fwp-admin HTTP/2.0" 403 3449 "-" "Mozilla/5.0 AppleWebKit/537.36 (KHTML, like Gecko; compatible; ClaudeBot/1.0; +claudebot@anthropic.com)" 512 **0/512971**
74.7.227.0 - - [28/Mar/2026:07:17:23 -0700] "GET /?fileloc=//bin/users&path=//bin HTTP/2.0" 200 15376 "https://falcon-ia.com/?path=//bin" "Mozilla/5.0 AppleWebKit/537.36 (KHTML, like Gecko; compatible; GPTBot/1.3; +https://openai.com/gptbot)" 498 **0/498480**
216.73.216.162 - - [28/Mar/2026:07:17:24 -0700] "GET /item/3687035705?path=%2Fhome%2Ffalconiapl2015%2Fpublic_html%2F.easyssl_backup HTTP/2.0" 403 3449 "-" "Mozilla/5.0 AppleWebKit/537.36 (KHTML, like Gecko; compatible; ClaudeBot/1.0; +claudebot@anthropic.com)" 532 **0/532517**
74.7.227.0 - - [28/Mar/2026:07:17:26 -0700] "GET /?fileloc=//bin/zfgrep&path=//bin HTTP/2.0" 200 2274 "https://falcon-ia.com/?path=//bin" "Mozilla/5.0 AppleWebKit/537.36 (KHTML, like Gecko; compatible; GPTBot/1.3; +https://openai.com/gptbot)" 491 **0/491245**
216.73.216.162 - - [28/Mar/2026:07:17:27 -0700] "GET /item/1527957511?path=%2Fhome%2Ffalconiapl2015%2Fpublic_html%2Fwp-includes%2Fblocks%2Fimage HTTP/2.0" 403 3449 "-" "Mozilla/5.0 AppleWebKit/537.36 (KHTML, like Gecko; compatible; ClaudeBot/1.0; +claudebot@anthropic.com)" 540 **0/540527**
74.7.227.0 - - [28/Mar/2026:07:17:29 -0700] "GET /?fileloc=//bin/mknod&path=//bin HTTP/2.0" 200 31184 "https://falcon-ia.com/?path=//bin" "Mozilla/5.0 AppleWebKit/537.36 (KHTML, like Gecko; compatible; GPTBot/1.3; +https://openai.com/gptbot)" 540 **0/540392**
216.73.216.162 - - [28/Mar/2026:07:17:30 -0700] "GET /item/1733659989?path=%2Fhome%2Ffalconiapl2015%2Fpublic_html%2Fwp-content HTTP/2.0" 403 3449 "-" "Mozilla/5.0 AppleWebKit/537.36 (KHTML, like Gecko; compatible; ClaudeBot/1.0; +claudebot@anthropic.com)" 501 **0/501277**
74.7.227.0 - - [28/Mar/2026:07:17:33 -0700] "GET /?fileloc=//bin/mkdir&path=//bin HTTP/2.0" 200 36818 "https://falcon-ia.com/?path=//bin" "Mozilla/5.0 AppleWebKit/537.36 (KHTML, like Gecko; compatible; GPTBot/1.3; +https://openai.com/gptbot)" 520 **0/520930**
216.73.216.162 - - [28/Mar/2026:07:17:33 -0700] "GET /item/2756812328?path=%2Fhome%2Ffalconiapl2015%2Fpublic_html%2Fwp-includes%2Fblock-bindings HTTP/2.0" 403 3449 "-" "Mozilla/5.0 AppleWebKit/537.36 (KHTML, like Gecko; compatible; ClaudeBot/1.0; +claudebot@anthropic.com)" 503 **0/503704**
74.7.227.0 - - [28/Mar/2026:07:17:36 -0700] "GET /?fileloc=//bin/grotty&path=//bin HTTP/2.0" 200 47240 "https://falcon-ia.com/?path=//bin" "Mozilla/5.0 AppleWebKit/537.36 (KHTML, like Gecko; compatible; GPTBot/1.3; +https://openai.com/gptbot)" 538 **0/538333**
216.73.216.162 - - [28/Mar/2026:07:17:36 -0700] "GET /item/1363216000?fileloc=%2F%2Flib64%2Fliblua-5.3.so&path=%2F%2Flib64 HTTP/2.0" 403 3449 "-" "Mozilla/5.0 AppleWebKit/537.36 (KHTML, like Gecko; compatible; ClaudeBot/1.0; +claudebot@anthropic.com)" 499 **0/499073**
74.7.227.0 - - [28/Mar/2026:07:17:39 -0700] "GET /?fileloc=//bin/zegrep&path=//bin HTTP/2.0" 200 2275 "https://falcon-ia.com/?path=//bin" "Mozilla/5.0 AppleWebKit/537.36 (KHTML, like Gecko; compatible; GPTBot/1.3; +https://openai.com/gptbot)" 490 **0/490591**
216.73.216.162 - - [28/Mar/2026:07:17:39 -0700] "GET /item/3018710805?path=%2Fhome%2Ffalconiapl2015%2Fpublic_html%2Fwp-includes%2Fblocks%2Fterm-template HTTP/2.0" 403 3449 "-" "Mozilla/5.0 AppleWebKit/537.36 (KHTML, like Gecko; compatible; ClaudeBot/1.0; +claudebot@anthropic.com)" 496 **0/496440**
74.7.227.0 - - [28/Mar/2026:07:17:42 -0700] "GET /?fileloc=//bin/zforce&path=//bin HTTP/2.0" 200 3275 "https://falcon-ia.com/?path=//bin" "Mozilla/5.0 AppleWebKit/537.36 (KHTML, like Gecko; compatible; GPTBot/1.3; +https://openai.com/gptbot)" 515 **0/515387**
216.73.216.162 - - [28/Mar/2026:07:17:42 -0700] "GET /item/367458021?path=%2Fhome%2Ffalconiapl2015%2Fpublic_html%2Fwp-admin%2Fimages HTTP/2.0" 403 3449 "-" "Mozilla/5.0 AppleWebKit/537.36 (KHTML, like Gecko; compatible; ClaudeBot/1.0; +claudebot@anthropic.com)" 514 **0/514360**
52.167.144.210 - - [28/Mar/2026:07:17:41 -0700] "GET /kumar-slot-makinelerinde-nas%C4%B1l-kazan%C4%B1l%C4%B1r/ HTTP/2.0" 200 30086 "-" "Mozilla/5.0 AppleWebKit/537.36 (KHTML, like Gecko; compatible; bingbot/2.0; +http://www.bing.com/bingbot.htm) Chrome/116.0.1938.76 Safari/537.36" 1645 **1/1645617**
74.7.227.0 - - [28/Mar/2026:07:17:45 -0700] "GET /?fileloc=//bin/zgrep&path=//bin HTTP/2.0" 200 5237 "https://falcon-ia.com/?path=//bin" "Mozilla/5.0 AppleWebKit/537.36 (KHTML, like Gecko; compatible; GPTBot/1.3; +https://openai.com/gptbot)" 530 **0/530447**
216.73.216.162 - - [28/Mar/2026:07:17:45 -0700] "GET /item/279599573?fileloc=%2Fhome%2Ffalconiapl2015%2Fpublic_html%2Fwp-includes%2Fclass-wp-block-processor.php&path=%2Fhome%2Ffalconiapl2015%2Fpublic_html%2Fwp-includes HTTP/2.0" 200 18738 "-" "Mozilla/5.0 AppleWebKit/537.36 (KHTML, like Gecko; compatible; ClaudeBot/1.0; +claudebot@anthropic.com)" 523 **0/523395**
216.73.216.162 - - [28/Mar/2026:07:17:48 -0700] "GET /item/1143665591?path=%2Fhome%2Ffalconiapl2015%2Fetc HTTP/2.0" 200 2662 "-" "Mozilla/5.0 AppleWebKit/537.36 (KHTML, like Gecko; compatible; ClaudeBot/1.0; +claudebot@anthropic.com)" 501 **0/501047**
74.7.227.0 - - [28/Mar/2026:07:17:48 -0700] "GET /?fileloc=//bin/strace&path=//bin HTTP/2.0" 200 516848 "https://falcon-ia.com/?path=//bin" "Mozilla/5.0 AppleWebKit/537.36 (KHTML, like Gecko; compatible; GPTBot/1.3; +https://openai.com/gptbot)" 772 **0/772596**
216.73.216.162 - - [28/Mar/2026:07:17:51 -0700] "GET /item/753961646?path=%2Fhome%2Ffalconiapl2015%2Fpublic_html%2F.easyssl_backup HTTP/2.0" 200 2841 "-" "Mozilla/5.0 AppleWebKit/537.36 (KHTML, like Gecko; compatible; ClaudeBot/1.0; +claudebot@anthropic.com)" 496 **0/496845**
74.7.227.0 - - [28/Mar/2026:07:17:51 -0700] "GET /?fileloc=//bin/shred&path=//bin HTTP/2.0" 200 27029 "https://falcon-ia.com/?path=//bin" "Mozilla/5.0 AppleWebKit/537.36 (KHTML, like Gecko; compatible; GPTBot/1.3; +https://openai.com/gptbot)" 495 **0/495517**
198.244.226.216 - - [28/Mar/2026:07:17:52 -0700] "GET /commodity/hsn/energy17179694364 HTTP/2.0" 200 3449 "-" "Mozilla/5.0 (compatible; AhrefsBot/7.0; +http://ahrefs.com/robot/)" 504 **0/504207**
216.73.216.162 - - [28/Mar/2026:07:17:54 -0700] "GET /item/1887989693?fileloc=%2Fhome%2Ffalconiapl2015%2Fpublic_html%2Fwp-admin%2Fcss%2Fedit-rtl.css&path=%2Fhome%2Ffalconiapl2015%2Fpublic_html%2Fwp-admin%2Fcss HTTP/2.0" 200 10433 "-" "Mozilla/5.0 AppleWebKit/537.36 (KHTML, like Gecko; compatible; ClaudeBot/1.0; +claudebot@anthropic.com)" 497 **0/497162**
74.7.227.0 - - [28/Mar/2026:07:17:54 -0700] "GET /?fileloc=//bin/zmore&path=//bin HTTP/2.0" 200 3139 "https://falcon-ia.com/?path=//bin" "Mozilla/5.0 AppleWebKit/537.36 (KHTML, like Gecko; compatible; GPTBot/1.3; +https://openai.com/gptbot)" 514 **0/514611**
216.73.216.162 - - [28/Mar/2026:07:17:57 -0700] "GET /item/2394961994?path=%2Fhome%2Ffalconiapl2015%2Fssl HTTP/2.0" 200 2702 "-" "Mozilla/5.0 AppleWebKit/537.36 (KHTML, like Gecko; compatible; ClaudeBot/1.0; +claudebot@anthropic.com)" 483 **0/483553**
74.7.227.0 - - [28/Mar/2026:07:17:58 -0700] "GET /?path=//lib/modules/4.18.0-553.94.1.lve.el8.x86_64/kernel/fs/dlm HTTP/2.0" 200 2609 "https://falcon-ia.com/?path=//lib/modules/4.18.0-553.94.1.lve.el8.x86_64/kernel/fs" "Mozilla/5.0 AppleWebKit/537.36 (KHTML, like Gecko; compatible; GPTBot/1.3; +https://openai.com/gptbot)" 531 **0/531701**
114.119.136.15 - - [28/Mar/2026:07:17:59 -0700] "GET /commodity/specific/multilateral17194833885?path=/home/falconiapl2015/public_html/wp-content HTTP/2.0" 200 3197 "-" "Mozilla/5.0 (Linux; Android 7.0;) AppleWebKit/537.36 (HTML, like Gecko) Mobile Safari/537.36 (compatible; PetalBot;+https://webmaster.petalsearch.com/site/petalbot)" 495 **0/495284**
216.73.216.162 - - [28/Mar/2026:07:18:00 -0700] "GET /item/321995071?path=%2Fhome%2Ffalconiapl2015%2Faccess-logs HTTP/2.0" 200 2619 "-" "Mozilla/5.0 AppleWebKit/537.36 (KHTML, like Gecko; compatible; ClaudeBot/1.0; +claudebot@anthropic.com)" 505 **0/505116**
74.7.227.0 - - [28/Mar/2026:07:18:01 -0700] "GET /?path=//lib/modules/4.18.0-553.94.1.lve.el8.x86_64/kernel/fs/nfs HTTP/2.0" 200 2784 "https://falcon-ia.com/?path=//lib/modules/4.18.0-553.94.1.lve.el8.x86_64/kernel/fs" "Mozilla/5.0 AppleWebKit/537.36 (KHTML, like Gecko; compatible; GPTBot/1.3; +https://openai.com/gptbot)" 520 **0/520880**
216.73.216.162 - - [28/Mar/2026:07:18:03 -0700] "GET /item/3018710805?path=%2Fhome%2Ffalconiapl2015%2Fpublic_html%2Fwp-includes%2Fblocks%2Fimage HTTP/2.0" 200 3047 "-" "Mozilla/5.0 AppleWebKit/537.36 (KHTML, like Gecko; compatible; ClaudeBot/1.0; +claudebot@anthropic.com)" 510 **0/510573**
74.7.227.0 - - [28/Mar/2026:07:18:04 -0700] "GET /?path=//lib/modules/4.18.0-553.94.1.lve.el8.x86_64/kernel/fs/fuse HTTP/2.0" 200 2653 "https://falcon-ia.com/?path=//lib/modules/4.18.0-553.94.1.lve.el8.x86_64/kernel/fs" "Mozilla/5.0 AppleWebKit/537.36 (KHTML, like Gecko; compatible; GPTBot/1.3; +https://openai.com/gptbot)" 507 **0/507595**
216.73.216.162 - - [28/Mar/2026:07:18:06 -0700] "GET /item/751373909?fileloc=%2Fhome%2Ffalconiapl2015%2Fpublic_html%2Fwp-admin%2Fcss%2Fadmin-menu-rtl.css&path=%2Fhome%2Ffalconiapl2015%2Fpublic_html%2Fwp-admin%2Fcss HTTP/2.0" 200 5745 "-" "Mozilla/5.0 AppleWebKit/537.36 (KHTML, like Gecko; compatible; ClaudeBot/1.0; +claudebot@anthropic.com)" 496 **0/496605**
74.7.227.0 - - [28/Mar/2026:07:18:07 -0700] "GET /?path=//lib/modules/4.18.0-553.94.1.lve.el8.x86_64/kernel/fs/xfs HTTP/2.0" 200 2609 "https://falcon-ia.com/?path=//lib/modules/4.18.0-553.94.1.lve.el8.x86_64/kernel/fs" "Mozilla/5.0 AppleWebKit/537.36 (KHTML, like Gecko; compatible; GPTBot/1.3; +https://openai.com/gptbot)" 532 **0/532030**
216.73.216.162 - - [28/Mar/2026:07:18:09 -0700] "GET /item/780232076?path=%2Fhome%2Ffalconiapl2015%2Fpublic_html%2F.easyssl_backup HTTP/2.0" 200 2841 "-" "Mozilla/5.0 AppleWebKit/537.36 (KHTML, like Gecko; compatible; ClaudeBot/1.0; +claudebot@anthropic.com)" 514 **0/514668**
74.7.227.0 - - [28/Mar/2026:07:18:10 -0700] "GET /?path=//lib/modules/4.18.0-553.94.1.lve.el8.x86_64/kernel/sound/usb HTTP/2.0" 200 2887 "https://falcon-ia.com/?path=//lib/modules/4.18.0-553.94.1.lve.el8.x86_64/kernel/sound" "Mozilla/5.0 AppleWebKit/537.36 (KHTML, like Gecko; compatible; GPTBot/1.3; +https://openai.com/gptbot)" 503 **0/503428**
216.73.216.162 - - [28/Mar/2026:07:18:12 -0700] "GET /item/3018710805?path=%2Fhome%2Ffalconiapl2015%2Fpublic_html%2Fwp-includes%2Fblocks%2Fheading HTTP/2.0" 200 2759 "-" "Mozilla/5.0 AppleWebKit/537.36 (KHTML, like Gecko; compatible; ClaudeBot/1.0; +claudebot@anthropic.com)" 515 **0/515056**
74.7.227.0 - - [28/Mar/2026:07:18:13 -0700] "GET /?path=//lib/modules/4.18.0-553.94.1.lve.el8.x86_64/kernel/fs/nls HTTP/2.0" 200 3604 "https://falcon-ia.com/?path=//lib/modules/4.18.0-553.94.1.lve.el8.x86_64/kernel/fs" "Mozilla/5.0 AppleWebKit/537.36 (KHTML, like Gecko; compatible; GPTBot/1.3; +https://openai.com/gptbot)" 532 **0/532172**
216.73.216.162 - - [28/Mar/2026:07:18:15 -0700] "GET /item/2794843732?path=%2Fhome%2Ffalconiapl2015%2Fpublic_html%2Fwp-includes%2Fcertificates HTTP/2.0" 200 2646 "-" "Mozilla/5.0 AppleWebKit/537.36 (KHTML, like Gecko; compatible; ClaudeBot/1.0; +claudebot@anthropic.com)" 522 **0/522105**
74.7.227.0 - - [28/Mar/2026:07:18:17 -0700] "GET /?path=//lib/modules/4.18.0-553.94.1.lve.el8.x86_64/kernel/virt HTTP/2.0" 200 2577 "https://falcon-ia.com/?path=//lib/modules/4.18.0-553.94.1.lve.el8.x86_64/kernel" "Mozilla/5.0 AppleWebKit/537.36 (KHTML, like Gecko; compatible; GPTBot/1.3; +https://openai.com/gptbot)" 496 **0/496330**
74.7.227.0 - - [28/Mar/2026:07:18:20 -0700] "GET /?path=//lib/modules/4.18.0-553.94.1.lve.el8.x86_64/kernel/sound/xen HTTP/2.0" 200 2618 "https://falcon-ia.com/?path=//lib/modules/4.18.0-553.94.1.lve.el8.x86_64/kernel/sound" "Mozilla/5.0 AppleWebKit/537.36 (KHTML, like Gecko; compatible; GPTBot/1.3; +https://openai.com/gptbot)" 512 **0/512113**
216.73.216.162 - - [28/Mar/2026:07:18:20 -0700] "GET /item/2794843732?fileloc=%2Fhome%2Ffalconiapl2015%2Fpublic_html%2Fwp-includes%2FPHPMailer%2FSMTP.php&path=%2Fhome%2Ffalconiapl2015%2Fpublic_html%2Fwp-includes%2FPHPMailer HTTP/2.0" 200 15815 "-" "Mozilla/5.0 AppleWebKit/537.36 (KHTML, like Gecko; compatible; ClaudeBot/1.0; +claudebot@anthropic.com)" 517 **0/517786**
216.73.216.162 - - [28/Mar/2026:07:18:22 -0700] "GET /item/2794843732?fileloc=%2Fhome%2Ffalconiapl2015%2Fpublic_html%2Fwp-includes%2FPHPMailer%2FException.php&path=%2Fhome%2Ffalconiapl2015%2Fpublic_html%2Fwp-includes%2FPHPMailer HTTP/2.0" 200 2929 "-" "Mozilla/5.0 AppleWebKit/537.36 (KHTML, like Gecko; compatible; ClaudeBot/1.0; +claudebot@anthropic.com)" 487 **0/487800**
74.7.227.0 - - [28/Mar/2026:07:18:23 -0700] "GET /?fileloc=//lib/systemd/systemd-sulogin-shell&path=//lib/systemd HTTP/2.0" 200 7407 "https://falcon-ia.com/?path=//lib/systemd" "Mozilla/5.0 AppleWebKit/537.36 (KHTML, like Gecko; compatible; GPTBot/1.3; +https://openai.com/gptbot)" 510 **0/510168**
216.73.216.162 - - [28/Mar/2026:07:18:25 -0700] "GET /item/2794843732?fileloc=%2Fhome%2Ffalconiapl2015%2Fpublic_html%2Fwp-includes%2FPHPMailer%2FOAuthTokenProvider.php&path=%2Fhome%2Ffalconiapl2015%2Fpublic_html%2Fwp-includes%2FPHPMailer HTTP/2.0" 200 3028 "-" "Mozilla/5.0 AppleWebKit/537.36 (KHTML, like Gecko; compatible; ClaudeBot/1.0; +claudebot@anthropic.com)" 511 **0/511221**
74.7.227.0 - - [28/Mar/2026:07:18:26 -0700] "GET /?fileloc=//usr/lib64/libsecureio.so&path=//usr/lib64 HTTP/2.0" 200 7069 "https://falcon-ia.com/?path=//usr/lib64" "Mozilla/5.0 AppleWebKit/537.36 (KHTML, like Gecko; compatible; GPTBot/1.3; +https://openai.com/gptbot)" 507 **0/507622**
216.73.216.162 - - [28/Mar/2026:07:18:28 -0700] "GET /item/3548350046?path=%2Fhome%2Ffalconiapl2015%2F.trash%2Fnew HTTP/2.0" 200 2721 "-" "Mozilla/5.0 AppleWebKit/537.36 (KHTML, like Gecko; compatible; ClaudeBot/1.0; +claudebot@anthropic.com)" 487 **0/487585**
74.7.227.0 - - [28/Mar/2026:07:18:29 -0700] "GET /?fileloc=//usr/bin/lesspipe.sh&path=//usr/bin HTTP/2.0" 200 3573 "https://falcon-ia.com/?path=//usr/bin" "Mozilla/5.0 AppleWebKit/537.36 (KHTML, like Gecko; compatible; GPTBot/1.3; +https://openai.com/gptbot)" 499 **0/499911**
216.73.216.162 - - [28/Mar/2026:07:18:31 -0700] "GET /item/1772124902?path=%2Fhome%2Ffalconiapl2015%2Fwww%2Fwp-includes HTTP/2.0" 200 10163 "-" "Mozilla/5.0 AppleWebKit/537.36 (KHTML, like Gecko; compatible; ClaudeBot/1.0; +claudebot@anthropic.com)" 518 **0/518623**
74.7.227.0 - - [28/Mar/2026:07:18:32 -0700] "GET /?path=//usr/lib64/tcl8.6/expect5.45.4 HTTP/2.0" 200 2600 "https://falcon-ia.com/?path=//usr/lib64/tcl8.6" "Mozilla/5.0 AppleWebKit/537.36 (KHTML, like Gecko; compatible; GPTBot/1.3; +https://openai.com/gptbot)" 506 **0/506608**
17.246.19.46 - - [28/Mar/2026:07:18:34 -0700] "GET /?p=19297 HTTP/1.1" 200 3956 "-" "Mozilla/5.0 (Macintosh; Intel Mac OS X 10_15_7) AppleWebKit/605.1.15 (KHTML, like Gecko) Version/17.4 Safari/605.1.15 (Applebot/0.1; +http://www.apple.com/go/applebot)" 500 **0/500650**
216.73.216.162 - - [28/Mar/2026:07:18:34 -0700] "GET /item/2450707663?path=%2Fhome%2Ffalconiapl2015%2Fssl%2Fkeys HTTP/2.0" 200 3190 "-" "Mozilla/5.0 AppleWebKit/537.36 (KHTML, like Gecko; compatible; ClaudeBot/1.0; +claudebot@anthropic.com)" 500 **0/500772**
74.7.227.0 - - [28/Mar/2026:07:18:35 -0700] "GET /?path=//lib/modules/4.18.0-553.94.1.lve.el8.x86_64/kernel/fs/nfs/filelayout HTTP/2.0" 200 2635 "https://falcon-ia.com/?path=//lib/modules/4.18.0-553.94.1.lve.el8.x86_64/kernel/fs/nfs" "Mozilla/5.0 AppleWebKit/537.36 (KHTML, like Gecko; compatible; GPTBot/1.3; +https://openai.com/gptbot)" 552 **0/552838**
216.73.216.162 - - [28/Mar/2026:07:18:37 -0700] "GET /item/2372854629?fileloc=%2Fhome%2Ffalconiapl2015%2Fpublic_html%2Fwp-includes%2Fclass-wp-block-parser.php&path=%2Fhome%2Ffalconiapl2015%2Fpublic_html%2Fwp-includes HTTP/2.0" 200 5594 "-" "Mozilla/5.0 AppleWebKit/537.36 (KHTML, like Gecko; compatible; ClaudeBot/1.0; +claudebot@anthropic.com)" 490 **0/490961**
74.7.227.0 - - [28/Mar/2026:07:18:38 -0700] "GET /?path=//lib/modules/4.18.0-553.94.1.lve.el8.x86_64/kernel/fs/nfs/blocklayout HTTP/2.0" 200 2625 "https://falcon-ia.com/?path=//lib/modules/4.18.0-553.94.1.lve.el8.x86_64/kernel/fs/nfs" "Mozilla/5.0 AppleWebKit/537.36 (KHTML, like Gecko; compatible; GPTBot/1.3; +https://openai.com/gptbot)" 517 **0/517053**
216.73.216.162 - - [28/Mar/2026:07:18:40 -0700] "GET /item/3687035705?path=%2Fhome%2Ffalconiapl2015%2Fpublic_html%2Fwp-includes%2Fl10n HTTP/2.0" 200 2775 "-" "Mozilla/5.0 AppleWebKit/537.36 (KHTML, like Gecko; compatible; ClaudeBot/1.0; +claudebot@anthropic.com)" 502 **0/502549**
74.7.227.0 - - [28/Mar/2026:07:18:41 -0700] "GET /?path=//lib/modules/4.18.0-553.104.1.lve.el8.x86_64/kernel/fs HTTP/2.0" 200 3215 "https://falcon-ia.com/?path=//lib/modules/4.18.0-553.104.1.lve.el8.x86_64/kernel" "Mozilla/5.0 AppleWebKit/537.36 (KHTML, like Gecko; compatible; GPTBot/1.3; +https://openai.com/gptbot)" 492 **0/492557**
216.73.216.162 - - [28/Mar/2026:07:18:43 -0700] "GET /item/780232076?fileloc=%2Fhome%2Ffalconiapl2015%2Fpublic_html%2Fwp-includes%2Fclass-wp-theme-json-resolver.php&path=%2Fhome%2Ffalconiapl2015%2Fpublic_html%2Fwp-includes HTTP/2.0" 200 10687 "-" "Mozilla/5.0 AppleWebKit/537.36 (KHTML, like Gecko; compatible; ClaudeBot/1.0; +claudebot@anthropic.com)" 514 **0/514501**
74.7.227.0 - - [28/Mar/2026:07:18:44 -0700] "GET /?path=//lib/modules/4.18.0-553.94.1.lve.el8.x86_64/kernel/sound/usb/hiface HTTP/2.0" 200 2628 "https://falcon-ia.com/?path=//lib/modules/4.18.0-553.94.1.lve.el8.x86_64/kernel/sound/usb" "Mozilla/5.0 AppleWebKit/537.36 (KHTML, like Gecko; compatible; GPTBot/1.3; +https://openai.com/gptbot)" 571 **0/571108**
216.73.216.162 - - [28/Mar/2026:07:18:46 -0700] "GET /item/152133040?fileloc=%2Fhome%2Ffalconiapl2015%2Fpublic_html%2Fwp-includes%2Fclass-wp-block-parser.php&path=%2Fhome%2Ffalconiapl2015%2Fpublic_html%2Fwp-includes HTTP/2.0" 200 5594 "-" "Mozilla/5.0 AppleWebKit/537.36 (KHTML, like Gecko; compatible; ClaudeBot/1.0; +claudebot@anthropic.com)" 511 **0/511702**
74.7.227.0 - - [28/Mar/2026:07:18:47 -0700] "GET /?path=//lib/modules/4.18.0-553.94.1.lve.el8.x86_64/kernel/sound/usb/caiaq HTTP/2.0" 200 2630 "https://falcon-ia.com/?path=//lib/modules/4.18.0-553.94.1.lve.el8.x86_64/kernel/sound/usb" "Mozilla/5.0 AppleWebKit/537.36 (KHTML, like Gecko; compatible; GPTBot/1.3; +https://openai.com/gptbot)" 558 **0/558317**
216.73.216.162 - - [28/Mar/2026:07:18:49 -0700] "GET /item/3611603697?fileloc=%2Fhome%2Ffalconiapl2015%2Fpublic_html%2Fwp-includes%2Fcustomize%2Fclass-wp-customize-sidebar-section.php&path=%2Fhome%2Ffalconiapl2015%2Fpublic_html%2Fwp-includes%2Fcustomize HTTP/2.0" 200 2690 "-" "Mozilla/5.0 AppleWebKit/537.36 (KHTML, like Gecko; compatible; ClaudeBot/1.0; +claudebot@anthropic.com)" 518 **0/518554**
74.7.227.0 - - [28/Mar/2026:07:18:51 -0700] "GET /?path=//lib/modules/4.18.0-553.94.1.lve.el8.x86_64/kernel/sound/usb/misc HTTP/2.0" 200 2627 "https://falcon-ia.com/?path=//lib/modules/4.18.0-553.94.1.lve.el8.x86_64/kernel/sound/usb" "Mozilla/5.0 AppleWebKit/537.36 (KHTML, like Gecko; compatible; GPTBot/1.3; +https://openai.com/gptbot)" 497 **0/497926**
216.73.216.162 - - [28/Mar/2026:07:18:52 -0700] "GET /item/2255190269?path=%2Fhome%2Ffalconiapl2015%2Fpublic_html%2Fwp-includes%2Fpomo HTTP/2.0" 200 2808 "-" "Mozilla/5.0 AppleWebKit/537.36 (KHTML, like Gecko; compatible; ClaudeBot/1.0; +claudebot@anthropic.com)" 485 **0/485033**
74.7.227.0 - - [28/Mar/2026:07:18:54 -0700] "GET /?fileloc=//bin/gpg-error&path=//bin HTTP/2.0" 200 12414 "https://falcon-ia.com/?path=//bin" "Mozilla/5.0 AppleWebKit/537.36 (KHTML, like Gecko; compatible; GPTBot/1.3; +https://openai.com/gptbot)" 507 **0/507292**
216.73.216.162 - - [28/Mar/2026:07:18:55 -0700] "GET /item/81269748?path=%2Fhome%2Ffalconiapl2015%2F.cagefs HTTP/2.0" 200 2595 "-" "Mozilla/5.0 AppleWebKit/537.36 (KHTML, like Gecko; compatible; ClaudeBot/1.0; +claudebot@anthropic.com)" 502 **0/502876**
74.7.227.0 - - [28/Mar/2026:07:18:57 -0700] "GET /?fileloc=//bin/geoiplookup&path=//bin HTTP/2.0" 200 7859 "https://falcon-ia.com/?path=//bin" "Mozilla/5.0 AppleWebKit/537.36 (KHTML, like Gecko; compatible; GPTBot/1.3; +https://openai.com/gptbot)" 514 **0/514556**
216.73.216.162 - - [28/Mar/2026:07:18:58 -0700] "GET /item/715786366?path=%2Fhome%2Ffalconiapl2015%2Fpublic_html%2Fwp-content%2Fupgrade-temp-backup HTTP/2.0" 200 2702 "-" "Mozilla/5.0 AppleWebKit/537.36 (KHTML, like Gecko; compatible; ClaudeBot/1.0; +claudebot@anthropic.com)" 512 **0/512649**
74.7.227.0 - - [28/Mar/2026:07:19:00 -0700] "GET /?fileloc=//bin/ghostscript&path=//bin HTTP/2.0" 200 5698 "https://falcon-ia.com/?path=//bin" "Mozilla/5.0 AppleWebKit/537.36 (KHTML, like Gecko; compatible; GPTBot/1.3; +https://openai.com/gptbot)" 548 **0/548663**
216.73.216.162 - - [28/Mar/2026:07:19:01 -0700] "GET /item/205359608?fileloc=%2Fhome%2Ffalconiapl2015%2Fpublic_html%2Fwp-includes%2Fclass-wp-theme-json-resolver.php&path=%2Fhome%2Ffalconiapl2015%2Fpublic_html%2Fwp-includes HTTP/2.0" 200 10687 "-" "Mozilla/5.0 AppleWebKit/537.36 (KHTML, like Gecko; compatible; ClaudeBot/1.0; +claudebot@anthropic.com)" 534 **0/534280**
74.7.227.0 - - [28/Mar/2026:07:19:04 -0700] "GET /?fileloc=//bin/mysqlaccess&path=//bin HTTP/2.0" 200 27297 "https://falcon-ia.com/?path=//bin" "Mozilla/5.0 AppleWebKit/537.36 (KHTML, like Gecko; compatible; GPTBot/1.3; +https://openai.com/gptbot)" 533 **0/533477**
216.73.216.162 - - [28/Mar/2026:07:19:04 -0700] "GET /item/71948705?path=%2Fhome%2Ffalconiapl2015%2Fnew HTTP/2.0" 200 3374 "-" "Mozilla/5.0 AppleWebKit/537.36 (KHTML, like Gecko; compatible; ClaudeBot/1.0; +claudebot@anthropic.com)" 518 **0/518198**
74.7.227.0 - - [28/Mar/2026:07:19:07 -0700] "GET /?path=//lib/modules/4.18.0-553.83.1.lve.el8.x86_64/kernel/block HTTP/2.0" 200 2606 "https://falcon-ia.com/?path=//lib/modules/4.18.0-553.83.1.lve.el8.x86_64/kernel" "Mozilla/5.0 AppleWebKit/537.36 (KHTML, like Gecko; compatible; GPTBot/1.3; +https://openai.com/gptbot)" 544 **0/544465**
216.73.216.162 - - [28/Mar/2026:07:19:07 -0700] "GET /item/3847809934?path=%2Fhome%2Ffalconiapl2015%2Fpublic_html%2Fwp-includes%2Fl10n HTTP/2.0" 200 2775 "-" "Mozilla/5.0 AppleWebKit/537.36 (KHTML, like Gecko; compatible; ClaudeBot/1.0; +claudebot@anthropic.com)" 505 **0/505233**
74.7.227.0 - - [28/Mar/2026:07:19:10 -0700] "GET /?path=//lib/modules/4.18.0-553.83.1.lve.el8.x86_64/kernel/fs/fuse HTTP/2.0" 200 2657 "https://falcon-ia.com/?path=//lib/modules/4.18.0-553.83.1.lve.el8.x86_64/kernel/fs" "Mozilla/5.0 AppleWebKit/537.36 (KHTML, like Gecko; compatible; GPTBot/1.3; +https://openai.com/gptbot)" 515 **0/515394**
216.73.216.162 - - [28/Mar/2026:07:19:10 -0700] "GET /item/534712291?path=%2Fhome%2Ffalconiapl2015%2F.htpasswds HTTP/2.0" 200 2312 "-" "Mozilla/5.0 AppleWebKit/537.36 (KHTML, like Gecko; compatible; ClaudeBot/1.0; +claudebot@anthropic.com)" 493 **0/493310**
74.7.227.0 - - [28/Mar/2026:07:19:13 -0700] "GET /?path=//lib/modules/4.18.0-553.83.1.lve.el8.x86_64/kernel/fs/nfs HTTP/2.0" 200 2787 "https://falcon-ia.com/?path=//lib/modules/4.18.0-553.83.1.lve.el8.x86_64/kernel/fs" "Mozilla/5.0 AppleWebKit/537.36 (KHTML, like Gecko; compatible; GPTBot/1.3; +https://openai.com/gptbot)" 500 **0/500597**
216.73.216.162 - - [28/Mar/2026:07:19:13 -0700] "GET /item/3045145167?fileloc=%2Fhome%2Ffalconiapl2015%2Fpublic_html%2Fwp-includes%2Frevision.php&path=%2Fhome%2Ffalconiapl2015%2Fpublic_html%2Fwp-includes HTTP/2.0" 200 10078 "-" "Mozilla/5.0 AppleWebKit/537.36 (KHTML, like Gecko; compatible; ClaudeBot/1.0; +claudebot@anthropic.com)" 502 **0/502937**
85.208.96.209 - - [28/Mar/2026:07:19:14 -0700] "GET /commodity/pirates/gross171881851013 HTTP/1.1" 200 3956 "-" "Mozilla/5.0 (compatible; SemrushBot/7~bl; +http://www.semrush.com/bot.html)" 535 **0/535519**
216.73.216.162 - - [28/Mar/2026:07:19:16 -0700] "GET /item/53786826?path=%2Fhome%2Ffalconiapl2015%2F.htpasswds HTTP/2.0" 200 2312 "-" "Mozilla/5.0 AppleWebKit/537.36 (KHTML, like Gecko; compatible; ClaudeBot/1.0; +claudebot@anthropic.com)" 516 **0/516449**
74.7.227.0 - - [28/Mar/2026:07:19:16 -0700] "GET /?path=//lib/modules/4.18.0-553.104.1.lve.el8.x86_64/kernel/fs/nfs_common HTTP/2.0" 200 2654 "https://falcon-ia.com/?path=//lib/modules/4.18.0-553.104.1.lve.el8.x86_64/kernel/fs" "Mozilla/5.0 AppleWebKit/537.36 (KHTML, like Gecko; compatible; GPTBot/1.3; +https://openai.com/gptbot)" 497 **0/497708**
216.73.216.162 - - [28/Mar/2026:07:19:19 -0700] "GET /item/430338372?path=%2Fhome%2Ffalconiapl2015%2Fpublic_html%2Fwp-includes%2FPHPMailer HTTP/2.0" 403 3449 "-" "Mozilla/5.0 AppleWebKit/537.36 (KHTML, like Gecko; compatible; ClaudeBot/1.0; +claudebot@anthropic.com)" 535 **0/535111**
74.7.227.0 - - [28/Mar/2026:07:19:19 -0700] "GET /?path=//lib/modules/4.18.0-553.104.1.lve.el8.x86_64/kernel/fs/jbd2 HTTP/2.0" 200 2616 "https://falcon-ia.com/?path=//lib/modules/4.18.0-553.104.1.lve.el8.x86_64/kernel/fs" "Mozilla/5.0 AppleWebKit/537.36 (KHTML, like Gecko; compatible; GPTBot/1.3; +https://openai.com/gptbot)" 501 **0/501887**
185.191.171.18 - - [28/Mar/2026:07:19:21 -0700] "GET /commodity/creepy/prestigious171721597718 HTTP/1.1" 200 3956 "-" "Mozilla/5.0 (compatible; SemrushBot/7~bl; +http://www.semrush.com/bot.html)" 478 **0/478163**
216.73.216.162 - - [28/Mar/2026:07:19:22 -0700] "GET /item/780232076?path=%2Fhome%2Ffalconiapl2015%2Fpublic_html%2Fwp-includes%2Fl10n HTTP/2.0" 403 3449 "-" "Mozilla/5.0 AppleWebKit/537.36 (KHTML, like Gecko; compatible; ClaudeBot/1.0; +claudebot@anthropic.com)" 528 **0/528350**
74.7.227.0 - - [28/Mar/2026:07:19:22 -0700] "GET /?path=//lib/modules/4.18.0-553.104.1.lve.el8.x86_64/kernel/fs/gfs2 HTTP/2.0" 200 2617 "https://falcon-ia.com/?path=//lib/modules/4.18.0-553.104.1.lve.el8.x86_64/kernel/fs" "Mozilla/5.0 AppleWebKit/537.36 (KHTML, like Gecko; compatible; GPTBot/1.3; +https://openai.com/gptbot)" 491 **0/491276**
216.73.216.162 - - [28/Mar/2026:07:19:25 -0700] "GET /item/3019242521?path=%2Fhome%2Ffalconiapl2015%2F.spamassassin HTTP/2.0" 403 3449 "-" "Mozilla/5.0 AppleWebKit/537.36 (KHTML, like Gecko; compatible; ClaudeBot/1.0; +claudebot@anthropic.com)" 495 **0/495761**
74.7.227.0 - - [28/Mar/2026:07:19:25 -0700] "GET /?path=//lib/modules/4.18.0-553.104.1.lve.el8.x86_64/kernel/fs/cifs HTTP/2.0" 200 2616 "https://falcon-ia.com/?path=//lib/modules/4.18.0-553.104.1.lve.el8.x86_64/kernel/fs" "Mozilla/5.0 AppleWebKit/537.36 (KHTML, like Gecko; compatible; GPTBot/1.3; +https://openai.com/gptbot)" 486 **0/486861**
216.73.216.162 - - [28/Mar/2026:07:19:28 -0700] "GET /item/2992785340?path=%2F%2Fhome%2Ffalconiapl2015 HTTP/2.0" 403 3449 "-" "Mozilla/5.0 AppleWebKit/537.36 (KHTML, like Gecko; compatible; ClaudeBot/1.0; +claudebot@anthropic.com)" 507 **0/507063**
74.7.227.0 - - [28/Mar/2026:07:19:29 -0700] "GET /?path=//lib/modules/4.18.0-553.104.1.lve.el8.x86_64/kernel/fs/lockd HTTP/2.0" 200 2613 "https://falcon-ia.com/?path=//lib/modules/4.18.0-553.104.1.lve.el8.x86_64/kernel/fs" "Mozilla/5.0 AppleWebKit/537.36 (KHTML, like Gecko; compatible; GPTBot/1.3; +https://openai.com/gptbot)" 532 **0/532235**
114.119.156.190 - - [28/Mar/2026:07:19:30 -0700] "GET /commodity/specific/multilateral17194833885?path=/home/falconiapl2015/public_html HTTP/1.1" 200 3956 "https://falcon-ia.com/commodity/specific/multilateral17194833885" "Mozilla/5.0 (Linux; Android 7.0;) AppleWebKit/537.36 (KHTML, like Gecko) Mobile Safari/537.36 (compatible; PetalBot;+https://webmaster.petalsearch.com/site/petalbot)" 499 **0/499452**
216.73.216.162 - - [28/Mar/2026:07:19:31 -0700] "GET /item/785664770?path=%2Fhome%2Ffalconiapl2015%2Fssl%2Fkeys HTTP/2.0" 403 3449 "-" "Mozilla/5.0 AppleWebKit/537.36 (KHTML, like Gecko; compatible; ClaudeBot/1.0; +claudebot@anthropic.com)" 561 **0/561025**
216.73.216.162 - - [28/Mar/2026:07:19:34 -0700] "GET /item/2486579177?path=%2Fhome%2Ffalconiapl2015%2Fpublic_html%2Fwp-content%2Fmu-plugins HTTP/2.0" 403 3449 "-" "Mozilla/5.0 AppleWebKit/537.36 (KHTML, like Gecko; compatible; ClaudeBot/1.0; +claudebot@anthropic.com)" 501 **0/501706**
74.7.227.0 - - [28/Mar/2026:07:19:32 -0700] "GET /?path=//lib/modules/4.18.0-553.104.1.lve.el8.x86_64/kernel/fs/ext4 HTTP/2.0" 200 2617 "https://falcon-ia.com/?path=//lib/modules/4.18.0-553.104.1.lve.el8.x86_64/kernel/fs" "Mozilla/5.0 AppleWebKit/537.36 (KHTML, like Gecko; compatible; GPTBot/1.3; +https://openai.com/gptbot)" 3012 **3/3012634**
216.73.216.162 - - [28/Mar/2026:07:19:37 -0700] "GET /item/4148929047?path=%2Fhome%2Ffalconiapl2015%2Fpublic_html%2Fwp-includes%2FPHPMailer HTTP/2.0" 403 3449 "-" "Mozilla/5.0 AppleWebKit/537.36 (KHTML, like Gecko; compatible; ClaudeBot/1.0; +claudebot@anthropic.com)" 543 **0/543274**
74.7.227.0 - - [28/Mar/2026:07:19:35 -0700] "GET /?path=//lib/modules/4.18.0-553.104.1.lve.el8.x86_64/kernel/fs/fuse HTTP/2.0" 200 2657 "https://falcon-ia.com/?path=//lib/modules/4.18.0-553.104.1.lve.el8.x86_64/kernel/fs" "Mozilla/5.0 AppleWebKit/537.36 (KHTML, like Gecko; compatible; GPTBot/1.3; +https://openai.com/gptbot)" 3319 **3/3319860**
74.7.227.0 - - [28/Mar/2026:07:19:38 -0700] "GET /?path=//lib/modules/4.18.0-553.104.1.lve.el8.x86_64/kernel/fs/ceph HTTP/2.0" 200 2617 "https://falcon-ia.com/?path=//lib/modules/4.18.0-553.104.1.lve.el8.x86_64/kernel/fs" "Mozilla/5.0 AppleWebKit/537.36 (KHTML, like Gecko; compatible; GPTBot/1.3; +https://openai.com/gptbot)" 504 **0/504765**
216.73.216.162 - - [28/Mar/2026:07:19:40 -0700] "GET /item/422601928?fileloc=%2Fhome%2Ffalconiapl2015%2Fpublic_html%2Fwp-includes%2Fclass-wp-theme-json-resolver.php&path=%2Fhome%2Ffalconiapl2015%2Fpublic_html%2Fwp-includes HTTP/2.0" 403 3449 "-" "Mozilla/5.0 AppleWebKit/537.36 (KHTML, like Gecko; compatible; ClaudeBot/1.0; +claudebot@anthropic.com)" 509 **0/509161**
74.7.227.0 - - [28/Mar/2026:07:19:41 -0700] "GET /?path=//lib/modules/4.18.0-553.104.1.lve.el8.x86_64/kernel/fs/isofs HTTP/2.0" 200 2614 "https://falcon-ia.com/?path=//lib/modules/4.18.0-553.104.1.lve.el8.x86_64/kernel/fs" "Mozilla/5.0 AppleWebKit/537.36 (KHTML, like Gecko; compatible; GPTBot/1.3; +https://openai.com/gptbot)" 508 **0/508621**
216.73.216.162 - - [28/Mar/2026:07:19:43 -0700] "GET /item/3045145167?fileloc=%2Fhome%2Ffalconiapl2015%2Fpublic_html%2Fwp-includes%2Fclass-wp-metadata-lazyloader.php&path=%2Fhome%2Ffalconiapl2015%2Fpublic_html%2Fwp-includes HTTP/2.0" 403 3449 "-" "Mozilla/5.0 AppleWebKit/537.36 (KHTML, like Gecko; compatible; ClaudeBot/1.0; +claudebot@anthropic.com)" 504 **0/504605**
52.167.144.159 - - [28/Mar/2026:07:19:43 -0700] "GET /commodity/talent/cashier1717753895 HTTP/2.0" 200 29284 "-" "Mozilla/5.0 AppleWebKit/537.36 (KHTML, like Gecko; compatible; bingbot/2.0; +http://www.bing.com/bingbot.htm) Chrome/116.0.1938.76 Safari/537.36" 1630 **1/1630226**
74.7.227.0 - - [28/Mar/2026:07:19:45 -0700] "GET /?path=//lib/modules/4.18.0-553.104.1.lve.el8.x86_64/kernel/fs/nfsd HTTP/2.0" 200 2616 "https://falcon-ia.com/?path=//lib/modules/4.18.0-553.104.1.lve.el8.x86_64/kernel/fs" "Mozilla/5.0 AppleWebKit/537.36 (KHTML, like Gecko; compatible; GPTBot/1.3; +https://openai.com/gptbot)" 509 **0/509224**
216.73.216.162 - - [28/Mar/2026:07:19:46 -0700] "GET /item/3554030469?fileloc=%2Fhome%2Ffalconiapl2015%2Fpublic_html%2Fwp-includes%2Fclass-wp-theme-json-resolver.php&path=%2Fhome%2Ffalconiapl2015%2Fpublic_html%2Fwp-includes HTTP/2.0" 403 3449 "-" "Mozilla/5.0 AppleWebKit/537.36 (KHTML, like Gecko; compatible; ClaudeBot/1.0; +claudebot@anthropic.com)" 505 **0/505490**
74.7.227.0 - - [28/Mar/2026:07:19:48 -0700] "GET /?path=//lib/modules/4.18.0-553.83.1.lve.el8.x86_64/kernel/fs/nfs/filelayout HTTP/2.0" 200 2639 "https://falcon-ia.com/?path=//lib/modules/4.18.0-553.83.1.lve.el8.x86_64/kernel/fs/nfs" "Mozilla/5.0 AppleWebKit/537.36 (KHTML, like Gecko; compatible; GPTBot/1.3; +https://openai.com/gptbot)" 498 **0/498053**
216.73.216.162 - - [28/Mar/2026:07:19:49 -0700] "GET /item/422601928?path=%2Fhome%2Ffalconiapl2015%2Fpublic_html%2Fwp-includes%2Fl10n HTTP/2.0" 403 3449 "-" "Mozilla/5.0 AppleWebKit/537.36 (KHTML, like Gecko; compatible; ClaudeBot/1.0; +claudebot@anthropic.com)" 490 **0/490100**
74.7.227.0 - - [28/Mar/2026:07:19:51 -0700] "GET /?path=//lib/modules/4.18.0-553.83.1.lve.el8.x86_64/kernel/fs/nfs/blocklayout HTTP/2.0" 200 2629 "https://falcon-ia.com/?path=//lib/modules/4.18.0-553.83.1.lve.el8.x86_64/kernel/fs/nfs" "Mozilla/5.0 AppleWebKit/537.36 (KHTML, like Gecko; compatible; GPTBot/1.3; +https://openai.com/gptbot)" 576 **0/576173**
216.73.216.162 - - [28/Mar/2026:07:19:52 -0700] "GET /item/602225341?fileloc=%2Fhome%2Ffalconiapl2015%2Fpublic_html%2Fwp-includes%2Fclass-wp-theme-json-resolver.php&path=%2Fhome%2Ffalconiapl2015%2Fpublic_html%2Fwp-includes HTTP/2.0" 403 3449 "-" "Mozilla/5.0 AppleWebKit/537.36 (KHTML, like Gecko; compatible; ClaudeBot/1.0; +claudebot@anthropic.com)" 512 **0/512696**
74.7.227.0 - - [28/Mar/2026:07:19:54 -0700] "GET /?path=//lib/modules/4.18.0-553.83.1.lve.el8.x86_64/kernel/fs/pstore HTTP/2.0" 200 2619 "https://falcon-ia.com/?path=//lib/modules/4.18.0-553.83.1.lve.el8.x86_64/kernel/fs" "Mozilla/5.0 AppleWebKit/537.36 (KHTML, like Gecko; compatible; GPTBot/1.3; +https://openai.com/gptbot)" 537 **0/537659**
216.73.216.162 - - [28/Mar/2026:07:19:55 -0700] "GET /item/839592255?path=%2Fhome%2Ffalconiapl2015%2Fpublic_html%2Fwp-includes%2Fblock-supports HTTP/2.0" 403 3449 "-" "Mozilla/5.0 AppleWebKit/537.36 (KHTML, like Gecko; compatible; ClaudeBot/1.0; +claudebot@anthropic.com)" 506 **0/506439**
74.7.227.0 - - [28/Mar/2026:07:19:57 -0700] "GET /?path=//lib/modules/4.18.0-553.83.1.lve.el8.x86_64/kernel/virt HTTP/2.0" 200 2581 "https://falcon-ia.com/?path=//lib/modules/4.18.0-553.83.1.lve.el8.x86_64/kernel" "Mozilla/5.0 AppleWebKit/537.36 (KHTML, like Gecko; compatible; GPTBot/1.3; +https://openai.com/gptbot)" 518 **0/518818**
216.73.216.162 - - [28/Mar/2026:07:19:58 -0700] "GET /item/28159289?path=%2Fhome%2Ffalconiapl2015%2Fpublic_html%2Fwp-includes%2Fblock-supports HTTP/2.0" 403 3449 "-" "Mozilla/5.0 AppleWebKit/537.36 (KHTML, like Gecko; compatible; ClaudeBot/1.0; +claudebot@anthropic.com)" 535 **0/535357**
74.7.227.0 - - [28/Mar/2026:07:20:00 -0700] "GET /?path=//lib/modules/4.18.0-553.83.1.lve.el8.x86_64/kernel/sound HTTP/2.0" 200 2973 "https://falcon-ia.com/?path=//lib/modules/4.18.0-553.83.1.lve.el8.x86_64/kernel" "Mozilla/5.0 AppleWebKit/537.36 (KHTML, like Gecko; compatible; GPTBot/1.3; +https://openai.com/gptbot)" 514 **0/514679**
216.73.216.162 - - [28/Mar/2026:07:20:02 -0700] "GET /item/1654460542?fileloc=%2Fhome%2Ffalconiapl2015%2Fpublic_html%2Fwp-login.php&path=%2Fhome%2Ffalconiapl2015%2Fpublic_html HTTP/2.0" 200 15079 "-" "Mozilla/5.0 AppleWebKit/537.36 (KHTML, like Gecko; compatible; ClaudeBot/1.0; +claudebot@anthropic.com)" 614 **0/614274**
74.7.227.0 - - [28/Mar/2026:07:20:04 -0700] "GET /?path=//lib/modules/4.18.0-553.83.1.lve.el8.x86_64/kernel/fs/lockd HTTP/2.0" 200 2612 "https://falcon-ia.com/?path=//lib/modules/4.18.0-553.83.1.lve.el8.x86_64/kernel/fs" "Mozilla/5.0 AppleWebKit/537.36 (KHTML, like Gecko; compatible; GPTBot/1.3; +https://openai.com/gptbot)" 630 **0/630030**
216.73.216.162 - - [28/Mar/2026:07:20:05 -0700] "GET /item/2272084233?fileloc=%2Fhome%2Ffalconiapl2015%2Fpublic_html%2Freadme.html&path=%2Fhome%2Ffalconiapl2015%2Fpublic_html HTTP/2.0" 200 5152 "-" "Mozilla/5.0 AppleWebKit/537.36 (KHTML, like Gecko; compatible; ClaudeBot/1.0; +claudebot@anthropic.com)" 633 **0/633462**
74.7.227.0 - - [28/Mar/2026:07:20:07 -0700] "GET /?path=//lib/modules/4.18.0-553.83.1.lve.el8.x86_64/kernel/fs/fat HTTP/2.0" 200 2672 "https://falcon-ia.com/?path=//lib/modules/4.18.0-553.83.1.lve.el8.x86_64/kernel/fs" "Mozilla/5.0 AppleWebKit/537.36 (KHTML, like Gecko; compatible; GPTBot/1.3; +https://openai.com/gptbot)" 580 **0/580968**
216.73.216.162 - - [28/Mar/2026:07:20:08 -0700] "GET /item/491268233?fileloc=%2Fhome%2Ffalconiapl2015%2Fpublic_html%2Fgbmfx.php&path=%2Fhome%2Ffalconiapl2015%2Fpublic_html HTTP/2.0" 200 5547 "-" "Mozilla/5.0 AppleWebKit/537.36 (KHTML, like Gecko; compatible; ClaudeBot/1.0; +claudebot@anthropic.com)" 592 **0/592720**
74.7.227.0 - - [28/Mar/2026:07:20:10 -0700] "GET /?path=//lib/modules/4.18.0-553.83.1.lve.el8.x86_64/kernel/fs/isofs HTTP/2.0" 200 2614 "https://falcon-ia.com/?path=//lib/modules/4.18.0-553.83.1.lve.el8.x86_64/kernel/fs" "Mozilla/5.0 AppleWebKit/537.36 (KHTML, like Gecko; compatible; GPTBot/1.3; +https://openai.com/gptbot)" 520 **0/520696**
216.73.216.162 - - [28/Mar/2026:07:20:11 -0700] "GET /item/1002342832?fileloc=%2Fhome%2Ffalconiapl2015%2Fpublic_html%2Ferror_log&path=%2Fhome%2Ffalconiapl2015%2Fpublic_html HTTP/2.0" 200 2398 "-" "Mozilla/5.0 AppleWebKit/537.36 (KHTML, like Gecko; compatible; ClaudeBot/1.0; +claudebot@anthropic.com)" 509 **0/509086**
74.7.227.0 - - [28/Mar/2026:07:20:13 -0700] "GET /?path=//lib/modules/4.18.0-553.83.1.lve.el8.x86_64/kernel/arch HTTP/2.0" 200 2584 "https://falcon-ia.com/?path=//lib/modules/4.18.0-553.83.1.lve.el8.x86_64/kernel" "Mozilla/5.0 AppleWebKit/537.36 (KHTML, like Gecko; compatible; GPTBot/1.3; +https://openai.com/gptbot)" 534 **0/534461**
216.73.216.162 - - [28/Mar/2026:07:20:14 -0700] "GET /item/701783622?fileloc=%2Fhome%2Ffalconiapl2015%2Fpublic_html%2Ferror_log&path=%2Fhome%2Ffalconiapl2015%2Fpublic_html HTTP/2.0" 200 2398 "-" "Mozilla/5.0 AppleWebKit/537.36 (KHTML, like Gecko; compatible; ClaudeBot/1.0; +claudebot@anthropic.com)" 560 **0/560000**
74.7.227.0 - - [28/Mar/2026:07:20:16 -0700] "GET /?path=//lib/modules/4.18.0-553.83.1.lve.el8.x86_64/kernel/fs/nfsd HTTP/2.0" 200 2614 "https://falcon-ia.com/?path=//lib/modules/4.18.0-553.83.1.lve.el8.x86_64/kernel/fs" "Mozilla/5.0 AppleWebKit/537.36 (KHTML, like Gecko; compatible; GPTBot/1.3; +https://openai.com/gptbot)" 527 **0/527353**
216.73.216.162 - - [28/Mar/2026:07:20:17 -0700] "GET /item/267899740?fileloc=%2Fhome%2Ffalconiapl2015%2Fpublic_html%2Ferror_log&path=%2Fhome%2Ffalconiapl2015%2Fpublic_html HTTP/2.0" 200 2398 "-" "Mozilla/5.0 AppleWebKit/537.36 (KHTML, like Gecko; compatible; ClaudeBot/1.0; +claudebot@anthropic.com)" 552 **0/552667**
74.7.227.0 - - [28/Mar/2026:07:20:19 -0700] "GET /?path=//lib/modules/4.18.0-553.83.1.lve.el8.x86_64/weak-updates HTTP/2.0" 200 2581 "https://falcon-ia.com/?path=//lib/modules/4.18.0-553.83.1.lve.el8.x86_64" "Mozilla/5.0 AppleWebKit/537.36 (KHTML, like Gecko; compatible; GPTBot/1.3; +https://openai.com/gptbot)" 535 **0/535667**
