216.73.216.162 - - [28/Mar/2026:07:39:04 -0700] "GET /item/3691697743?fileloc=%2Fhome%2Ffalconiapl2015%2Fpublic_html%2Fwp-includes%2Fsession.php&path=%2Fhome%2Ffalconiapl2015%2Fpublic_html%2Fwp-includes HTTP/2.0" 200 2414 "-" "Mozilla/5.0 AppleWebKit/537.36 (KHTML, like Gecko; compatible; ClaudeBot/1.0; +claudebot@anthropic.com)" 543 **0/543209**
74.7.227.0 - - [28/Mar/2026:07:39:06 -0700] "GET /?fileloc=//opt/python38/lib/python3.8/ctypes/test/test_slicing.py&path=//opt/python38/lib/python3.8/ctypes/test HTTP/2.0" 200 3528 "https://falcon-ia.com/?path=//opt/python38/lib/python3.8/ctypes/test" "Mozilla/5.0 AppleWebKit/537.36 (KHTML, like Gecko; compatible; GPTBot/1.3; +https://openai.com/gptbot)" 508 **0/508855**
216.73.216.162 - - [28/Mar/2026:07:39:07 -0700] "GET /item/4163897000?fileloc=%2Fhome%2Ffalconiapl2015%2Fpublic_html%2Fwp-admin%2Foptions-permalink.php&path=%2Fhome%2Ffalconiapl2015%2Fpublic_html%2Fwp-admin HTTP/2.0" 200 7922 "-" "Mozilla/5.0 AppleWebKit/537.36 (KHTML, like Gecko; compatible; ClaudeBot/1.0; +claudebot@anthropic.com)" 663 **0/663964**
54.37.252.192 - - [28/Mar/2026:07:39:08 -0700] "GET /?fileloc=//proc/vmallocinfo&path=//proc HTTP/1.1" 200 2251 "-" "Mozilla/5.0 (compatible; MJ12bot/v1.4.8; http://mj12bot.com/)" 510 **0/510393**
74.7.227.0 - - [28/Mar/2026:07:39:09 -0700] "GET /?path=//opt/python38/lib/python3.8/site-packages/pip/_vendor/pyproject_hooks/_in_process HTTP/2.0" 200 2758 "https://falcon-ia.com/?path=//opt/python38/lib/python3.8/site-packages/pip/_vendor/pyproject_hooks" "Mozilla/5.0 AppleWebKit/537.36 (KHTML, like Gecko; compatible; GPTBot/1.3; +https://openai.com/gptbot)" 491 **0/491546**
85.208.96.211 - - [28/Mar/2026:07:39:10 -0700] "GET /commodity/results/hostile171824935951 HTTP/1.1" 200 3956 "-" "Mozilla/5.0 (compatible; SemrushBot/7~bl; +http://www.semrush.com/bot.html)" 550 **0/550506**
216.73.216.162 - - [28/Mar/2026:07:39:10 -0700] "GET /item/2573202969?path=%2Fhome%2Ffalconiapl2015%2Fpublic_html%2Fwp-admin%2Fmizitiyac HTTP/2.0" 200 2731 "-" "Mozilla/5.0 AppleWebKit/537.36 (KHTML, like Gecko; compatible; ClaudeBot/1.0; +claudebot@anthropic.com)" 561 **0/561475**
54.37.252.192 - - [28/Mar/2026:07:39:12 -0700] "GET /?fileloc=//proc/vmstat&path=//proc HTTP/1.1" 200 2248 "-" "Mozilla/5.0 (compatible; MJ12bot/v1.4.8; http://mj12bot.com/)" 513 **0/513375**
74.7.227.0 - - [28/Mar/2026:07:39:12 -0700] "GET /?fileloc=//opt/python38/lib/python3.8/ctypes/test/test_byteswap.py&path=//opt/python38/lib/python3.8/ctypes/test HTTP/2.0" 200 4305 "https://falcon-ia.com/?path=//opt/python38/lib/python3.8/ctypes/test" "Mozilla/5.0 AppleWebKit/537.36 (KHTML, like Gecko; compatible; GPTBot/1.3; +https://openai.com/gptbot)" 516 **0/516470**
216.73.216.162 - - [28/Mar/2026:07:39:13 -0700] "GET /item/2440365595?fileloc=%2Fhome%2Ffalconiapl2015%2Fpublic_html%2Fwp-includes%2Fdefault-widgets.php&path=%2Fhome%2Ffalconiapl2015%2Fpublic_html%2Fwp-includes HTTP/2.0" 200 2710 "-" "Mozilla/5.0 AppleWebKit/537.36 (KHTML, like Gecko; compatible; ClaudeBot/1.0; +claudebot@anthropic.com)" 495 **0/495964**
74.7.227.0 - - [28/Mar/2026:07:39:16 -0700] "GET /?fileloc=//opt/python38/lib/python3.8/ctypes/test/test_buffers.py&path=//opt/python38/lib/python3.8/ctypes/test HTTP/2.0" 200 2801 "https://falcon-ia.com/?path=//opt/python38/lib/python3.8/ctypes/test" "Mozilla/5.0 AppleWebKit/537.36 (KHTML, like Gecko; compatible; GPTBot/1.3; +https://openai.com/gptbot)" 523 **0/523777**
216.73.216.162 - - [28/Mar/2026:07:39:16 -0700] "GET /item/839592255?fileloc=%2Fhome%2Ffalconiapl2015%2Fpublic_html%2Fwp-includes%2Fclass-wp-http-requests-response.php&path=%2Fhome%2Ffalconiapl2015%2Fpublic_html%2Fwp-includes HTTP/2.0" 200 3456 "-" "Mozilla/5.0 AppleWebKit/537.36 (KHTML, like Gecko; compatible; ClaudeBot/1.0; +claudebot@anthropic.com)" 552 **0/552302**
54.37.252.192 - - [28/Mar/2026:07:39:17 -0700] "GET /?fileloc=//proc/zoneinfo&path=//proc HTTP/1.1" 200 2248 "-" "Mozilla/5.0 (compatible; MJ12bot/v1.4.8; http://mj12bot.com/)" 492 **0/492578**
185.191.171.7 - - [28/Mar/2026:07:39:18 -0700] "GET /commodity/sprint/lafayette172017198068 HTTP/1.1" 200 3956 "-" "Mozilla/5.0 (compatible; SemrushBot/7~bl; +http://www.semrush.com/bot.html)" 553 **0/553028**
74.7.227.0 - - [28/Mar/2026:07:39:19 -0700] "GET /?fileloc=//opt/alt/python310/lib64/python3.10/__pycache__/weakref.cpython-310.opt-1.pyc&path=//opt/alt/python310/lib64/python3.10/__pycache__ HTTP/2.0" 200 9647 "https://falcon-ia.com/?path=//opt/alt/python310/lib64/python3.10/__pycache__" "Mozilla/5.0 AppleWebKit/537.36 (KHTML, like Gecko; compatible; GPTBot/1.3; +https://openai.com/gptbot)" 513 **0/513422**
216.73.216.162 - - [28/Mar/2026:07:39:19 -0700] "GET /item/3314517277?fileloc=%2Fhome%2Ffalconiapl2015%2Fpublic_html%2Fwp-includes%2Fclass-wp-dependency.php&path=%2Fhome%2Ffalconiapl2015%2Fpublic_html%2Fwp-includes HTTP/2.0" 200 3143 "-" "Mozilla/5.0 AppleWebKit/537.36 (KHTML, like Gecko; compatible; ClaudeBot/1.0; +claudebot@anthropic.com)" 509 **0/509222**
54.37.252.192 - - [28/Mar/2026:07:39:21 -0700] "GET /?fileloc=//run/utmp&path=//run HTTP/1.1" 200 2247 "-" "Mozilla/5.0 (compatible; MJ12bot/v1.4.8; http://mj12bot.com/)" 548 **0/548655**
74.7.227.0 - - [28/Mar/2026:07:39:22 -0700] "GET /?fileloc=//opt/alt/python310/lib64/python3.10/__pycache__/linecache.cpython-310.opt-2.pyc&path=//opt/alt/python310/lib64/python3.10/__pycache__ HTTP/2.0" 200 4047 "https://falcon-ia.com/?path=//opt/alt/python310/lib64/python3.10/__pycache__" "Mozilla/5.0 AppleWebKit/537.36 (KHTML, like Gecko; compatible; GPTBot/1.3; +https://openai.com/gptbot)" 506 **0/506305**
216.73.216.162 - - [28/Mar/2026:07:39:22 -0700] "GET /item/4162684901?fileloc=%2Fhome%2Ffalconiapl2015%2Fpublic_html%2Fwp-includes%2Fclass-wp-block-processor.php&path=%2Fhome%2Ffalconiapl2015%2Fpublic_html%2Fwp-includes HTTP/2.0" 200 18738 "-" "Mozilla/5.0 AppleWebKit/537.36 (KHTML, like Gecko; compatible; ClaudeBot/1.0; +claudebot@anthropic.com)" 509 **0/509998**
185.191.171.6 - - [28/Mar/2026:07:39:23 -0700] "GET /commodity/kidding/ruled17197864258 HTTP/1.1" 200 3956 "-" "Mozilla/5.0 (compatible; SemrushBot/7~bl; +http://www.semrush.com/bot.html)" 505 **0/505845**
54.37.252.192 - - [28/Mar/2026:07:39:25 -0700] "GET /?fileloc=//sbin/accessdb&path=//sbin HTTP/1.1" 200 6314 "-" "Mozilla/5.0 (compatible; MJ12bot/v1.4.8; http://mj12bot.com/)" 552 **0/552893**
74.7.227.0 - - [28/Mar/2026:07:39:25 -0700] "GET /?fileloc=//opt/alt/python310/lib64/python3.10/__pycache__/pprint.cpython-310.opt-1.pyc&path=//opt/alt/python310/lib64/python3.10/__pycache__ HTTP/2.0" 200 9810 "https://falcon-ia.com/?path=//opt/alt/python310/lib64/python3.10/__pycache__" "Mozilla/5.0 AppleWebKit/537.36 (KHTML, like Gecko; compatible; GPTBot/1.3; +https://openai.com/gptbot)" 580 **0/580004**
216.73.216.162 - - [28/Mar/2026:07:39:25 -0700] "GET /item/4160306127?fileloc=%2Fhome%2Ffalconiapl2015%2Fpublic_html%2Fwp-includes%2Fclass-wp-theme-json.php&path=%2Fhome%2Ffalconiapl2015%2Fpublic_html%2Fwp-includes HTTP/2.0" 200 38062 "-" "Mozilla/5.0 AppleWebKit/537.36 (KHTML, like Gecko; compatible; ClaudeBot/1.0; +claudebot@anthropic.com)" 522 **0/522896**
216.73.216.162 - - [28/Mar/2026:07:39:28 -0700] "GET /item/3743802501?fileloc=%2Fhome%2Ffalconiapl2015%2Fpublic_html%2Fwp-includes%2Fcss%2Fjquery-ui-dialog.min.css&path=%2Fhome%2Ffalconiapl2015%2Fpublic_html%2Fwp-includes%2Fcss HTTP/2.0" 200 3600 "-" "Mozilla/5.0 AppleWebKit/537.36 (KHTML, like Gecko; compatible; ClaudeBot/1.0; +claudebot@anthropic.com)" 500 **0/500247**
74.7.227.0 - - [28/Mar/2026:07:39:28 -0700] "GET /?fileloc=//opt/alt/python310/lib64/python3.10/__pycache__/socketserver.cpython-310.opt-1.pyc&path=//opt/alt/python310/lib64/python3.10/__pycache__ HTTP/2.0" 200 11512 "https://falcon-ia.com/?path=//opt/alt/python310/lib64/python3.10/__pycache__" "Mozilla/5.0 AppleWebKit/537.36 (KHTML, like Gecko; compatible; GPTBot/1.3; +https://openai.com/gptbot)" 523 **0/523280**
54.37.252.192 - - [28/Mar/2026:07:39:29 -0700] "GET /?fileloc=//sbin/cagefs_enter_site&path=//sbin HTTP/1.1" 200 3090 "-" "Mozilla/5.0 (compatible; MJ12bot/v1.4.8; http://mj12bot.com/)" 485 **0/485246**
216.73.216.162 - - [28/Mar/2026:07:39:31 -0700] "GET /item/1908398258?fileloc=%2Fhome%2Ffalconiapl2015%2Fpublic_html%2Fwp-admin%2Fjs%2Fedit-comments.js&path=%2Fhome%2Ffalconiapl2015%2Fpublic_html%2Fwp-admin%2Fjs HTTP/2.0" 200 12252 "-" "Mozilla/5.0 AppleWebKit/537.36 (KHTML, like Gecko; compatible; ClaudeBot/1.0; +claudebot@anthropic.com)" 510 **0/510725**
74.7.227.0 - - [28/Mar/2026:07:39:31 -0700] "GET /?fileloc=//opt/alt/python310/lib64/python3.10/__pycache__/abc.cpython-310.opt-1.pyc&path=//opt/alt/python310/lib64/python3.10/__pycache__ HTTP/2.0" 200 5151 "https://falcon-ia.com/?path=//opt/alt/python310/lib64/python3.10/__pycache__" "Mozilla/5.0 AppleWebKit/537.36 (KHTML, like Gecko; compatible; GPTBot/1.3; +https://openai.com/gptbot)" 518 **0/518212**
54.37.252.192 - - [28/Mar/2026:07:39:33 -0700] "GET /?fileloc=//sbin/cagefsctl-user&path=//sbin HTTP/1.1" 200 5523 "-" "Mozilla/5.0 (compatible; MJ12bot/v1.4.8; http://mj12bot.com/)" 486 **0/486297**
216.73.216.162 - - [28/Mar/2026:07:39:34 -0700] "GET /item/3835258245?fileloc=%2Fhome%2Ffalconiapl2015%2Fpublic_html%2Fwp-admin%2Foptions-permalink.php&path=%2Fhome%2Ffalconiapl2015%2Fpublic_html%2Fwp-admin HTTP/2.0" 200 7922 "-" "Mozilla/5.0 AppleWebKit/537.36 (KHTML, like Gecko; compatible; ClaudeBot/1.0; +claudebot@anthropic.com)" 502 **0/502936**
74.7.227.0 - - [28/Mar/2026:07:39:35 -0700] "GET /?fileloc=//opt/alt/python310/lib64/python3.10/__pycache__/pipes.cpython-310.pyc&path=//opt/alt/python310/lib64/python3.10/__pycache__ HTTP/2.0" 200 5833 "https://falcon-ia.com/?path=//opt/alt/python310/lib64/python3.10/__pycache__" "Mozilla/5.0 AppleWebKit/537.36 (KHTML, like Gecko; compatible; GPTBot/1.3; +https://openai.com/gptbot)" 538 **0/538187**
54.37.252.192 - - [28/Mar/2026:07:39:37 -0700] "GET /?fileloc=//sbin/chroot&path=//sbin HTTP/1.1" 200 18003 "-" "Mozilla/5.0 (compatible; MJ12bot/v1.4.8; http://mj12bot.com/)" 526 **0/526490**
216.73.216.162 - - [28/Mar/2026:07:39:37 -0700] "GET /item/1781702381?fileloc=%2Fhome%2Ffalconiapl2015%2Fpublic_html%2Fwp-admin%2Fwidgets-form.php&path=%2Fhome%2Ffalconiapl2015%2Fpublic_html%2Fwp-admin HTTP/2.0" 200 8179 "-" "Mozilla/5.0 AppleWebKit/537.36 (KHTML, like Gecko; compatible; ClaudeBot/1.0; +claudebot@anthropic.com)" 498 **0/498228**
74.7.227.0 - - [28/Mar/2026:07:39:38 -0700] "GET /?fileloc=//opt/python38/lib/python3.8/ctypes/test/test_refcounts.py&path=//opt/python38/lib/python3.8/ctypes/test HTTP/2.0" 200 2984 "https://falcon-ia.com/?path=//opt/python38/lib/python3.8/ctypes/test" "Mozilla/5.0 AppleWebKit/537.36 (KHTML, like Gecko; compatible; GPTBot/1.3; +https://openai.com/gptbot)" 518 **0/518439**
74.7.227.0 - - [28/Mar/2026:07:39:41 -0700] "GET /?fileloc=//opt/python38/lib/python3.8/tkinter/test/runtktests.py&path=//opt/python38/lib/python3.8/tkinter/test HTTP/2.0" 200 3186 "https://falcon-ia.com/?path=//opt/python38/lib/python3.8/tkinter/test" "Mozilla/5.0 AppleWebKit/537.36 (KHTML, like Gecko; compatible; GPTBot/1.3; +https://openai.com/gptbot)" 510 **0/510749**
54.37.252.192 - - [28/Mar/2026:07:39:41 -0700] "GET /?fileloc=//sbin/cloudlinux-selector&path=//sbin HTTP/1.1" 200 2587 "-" "Mozilla/5.0 (compatible; MJ12bot/v1.4.8; http://mj12bot.com/)" 523 **0/523073**
216.73.216.162 - - [28/Mar/2026:07:39:41 -0700] "GET /item/715786366?fileloc=%2Fhome%2Ffalconiapl2015%2Fpublic_html%2Fwp-includes%2Ftemplate-canvas.php&path=%2Fhome%2Ffalconiapl2015%2Fpublic_html%2Fwp-includes HTTP/2.0" 200 2555 "-" "Mozilla/5.0 AppleWebKit/537.36 (KHTML, like Gecko; compatible; ClaudeBot/1.0; +claudebot@anthropic.com)" 527 **0/527719**
216.73.216.162 - - [28/Mar/2026:07:39:44 -0700] "GET /item/4189986004?fileloc=%2Fhome%2Ffalconiapl2015%2Fpublic_html%2Fwp-includes%2Fbookmark-template.php&path=%2Fhome%2Ffalconiapl2015%2Fpublic_html%2Fwp-includes HTTP/2.0" 200 5497 "-" "Mozilla/5.0 AppleWebKit/537.36 (KHTML, like Gecko; compatible; ClaudeBot/1.0; +claudebot@anthropic.com)" 604 **0/604425**
74.7.227.0 - - [28/Mar/2026:07:39:44 -0700] "GET /?fileloc=//opt/python38/lib/python3.8/ctypes/test/test_strings.py&path=//opt/python38/lib/python3.8/ctypes/test HTTP/2.0" 200 3872 "https://falcon-ia.com/?path=//opt/python38/lib/python3.8/ctypes/test" "Mozilla/5.0 AppleWebKit/537.36 (KHTML, like Gecko; compatible; GPTBot/1.3; +https://openai.com/gptbot)" 679 **0/679253**
54.37.252.192 - - [28/Mar/2026:07:39:45 -0700] "GET /?fileloc=//sbin/consoletype&path=//sbin HTTP/1.1" 200 5593 "-" "Mozilla/5.0 (compatible; MJ12bot/v1.4.8; http://mj12bot.com/)" 517 **0/517802**
216.73.216.162 - - [28/Mar/2026:07:39:47 -0700] "GET /item/1954883964?fileloc=%2Fhome%2Ffalconiapl2015%2Fpublic_html%2Fwp-includes%2Fload.php&path=%2Fhome%2Ffalconiapl2015%2Fpublic_html%2Fwp-includes HTTP/2.0" 200 17363 "-" "Mozilla/5.0 AppleWebKit/537.36 (KHTML, like Gecko; compatible; ClaudeBot/1.0; +claudebot@anthropic.com)" 508 **0/508950**
74.7.227.0 - - [28/Mar/2026:07:39:47 -0700] "GET /?fileloc=//opt/python38/lib/python3.8/unittest/test/test_runner.py&path=//opt/python38/lib/python3.8/unittest/test HTTP/2.0" 200 7072 "https://falcon-ia.com/?path=//opt/python38/lib/python3.8/unittest/test" "Mozilla/5.0 AppleWebKit/537.36 (KHTML, like Gecko; compatible; GPTBot/1.3; +https://openai.com/gptbot)" 525 **0/525181**
54.37.252.192 - - [28/Mar/2026:07:39:49 -0700] "GET /?fileloc=//sbin/cracklib-check&path=//sbin HTTP/1.1" 200 5505 "-" "Mozilla/5.0 (compatible; MJ12bot/v1.4.8; http://mj12bot.com/)" 509 **0/509234**
74.7.227.0 - - [28/Mar/2026:07:39:50 -0700] "GET /?fileloc=//opt/python38/lib/python3.8/ctypes/test/test_libc.py&path=//opt/python38/lib/python3.8/ctypes/test HTTP/2.0" 200 2758 "https://falcon-ia.com/?path=//opt/python38/lib/python3.8/ctypes/test" "Mozilla/5.0 AppleWebKit/537.36 (KHTML, like Gecko; compatible; GPTBot/1.3; +https://openai.com/gptbot)" 488 **0/488021**
216.73.216.162 - - [28/Mar/2026:07:39:51 -0700] "GET /item/4183361251?fileloc=%2Fhome%2Ffalconiapl2015%2Fpublic_html%2F.easyssl_backup%2Findex.html&path=%2Fhome%2Ffalconiapl2015%2Fpublic_html%2F.easyssl_backup HTTP/2.0" 200 2273 "-" "Mozilla/5.0 AppleWebKit/537.36 (KHTML, like Gecko; compatible; ClaudeBot/1.0; +claudebot@anthropic.com)" 513 **0/513033**
216.73.216.162 - - [28/Mar/2026:07:39:53 -0700] "GET /item/3181928436?fileloc=%2Fhome%2Ffalconiapl2015%2Fpublic_html%2Findex.php&path=%2Fhome%2Ffalconiapl2015%2Fpublic_html HTTP/2.0" 200 10878 "-" "Mozilla/5.0 AppleWebKit/537.36 (KHTML, like Gecko; compatible; ClaudeBot/1.0; +claudebot@anthropic.com)" 656 **0/656064**
74.7.227.0 - - [28/Mar/2026:07:39:54 -0700] "GET /?fileloc=//opt/python38/lib/python3.8/ctypes/test/test_delattr.py&path=//opt/python38/lib/python3.8/ctypes/test HTTP/2.0" 200 2506 "https://falcon-ia.com/?path=//opt/python38/lib/python3.8/ctypes/test" "Mozilla/5.0 AppleWebKit/537.36 (KHTML, like Gecko; compatible; GPTBot/1.3; +https://openai.com/gptbot)" 514 **0/514951**
54.37.252.192 - - [28/Mar/2026:07:39:54 -0700] "GET /?fileloc=//sbin/cracklib-packer&path=//sbin HTTP/1.1" 200 5893 "-" "Mozilla/5.0 (compatible; MJ12bot/v1.4.8; http://mj12bot.com/)" 579 **0/579341**
216.73.216.162 - - [28/Mar/2026:07:39:56 -0700] "GET /item/3314517277?fileloc=%2Fhome%2Ffalconiapl2015%2Fpublic_html%2Freadme.html&path=%2Fhome%2Ffalconiapl2015%2Fpublic_html HTTP/2.0" 200 5152 "-" "Mozilla/5.0 AppleWebKit/537.36 (KHTML, like Gecko; compatible; ClaudeBot/1.0; +claudebot@anthropic.com)" 519 **0/519654**
54.37.252.192 - - [28/Mar/2026:07:39:58 -0700] "GET /?fileloc=//sbin/exim&path=//sbin HTTP/1.1" 200 2881 "-" "Mozilla/5.0 (compatible; MJ12bot/v1.4.8; http://mj12bot.com/)" 503 **0/503401**
216.73.216.162 - - [28/Mar/2026:07:39:59 -0700] "GET /item/3115444169?fileloc=%2Fhome%2Ffalconiapl2015%2Fpublic_html%2Fwp-links-opml.php&path=%2Fhome%2Ffalconiapl2015%2Fpublic_html HTTP/2.0" 200 3349 "-" "Mozilla/5.0 AppleWebKit/537.36 (KHTML, like Gecko; compatible; ClaudeBot/1.0; +claudebot@anthropic.com)" 559 **0/559836**
74.7.227.0 - - [28/Mar/2026:07:39:57 -0700] "GET /?fileloc=//opt/python38/lib/python3.8/ctypes/test/test_loading.py&path=//opt/python38/lib/python3.8/ctypes/test HTTP/2.0" 200 4433 "https://falcon-ia.com/?path=//opt/python38/lib/python3.8/ctypes/test" "Mozilla/5.0 AppleWebKit/537.36 (KHTML, like Gecko; compatible; GPTBot/1.3; +https://openai.com/gptbot)" 3244 **3/3244683**
74.7.227.0 - - [28/Mar/2026:07:40:00 -0700] "GET /?fileloc=//opt/python38/lib/python3.8/ctypes/test/test_memfunctions.py&path=//opt/python38/lib/python3.8/ctypes/test HTTP/2.0" 200 3215 "https://falcon-ia.com/?path=//opt/python38/lib/python3.8/ctypes/test" "Mozilla/5.0 AppleWebKit/537.36 (KHTML, like Gecko; compatible; GPTBot/1.3; +https://openai.com/gptbot)" 510 **0/510988**
54.37.252.192 - - [28/Mar/2026:07:40:02 -0700] "GET /?fileloc=//sbin/faillock&path=//sbin HTTP/1.1" 200 8953 "-" "Mozilla/5.0 (compatible; MJ12bot/v1.4.8; http://mj12bot.com/)" 672 **0/672709**
216.73.216.162 - - [28/Mar/2026:07:40:02 -0700] "GET /item/3838488875?fileloc=%2Fhome%2Ffalconiapl2015%2Fpublic_html%2Fwp-links-opml.php&path=%2Fhome%2Ffalconiapl2015%2Fpublic_html HTTP/2.0" 200 3349 "-" "Mozilla/5.0 AppleWebKit/537.36 (KHTML, like Gecko; compatible; ClaudeBot/1.0; +claudebot@anthropic.com)" 691 **0/691231**
74.7.227.0 - - [28/Mar/2026:07:40:03 -0700] "GET /?fileloc=//opt/python38/lib/python3.8/unittest/test/test_async_case.py&path=//opt/python38/lib/python3.8/unittest/test HTTP/2.0" 200 2917 "https://falcon-ia.com/?path=//opt/python38/lib/python3.8/unittest/test" "Mozilla/5.0 AppleWebKit/537.36 (KHTML, like Gecko; compatible; GPTBot/1.3; +https://openai.com/gptbot)" 571 **0/571278**
216.73.216.162 - - [28/Mar/2026:07:40:05 -0700] "GET /item/2819934837?fileloc=%2Fhome%2Ffalconiapl2015%2Fpublic_html%2Fwp-signup.php&path=%2Fhome%2Ffalconiapl2015%2Fpublic_html HTTP/2.0" 200 10251 "-" "Mozilla/5.0 AppleWebKit/537.36 (KHTML, like Gecko; compatible; ClaudeBot/1.0; +claudebot@anthropic.com)" 644 **0/644798**
74.7.227.0 - - [28/Mar/2026:07:40:06 -0700] "GET /?fileloc=//opt/python38/lib/python3.8/unittest/test/test_skipping.py&path=//opt/python38/lib/python3.8/unittest/test HTTP/2.0" 200 3597 "https://falcon-ia.com/?path=//opt/python38/lib/python3.8/unittest/test" "Mozilla/5.0 AppleWebKit/537.36 (KHTML, like Gecko; compatible; GPTBot/1.3; +https://openai.com/gptbot)" 626 **0/626050**
54.37.252.192 - - [28/Mar/2026:07:40:06 -0700] "GET /?fileloc=//sbin/genrandom&path=//sbin HTTP/1.1" 200 6405 "-" "Mozilla/5.0 (compatible; MJ12bot/v1.4.8; http://mj12bot.com/)" 618 **0/618305**
216.73.216.162 - - [28/Mar/2026:07:40:08 -0700] "GET /item/2178886381?fileloc=%2Fhome%2Ffalconiapl2015%2Fpublic_html%2Ferror_log&path=%2Fhome%2Ffalconiapl2015%2Fpublic_html HTTP/2.0" 200 2398 "-" "Mozilla/5.0 AppleWebKit/537.36 (KHTML, like Gecko; compatible; ClaudeBot/1.0; +claudebot@anthropic.com)" 537 **0/537325**
74.7.227.0 - - [28/Mar/2026:07:40:10 -0700] "GET /?fileloc=//opt/python38/lib/python3.8/ctypes/test/test_values.py&path=//opt/python38/lib/python3.8/ctypes/test HTTP/2.0" 200 3648 "https://falcon-ia.com/?path=//opt/python38/lib/python3.8/ctypes/test" "Mozilla/5.0 AppleWebKit/537.36 (KHTML, like Gecko; compatible; GPTBot/1.3; +https://openai.com/gptbot)" 569 **0/569766**
54.37.252.192 - - [28/Mar/2026:07:40:11 -0700] "GET /?fileloc=//sbin/ip&path=//sbin HTTP/1.1" 200 263982 "-" "Mozilla/5.0 (compatible; MJ12bot/v1.4.8; http://mj12bot.com/)" 665 **0/665870**
216.73.216.162 - - [28/Mar/2026:07:40:11 -0700] "GET /item/2127730128?fileloc=%2Fhome%2Ffalconiapl2015%2Fpublic_html%2Fwp-links-opml.php&path=%2Fhome%2Ffalconiapl2015%2Fpublic_html HTTP/2.0" 200 3349 "-" "Mozilla/5.0 AppleWebKit/537.36 (KHTML, like Gecko; compatible; ClaudeBot/1.0; +claudebot@anthropic.com)" 544 **0/544381**
74.7.227.0 - - [28/Mar/2026:07:40:13 -0700] "GET /?fileloc=//opt/python38/lib/python3.8/ctypes/test/test_checkretval.py&path=//opt/python38/lib/python3.8/ctypes/test HTTP/2.0" 200 2657 "https://falcon-ia.com/?path=//opt/python38/lib/python3.8/ctypes/test" "Mozilla/5.0 AppleWebKit/537.36 (KHTML, like Gecko; compatible; GPTBot/1.3; +https://openai.com/gptbot)" 570 **0/570756**
216.73.216.162 - - [28/Mar/2026:07:40:14 -0700] "GET /item/36482842?fileloc=%2Fhome%2Ffalconiapl2015%2Fpublic_html%2Freadme.html&path=%2Fhome%2Ffalconiapl2015%2Fpublic_html HTTP/2.0" 200 5152 "-" "Mozilla/5.0 AppleWebKit/537.36 (KHTML, like Gecko; compatible; ClaudeBot/1.0; +claudebot@anthropic.com)" 510 **0/510511**
54.37.252.192 - - [28/Mar/2026:07:40:15 -0700] "GET /?fileloc=//sbin/mkhomedir_helper&path=//sbin HTTP/1.1" 200 7033 "-" "Mozilla/5.0 (compatible; MJ12bot/v1.4.8; http://mj12bot.com/)" 491 **0/491609**
74.7.227.0 - - [28/Mar/2026:07:40:16 -0700] "GET /?fileloc=//opt/python38/lib/python3.8/ctypes/test/test_structures.py&path=//opt/python38/lib/python3.8/ctypes/test HTTP/2.0" 200 7368 "https://falcon-ia.com/?path=//opt/python38/lib/python3.8/ctypes/test" "Mozilla/5.0 AppleWebKit/537.36 (KHTML, like Gecko; compatible; GPTBot/1.3; +https://openai.com/gptbot)" 538 **0/538787**
216.73.216.162 - - [28/Mar/2026:07:40:17 -0700] "GET /item/4217773824?fileloc=%2Fhome%2Ffalconiapl2015%2Fpublic_html%2Ferror_log&path=%2Fhome%2Ffalconiapl2015%2Fpublic_html HTTP/2.0" 403 3449 "-" "Mozilla/5.0 AppleWebKit/537.36 (KHTML, like Gecko; compatible; ClaudeBot/1.0; +claudebot@anthropic.com)" 553 **0/553012**
74.7.227.0 - - [28/Mar/2026:07:40:19 -0700] "GET /?fileloc=//opt/python38/lib/python3.8/ctypes/test/test_wintypes.py&path=//opt/python38/lib/python3.8/ctypes/test HTTP/2.0" 200 2777 "https://falcon-ia.com/?path=//opt/python38/lib/python3.8/ctypes/test" "Mozilla/5.0 AppleWebKit/537.36 (KHTML, like Gecko; compatible; GPTBot/1.3; +https://openai.com/gptbot)" 503 **0/503628**
54.37.252.192 - - [28/Mar/2026:07:40:19 -0700] "GET /?fileloc=//sbin/pam_console_apply&path=//sbin HTTP/1.1" 200 16302 "-" "Mozilla/5.0 (compatible; MJ12bot/v1.4.8; http://mj12bot.com/)" 523 **0/523674**
216.73.216.162 - - [28/Mar/2026:07:40:20 -0700] "GET /item/3181928436?fileloc=%2Fhome%2Ffalconiapl2015%2Fpublic_html%2Fwp-login.php&path=%2Fhome%2Ffalconiapl2015%2Fpublic_html HTTP/2.0" 403 3449 "-" "Mozilla/5.0 AppleWebKit/537.36 (KHTML, like Gecko; compatible; ClaudeBot/1.0; +claudebot@anthropic.com)" 553 **0/553064**
74.7.227.0 - - [28/Mar/2026:07:40:22 -0700] "GET /?fileloc=//opt/python38/lib/python3.8/ctypes/test/test_anon.py&path=//opt/python38/lib/python3.8/ctypes/test HTTP/2.0" 200 2871 "https://falcon-ia.com/?path=//opt/python38/lib/python3.8/ctypes/test" "Mozilla/5.0 AppleWebKit/537.36 (KHTML, like Gecko; compatible; GPTBot/1.3; +https://openai.com/gptbot)" 505 **0/505059**
216.73.216.162 - - [28/Mar/2026:07:40:23 -0700] "GET /item/4133536724?fileloc=%2Fhome%2Ffalconiapl2015%2Fcache%2Fcache_abf0eb37a88eb7f1aef49a4432afc98e&path=%2Fhome%2Ffalconiapl2015%2Fcache HTTP/2.0" 403 3449 "-" "Mozilla/5.0 AppleWebKit/537.36 (KHTML, like Gecko; compatible; ClaudeBot/1.0; +claudebot@anthropic.com)" 559 **0/559705**
54.37.252.192 - - [28/Mar/2026:07:40:23 -0700] "GET /?fileloc=//sbin/proxyexec&path=//sbin HTTP/1.1" 200 10015 "-" "Mozilla/5.0 (compatible; MJ12bot/v1.4.8; http://mj12bot.com/)" 543 **0/543334**
74.7.227.0 - - [28/Mar/2026:07:40:25 -0700] "GET /?fileloc=//opt/python38/lib/python3.8/ctypes/test/test_find.py&path=//opt/python38/lib/python3.8/ctypes/test HTTP/2.0" 200 3551 "https://falcon-ia.com/?path=//opt/python38/lib/python3.8/ctypes/test" "Mozilla/5.0 AppleWebKit/537.36 (KHTML, like Gecko; compatible; GPTBot/1.3; +https://openai.com/gptbot)" 521 **0/521923**
216.73.216.162 - - [28/Mar/2026:07:40:26 -0700] "GET /item/71142289?fileloc=%2Fhome%2Ffalconiapl2015%2Fpublic_html%2Fwp-signup.php&path=%2Fhome%2Ffalconiapl2015%2Fpublic_html HTTP/2.0" 403 3449 "-" "Mozilla/5.0 AppleWebKit/537.36 (KHTML, like Gecko; compatible; ClaudeBot/1.0; +claudebot@anthropic.com)" 522 **0/522546**
54.37.252.192 - - [28/Mar/2026:07:40:28 -0700] "GET /?fileloc=//sbin/pwhistory_helper&path=//sbin HTTP/1.1" 200 8377 "-" "Mozilla/5.0 (compatible; MJ12bot/v1.4.8; http://mj12bot.com/)" 506 **0/506587**
74.7.227.0 - - [28/Mar/2026:07:40:28 -0700] "GET /?fileloc=//opt/python38/lib/python3.8/ctypes/test/test_array_in_pointer.py&path=//opt/python38/lib/python3.8/ctypes/test HTTP/2.0" 200 2879 "https://falcon-ia.com/?path=//opt/python38/lib/python3.8/ctypes/test" "Mozilla/5.0 AppleWebKit/537.36 (KHTML, like Gecko; compatible; GPTBot/1.3; +https://openai.com/gptbot)" 519 **0/519700**
216.73.216.162 - - [28/Mar/2026:07:40:29 -0700] "GET /item/344725682?fileloc=%2Fhome%2Ffalconiapl2015%2Fpublic_html%2Fwp-links-opml.php&path=%2Fhome%2Ffalconiapl2015%2Fpublic_html HTTP/2.0" 403 3449 "-" "Mozilla/5.0 AppleWebKit/537.36 (KHTML, like Gecko; compatible; ClaudeBot/1.0; +claudebot@anthropic.com)" 513 **0/513013**
74.7.227.0 - - [28/Mar/2026:07:40:31 -0700] "GET /?fileloc=//opt/python38/lib/python3.8/ctypes/test/test_random_things.py&path=//opt/python38/lib/python3.8/ctypes/test HTTP/2.0" 200 3316 "https://falcon-ia.com/?path=//opt/python38/lib/python3.8/ctypes/test" "Mozilla/5.0 AppleWebKit/537.36 (KHTML, like Gecko; compatible; GPTBot/1.3; +https://openai.com/gptbot)" 484 **0/484226**
54.37.252.192 - - [28/Mar/2026:07:40:32 -0700] "GET /?fileloc=//sbin/saslauthd&path=//sbin HTTP/1.1" 200 37197 "-" "Mozilla/5.0 (compatible; MJ12bot/v1.4.8; http://mj12bot.com/)" 527 **0/527793**
216.73.216.162 - - [28/Mar/2026:07:40:32 -0700] "GET /item/4258652309?fileloc=%2Fhome%2Ffalconiapl2015%2F.cl.selector%2Ftxets.php&path=%2Fhome%2Ffalconiapl2015%2F.cl.selector HTTP/2.0" 403 3449 "-" "Mozilla/5.0 AppleWebKit/537.36 (KHTML, like Gecko; compatible; ClaudeBot/1.0; +claudebot@anthropic.com)" 496 **0/496193**
74.7.227.0 - - [28/Mar/2026:07:40:35 -0700] "GET /?fileloc=//opt/python38/lib/python3.8/ctypes/test/test_unicode.py&path=//opt/python38/lib/python3.8/ctypes/test HTTP/2.0" 200 2770 "https://falcon-ia.com/?path=//opt/python38/lib/python3.8/ctypes/test" "Mozilla/5.0 AppleWebKit/537.36 (KHTML, like Gecko; compatible; GPTBot/1.3; +https://openai.com/gptbot)" 561 **0/561083**
216.73.216.162 - - [28/Mar/2026:07:40:35 -0700] "GET /item/1956096063?fileloc=%2Fhome%2Ffalconiapl2015%2Fpublic_html%2Fwp-admin%2Fimages%2Findex.php&path=%2Fhome%2Ffalconiapl2015%2Fpublic_html%2Fwp-admin%2Fimages HTTP/2.0" 403 3449 "-" "Mozilla/5.0 AppleWebKit/537.36 (KHTML, like Gecko; compatible; ClaudeBot/1.0; +claudebot@anthropic.com)" 515 **0/515563**
54.37.252.192 - - [28/Mar/2026:07:40:36 -0700] "GET /?fileloc=//sbin/sasldblistusers2&path=//sbin HTTP/1.1" 200 9556 "-" "Mozilla/5.0 (compatible; MJ12bot/v1.4.8; http://mj12bot.com/)" 520 **0/520864**
114.119.136.15 - - [28/Mar/2026:07:40:37 -0700] "GET /commodity/skiing/andre17179724090?path=/home/falconiapl2015/public_html/.tmb HTTP/1.1" 200 2938 "https://falcon-ia.com/commodity/skiing/andre17179724090" "Mozilla/5.0 (Linux; Android 7.0;) AppleWebKit/537.36 (KHTML, like Gecko) Mobile Safari/537.36 (compatible; PetalBot;+https://webmaster.petalsearch.com/site/petalbot)" 520 **0/520450**
74.7.227.0 - - [28/Mar/2026:07:40:38 -0700] "GET /?fileloc=//opt/python38/lib/python3.8/unittest/test/test_result.py&path=//opt/python38/lib/python3.8/unittest/test HTTP/2.0" 200 6073 "https://falcon-ia.com/?path=//opt/python38/lib/python3.8/unittest/test" "Mozilla/5.0 AppleWebKit/537.36 (KHTML, like Gecko; compatible; GPTBot/1.3; +https://openai.com/gptbot)" 581 **0/581329**
216.73.216.162 - - [28/Mar/2026:07:40:38 -0700] "GET /item/1436750725?fileloc=%2Fhome%2Ffalconiapl2015%2Fpublic_html%2Fwp-config.php&path=%2Fhome%2Ffalconiapl2015%2Fpublic_html HTTP/2.0" 403 3449 "-" "Mozilla/5.0 AppleWebKit/537.36 (KHTML, like Gecko; compatible; ClaudeBot/1.0; +claudebot@anthropic.com)" 509 **0/509514**
54.37.252.192 - - [28/Mar/2026:07:40:40 -0700] "GET /?fileloc=//sbin/saslpasswd2&path=//sbin HTTP/1.1" 200 7741 "-" "Mozilla/5.0 (compatible; MJ12bot/v1.4.8; http://mj12bot.com/)" 510 **0/510429**
74.7.227.0 - - [28/Mar/2026:07:40:41 -0700] "GET /?fileloc=//opt/python38/lib/python3.8/ctypes/test/test_incomplete.py&path=//opt/python38/lib/python3.8/ctypes/test HTTP/2.0" 200 2706 "https://falcon-ia.com/?path=//opt/python38/lib/python3.8/ctypes/test" "Mozilla/5.0 AppleWebKit/537.36 (KHTML, like Gecko; compatible; GPTBot/1.3; +https://openai.com/gptbot)" 525 **0/525124**
216.73.216.162 - - [28/Mar/2026:07:40:41 -0700] "GET /item/684889642?fileloc=%2Fhome%2Ffalconiapl2015%2Fpublic_html%2Fgbmfx.php&path=%2Fhome%2Ffalconiapl2015%2Fpublic_html HTTP/2.0" 403 3449 "-" "Mozilla/5.0 AppleWebKit/537.36 (KHTML, like Gecko; compatible; ClaudeBot/1.0; +claudebot@anthropic.com)" 506 **0/506818**
216.73.216.162 - - [28/Mar/2026:07:40:44 -0700] "GET /item/419245295?fileloc=%2Fhome%2Ffalconiapl2015%2Fpublic_html%2Freadme.html&path=%2Fhome%2Ffalconiapl2015%2Fpublic_html HTTP/2.0" 403 3449 "-" "Mozilla/5.0 AppleWebKit/537.36 (KHTML, like Gecko; compatible; ClaudeBot/1.0; +claudebot@anthropic.com)" 510 **0/510028**
74.7.227.0 - - [28/Mar/2026:07:40:44 -0700] "GET /?fileloc=//opt/python38/lib/python3.8/ctypes/test/test_objects.py&path=//opt/python38/lib/python3.8/ctypes/test HTTP/2.0" 200 3078 "https://falcon-ia.com/?path=//opt/python38/lib/python3.8/ctypes/test" "Mozilla/5.0 AppleWebKit/537.36 (KHTML, like Gecko; compatible; GPTBot/1.3; +https://openai.com/gptbot)" 510 **0/510230**
54.37.252.192 - - [28/Mar/2026:07:40:44 -0700] "GET /?fileloc=//sbin/sendmail&path=//sbin HTTP/1.1" 200 2888 "-" "Mozilla/5.0 (compatible; MJ12bot/v1.4.8; http://mj12bot.com/)" 534 **0/534980**
216.73.216.162 - - [28/Mar/2026:07:40:47 -0700] "GET /item/3845665368?fileloc=%2Fhome%2Ffalconiapl2015%2Fpublic_html%2Freadme.html&path=%2Fhome%2Ffalconiapl2015%2Fpublic_html HTTP/2.0" 403 3449 "-" "Mozilla/5.0 AppleWebKit/537.36 (KHTML, like Gecko; compatible; ClaudeBot/1.0; +claudebot@anthropic.com)" 483 **0/483169**
74.7.227.0 - - [28/Mar/2026:07:40:47 -0700] "GET /?fileloc=//opt/python38/lib/python3.8/ctypes/test/test_cfuncs.py&path=//opt/python38/lib/python3.8/ctypes/test HTTP/2.0" 200 3575 "https://falcon-ia.com/?path=//opt/python38/lib/python3.8/ctypes/test" "Mozilla/5.0 AppleWebKit/537.36 (KHTML, like Gecko; compatible; GPTBot/1.3; +https://openai.com/gptbot)" 499 **0/499265**
54.37.252.192 - - [28/Mar/2026:07:40:49 -0700] "GET /?fileloc=//sbin/testsaslauthd&path=//sbin HTTP/1.1" 200 7809 "-" "Mozilla/5.0 (compatible; MJ12bot/v1.4.8; http://mj12bot.com/)" 574 **0/574968**
216.73.216.162 - - [28/Mar/2026:07:40:50 -0700] "GET /item/4022820688?fileloc=%2Fhome%2Ffalconiapl2015%2Fpublic_html%2Fwp-links-opml.php&path=%2Fhome%2Ffalconiapl2015%2Fpublic_html HTTP/2.0" 403 3449 "-" "Mozilla/5.0 AppleWebKit/537.36 (KHTML, like Gecko; compatible; ClaudeBot/1.0; +claudebot@anthropic.com)" 530 **0/530074**
74.7.227.0 - - [28/Mar/2026:07:40:50 -0700] "GET /?fileloc=//opt/python38/lib/python3.8/ctypes/test/test_keeprefs.py&path=//opt/python38/lib/python3.8/ctypes/test HTTP/2.0" 200 3249 "https://falcon-ia.com/?path=//opt/python38/lib/python3.8/ctypes/test" "Mozilla/5.0 AppleWebKit/537.36 (KHTML, like Gecko; compatible; GPTBot/1.3; +https://openai.com/gptbot)" 507 **0/507504**
54.37.252.192 - - [28/Mar/2026:07:40:53 -0700] "GET /?fileloc=//sbin/tmpwatch&path=//sbin HTTP/1.1" 200 14046 "-" "Mozilla/5.0 (compatible; MJ12bot/v1.4.8; http://mj12bot.com/)" 494 **0/494798**
216.73.216.162 - - [28/Mar/2026:07:40:53 -0700] "GET /item/958898758?fileloc=%2Fhome%2Ffalconiapl2015%2Fpublic_html%2Ferror_log&path=%2Fhome%2Ffalconiapl2015%2Fpublic_html HTTP/2.0" 403 3449 "-" "Mozilla/5.0 AppleWebKit/537.36 (KHTML, like Gecko; compatible; ClaudeBot/1.0; +claudebot@anthropic.com)" 496 **0/496222**
74.7.227.0 - - [28/Mar/2026:07:40:54 -0700] "GET /?fileloc=//opt/python38/lib/python3.8/ctypes/test/test_python_api.py&path=//opt/python38/lib/python3.8/ctypes/test HTTP/2.0" 200 3122 "https://falcon-ia.com/?path=//opt/python38/lib/python3.8/ctypes/test" "Mozilla/5.0 AppleWebKit/537.36 (KHTML, like Gecko; compatible; GPTBot/1.3; +https://openai.com/gptbot)" 501 **0/501478**
216.73.216.162 - - [28/Mar/2026:07:40:56 -0700] "GET /item/1288996075?fileloc=%2Fhome%2Ffalconiapl2015%2Fpublic_html%2Fwp-activate.php&path=%2Fhome%2Ffalconiapl2015%2Fpublic_html HTTP/2.0" 403 3449 "-" "Mozilla/5.0 AppleWebKit/537.36 (KHTML, like Gecko; compatible; ClaudeBot/1.0; +claudebot@anthropic.com)" 505 **0/505234**
74.7.227.0 - - [28/Mar/2026:07:40:57 -0700] "GET /?fileloc=//opt/python38/lib/python3.8/unittest/test/test_assertions.py&path=//opt/python38/lib/python3.8/unittest/test HTTP/2.0" 200 5212 "https://falcon-ia.com/?path=//opt/python38/lib/python3.8/unittest/test" "Mozilla/5.0 AppleWebKit/537.36 (KHTML, like Gecko; compatible; GPTBot/1.3; +https://openai.com/gptbot)" 546 **0/546344**
54.37.252.192 - - [28/Mar/2026:07:40:57 -0700] "GET /?fileloc=//sbin/tsig-keygen&path=//sbin HTTP/1.1" 200 9675 "-" "Mozilla/5.0 (compatible; MJ12bot/v1.4.8; http://mj12bot.com/)" 505 **0/505244**
198.244.226.35 - - [28/Mar/2026:07:40:59 -0700] "GET /commodity/grinder/yi17212953958 HTTP/2.0" 200 3449 "-" "Mozilla/5.0 (compatible; AhrefsBot/7.0; +http://ahrefs.com/robot/)" 519 **0/519514**
216.73.216.162 - - [28/Mar/2026:07:40:59 -0700] "GET /item/68718091?fileloc=%2Fhome%2Ffalconiapl2015%2Fpublic_html%2Fwp-signup.php&path=%2Fhome%2Ffalconiapl2015%2Fpublic_html HTTP/2.0" 200 10251 "-" "Mozilla/5.0 AppleWebKit/537.36 (KHTML, like Gecko; compatible; ClaudeBot/1.0; +claudebot@anthropic.com)" 516 **0/516367**
74.7.227.0 - - [28/Mar/2026:07:41:00 -0700] "GET /?fileloc=//opt/python38/lib/python3.8/ctypes/test/test_struct_fields.py&path=//opt/python38/lib/python3.8/ctypes/test HTTP/2.0" 200 2860 "https://falcon-ia.com/?path=//opt/python38/lib/python3.8/ctypes/test" "Mozilla/5.0 AppleWebKit/537.36 (KHTML, like Gecko; compatible; GPTBot/1.3; +https://openai.com/gptbot)" 538 **0/538011**
54.37.252.192 - - [28/Mar/2026:07:41:01 -0700] "GET /?fileloc=//sbin/unix_chkpwd&path=//sbin HTTP/1.1" 200 14986 "-" "Mozilla/5.0 (compatible; MJ12bot/v1.4.8; http://mj12bot.com/)" 541 **0/541335**
216.73.216.162 - - [28/Mar/2026:07:41:02 -0700] "GET /item/3893796305?fileloc=%2Fhome%2Ffalconiapl2015%2Fpublic_html%2Ferror_log&path=%2Fhome%2Ffalconiapl2015%2Fpublic_html HTTP/2.0" 200 2398 "-" "Mozilla/5.0 AppleWebKit/537.36 (KHTML, like Gecko; compatible; ClaudeBot/1.0; +claudebot@anthropic.com)" 544 **0/544453**
74.7.227.0 - - [28/Mar/2026:07:41:03 -0700] "GET /?fileloc=//opt/python38/lib/python3.8/ctypes/test/test_macholib.py&path=//opt/python38/lib/python3.8/ctypes/test HTTP/2.0" 200 3006 "https://falcon-ia.com/?path=//opt/python38/lib/python3.8/ctypes/test" "Mozilla/5.0 AppleWebKit/537.36 (KHTML, like Gecko; compatible; GPTBot/1.3; +https://openai.com/gptbot)" 541 **0/541512**
216.73.216.162 - - [28/Mar/2026:07:41:05 -0700] "GET /item/2336983115?fileloc=%2Fhome%2Ffalconiapl2015%2Fpublic_html%2Fgbmfx.php&path=%2Fhome%2Ffalconiapl2015%2Fpublic_html HTTP/2.0" 200 5547 "-" "Mozilla/5.0 AppleWebKit/537.36 (KHTML, like Gecko; compatible; ClaudeBot/1.0; +claudebot@anthropic.com)" 557 **0/557990**
54.37.252.192 - - [28/Mar/2026:07:41:05 -0700] "GET /?fileloc=//sbin/unix_update&path=//sbin HTTP/1.1" 200 2247 "-" "Mozilla/5.0 (compatible; MJ12bot/v1.4.8; http://mj12bot.com/)" 563 **0/563424**
74.7.227.0 - - [28/Mar/2026:07:41:06 -0700] "GET /?fileloc=//opt/python38/lib/python3.8/unittest/test/test_break.py&path=//opt/python38/lib/python3.8/unittest/test HTTP/2.0" 200 4013 "https://falcon-ia.com/?path=//opt/python38/lib/python3.8/unittest/test" "Mozilla/5.0 AppleWebKit/537.36 (KHTML, like Gecko; compatible; GPTBot/1.3; +https://openai.com/gptbot)" 590 **0/590207**
216.73.216.162 - - [28/Mar/2026:07:41:08 -0700] "GET /item/3651816748?fileloc=%2Fhome%2Ffalconiapl2015%2Fpublic_html%2Fwp-includes%2Fblock-supports%2Fblock-style-variations.php&path=%2Fhome%2Ffalconiapl2015%2Fpublic_html%2Fwp-includes%2Fblock-supports HTTP/2.0" 200 5175 "-" "Mozilla/5.0 AppleWebKit/537.36 (KHTML, like Gecko; compatible; ClaudeBot/1.0; +claudebot@anthropic.com)" 559 **0/559328**
74.7.227.0 - - [28/Mar/2026:07:41:09 -0700] "GET /?fileloc=//opt/python38/lib/python3.8/ctypes/test/test_sizes.py&path=//opt/python38/lib/python3.8/ctypes/test HTTP/2.0" 200 2512 "https://falcon-ia.com/?path=//opt/python38/lib/python3.8/ctypes/test" "Mozilla/5.0 AppleWebKit/537.36 (KHTML, like Gecko; compatible; GPTBot/1.3; +https://openai.com/gptbot)" 509 **0/509445**
54.37.252.192 - - [28/Mar/2026:07:41:10 -0700] "GET /?fileloc=//tmp/.734ae9c6ac41e57803c9c841a9a213fa401aa319a&path=//tmp HTTP/1.1" 200 2262 "-" "Mozilla/5.0 (compatible; MJ12bot/v1.4.8; http://mj12bot.com/)" 495 **0/495616**
216.73.216.162 - - [28/Mar/2026:07:41:11 -0700] "GET /item/149988474?fileloc=%2Fhome%2Ffalconiapl2015%2Fpublic_html%2Fgbmfx.php&path=%2Fhome%2Ffalconiapl2015%2Fpublic_html HTTP/2.0" 200 5547 "-" "Mozilla/5.0 AppleWebKit/537.36 (KHTML, like Gecko; compatible; ClaudeBot/1.0; +claudebot@anthropic.com)" 505 **0/505293**
74.7.227.0 - - [28/Mar/2026:07:41:12 -0700] "GET /?fileloc=//opt/python38/lib/python3.8/ctypes/test/test_simplesubclasses.py&path=//opt/python38/lib/python3.8/ctypes/test HTTP/2.0" 200 2763 "https://falcon-ia.com/?path=//opt/python38/lib/python3.8/ctypes/test" "Mozilla/5.0 AppleWebKit/537.36 (KHTML, like Gecko; compatible; GPTBot/1.3; +https://openai.com/gptbot)" 540 **0/540055**
54.37.252.192 - - [28/Mar/2026:07:41:14 -0700] "GET /?fileloc=/home/falconiapl2015/.cache/.734ae9c6ac41e57803c9c841a9a213fa401aa319a&path=/home/falconiapl2015/.cache HTTP/1.1" 200 2282 "-" "Mozilla/5.0 (compatible; MJ12bot/v1.4.8; http://mj12bot.com/)" 530 **0/530267**
216.73.216.162 - - [28/Mar/2026:07:41:14 -0700] "GET /item/259916815?fileloc=%2Fhome%2Ffalconiapl2015%2Fnew%2Fwp-includes%2Fms-site.php&path=%2Fhome%2Ffalconiapl2015%2Fnew%2Fwp-includes HTTP/2.0" 200 12076 "-" "Mozilla/5.0 AppleWebKit/537.36 (KHTML, like Gecko; compatible; ClaudeBot/1.0; +claudebot@anthropic.com)" 523 **0/523177**
74.7.227.0 - - [28/Mar/2026:07:41:16 -0700] "GET /?fileloc=//opt/python38/lib/python3.8/ctypes/test/test_pointers.py&path=//opt/python38/lib/python3.8/ctypes/test HTTP/2.0" 200 4252 "https://falcon-ia.com/?path=//opt/python38/lib/python3.8/ctypes/test" "Mozilla/5.0 AppleWebKit/537.36 (KHTML, like Gecko; compatible; GPTBot/1.3; +https://openai.com/gptbot)" 496 **0/496477**
216.73.216.162 - - [28/Mar/2026:07:41:17 -0700] "GET /item/3918673194?fileloc=%2Fhome%2Ffalconiapl2015%2Fpublic_html%2Fgbmfx.php&path=%2Fhome%2Ffalconiapl2015%2Fpublic_html HTTP/2.0" 200 5547 "-" "Mozilla/5.0 AppleWebKit/537.36 (KHTML, like Gecko; compatible; ClaudeBot/1.0; +claudebot@anthropic.com)" 509 **0/509460**
54.37.252.192 - - [28/Mar/2026:07:41:18 -0700] "GET /?fileloc=/home/falconiapl2015/cache/cache_5b11c2d71feb47ee0d368c9081e5b9ce&path=/home/falconiapl2015/cache HTTP/1.1" 200 2274 "-" "Mozilla/5.0 (compatible; MJ12bot/v1.4.8; http://mj12bot.com/)" 486 **0/486350**
74.7.227.0 - - [28/Mar/2026:07:41:19 -0700] "GET /?fileloc=//opt/python38/lib/python3.8/ctypes/test/test_bitfields.py&path=//opt/python38/lib/python3.8/ctypes/test HTTP/2.0" 200 4150 "https://falcon-ia.com/?path=//opt/python38/lib/python3.8/ctypes/test" "Mozilla/5.0 AppleWebKit/537.36 (KHTML, like Gecko; compatible; GPTBot/1.3; +https://openai.com/gptbot)" 538 **0/538222**
216.73.216.162 - - [28/Mar/2026:07:41:20 -0700] "GET /item/28159289?fileloc=%2Fhome%2Ffalconiapl2015%2Fpublic_html%2Freadme.html&path=%2Fhome%2Ffalconiapl2015%2Fpublic_html HTTP/2.0" 200 5152 "-" "Mozilla/5.0 AppleWebKit/537.36 (KHTML, like Gecko; compatible; ClaudeBot/1.0; +claudebot@anthropic.com)" 498 **0/498518**
74.7.227.0 - - [28/Mar/2026:07:41:22 -0700] "GET /?fileloc=//opt/python38/lib/python3.8/tkinter/test/widget_tests.py&path=//opt/python38/lib/python3.8/tkinter/test HTTP/2.0" 200 6379 "https://falcon-ia.com/?path=//opt/python38/lib/python3.8/tkinter/test" "Mozilla/5.0 AppleWebKit/537.36 (KHTML, like Gecko; compatible; GPTBot/1.3; +https://openai.com/gptbot)" 580 **0/580483**
54.37.252.192 - - [28/Mar/2026:07:41:22 -0700] "GET /?fileloc=/home/falconiapl2015/cache/cache_5c651d57e05a59f1d732de7dd2c402ff&path=/home/falconiapl2015/cache HTTP/1.1" 200 2273 "-" "Mozilla/5.0 (compatible; MJ12bot/v1.4.8; http://mj12bot.com/)" 520 **0/520787**
216.73.216.162 - - [28/Mar/2026:07:41:23 -0700] "GET /item/2358288762?fileloc=%2Fhome%2Ffalconiapl2015%2Fpublic_html%2Ferror_log&path=%2Fhome%2Ffalconiapl2015%2Fpublic_html HTTP/2.0" 200 2398 "-" "Mozilla/5.0 AppleWebKit/537.36 (KHTML, like Gecko; compatible; ClaudeBot/1.0; +claudebot@anthropic.com)" 495 **0/495077**
74.7.227.0 - - [28/Mar/2026:07:41:25 -0700] "GET /?fileloc=//opt/python38/lib/python3.8/ctypes/test/test_numbers.py&path=//opt/python38/lib/python3.8/ctypes/test HTTP/2.0" 200 4697 "https://falcon-ia.com/?path=//opt/python38/lib/python3.8/ctypes/test" "Mozilla/5.0 AppleWebKit/537.36 (KHTML, like Gecko; compatible; GPTBot/1.3; +https://openai.com/gptbot)" 489 **0/489566**
216.73.216.162 - - [28/Mar/2026:07:41:26 -0700] "GET /item/1674585136?fileloc=%2Fhome%2Ffalconiapl2015%2Fpublic_html%2Fwp-signup.php&path=%2Fhome%2Ffalconiapl2015%2Fpublic_html HTTP/2.0" 200 10251 "-" "Mozilla/5.0 AppleWebKit/537.36 (KHTML, like Gecko; compatible; ClaudeBot/1.0; +claudebot@anthropic.com)" 509 **0/509351**
54.37.252.192 - - [28/Mar/2026:07:41:27 -0700] "GET /?fileloc=/home/falconiapl2015/cache/cache_5ff53335be978134c2d6ecacb1c5da9c&path=/home/falconiapl2015/cache HTTP/1.1" 200 2274 "-" "Mozilla/5.0 (compatible; MJ12bot/v1.4.8; http://mj12bot.com/)" 549 **0/549088**
74.7.227.0 - - [28/Mar/2026:07:41:29 -0700] "GET /?fileloc=//lib64/python2.7/lib-tk/test/test_ttk/test_extensions.py&path=//lib64/python2.7/lib-tk/test/test_ttk HTTP/2.0" 200 4929 "https://falcon-ia.com/?path=//lib64/python2.7/lib-tk/test/test_ttk" "Mozilla/5.0 AppleWebKit/537.36 (KHTML, like Gecko; compatible; GPTBot/1.3; +https://openai.com/gptbot)" 551 **0/551688**
216.73.216.162 - - [28/Mar/2026:07:41:29 -0700] "GET /item/2812949811?fileloc=%2Fhome%2Ffalconiapl2015%2Fpublic_html%2Freadme.html&path=%2Fhome%2Ffalconiapl2015%2Fpublic_html HTTP/2.0" 200 5152 "-" "Mozilla/5.0 AppleWebKit/537.36 (KHTML, like Gecko; compatible; ClaudeBot/1.0; +claudebot@anthropic.com)" 509 **0/509627**
54.37.252.192 - - [28/Mar/2026:07:41:31 -0700] "GET /?fileloc=/home/falconiapl2015/cache/cache_609bdac1f4717d43fc631024a5f004dd&path=/home/falconiapl2015/cache HTTP/1.1" 200 2275 "-" "Mozilla/5.0 (compatible; MJ12bot/v1.4.8; http://mj12bot.com/)" 493 **0/493943**
74.7.227.0 - - [28/Mar/2026:07:41:32 -0700] "GET /?fileloc=//opt/python38/lib/python3.8/ctypes/test/test_errno.py&path=//opt/python38/lib/python3.8/ctypes/test HTTP/2.0" 200 2893 "https://falcon-ia.com/?path=//opt/python38/lib/python3.8/ctypes/test" "Mozilla/5.0 AppleWebKit/537.36 (KHTML, like Gecko; compatible; GPTBot/1.3; +https://openai.com/gptbot)" 514 **0/514111**
216.73.216.162 - - [28/Mar/2026:07:41:32 -0700] "GET /item/3226696317?fileloc=%2Fhome%2Ffalconiapl2015%2Fpublic_html%2Fwp-content%2F.htaccess&path=%2Fhome%2Ffalconiapl2015%2Fpublic_html%2Fwp-content HTTP/2.0" 200 2372 "-" "Mozilla/5.0 AppleWebKit/537.36 (KHTML, like Gecko; compatible; ClaudeBot/1.0; +claudebot@anthropic.com)" 515 **0/515011**
185.191.171.10 - - [28/Mar/2026:07:41:34 -0700] "GET /commodity/msds/carol171727487816 HTTP/1.1" 200 3956 "-" "Mozilla/5.0 (compatible; SemrushBot/7~bl; +http://www.semrush.com/bot.html)" 547 **0/547683**
74.7.227.0 - - [28/Mar/2026:07:41:35 -0700] "GET /?fileloc=//opt/python38/lib/python3.8/ctypes/test/test_returnfuncptrs.py&path=//opt/python38/lib/python3.8/ctypes/test HTTP/2.0" 200 2973 "https://falcon-ia.com/?path=//opt/python38/lib/python3.8/ctypes/test" "Mozilla/5.0 AppleWebKit/537.36 (KHTML, like Gecko; compatible; GPTBot/1.3; +https://openai.com/gptbot)" 606 **0/606206**
54.37.252.192 - - [28/Mar/2026:07:41:35 -0700] "GET /?fileloc=/home/falconiapl2015/cache/cache_64269719277fda5f979fb184903989d3&path=/home/falconiapl2015/cache HTTP/1.1" 200 2275 "-" "Mozilla/5.0 (compatible; MJ12bot/v1.4.8; http://mj12bot.com/)" 532 **0/532370**
216.73.216.162 - - [28/Mar/2026:07:41:35 -0700] "GET /item/364227423?fileloc=%2Fhome%2Ffalconiapl2015%2Fpublic_html%2Fgbmfx.php&path=%2Fhome%2Ffalconiapl2015%2Fpublic_html HTTP/2.0" 200 5547 "-" "Mozilla/5.0 AppleWebKit/537.36 (KHTML, like Gecko; compatible; ClaudeBot/1.0; +claudebot@anthropic.com)" 561 **0/561330**
74.7.227.0 - - [28/Mar/2026:07:41:38 -0700] "GET /?fileloc=//opt/python38/lib/python3.8/ctypes/test/test_frombuffer.py&path=//opt/python38/lib/python3.8/ctypes/test HTTP/2.0" 200 3342 "https://falcon-ia.com/?path=//opt/python38/lib/python3.8/ctypes/test" "Mozilla/5.0 AppleWebKit/537.36 (KHTML, like Gecko; compatible; GPTBot/1.3; +https://openai.com/gptbot)" 611 **0/611806**
216.73.216.162 - - [28/Mar/2026:07:41:38 -0700] "GET /item/3123604199?fileloc=%2Fhome%2Ffalconiapl2015%2Fpublic_html%2Fwp-signup.php&path=%2Fhome%2Ffalconiapl2015%2Fpublic_html HTTP/2.0" 200 10251 "-" "Mozilla/5.0 AppleWebKit/537.36 (KHTML, like Gecko; compatible; ClaudeBot/1.0; +claudebot@anthropic.com)" 528 **0/528028**
54.37.252.192 - - [28/Mar/2026:07:41:39 -0700] "GET /?fileloc=/home/falconiapl2015/cache/cache_6a2ab6aa5295b45e1e0f11d4b758d0f4&path=/home/falconiapl2015/cache HTTP/1.1" 200 2273 "-" "Mozilla/5.0 (compatible; MJ12bot/v1.4.8; http://mj12bot.com/)" 508 **0/508856**
185.191.171.15 - - [28/Mar/2026:07:41:40 -0700] "GET /commodity/master/threatened172153413152 HTTP/1.1" 200 3956 "-" "Mozilla/5.0 (compatible; SemrushBot/7~bl; +http://www.semrush.com/bot.html)" 505 **0/505327**
216.73.216.162 - - [28/Mar/2026:07:41:41 -0700] "GET /item/544311501?fileloc=%2Fhome%2Ffalconiapl2015%2Fpublic_html%2Fwp-signup.php&path=%2Fhome%2Ffalconiapl2015%2Fpublic_html HTTP/2.0" 200 10251 "-" "Mozilla/5.0 AppleWebKit/537.36 (KHTML, like Gecko; compatible; ClaudeBot/1.0; +claudebot@anthropic.com)" 520 **0/520836**
74.7.227.0 - - [28/Mar/2026:07:41:41 -0700] "GET /?fileloc=//opt/python38/lib/python3.8/unittest/test/test_case.py&path=//opt/python38/lib/python3.8/unittest/test HTTP/2.0" 200 13941 "https://falcon-ia.com/?path=//opt/python38/lib/python3.8/unittest/test" "Mozilla/5.0 AppleWebKit/537.36 (KHTML, like Gecko; compatible; GPTBot/1.3; +https://openai.com/gptbot)" 517 **0/517339**
54.37.252.192 - - [28/Mar/2026:07:41:43 -0700] "GET /?fileloc=/home/falconiapl2015/cache/cache_6d714fb620b9027afdace068873264ea&path=/home/falconiapl2015/cache HTTP/1.1" 200 2274 "-" "Mozilla/5.0 (compatible; MJ12bot/v1.4.8; http://mj12bot.com/)" 536 **0/536691**
216.73.216.162 - - [28/Mar/2026:07:41:44 -0700] "GET /item/4271806808?fileloc=%2Fhome%2Ffalconiapl2015%2Fpublic_html%2Ferror_log&path=%2Fhome%2Ffalconiapl2015%2Fpublic_html HTTP/2.0" 200 2398 "-" "Mozilla/5.0 AppleWebKit/537.36 (KHTML, like Gecko; compatible; ClaudeBot/1.0; +claudebot@anthropic.com)" 498 **0/498075**
74.7.227.0 - - [28/Mar/2026:07:41:44 -0700] "GET /?fileloc=//opt/python38/lib/python3.8/unittest/test/_test_warnings.py&path=//opt/python38/lib/python3.8/unittest/test HTTP/2.0" 200 3082 "https://falcon-ia.com/?path=//opt/python38/lib/python3.8/unittest/test" "Mozilla/5.0 AppleWebKit/537.36 (KHTML, like Gecko; compatible; GPTBot/1.3; +https://openai.com/gptbot)" 521 **0/521483**
216.73.216.162 - - [28/Mar/2026:07:41:47 -0700] "GET /item/4281127883?fileloc=%2Fhome%2Ffalconiapl2015%2Fpublic_html%2Fwp-content%2Fthemes%2Findex.php&path=%2Fhome%2Ffalconiapl2015%2Fpublic_html%2Fwp-content%2Fthemes HTTP/2.0" 200 2304 "-" "Mozilla/5.0 AppleWebKit/537.36 (KHTML, like Gecko; compatible; ClaudeBot/1.0; +claudebot@anthropic.com)" 534 **0/534806**
74.7.227.0 - - [28/Mar/2026:07:41:47 -0700] "GET /?fileloc=//opt/python38/lib/python3.8/ctypes/test/test_as_parameter.py&path=//opt/python38/lib/python3.8/ctypes/test HTTP/2.0" 200 4064 "https://falcon-ia.com/?path=//opt/python38/lib/python3.8/ctypes/test" "Mozilla/5.0 AppleWebKit/537.36 (KHTML, like Gecko; compatible; GPTBot/1.3; +https://openai.com/gptbot)" 541 **0/541159**
54.37.252.192 - - [28/Mar/2026:07:41:48 -0700] "GET /?fileloc=/home/falconiapl2015/cache/cache_6e31de6fb07a4af0a0d7006c6010e791&path=/home/falconiapl2015/cache HTTP/1.1" 200 2273 "-" "Mozilla/5.0 (compatible; MJ12bot/v1.4.8; http://mj12bot.com/)" 491 **0/491247**
216.73.216.162 - - [28/Mar/2026:07:41:50 -0700] "GET /item/3767398356?fileloc=%2Fhome%2Ffalconiapl2015%2Fpublic_html%2Fwp-links-opml.php&path=%2Fhome%2Ffalconiapl2015%2Fpublic_html HTTP/2.0" 200 3349 "-" "Mozilla/5.0 AppleWebKit/537.36 (KHTML, like Gecko; compatible; ClaudeBot/1.0; +claudebot@anthropic.com)" 497 **0/497419**
74.7.227.0 - - [28/Mar/2026:07:41:51 -0700] "GET /?fileloc=//opt/python38/lib/python3.8/unittest/test/test_program.py&path=//opt/python38/lib/python3.8/unittest/test HTTP/2.0" 200 5517 "https://falcon-ia.com/?path=//opt/python38/lib/python3.8/unittest/test" "Mozilla/5.0 AppleWebKit/537.36 (KHTML, like Gecko; compatible; GPTBot/1.3; +https://openai.com/gptbot)" 494 **0/494476**
54.37.252.192 - - [28/Mar/2026:07:41:52 -0700] "GET /?fileloc=/home/falconiapl2015/cache/cache_763860a21a94412ffb8081c5efb43196&path=/home/falconiapl2015/cache HTTP/1.1" 200 2286 "-" "Mozilla/5.0 (compatible; MJ12bot/v1.4.8; http://mj12bot.com/)" 511 **0/511621**
216.73.216.162 - - [28/Mar/2026:07:41:53 -0700] "GET /item/2829255896?fileloc=%2Fhome%2Ffalconiapl2015%2Fpublic_html%2Fwp-includes%2Fimages%2F.htaccess&path=%2Fhome%2Ffalconiapl2015%2Fpublic_html%2Fwp-includes%2Fimages HTTP/2.0" 200 2381 "-" "Mozilla/5.0 AppleWebKit/537.36 (KHTML, like Gecko; compatible; ClaudeBot/1.0; +claudebot@anthropic.com)" 572 **0/572322**
74.7.227.0 - - [28/Mar/2026:07:41:54 -0700] "GET /?fileloc=//opt/python38/lib/python3.8/ctypes/test/test_internals.py&path=//opt/python38/lib/python3.8/ctypes/test HTTP/2.0" 200 3138 "https://falcon-ia.com/?path=//opt/python38/lib/python3.8/ctypes/test" "Mozilla/5.0 AppleWebKit/537.36 (KHTML, like Gecko; compatible; GPTBot/1.3; +https://openai.com/gptbot)" 518 **0/518651**
