74.7.227.0 - - [28/Mar/2026:07:44:47 -0700] "GET /?path=//lib/modules/4.18.0-553.83.1.lve.el8.x86_64/kernel/drivers/firewire HTTP/2.0" 200 2724 "https://falcon-ia.com/?path=//lib/modules/4.18.0-553.83.1.lve.el8.x86_64/kernel/drivers" "Mozilla/5.0 AppleWebKit/537.36 (KHTML, like Gecko; compatible; GPTBot/1.3; +https://openai.com/gptbot)" 544 **0/544744**
216.73.216.162 - - [28/Mar/2026:07:44:48 -0700] "GET /item/780232076?fileloc=%2Fhome%2Ffalconiapl2015%2Fpublic_html%2Fwp-includes%2Fclass.wp-styles.php&path=%2Fhome%2Ffalconiapl2015%2Fpublic_html%2Fwp-includes HTTP/2.0" 200 2454 "-" "Mozilla/5.0 AppleWebKit/537.36 (KHTML, like Gecko; compatible; ClaudeBot/1.0; +claudebot@anthropic.com)" 487 **0/487700**
54.37.252.192 - - [28/Mar/2026:07:44:50 -0700] "GET /?fileloc=/home/falconiapl2015/cache/cache_e277c63a4f445b4f0e003f07b0e4d362&path=/home/falconiapl2015/cache HTTP/1.1" 200 2276 "-" "Mozilla/5.0 (compatible; MJ12bot/v1.4.8; http://mj12bot.com/)" 483 **0/483665**
74.7.227.0 - - [28/Mar/2026:07:44:50 -0700] "GET /?path=//root HTTP/2.0" 200 2294 "https://falcon-ia.com/?path=/" "Mozilla/5.0 AppleWebKit/537.36 (KHTML, like Gecko; compatible; GPTBot/1.3; +https://openai.com/gptbot)" 497 **0/497419**
216.73.216.162 - - [28/Mar/2026:07:44:51 -0700] "GET /item/1979975446?fileloc=%2Fhome%2Ffalconiapl2015%2Fpublic_html%2Fwp-includes%2Fshortcodes.php&path=%2Fhome%2Ffalconiapl2015%2Fpublic_html%2Fwp-includes HTTP/2.0" 403 3449 "-" "Mozilla/5.0 AppleWebKit/537.36 (KHTML, like Gecko; compatible; ClaudeBot/1.0; +claudebot@anthropic.com)" 499 **0/499082**
74.7.227.0 - - [28/Mar/2026:07:44:54 -0700] "GET /?fileloc=//usr/lib64/python2.7/lib-tk/test/test_ttk/support.py&path=//usr/lib64/python2.7/lib-tk/test/test_ttk HTTP/2.0" 200 3533 "https://falcon-ia.com/?path=//usr/lib64/python2.7/lib-tk/test/test_ttk" "Mozilla/5.0 AppleWebKit/537.36 (KHTML, like Gecko; compatible; GPTBot/1.3; +https://openai.com/gptbot)" 540 **0/540196**
216.73.216.162 - - [28/Mar/2026:07:44:54 -0700] "GET /item/2075836091?fileloc=%2Fhome%2Ffalconiapl2015%2Fpublic_html%2Fwp-admin%2Ftheme-install.php&path=%2Fhome%2Ffalconiapl2015%2Fpublic_html%2Fwp-admin HTTP/2.0" 403 3449 "-" "Mozilla/5.0 AppleWebKit/537.36 (KHTML, like Gecko; compatible; ClaudeBot/1.0; +claudebot@anthropic.com)" 481 **0/481306**
54.37.252.192 - - [28/Mar/2026:07:44:54 -0700] "GET /?fileloc=/home/falconiapl2015/cache/cache_e2f11ea44f3492e98b32d0fa5af626e2&path=/home/falconiapl2015/cache HTTP/1.1" 200 2273 "-" "Mozilla/5.0 (compatible; MJ12bot/v1.4.8; http://mj12bot.com/)" 498 **0/498923**
74.7.227.0 - - [28/Mar/2026:07:44:57 -0700] "GET /?path=//lib/modules/4.18.0-553.94.1.lve.el8.x86_64/kernel/sound/core/seq HTTP/2.0" 200 2848 "https://falcon-ia.com/?path=//lib/modules/4.18.0-553.94.1.lve.el8.x86_64/kernel/sound/core" "Mozilla/5.0 AppleWebKit/537.36 (KHTML, like Gecko; compatible; GPTBot/1.3; +https://openai.com/gptbot)" 496 **0/496221**
216.73.216.162 - - [28/Mar/2026:07:44:57 -0700] "GET /item/4281971789?fileloc=%2Fhome%2Ffalconiapl2015%2Fpublic_html%2Fwp-admin%2Fusers.php&path=%2Fhome%2Ffalconiapl2015%2Fpublic_html%2Fwp-admin HTTP/2.0" 403 3449 "-" "Mozilla/5.0 AppleWebKit/537.36 (KHTML, like Gecko; compatible; ClaudeBot/1.0; +claudebot@anthropic.com)" 526 **0/526157**
54.37.252.192 - - [28/Mar/2026:07:44:59 -0700] "GET /?fileloc=/home/falconiapl2015/cache/cache_eb097abba36b1e138b3f196c3112093c&path=/home/falconiapl2015/cache HTTP/1.1" 200 2273 "-" "Mozilla/5.0 (compatible; MJ12bot/v1.4.8; http://mj12bot.com/)" 503 **0/503297**
216.73.216.162 - - [28/Mar/2026:07:45:00 -0700] "GET /item/243587077?fileloc=%2Fhome%2Ffalconiapl2015%2Fpublic_html%2Fwp-includes%2Fquery.php&path=%2Fhome%2Ffalconiapl2015%2Fpublic_html%2Fwp-includes HTTP/2.0" 403 3449 "-" "Mozilla/5.0 AppleWebKit/537.36 (KHTML, like Gecko; compatible; ClaudeBot/1.0; +claudebot@anthropic.com)" 563 **0/563183**
74.7.227.0 - - [28/Mar/2026:07:45:00 -0700] "GET /?path=//lib/modules/4.18.0-553.104.1.lve.el8.x86_64/kernel/crypto/async_tx HTTP/2.0" 200 2787 "https://falcon-ia.com/?path=//lib/modules/4.18.0-553.104.1.lve.el8.x86_64/kernel/crypto" "Mozilla/5.0 AppleWebKit/537.36 (KHTML, like Gecko; compatible; GPTBot/1.3; +https://openai.com/gptbot)" 498 **0/498606**
54.37.252.192 - - [28/Mar/2026:07:45:03 -0700] "GET /?fileloc=/home/falconiapl2015/cache/cache_eb7dd63d07b8bad352d8f0bf50ee54d0&path=/home/falconiapl2015/cache HTTP/1.1" 200 2273 "-" "Mozilla/5.0 (compatible; MJ12bot/v1.4.8; http://mj12bot.com/)" 602 **0/602805**
216.73.216.162 - - [28/Mar/2026:07:45:03 -0700] "GET /item/2071247287?fileloc=%2Fhome%2Ffalconiapl2015%2Fpublic_html%2Fwp-includes%2Fclass-wp-oembed.php&path=%2Fhome%2Ffalconiapl2015%2Fpublic_html%2Fwp-includes HTTP/2.0" 403 3449 "-" "Mozilla/5.0 AppleWebKit/537.36 (KHTML, like Gecko; compatible; ClaudeBot/1.0; +claudebot@anthropic.com)" 707 **0/707384**
74.7.227.0 - - [28/Mar/2026:07:45:03 -0700] "GET /?fileloc=//opt/python38/lib/python3.8/unittest/test/__init__.py&path=//opt/python38/lib/python3.8/unittest/test HTTP/2.0" 200 2580 "https://falcon-ia.com/?path=//opt/python38/lib/python3.8/unittest/test" "Mozilla/5.0 AppleWebKit/537.36 (KHTML, like Gecko; compatible; GPTBot/1.3; +https://openai.com/gptbot)" 641 **0/641448**
51.195.215.211 - - [28/Mar/2026:07:45:03 -0700] "GET /commodity/gop/webmin17163197186 HTTP/2.0" 200 3449 "-" "Mozilla/5.0 (compatible; AhrefsBot/7.0; +http://ahrefs.com/robot/)" 612 **0/612130**
216.73.216.162 - - [28/Mar/2026:07:45:06 -0700] "GET /item/2071247287?fileloc=%2Fhome%2Ffalconiapl2015%2Fpublic_html%2Fwp-includes%2Fabilities-api.php&path=%2Fhome%2Ffalconiapl2015%2Fpublic_html%2Fwp-includes HTTP/2.0" 403 3449 "-" "Mozilla/5.0 AppleWebKit/537.36 (KHTML, like Gecko; compatible; ClaudeBot/1.0; +claudebot@anthropic.com)" 562 **0/562958**
74.7.227.0 - - [28/Mar/2026:07:45:06 -0700] "GET /?fileloc=//lib/modules/4.18.0-553.94.1.lve.el8.x86_64/kernel/crypto/des_generic.ko.xz&path=//lib/modules/4.18.0-553.94.1.lve.el8.x86_64/kernel/crypto HTTP/2.0" 200 8850 "https://falcon-ia.com/?path=//lib/modules/4.18.0-553.94.1.lve.el8.x86_64/kernel/crypto" "Mozilla/5.0 AppleWebKit/537.36 (KHTML, like Gecko; compatible; GPTBot/1.3; +https://openai.com/gptbot)" 602 **0/602751**
54.37.252.192 - - [28/Mar/2026:07:45:07 -0700] "GET /?fileloc=/home/falconiapl2015/cache/cache_f4525e2285ef6386d583e3496db5889b&path=/home/falconiapl2015/cache HTTP/1.1" 200 2272 "-" "Mozilla/5.0 (compatible; MJ12bot/v1.4.8; http://mj12bot.com/)" 541 **0/541421**
216.73.216.162 - - [28/Mar/2026:07:45:09 -0700] "GET /item/735910960?fileloc=%2Fhome%2Ffalconiapl2015%2Fpublic_html%2Fwp-includes%2Fclass-wp-feed-cache-transient.php&path=%2Fhome%2Ffalconiapl2015%2Fpublic_html%2Fwp-includes HTTP/2.0" 403 3449 "-" "Mozilla/5.0 AppleWebKit/537.36 (KHTML, like Gecko; compatible; ClaudeBot/1.0; +claudebot@anthropic.com)" 517 **0/517163**
74.7.227.0 - - [28/Mar/2026:07:45:09 -0700] "GET /?fileloc=//lib/modules/4.18.0-553.94.1.lve.el8.x86_64/kernel/crypto/xts.ko.xz&path=//lib/modules/4.18.0-553.94.1.lve.el8.x86_64/kernel/crypto HTTP/2.0" 200 6956 "https://falcon-ia.com/?path=//lib/modules/4.18.0-553.94.1.lve.el8.x86_64/kernel/crypto" "Mozilla/5.0 AppleWebKit/537.36 (KHTML, like Gecko; compatible; GPTBot/1.3; +https://openai.com/gptbot)" 501 **0/501045**
54.37.252.192 - - [28/Mar/2026:07:45:11 -0700] "GET /?fileloc=/home/falconiapl2015/cache/cache_fa259fb4647ff7427518116055984e5f&path=/home/falconiapl2015/cache HTTP/1.1" 200 2274 "-" "Mozilla/5.0 (compatible; MJ12bot/v1.4.8; http://mj12bot.com/)" 533 **0/533821**
216.73.216.162 - - [28/Mar/2026:07:45:12 -0700] "GET /item/3168391121?fileloc=%2Fhome%2Ffalconiapl2015%2Fpublic_html%2Fwp-admin%2Fplugins.php&path=%2Fhome%2Ffalconiapl2015%2Fpublic_html%2Fwp-admin HTTP/2.0" 403 3449 "-" "Mozilla/5.0 AppleWebKit/537.36 (KHTML, like Gecko; compatible; ClaudeBot/1.0; +claudebot@anthropic.com)" 540 **0/540771**
74.7.227.0 - - [28/Mar/2026:07:45:12 -0700] "GET /?path=//lib/modules/4.18.0-553.94.1.lve.el8.x86_64/kernel/crypto/async_tx HTTP/2.0" 200 2783 "https://falcon-ia.com/?path=//lib/modules/4.18.0-553.94.1.lve.el8.x86_64/kernel/crypto" "Mozilla/5.0 AppleWebKit/537.36 (KHTML, like Gecko; compatible; GPTBot/1.3; +https://openai.com/gptbot)" 496 **0/496946**
216.73.216.162 - - [28/Mar/2026:07:45:15 -0700] "GET /item/2075836091?fileloc=%2Fhome%2Ffalconiapl2015%2Fpublic_html%2Fwp-includes%2Fclass-wp-customize-manager.php&path=%2Fhome%2Ffalconiapl2015%2Fpublic_html%2Fwp-includes HTTP/2.0" 403 3449 "-" "Mozilla/5.0 AppleWebKit/537.36 (KHTML, like Gecko; compatible; ClaudeBot/1.0; +claudebot@anthropic.com)" 507 **0/507743**
54.37.252.192 - - [28/Mar/2026:07:45:16 -0700] "GET /?fileloc=/home/falconiapl2015/cache/cache_fe6674d455af765774618df55d8142f4&path=/home/falconiapl2015/cache HTTP/1.1" 200 2273 "-" "Mozilla/5.0 (compatible; MJ12bot/v1.4.8; http://mj12bot.com/)" 484 **0/484726**
74.7.227.0 - - [28/Mar/2026:07:45:16 -0700] "GET /?path=//usr/lib64/gtk-2.0/2.10.0 HTTP/2.0" 200 2656 "https://falcon-ia.com/?path=//usr/lib64/gtk-2.0" "Mozilla/5.0 AppleWebKit/537.36 (KHTML, like Gecko; compatible; GPTBot/1.3; +https://openai.com/gptbot)" 494 **0/494845**
216.73.216.162 - - [28/Mar/2026:07:45:18 -0700] "GET /item/2026427607?path=%2Fhome%2Ffalconiapl2015%2F.cagefs HTTP/2.0" 403 3449 "-" "Mozilla/5.0 AppleWebKit/537.36 (KHTML, like Gecko; compatible; ClaudeBot/1.0; +claudebot@anthropic.com)" 502 **0/502020**
74.7.227.0 - - [28/Mar/2026:07:45:19 -0700] "GET /?path=//usr/lib64/perl5/I18N HTTP/2.0" 200 2588 "https://falcon-ia.com/?path=//usr/lib64/perl5" "Mozilla/5.0 AppleWebKit/537.36 (KHTML, like Gecko; compatible; GPTBot/1.3; +https://openai.com/gptbot)" 495 **0/495808**
54.37.252.192 - - [28/Mar/2026:07:45:20 -0700] "GET /?fileloc=/home/falconiapl2015/cache/horde_cache_gc&path=/home/falconiapl2015/cache HTTP/1.1" 200 4430 "-" "Mozilla/5.0 (compatible; MJ12bot/v1.4.8; http://mj12bot.com/)" 499 **0/499002**
216.73.216.162 - - [28/Mar/2026:07:45:21 -0700] "GET /item/1363216000?fileloc=%2F%2Flib64%2Flibcrypt.so&path=%2F%2Flib64 HTTP/2.0" 403 3449 "-" "Mozilla/5.0 AppleWebKit/537.36 (KHTML, like Gecko; compatible; ClaudeBot/1.0; +claudebot@anthropic.com)" 496 **0/496854**
74.7.227.0 - - [28/Mar/2026:07:45:22 -0700] "GET /?path=//lib/modules/4.18.0-553.83.1.lve.el8.x86_64/kernel/drivers/soc HTTP/2.0" 200 2595 "https://falcon-ia.com/?path=//lib/modules/4.18.0-553.83.1.lve.el8.x86_64/kernel/drivers" "Mozilla/5.0 AppleWebKit/537.36 (KHTML, like Gecko; compatible; GPTBot/1.3; +https://openai.com/gptbot)" 511 **0/511865**
216.73.216.162 - - [28/Mar/2026:07:45:24 -0700] "GET /item/2511456098?fileloc=%2Fhome%2Ffalconiapl2015%2Fpublic_html%2Fwp-admin%2Fexport-personal-data.php&path=%2Fhome%2Ffalconiapl2015%2Fpublic_html%2Fwp-admin HTTP/2.0" 403 3449 "-" "Mozilla/5.0 AppleWebKit/537.36 (KHTML, like Gecko; compatible; ClaudeBot/1.0; +claudebot@anthropic.com)" 546 **0/546078**
54.37.252.192 - - [28/Mar/2026:07:45:24 -0700] "GET /?fileloc=/home/falconiapl2015/etc/cacheid&path=/home/falconiapl2015/etc HTTP/1.1" 200 2262 "-" "Mozilla/5.0 (compatible; MJ12bot/v1.4.8; http://mj12bot.com/)" 495 **0/495262**
74.7.227.0 - - [28/Mar/2026:07:45:25 -0700] "GET /?path=//lib/modules/4.18.0-553.83.1.lve.el8.x86_64/kernel/drivers/mfd HTTP/2.0" 200 2848 "https://falcon-ia.com/?path=//lib/modules/4.18.0-553.83.1.lve.el8.x86_64/kernel/drivers" "Mozilla/5.0 AppleWebKit/537.36 (KHTML, like Gecko; compatible; GPTBot/1.3; +https://openai.com/gptbot)" 513 **0/513344**
216.73.216.162 - - [28/Mar/2026:07:45:27 -0700] "GET /item/1904761945?fileloc=%2Fhome%2Ffalconiapl2015%2Fpublic_html%2Fwp-includes%2Fclass-wp-embed.php&path=%2Fhome%2Ffalconiapl2015%2Fpublic_html%2Fwp-includes HTTP/2.0" 403 3449 "-" "Mozilla/5.0 AppleWebKit/537.36 (KHTML, like Gecko; compatible; ClaudeBot/1.0; +claudebot@anthropic.com)" 644 **0/644189**
17.241.227.82 - - [28/Mar/2026:07:45:28 -0700] "GET /?p=20508 HTTP/1.1" 200 3956 "-" "Mozilla/5.0 (Macintosh; Intel Mac OS X 10_15_7) AppleWebKit/605.1.15 (KHTML, like Gecko) Version/17.4 Safari/605.1.15 (Applebot/0.1; +http://www.apple.com/go/applebot)" 499 **0/499538**
54.37.252.192 - - [28/Mar/2026:07:45:28 -0700] "GET /?fileloc=/home/falconiapl2015/etc/ftpquota&path=/home/falconiapl2015/etc HTTP/1.1" 200 2256 "-" "Mozilla/5.0 (compatible; MJ12bot/v1.4.8; http://mj12bot.com/)" 500 **0/500909**
74.7.227.0 - - [28/Mar/2026:07:45:28 -0700] "GET /?path=//lib/modules/4.18.0-553.83.1.lve.el8.x86_64/kernel/drivers/pwm HTTP/2.0" 200 2715 "https://falcon-ia.com/?path=//lib/modules/4.18.0-553.83.1.lve.el8.x86_64/kernel/drivers" "Mozilla/5.0 AppleWebKit/537.36 (KHTML, like Gecko; compatible; GPTBot/1.3; +https://openai.com/gptbot)" 494 **0/494406**
216.73.216.162 - - [28/Mar/2026:07:45:30 -0700] "GET /item/961043324?fileloc=%2Fhome%2Ffalconiapl2015%2Fpublic_html%2Fwp-includes%2Fclass-wp-query.php&path=%2Fhome%2Ffalconiapl2015%2Fpublic_html%2Fwp-includes HTTP/2.0" 403 3449 "-" "Mozilla/5.0 AppleWebKit/537.36 (KHTML, like Gecko; compatible; ClaudeBot/1.0; +claudebot@anthropic.com)" 501 **0/501991**
74.7.227.0 - - [28/Mar/2026:07:45:31 -0700] "GET /?fileloc=//lib/modules/4.18.0-553.94.1.lve.el8.x86_64/kernel/sound/core/seq/snd-seq-virmidi.ko.xz&path=//lib/modules/4.18.0-553.94.1.lve.el8.x86_64/kernel/sound/core/seq HTTP/2.0" 200 6995 "https://falcon-ia.com/?path=//lib/modules/4.18.0-553.94.1.lve.el8.x86_64/kernel/sound/core/seq" "Mozilla/5.0 AppleWebKit/537.36 (KHTML, like Gecko; compatible; GPTBot/1.3; +https://openai.com/gptbot)" 506 **0/506741**
54.37.252.192 - - [28/Mar/2026:07:45:32 -0700] "GET /?fileloc=/home/falconiapl2015/logs/falcon-ia.com-Mar-2026.gz&path=/home/falconiapl2015/logs HTTP/1.1" 200 249683 "-" "Mozilla/5.0 (compatible; MJ12bot/v1.4.8; http://mj12bot.com/)" 596 **0/596577**
216.73.216.162 - - [28/Mar/2026:07:45:33 -0700] "GET /item/3695237939?fileloc=%2Fhome%2Ffalconiapl2015%2Fpublic_html%2Fwp-includes%2Fclass-wp-term-plain.php&path=%2Fhome%2Ffalconiapl2015%2Fpublic_html%2Fwp-includes HTTP/2.0" 200 2280 "-" "Mozilla/5.0 AppleWebKit/537.36 (KHTML, like Gecko; compatible; ClaudeBot/1.0; +claudebot@anthropic.com)" 501 **0/501193**
74.7.227.0 - - [28/Mar/2026:07:45:34 -0700] "GET /?path=//lib/modules/4.18.0-553.94.1.lve.el8.x86_64/kernel/sound/core/seq/oss HTTP/2.0" 200 2640 "https://falcon-ia.com/?path=//lib/modules/4.18.0-553.94.1.lve.el8.x86_64/kernel/sound/core/seq" "Mozilla/5.0 AppleWebKit/537.36 (KHTML, like Gecko; compatible; GPTBot/1.3; +https://openai.com/gptbot)" 511 **0/511224**
216.73.216.162 - - [28/Mar/2026:07:45:36 -0700] "GET /item/602225341?fileloc=%2Fhome%2Ffalconiapl2015%2Fpublic_html%2Fwp-includes%2Fsession.php&path=%2Fhome%2Ffalconiapl2015%2Fpublic_html%2Fwp-includes HTTP/2.0" 200 2414 "-" "Mozilla/5.0 AppleWebKit/537.36 (KHTML, like Gecko; compatible; ClaudeBot/1.0; +claudebot@anthropic.com)" 497 **0/497564**
74.7.227.0 - - [28/Mar/2026:07:45:37 -0700] "GET /?path=//lib/modules/4.18.0-553.83.1.lve.el8.x86_64/kernel/drivers/tty HTTP/2.0" 200 2887 "https://falcon-ia.com/?path=//lib/modules/4.18.0-553.83.1.lve.el8.x86_64/kernel/drivers" "Mozilla/5.0 AppleWebKit/537.36 (KHTML, like Gecko; compatible; GPTBot/1.3; +https://openai.com/gptbot)" 496 **0/496506**
54.37.252.192 - - [28/Mar/2026:07:45:36 -0700] "GET /?fileloc=/home/falconiapl2015/logs/falcon-ia.com-ssl_log-Mar-2026.gz&path=/home/falconiapl2015/logs HTTP/1.1" 200 7908507 "-" "Mozilla/5.0 (compatible; MJ12bot/v1.4.8; http://mj12bot.com/)" 3006 **3/3006378**
216.73.216.162 - - [28/Mar/2026:07:45:40 -0700] "GET /item/3418827476?fileloc=%2Fhome%2Ffalconiapl2015%2Fpublic_html%2Fwp-includes%2Ftheme.php&path=%2Fhome%2Ffalconiapl2015%2Fpublic_html%2Fwp-includes HTTP/2.0" 200 32363 "-" "Mozilla/5.0 AppleWebKit/537.36 (KHTML, like Gecko; compatible; ClaudeBot/1.0; +claudebot@anthropic.com)" 505 **0/505473**
74.7.227.0 - - [28/Mar/2026:07:45:41 -0700] "GET /?path=//lib/modules/4.18.0-553.83.1.lve.el8.x86_64/kernel/drivers/rtc HTTP/2.0" 200 3420 "https://falcon-ia.com/?path=//lib/modules/4.18.0-553.83.1.lve.el8.x86_64/kernel/drivers" "Mozilla/5.0 AppleWebKit/537.36 (KHTML, like Gecko; compatible; GPTBot/1.3; +https://openai.com/gptbot)" 500 **0/500032**
54.37.252.192 - - [28/Mar/2026:07:45:42 -0700] "GET /?fileloc=/home/falconiapl2015/logs/ftp.falcon-ia.com-ftp_log-Apr-2025.gz&path=/home/falconiapl2015/logs HTTP/1.1" 200 2757 "-" "Mozilla/5.0 (compatible; MJ12bot/v1.4.8; http://mj12bot.com/)" 495 **0/495670**
216.73.216.162 - - [28/Mar/2026:07:45:42 -0700] "GET /item/1586864534?fileloc=%2Fhome%2Ffalconiapl2015%2Fpublic_html%2Fwp-admin%2Flink-parse-opml.php&path=%2Fhome%2Ffalconiapl2015%2Fpublic_html%2Fwp-admin HTTP/2.0" 200 3287 "-" "Mozilla/5.0 AppleWebKit/537.36 (KHTML, like Gecko; compatible; ClaudeBot/1.0; +claudebot@anthropic.com)" 488 **0/488780**
74.7.227.0 - - [28/Mar/2026:07:45:44 -0700] "GET /?path=//lib/modules/4.18.0-553.83.1.lve.el8.x86_64/kernel/drivers/gpu HTTP/2.0" 200 2598 "https://falcon-ia.com/?path=//lib/modules/4.18.0-553.83.1.lve.el8.x86_64/kernel/drivers" "Mozilla/5.0 AppleWebKit/537.36 (KHTML, like Gecko; compatible; GPTBot/1.3; +https://openai.com/gptbot)" 505 **0/505813**
216.73.216.162 - - [28/Mar/2026:07:45:45 -0700] "GET /item/1300209616?fileloc=%2Fhome%2Ffalconiapl2015%2Fpublic_html%2Fwp-admin%2Fupdate.php&path=%2Fhome%2Ffalconiapl2015%2Fpublic_html%2Fwp-admin HTTP/2.0" 200 4922 "-" "Mozilla/5.0 AppleWebKit/537.36 (KHTML, like Gecko; compatible; ClaudeBot/1.0; +claudebot@anthropic.com)" 493 **0/493308**
74.7.227.0 - - [28/Mar/2026:07:45:47 -0700] "GET /?path=//lib/modules/4.18.0-553.83.1.lve.el8.x86_64/kernel/drivers/uwb HTTP/2.0" 200 2770 "https://falcon-ia.com/?path=//lib/modules/4.18.0-553.83.1.lve.el8.x86_64/kernel/drivers" "Mozilla/5.0 AppleWebKit/537.36 (KHTML, like Gecko; compatible; GPTBot/1.3; +https://openai.com/gptbot)" 505 **0/505617**
54.37.252.192 - - [28/Mar/2026:07:45:47 -0700] "GET /?fileloc=/home/falconiapl2015/logs/ftp.falcon-ia.com-ftp_log-Feb-2016.gz&path=/home/falconiapl2015/logs HTTP/1.1" 200 196082 "-" "Mozilla/5.0 (compatible; MJ12bot/v1.4.8; http://mj12bot.com/)" 551 **0/551814**
216.73.216.162 - - [28/Mar/2026:07:45:48 -0700] "GET /item/1543075150?path=%2Fhome%2Ffalconiapl2015%2F.subaccounts HTTP/2.0" 200 2570 "-" "Mozilla/5.0 AppleWebKit/537.36 (KHTML, like Gecko; compatible; ClaudeBot/1.0; +claudebot@anthropic.com)" 493 **0/493426**
74.7.227.0 - - [28/Mar/2026:07:45:50 -0700] "GET /?path=//usr/lib64/gtk-2.0/2.10.0/immodules HTTP/2.0" 200 2339 "https://falcon-ia.com/?path=//usr/lib64/gtk-2.0/2.10.0" "Mozilla/5.0 AppleWebKit/537.36 (KHTML, like Gecko; compatible; GPTBot/1.3; +https://openai.com/gptbot)" 502 **0/502444**
216.73.216.162 - - [28/Mar/2026:07:45:51 -0700] "GET /item/202403710?fileloc=%2Fhome%2Ffalconiapl2015%2Fpublic_html%2Fwp-includes%2Ffeed-rss.php&path=%2Fhome%2Ffalconiapl2015%2Fpublic_html%2Fwp-includes HTTP/2.0" 200 2824 "-" "Mozilla/5.0 AppleWebKit/537.36 (KHTML, like Gecko; compatible; ClaudeBot/1.0; +claudebot@anthropic.com)" 520 **0/520652**
54.37.252.192 - - [28/Mar/2026:07:45:52 -0700] "GET /?fileloc=/home/falconiapl2015/logs/ftp.falcon-ia.com-ftp_log-Feb-2025.gz&path=/home/falconiapl2015/logs HTTP/1.1" 200 2679 "-" "Mozilla/5.0 (compatible; MJ12bot/v1.4.8; http://mj12bot.com/)" 502 **0/502148**
74.7.227.0 - - [28/Mar/2026:07:45:53 -0700] "GET /?path=//usr/lib64/gtk-2.0/2.10.0/filesystems HTTP/2.0" 200 2340 "https://falcon-ia.com/?path=//usr/lib64/gtk-2.0/2.10.0" "Mozilla/5.0 AppleWebKit/537.36 (KHTML, like Gecko; compatible; GPTBot/1.3; +https://openai.com/gptbot)" 500 **0/500796**
216.73.216.162 - - [28/Mar/2026:07:45:54 -0700] "GET /item/3743802501?fileloc=%2Fhome%2Ffalconiapl2015%2Fpublic_html%2Fwp-includes%2Fnav-menu.php&path=%2Fhome%2Ffalconiapl2015%2Fpublic_html%2Fwp-includes HTTP/2.0" 200 11991 "-" "Mozilla/5.0 AppleWebKit/537.36 (KHTML, like Gecko; compatible; ClaudeBot/1.0; +claudebot@anthropic.com)" 502 **0/502916**
74.7.227.0 - - [28/Mar/2026:07:45:56 -0700] "GET /?path=//lib/modules/4.18.0-553.83.1.lve.el8.x86_64/kernel/drivers/soc/qcom HTTP/2.0" 200 2634 "https://falcon-ia.com/?path=//lib/modules/4.18.0-553.83.1.lve.el8.x86_64/kernel/drivers/soc" "Mozilla/5.0 AppleWebKit/537.36 (KHTML, like Gecko; compatible; GPTBot/1.3; +https://openai.com/gptbot)" 499 **0/499962**
54.37.252.192 - - [28/Mar/2026:07:45:57 -0700] "GET /?fileloc=/home/falconiapl2015/logs/ftp.falcon-ia.com-ftp_log-Jul-2024.gz&path=/home/falconiapl2015/logs HTTP/1.1" 200 2656 "-" "Mozilla/5.0 (compatible; MJ12bot/v1.4.8; http://mj12bot.com/)" 493 **0/493146**
216.73.216.162 - - [28/Mar/2026:07:45:57 -0700] "GET /item/2486947370?fileloc=%2Fhome%2Ffalconiapl2015%2Fpublic_html%2Fwp-includes%2Fclass-phpass.php&path=%2Fhome%2Ffalconiapl2015%2Fpublic_html%2Fwp-includes HTTP/2.0" 200 4642 "-" "Mozilla/5.0 AppleWebKit/537.36 (KHTML, like Gecko; compatible; ClaudeBot/1.0; +claudebot@anthropic.com)" 516 **0/516591**
74.7.227.0 - - [28/Mar/2026:07:45:59 -0700] "GET /?path=//lib/modules/4.18.0-553.83.1.lve.el8.x86_64/kernel/drivers/dca HTTP/2.0" 200 2614 "https://falcon-ia.com/?path=//lib/modules/4.18.0-553.83.1.lve.el8.x86_64/kernel/drivers" "Mozilla/5.0 AppleWebKit/537.36 (KHTML, like Gecko; compatible; GPTBot/1.3; +https://openai.com/gptbot)" 509 **0/509417**
85.208.96.194 - - [28/Mar/2026:07:46:00 -0700] "GET /commodity/mesothelioma/firmly17208365964 HTTP/1.1" 200 3956 "-" "Mozilla/5.0 (compatible; SemrushBot/7~bl; +http://www.semrush.com/bot.html)" 536 **0/536324**
216.73.216.162 - - [28/Mar/2026:07:46:00 -0700] "GET /item/1729751600?fileloc=%2Fhome%2Ffalconiapl2015%2Fpublic_html%2Fwp-admin%2Fauthorize-application.php&path=%2Fhome%2Ffalconiapl2015%2Fpublic_html%2Fwp-admin HTTP/2.0" 200 5336 "-" "Mozilla/5.0 AppleWebKit/537.36 (KHTML, like Gecko; compatible; ClaudeBot/1.0; +claudebot@anthropic.com)" 525 **0/525154**
54.37.252.192 - - [28/Mar/2026:07:46:02 -0700] "GET /?fileloc=/home/falconiapl2015/logs/ftp.falcon-ia.com-ftp_log-Nov-2024.gz&path=/home/falconiapl2015/logs HTTP/1.1" 200 2669 "-" "Mozilla/5.0 (compatible; MJ12bot/v1.4.8; http://mj12bot.com/)" 500 **0/500163**
74.7.227.0 - - [28/Mar/2026:07:46:03 -0700] "GET /?path=//lib/modules/4.18.0-553.83.1.lve.el8.x86_64/kernel/drivers/pci HTTP/2.0" 200 2748 "https://falcon-ia.com/?path=//lib/modules/4.18.0-553.83.1.lve.el8.x86_64/kernel/drivers" "Mozilla/5.0 AppleWebKit/537.36 (KHTML, like Gecko; compatible; GPTBot/1.3; +https://openai.com/gptbot)" 515 **0/515314**
85.208.96.194 - - [28/Mar/2026:07:46:05 -0700] "GET /commodity/ku/morrow172023199333 HTTP/1.1" 200 3956 "-" "Mozilla/5.0 (compatible; SemrushBot/7~bl; +http://www.semrush.com/bot.html)" 491 **0/491879**
216.73.216.162 - - [28/Mar/2026:07:46:05 -0700] "GET /item/3229684757?fileloc=%2Fhome%2Ffalconiapl2015%2Fpublic_html%2Fwp-includes%2Fclass-wp-matchesmapregex.php&path=%2Fhome%2Ffalconiapl2015%2Fpublic_html%2Fwp-includes HTTP/2.0" 200 2928 "-" "Mozilla/5.0 AppleWebKit/537.36 (KHTML, like Gecko; compatible; ClaudeBot/1.0; +claudebot@anthropic.com)" 486 **0/486664**
74.7.227.0 - - [28/Mar/2026:07:46:06 -0700] "GET /?path=//lib/modules/4.18.0-553.83.1.lve.el8.x86_64/kernel/drivers/mmc HTTP/2.0" 200 2620 "https://falcon-ia.com/?path=//lib/modules/4.18.0-553.83.1.lve.el8.x86_64/kernel/drivers" "Mozilla/5.0 AppleWebKit/537.36 (KHTML, like Gecko; compatible; GPTBot/1.3; +https://openai.com/gptbot)" 493 **0/493803**
54.37.252.192 - - [28/Mar/2026:07:46:07 -0700] "GET /?fileloc=/home/falconiapl2015/logs/ftp.falcon-ia.com-ftp_log-Sep-2024.gz&path=/home/falconiapl2015/logs HTTP/1.1" 200 2658 "-" "Mozilla/5.0 (compatible; MJ12bot/v1.4.8; http://mj12bot.com/)" 487 **0/487088**
216.73.216.162 - - [28/Mar/2026:07:46:08 -0700] "GET /item/2486947370?fileloc=%2Fhome%2Ffalconiapl2015%2Fpublic_html%2Fwp-includes%2Ffunctions.php&path=%2Fhome%2Ffalconiapl2015%2Fpublic_html%2Fwp-includes HTTP/2.0" 200 73253 "-" "Mozilla/5.0 AppleWebKit/537.36 (KHTML, like Gecko; compatible; ClaudeBot/1.0; +claudebot@anthropic.com)" 552 **0/552483**
74.7.227.0 - - [28/Mar/2026:07:46:09 -0700] "GET /?path=//lib/modules/4.18.0-553.83.1.lve.el8.x86_64/kernel/sound/usb/line6 HTTP/2.0" 200 2758 "https://falcon-ia.com/?path=//lib/modules/4.18.0-553.83.1.lve.el8.x86_64/kernel/sound/usb" "Mozilla/5.0 AppleWebKit/537.36 (KHTML, like Gecko; compatible; GPTBot/1.3; +https://openai.com/gptbot)" 494 **0/494768**
114.119.145.102 - - [28/Mar/2026:07:46:09 -0700] "GET /commodity/skeleton/shifting171810125127?fileloc=/home/falconiapl2015/public_html/index.php&path=/home/falconiapl2015/public_html HTTP/1.1" 200 11456 "https://falcon-ia.com/commodity/skeleton/shifting171810125127" "Mozilla/5.0 (Linux; Android 7.0;) AppleWebKit/537.36 (KHTML, like Gecko) Mobile Safari/537.36 (compatible; PetalBot;+https://webmaster.petalsearch.com/site/petalbot)" 529 **0/529702**
216.73.216.162 - - [28/Mar/2026:07:46:11 -0700] "GET /item/3103824947?fileloc=%2Fhome%2Ffalconiapl2015%2Fpublic_html%2Fwp-includes%2Fclass-wp-application-passwords.php&path=%2Fhome%2Ffalconiapl2015%2Fpublic_html%2Fwp-includes HTTP/2.0" 200 5414 "-" "Mozilla/5.0 AppleWebKit/537.36 (KHTML, like Gecko; compatible; ClaudeBot/1.0; +claudebot@anthropic.com)" 506 **0/506230**
74.7.227.0 - - [28/Mar/2026:07:46:12 -0700] "GET /?path=//lib/modules/4.18.0-553.83.1.lve.el8.x86_64/kernel/drivers/tty/serial HTTP/2.0" 200 2707 "https://falcon-ia.com/?path=//lib/modules/4.18.0-553.83.1.lve.el8.x86_64/kernel/drivers/tty" "Mozilla/5.0 AppleWebKit/537.36 (KHTML, like Gecko; compatible; GPTBot/1.3; +https://openai.com/gptbot)" 494 **0/494502**
54.37.252.192 - - [28/Mar/2026:07:46:12 -0700] "GET /?fileloc=/home/falconiapl2015/mail/dovecot-quota&path=/home/falconiapl2015/mail HTTP/1.1" 200 2293 "-" "Mozilla/5.0 (compatible; MJ12bot/v1.4.8; http://mj12bot.com/)" 493 **0/493619**
216.73.216.162 - - [28/Mar/2026:07:46:14 -0700] "GET /item/670331711?path=%2Fhome%2Ffalconiapl2015%2F.spamassassin HTTP/2.0" 200 2570 "-" "Mozilla/5.0 AppleWebKit/537.36 (KHTML, like Gecko; compatible; ClaudeBot/1.0; +claudebot@anthropic.com)" 491 **0/491345**
74.7.227.0 - - [28/Mar/2026:07:46:15 -0700] "GET /?path=//opt/alt/tests/alt-php70-pecl-mongodb_1.9.2-1.el8/utils HTTP/2.0" 200 2830 "https://falcon-ia.com/?path=//opt/alt/tests/alt-php70-pecl-mongodb_1.9.2-1.el8" "Mozilla/5.0 AppleWebKit/537.36 (KHTML, like Gecko; compatible; GPTBot/1.3; +https://openai.com/gptbot)" 514 **0/514507**
52.167.144.137 - - [28/Mar/2026:07:46:14 -0700] "GET /commodity/diagnosis/bissau172076821690 HTTP/2.0" 200 25264 "-" "Mozilla/5.0 AppleWebKit/537.36 (KHTML, like Gecko; compatible; bingbot/2.0; +http://www.bing.com/bingbot.htm) Chrome/116.0.1938.76 Safari/537.36" 1627 **1/1627582**
216.73.216.162 - - [28/Mar/2026:07:46:17 -0700] "GET /item/3870761189?fileloc=%2Fhome%2Ffalconiapl2015%2Fpublic_html%2Fwp-includes%2Fdate.php&path=%2Fhome%2Ffalconiapl2015%2Fpublic_html%2Fwp-includes HTTP/2.0" 200 2485 "-" "Mozilla/5.0 AppleWebKit/537.36 (KHTML, like Gecko; compatible; ClaudeBot/1.0; +claudebot@anthropic.com)" 508 **0/508697**
54.37.252.192 - - [28/Mar/2026:07:46:17 -0700] "GET /?fileloc=/home/falconiapl2015/mail/dovecot-uidlist&path=/home/falconiapl2015/mail HTTP/1.1" 200 304298 "-" "Mozilla/5.0 (compatible; MJ12bot/v1.4.8; http://mj12bot.com/)" 684 **0/684978**
52.167.144.137 - - [28/Mar/2026:07:46:16 -0700] "GET /commodity/formations/fertile17179493178 HTTP/2.0" 200 29311 "-" "Mozilla/5.0 AppleWebKit/537.36 (KHTML, like Gecko; compatible; bingbot/2.0; +http://www.bing.com/bingbot.htm) Chrome/116.0.1938.76 Safari/537.36" 1612 **1/1612439**
74.7.227.0 - - [28/Mar/2026:07:46:18 -0700] "GET /?path=//lib/modules/4.18.0-553.83.1.lve.el8.x86_64/kernel/drivers/gpu/drm HTTP/2.0" 200 3303 "https://falcon-ia.com/?path=//lib/modules/4.18.0-553.83.1.lve.el8.x86_64/kernel/drivers/gpu" "Mozilla/5.0 AppleWebKit/537.36 (KHTML, like Gecko; compatible; GPTBot/1.3; +https://openai.com/gptbot)" 502 **0/502615**
216.73.216.162 - - [28/Mar/2026:07:46:20 -0700] "GET /item/223060004?fileloc=%2Fhome%2Ffalconiapl2015%2Fpublic_html%2Fwp-admin%2Fprofile.php&path=%2Fhome%2Ffalconiapl2015%2Fpublic_html%2Fwp-admin HTTP/2.0" 200 2445 "-" "Mozilla/5.0 AppleWebKit/537.36 (KHTML, like Gecko; compatible; ClaudeBot/1.0; +claudebot@anthropic.com)" 490 **0/490892**
74.7.227.0 - - [28/Mar/2026:07:46:22 -0700] "GET /?path=//usr/lib64/python3.6/unittest HTTP/2.0" 200 2969 "https://falcon-ia.com/?path=//usr/lib64/python3.6" "Mozilla/5.0 AppleWebKit/537.36 (KHTML, like Gecko; compatible; GPTBot/1.3; +https://openai.com/gptbot)" 513 **0/513905**
54.37.252.192 - - [28/Mar/2026:07:46:23 -0700] "GET /?fileloc=/home/falconiapl2015/mail/dovecot-uidvalidity&path=/home/falconiapl2015/mail HTTP/1.1" 200 2271 "-" "Mozilla/5.0 (compatible; MJ12bot/v1.4.8; http://mj12bot.com/)" 506 **0/506846**
216.73.216.162 - - [28/Mar/2026:07:46:23 -0700] "GET /item/158777817?path=%2Fhome%2Ffalconiapl2015%2Fpublic_html%2Fwp-includes%2Fimages%2Fcrystal HTTP/2.0" 200 2956 "-" "Mozilla/5.0 AppleWebKit/537.36 (KHTML, like Gecko; compatible; ClaudeBot/1.0; +claudebot@anthropic.com)" 513 **0/513296**
216.73.216.162 - - [28/Mar/2026:07:46:26 -0700] "GET /item/2071247287?fileloc=%2Fhome%2Ffalconiapl2015%2Fpublic_html%2Fwp-admin%2Fupdate-core.php&path=%2Fhome%2Ffalconiapl2015%2Fpublic_html%2Fwp-admin HTTP/2.0" 200 13070 "-" "Mozilla/5.0 AppleWebKit/537.36 (KHTML, like Gecko; compatible; ClaudeBot/1.0; +claudebot@anthropic.com)" 872 **0/872340**
54.37.252.192 - - [28/Mar/2026:07:46:27 -0700] "GET /?fileloc=/home/falconiapl2015/mail/dovecot-uidvalidity.57d161be&path=/home/falconiapl2015/mail HTTP/1.1" 200 2272 "-" "Mozilla/5.0 (compatible; MJ12bot/v1.4.8; http://mj12bot.com/)" 502 **0/502532**
216.73.216.162 - - [28/Mar/2026:07:46:29 -0700] "GET /item/3418827476?fileloc=%2Fhome%2Ffalconiapl2015%2Fpublic_html%2Fwp-admin%2Fedit-link-form.php&path=%2Fhome%2Ffalconiapl2015%2Fpublic_html%2Fwp-admin HTTP/2.0" 200 4376 "-" "Mozilla/5.0 AppleWebKit/537.36 (KHTML, like Gecko; compatible; ClaudeBot/1.0; +claudebot@anthropic.com)" 504 **0/504378**
74.7.227.0 - - [28/Mar/2026:07:46:25 -0700] "GET /?fileloc=//usr/lib64/libmozjs-60.so.0.0.0&path=//usr/lib64 HTTP/2.0" 200 6881057 "https://falcon-ia.com/?path=//usr/lib64" "Mozilla/5.0 AppleWebKit/537.36 (KHTML, like Gecko; compatible; GPTBot/1.3; +https://openai.com/gptbot)" 5915 **5/5915753**
74.7.227.0 - - [28/Mar/2026:07:46:31 -0700] "GET /?path=//usr/lib64/python2.7/Demo/tix HTTP/2.0" 200 2885 "https://falcon-ia.com/?path=//usr/lib64/python2.7/Demo" "Mozilla/5.0 AppleWebKit/537.36 (KHTML, like Gecko; compatible; GPTBot/1.3; +https://openai.com/gptbot)" 530 **0/530420**
216.73.216.162 - - [28/Mar/2026:07:46:32 -0700] "GET /item/3743802501?fileloc=%2Fhome%2Ffalconiapl2015%2Fpublic_html%2Fwp-includes%2Fblock-template.php&path=%2Fhome%2Ffalconiapl2015%2Fpublic_html%2Fwp-includes HTTP/2.0" 200 7032 "-" "Mozilla/5.0 AppleWebKit/537.36 (KHTML, like Gecko; compatible; ClaudeBot/1.0; +claudebot@anthropic.com)" 506 **0/506990**
54.37.252.192 - - [28/Mar/2026:07:46:32 -0700] "GET /?fileloc=/home/falconiapl2015/mail/dovecot.index&path=/home/falconiapl2015/mail HTTP/1.1" 200 50743 "-" "Mozilla/5.0 (compatible; MJ12bot/v1.4.8; http://mj12bot.com/)" 520 **0/520471**
74.7.227.0 - - [28/Mar/2026:07:46:34 -0700] "GET /?path=//usr/lib64/python2.7/Demo/rpc HTTP/2.0" 200 3057 "https://falcon-ia.com/?path=//usr/lib64/python2.7/Demo" "Mozilla/5.0 AppleWebKit/537.36 (KHTML, like Gecko; compatible; GPTBot/1.3; +https://openai.com/gptbot)" 486 **0/486586**
216.73.216.162 - - [28/Mar/2026:07:46:35 -0700] "GET /item/555241071?fileloc=%2Fhome%2Ffalconiapl2015%2Fpublic_html%2Fwp-includes%2Fadmin-bar.php&path=%2Fhome%2Ffalconiapl2015%2Fpublic_html%2Fwp-includes HTTP/2.0" 200 10596 "-" "Mozilla/5.0 AppleWebKit/537.36 (KHTML, like Gecko; compatible; ClaudeBot/1.0; +claudebot@anthropic.com)" 491 **0/491441**
54.37.252.192 - - [28/Mar/2026:07:46:37 -0700] "GET /?fileloc=/home/falconiapl2015/mail/dovecot.index.cache&path=/home/falconiapl2015/mail HTTP/1.1" 200 173240 "-" "Mozilla/5.0 (compatible; MJ12bot/v1.4.8; http://mj12bot.com/)" 695 **0/695506**
74.7.227.0 - - [28/Mar/2026:07:46:37 -0700] "GET /?path=//opt/alt/python39/lib64/python3.9/lib2to3/fixes HTTP/2.0" 200 4138 "https://falcon-ia.com/?path=//opt/alt/python39/lib64/python3.9/lib2to3" "Mozilla/5.0 AppleWebKit/537.36 (KHTML, like Gecko; compatible; GPTBot/1.3; +https://openai.com/gptbot)" 508 **0/508252**
216.73.216.162 - - [28/Mar/2026:07:46:38 -0700] "GET /item/2829936279?fileloc=%2Fhome%2Ffalconiapl2015%2Fpublic_html%2Fwp-includes%2Fclass-simplepie.php&path=%2Fhome%2Ffalconiapl2015%2Fpublic_html%2Fwp-includes HTTP/2.0" 200 2531 "-" "Mozilla/5.0 AppleWebKit/537.36 (KHTML, like Gecko; compatible; ClaudeBot/1.0; +claudebot@anthropic.com)" 510 **0/510448**
74.7.227.0 - - [28/Mar/2026:07:46:40 -0700] "GET /?path=//lib/modules/4.18.0-553.83.1.lve.el8.x86_64/kernel/drivers/pci/pcie HTTP/2.0" 200 2364 "https://falcon-ia.com/?path=//lib/modules/4.18.0-553.83.1.lve.el8.x86_64/kernel/drivers/pci" "Mozilla/5.0 AppleWebKit/537.36 (KHTML, like Gecko; compatible; GPTBot/1.3; +https://openai.com/gptbot)" 510 **0/510082**
216.73.216.162 - - [28/Mar/2026:07:46:41 -0700] "GET /item/1492738538?fileloc=%2Fhome%2Ffalconiapl2015%2Fpublic_html%2Fwp-includes%2Fatomlib.php&path=%2Fhome%2Ffalconiapl2015%2Fpublic_html%2Fwp-includes HTTP/2.0" 200 5555 "-" "Mozilla/5.0 AppleWebKit/537.36 (KHTML, like Gecko; compatible; ClaudeBot/1.0; +claudebot@anthropic.com)" 498 **0/498866**
54.37.252.192 - - [28/Mar/2026:07:46:43 -0700] "GET /?fileloc=/home/falconiapl2015/mail/dovecot.index.log&path=/home/falconiapl2015/mail HTTP/1.1" 200 4825 "-" "Mozilla/5.0 (compatible; MJ12bot/v1.4.8; http://mj12bot.com/)" 495 **0/495677**
74.7.227.0 - - [28/Mar/2026:07:46:44 -0700] "GET /?path=//lib/modules/4.18.0-553.83.1.lve.el8.x86_64/kernel/drivers/mmc/host HTTP/2.0" 200 2986 "https://falcon-ia.com/?path=//lib/modules/4.18.0-553.83.1.lve.el8.x86_64/kernel/drivers/mmc" "Mozilla/5.0 AppleWebKit/537.36 (KHTML, like Gecko; compatible; GPTBot/1.3; +https://openai.com/gptbot)" 495 **0/495971**
216.73.216.162 - - [28/Mar/2026:07:46:44 -0700] "GET /item/2361645411?fileloc=%2Fhome%2Ffalconiapl2015%2Fpublic_html%2Fwp-admin%2Fnetwork.php&path=%2Fhome%2Ffalconiapl2015%2Fpublic_html%2Fwp-admin HTTP/2.0" 200 4373 "-" "Mozilla/5.0 AppleWebKit/537.36 (KHTML, like Gecko; compatible; ClaudeBot/1.0; +claudebot@anthropic.com)" 499 **0/499659**
74.7.227.0 - - [28/Mar/2026:07:46:47 -0700] "GET /?path=//lib/modules/4.18.0-553.83.1.lve.el8.x86_64/kernel/drivers/mmc/core HTTP/2.0" 200 2703 "https://falcon-ia.com/?path=//lib/modules/4.18.0-553.83.1.lve.el8.x86_64/kernel/drivers/mmc" "Mozilla/5.0 AppleWebKit/537.36 (KHTML, like Gecko; compatible; GPTBot/1.3; +https://openai.com/gptbot)" 498 **0/498786**
54.37.252.192 - - [28/Mar/2026:07:46:48 -0700] "GET /?fileloc=/home/falconiapl2015/mail/dovecot.list.index&path=/home/falconiapl2015/mail HTTP/1.1" 200 2463 "-" "Mozilla/5.0 (compatible; MJ12bot/v1.4.8; http://mj12bot.com/)" 486 **0/486601**
216.73.216.162 - - [28/Mar/2026:07:46:48 -0700] "GET /item/1733659989?fileloc=%2Fhome%2Ffalconiapl2015%2Fpublic_html%2Fwp-includes%2Fblock-template.php&path=%2Fhome%2Ffalconiapl2015%2Fpublic_html%2Fwp-includes HTTP/2.0" 200 7032 "-" "Mozilla/5.0 AppleWebKit/537.36 (KHTML, like Gecko; compatible; ClaudeBot/1.0; +claudebot@anthropic.com)" 491 **0/491627**
74.7.227.0 - - [28/Mar/2026:07:46:50 -0700] "GET /?path=//lib/modules/4.18.0-553.83.1.lve.el8.x86_64/kernel/drivers/tty/serial/jsm HTTP/2.0" 200 2642 "https://falcon-ia.com/?path=//lib/modules/4.18.0-553.83.1.lve.el8.x86_64/kernel/drivers/tty/serial" "Mozilla/5.0 AppleWebKit/537.36 (KHTML, like Gecko; compatible; GPTBot/1.3; +https://openai.com/gptbot)" 509 **0/509842**
216.73.216.162 - - [28/Mar/2026:07:46:50 -0700] "GET /item/3888829794?fileloc=%2Fhome%2Ffalconiapl2015%2Fpublic_html%2Fwp-includes%2Fclass-wp-block.php&path=%2Fhome%2Ffalconiapl2015%2Fpublic_html%2Fwp-includes HTTP/2.0" 200 8759 "-" "Mozilla/5.0 AppleWebKit/537.36 (KHTML, like Gecko; compatible; ClaudeBot/1.0; +claudebot@anthropic.com)" 501 **0/501772**
54.37.252.192 - - [28/Mar/2026:07:46:52 -0700] "GET /?fileloc=/home/falconiapl2015/mail/dovecot.list.index.log&path=/home/falconiapl2015/mail HTTP/1.1" 200 2701 "-" "Mozilla/5.0 (compatible; MJ12bot/v1.4.8; http://mj12bot.com/)" 506 **0/506107**
74.7.227.0 - - [28/Mar/2026:07:46:53 -0700] "GET /?path=//opt/alt/python310/lib64/python3.10/lib-dynload HTTP/2.0" 200 4637 "https://falcon-ia.com/?path=//opt/alt/python310/lib64/python3.10" "Mozilla/5.0 AppleWebKit/537.36 (KHTML, like Gecko; compatible; GPTBot/1.3; +https://openai.com/gptbot)" 531 **0/531495**
216.73.216.162 - - [28/Mar/2026:07:46:53 -0700] "GET /item/2994365632?fileloc=%2Fhome%2Ffalconiapl2015%2Fpublic_html%2Fwp-admin%2Fterm.php&path=%2Fhome%2Ffalconiapl2015%2Fpublic_html%2Fwp-admin HTTP/2.0" 200 3186 "-" "Mozilla/5.0 AppleWebKit/537.36 (KHTML, like Gecko; compatible; ClaudeBot/1.0; +claudebot@anthropic.com)" 511 **0/511522**
74.7.227.0 - - [28/Mar/2026:07:46:56 -0700] "GET /?path=//lib/modules/4.18.0-553.83.1.lve.el8.x86_64/kernel/drivers/gpu/drm/radeon HTTP/2.0" 200 2644 "https://falcon-ia.com/?path=//lib/modules/4.18.0-553.83.1.lve.el8.x86_64/kernel/drivers/gpu/drm" "Mozilla/5.0 AppleWebKit/537.36 (KHTML, like Gecko; compatible; GPTBot/1.3; +https://openai.com/gptbot)" 503 **0/503742**
216.73.216.162 - - [28/Mar/2026:07:46:56 -0700] "GET /item/3888829794?fileloc=%2Fhome%2Ffalconiapl2015%2Fpublic_html%2Fwp-includes%2FIXR%2Fclass-IXR-base64.php&path=%2Fhome%2Ffalconiapl2015%2Fpublic_html%2Fwp-includes%2FIXR HTTP/2.0" 200 2483 "-" "Mozilla/5.0 AppleWebKit/537.36 (KHTML, like Gecko; compatible; ClaudeBot/1.0; +claudebot@anthropic.com)" 492 **0/492011**
54.37.252.192 - - [28/Mar/2026:07:46:57 -0700] "GET /?fileloc=/home/falconiapl2015/mail/dovecot.mailbox.log&path=/home/falconiapl2015/mail HTTP/1.1" 200 2307 "-" "Mozilla/5.0 (compatible; MJ12bot/v1.4.8; http://mj12bot.com/)" 508 **0/508645**
74.7.227.0 - - [28/Mar/2026:07:46:59 -0700] "GET /?path=//lib/modules/4.18.0-553.83.1.lve.el8.x86_64/kernel/drivers/gpu/drm/vmwgfx HTTP/2.0" 200 2642 "https://falcon-ia.com/?path=//lib/modules/4.18.0-553.83.1.lve.el8.x86_64/kernel/drivers/gpu/drm" "Mozilla/5.0 AppleWebKit/537.36 (KHTML, like Gecko; compatible; GPTBot/1.3; +https://openai.com/gptbot)" 535 **0/535145**
216.73.216.162 - - [28/Mar/2026:07:46:59 -0700] "GET /item/2668545403?fileloc=%2Fhome%2Ffalconiapl2015%2Fpublic_html%2Fwp-includes%2Ffeed-atom-comments.php&path=%2Fhome%2Ffalconiapl2015%2Fpublic_html%2Fwp-includes HTTP/2.0" 200 3995 "-" "Mozilla/5.0 AppleWebKit/537.36 (KHTML, like Gecko; compatible; ClaudeBot/1.0; +claudebot@anthropic.com)" 489 **0/489868**
54.37.252.192 - - [28/Mar/2026:07:47:02 -0700] "GET /?fileloc=/home/falconiapl2015/mail/mailbox_format.cpanel&path=/home/falconiapl2015/mail HTTP/1.1" 200 2270 "-" "Mozilla/5.0 (compatible; MJ12bot/v1.4.8; http://mj12bot.com/)" 503 **0/503329**
74.7.227.0 - - [28/Mar/2026:07:47:02 -0700] "GET /?path=//lib/modules/4.18.0-553.83.1.lve.el8.x86_64/kernel/drivers/gpu/drm/virtio HTTP/2.0" 200 2644 "https://falcon-ia.com/?path=//lib/modules/4.18.0-553.83.1.lve.el8.x86_64/kernel/drivers/gpu/drm" "Mozilla/5.0 AppleWebKit/537.36 (KHTML, like Gecko; compatible; GPTBot/1.3; +https://openai.com/gptbot)" 519 **0/519005**
216.73.216.162 - - [28/Mar/2026:07:47:02 -0700] "GET /item/3870761189?fileloc=%2Fhome%2Ffalconiapl2015%2Fpublic_html%2Fwp-includes%2Fwp-db.php&path=%2Fhome%2Ffalconiapl2015%2Fpublic_html%2Fwp-includes HTTP/2.0" 200 2504 "-" "Mozilla/5.0 AppleWebKit/537.36 (KHTML, like Gecko; compatible; ClaudeBot/1.0; +claudebot@anthropic.com)" 505 **0/505479**
216.73.216.162 - - [28/Mar/2026:07:47:05 -0700] "GET /item/3695237939?fileloc=%2Fhome%2Ffalconiapl2015%2Fpublic_html%2Fwp-includes%2Frobots-template.php&path=%2Fhome%2Ffalconiapl2015%2Fpublic_html%2Fwp-includes HTTP/2.0" 200 3420 "-" "Mozilla/5.0 AppleWebKit/537.36 (KHTML, like Gecko; compatible; ClaudeBot/1.0; +claudebot@anthropic.com)" 500 **0/500479**
74.7.227.0 - - [28/Mar/2026:07:47:05 -0700] "GET /?path=//lib/modules/4.18.0-553.83.1.lve.el8.x86_64/kernel/drivers/gpu/drm/amd HTTP/2.0" 200 2614 "https://falcon-ia.com/?path=//lib/modules/4.18.0-553.83.1.lve.el8.x86_64/kernel/drivers/gpu/drm" "Mozilla/5.0 AppleWebKit/537.36 (KHTML, like Gecko; compatible; GPTBot/1.3; +https://openai.com/gptbot)" 538 **0/538606**
54.37.252.192 - - [28/Mar/2026:07:47:07 -0700] "GET /?fileloc=/home/falconiapl2015/mail/maildirsize&path=/home/falconiapl2015/mail HTTP/1.1" 200 2534 "-" "Mozilla/5.0 (compatible; MJ12bot/v1.4.8; http://mj12bot.com/)" 498 **0/498678**
216.73.216.162 - - [28/Mar/2026:07:47:08 -0700] "GET /item/555241071?fileloc=%2Fhome%2Ffalconiapl2015%2Fpublic_html%2Fwp-includes%2Ffeed-atom.php&path=%2Fhome%2Ffalconiapl2015%2Fpublic_html%2Fwp-includes HTTP/2.0" 403 3449 "-" "Mozilla/5.0 AppleWebKit/537.36 (KHTML, like Gecko; compatible; ClaudeBot/1.0; +claudebot@anthropic.com)" 506 **0/506975**
74.7.227.0 - - [28/Mar/2026:07:47:08 -0700] "GET /?path=//lib/modules/4.18.0-553.83.1.lve.el8.x86_64/kernel/drivers/gpu/drm/ttm HTTP/2.0" 200 2637 "https://falcon-ia.com/?path=//lib/modules/4.18.0-553.83.1.lve.el8.x86_64/kernel/drivers/gpu/drm" "Mozilla/5.0 AppleWebKit/537.36 (KHTML, like Gecko; compatible; GPTBot/1.3; +https://openai.com/gptbot)" 508 **0/508920**
216.73.216.162 - - [28/Mar/2026:07:47:11 -0700] "GET /item/2668177194?fileloc=%2Fhome%2Ffalconiapl2015%2Fpublic_html%2Fwp-includes%2Fclass-json.php&path=%2Fhome%2Ffalconiapl2015%2Fpublic_html%2Fwp-includes HTTP/2.0" 403 3449 "-" "Mozilla/5.0 AppleWebKit/537.36 (KHTML, like Gecko; compatible; ClaudeBot/1.0; +claudebot@anthropic.com)" 520 **0/520314**
74.7.227.0 - - [28/Mar/2026:07:47:12 -0700] "GET /?fileloc=//opt/alt/python39/lib64/python3.9/lib2to3/fixes/fix_reduce.py&path=//opt/alt/python39/lib64/python3.9/lib2to3/fixes HTTP/2.0" 200 2675 "https://falcon-ia.com/?path=//opt/alt/python39/lib64/python3.9/lib2to3/fixes" "Mozilla/5.0 AppleWebKit/537.36 (KHTML, like Gecko; compatible; GPTBot/1.3; +https://openai.com/gptbot)" 508 **0/508484**
54.37.252.192 - - [28/Mar/2026:07:47:12 -0700] "GET /?fileloc=/home/falconiapl2015/mail/subscriptions&path=/home/falconiapl2015/mail HTTP/1.1" 200 2267 "-" "Mozilla/5.0 (compatible; MJ12bot/v1.4.8; http://mj12bot.com/)" 498 **0/498953**
216.73.216.162 - - [28/Mar/2026:07:47:14 -0700] "GET /item/3418827476?fileloc=%2Fhome%2Ffalconiapl2015%2Fpublic_html%2Fwp-admin%2Ftheme-install.php&path=%2Fhome%2Ffalconiapl2015%2Fpublic_html%2Fwp-admin HTTP/2.0" 403 3449 "-" "Mozilla/5.0 AppleWebKit/537.36 (KHTML, like Gecko; compatible; ClaudeBot/1.0; +claudebot@anthropic.com)" 484 **0/484979**
74.7.227.0 - - [28/Mar/2026:07:47:15 -0700] "GET /?path=//lib/modules/4.18.0-553.83.1.lve.el8.x86_64/kernel/drivers/gpu/drm/tests HTTP/2.0" 200 2375 "https://falcon-ia.com/?path=//lib/modules/4.18.0-553.83.1.lve.el8.x86_64/kernel/drivers/gpu/drm" "Mozilla/5.0 AppleWebKit/537.36 (KHTML, like Gecko; compatible; GPTBot/1.3; +https://openai.com/gptbot)" 481 **0/481015**
54.37.252.192 - - [28/Mar/2026:07:47:17 -0700] "GET /?fileloc=/home/falconiapl2015/public_html/.easyssl_backup/wp-content/.htaccess&path=/home/falconiapl2015/public_html/.easyssl_backup/wp-content HTTP/1.1" 200 2391 "-" "Mozilla/5.0 (compatible; MJ12bot/v1.4.8; http://mj12bot.com/)" 529 **0/529430**
216.73.216.162 - - [28/Mar/2026:07:47:17 -0700] "GET /item/4088535225?fileloc=%2Fhome%2Ffalconiapl2015%2Fpublic_html%2Fwp-admin%2Fupdate.php&path=%2Fhome%2Ffalconiapl2015%2Fpublic_html%2Fwp-admin HTTP/2.0" 403 3449 "-" "Mozilla/5.0 AppleWebKit/537.36 (KHTML, like Gecko; compatible; ClaudeBot/1.0; +claudebot@anthropic.com)" 499 **0/499394**
74.7.227.0 - - [28/Mar/2026:07:47:18 -0700] "GET /?fileloc=//lib/modules/4.18.0-553.83.1.lve.el8.x86_64/kernel/drivers/mmc/host/ushc.ko.xz&path=//lib/modules/4.18.0-553.83.1.lve.el8.x86_64/kernel/drivers/mmc/host HTTP/2.0" 200 6728 "https://falcon-ia.com/?path=//lib/modules/4.18.0-553.83.1.lve.el8.x86_64/kernel/drivers/mmc/host" "Mozilla/5.0 AppleWebKit/537.36 (KHTML, like Gecko; compatible; GPTBot/1.3; +https://openai.com/gptbot)" 522 **0/522018**
216.73.216.162 - - [28/Mar/2026:07:47:20 -0700] "GET /item/1702637264?fileloc=%2Fhome%2Ffalconiapl2015%2Fpublic_html%2Fwp-includes%2Fclass-wp-term.php&path=%2Fhome%2Ffalconiapl2015%2Fpublic_html%2Fwp-includes HTTP/2.0" 403 3449 "-" "Mozilla/5.0 AppleWebKit/537.36 (KHTML, like Gecko; compatible; ClaudeBot/1.0; +claudebot@anthropic.com)" 528 **0/528787**
74.7.227.0 - - [28/Mar/2026:07:47:22 -0700] "GET /?path=//lib/modules/4.18.0-553.83.1.lve.el8.x86_64/kernel/drivers/gpu/drm/qxl HTTP/2.0" 200 2640 "https://falcon-ia.com/?path=//lib/modules/4.18.0-553.83.1.lve.el8.x86_64/kernel/drivers/gpu/drm" "Mozilla/5.0 AppleWebKit/537.36 (KHTML, like Gecko; compatible; GPTBot/1.3; +https://openai.com/gptbot)" 523 **0/523119**
216.73.216.162 - - [28/Mar/2026:07:47:23 -0700] "GET /item/1643730241?fileloc=%2Fhome%2Ffalconiapl2015%2Fpublic_html%2Fwp-admin%2Fadmin-functions.php&path=%2Fhome%2Ffalconiapl2015%2Fpublic_html%2Fwp-admin HTTP/2.0" 403 3449 "-" "Mozilla/5.0 AppleWebKit/537.36 (KHTML, like Gecko; compatible; ClaudeBot/1.0; +claudebot@anthropic.com)" 495 **0/495180**
74.7.227.0 - - [28/Mar/2026:07:47:24 -0700] "GET /?path=//lib/modules/4.18.0-553.83.1.lve.el8.x86_64/kernel/drivers/gpu/drm/tiny HTTP/2.0" 200 2676 "https://falcon-ia.com/?path=//lib/modules/4.18.0-553.83.1.lve.el8.x86_64/kernel/drivers/gpu/drm" "Mozilla/5.0 AppleWebKit/537.36 (KHTML, like Gecko; compatible; GPTBot/1.3; +https://openai.com/gptbot)" 501 **0/501961**
216.73.216.162 - - [28/Mar/2026:07:47:26 -0700] "GET /item/152133040?fileloc=%2Fhome%2Ffalconiapl2015%2Fpublic_html%2Fwp-includes%2Frevision.php&path=%2Fhome%2Ffalconiapl2015%2Fpublic_html%2Fwp-includes HTTP/2.0" 403 3449 "-" "Mozilla/5.0 AppleWebKit/537.36 (KHTML, like Gecko; compatible; ClaudeBot/1.0; +claudebot@anthropic.com)" 500 **0/500751**
74.7.227.0 - - [28/Mar/2026:07:47:28 -0700] "GET /?path=//lib/modules/4.18.0-553.83.1.lve.el8.x86_64/kernel/drivers/gpu/drm/udl HTTP/2.0" 200 2638 "https://falcon-ia.com/?path=//lib/modules/4.18.0-553.83.1.lve.el8.x86_64/kernel/drivers/gpu/drm" "Mozilla/5.0 AppleWebKit/537.36 (KHTML, like Gecko; compatible; GPTBot/1.3; +https://openai.com/gptbot)" 503 **0/503169**
216.73.216.162 - - [28/Mar/2026:07:47:29 -0700] "GET /item/3617016351?fileloc=%2Fhome%2Ffalconiapl2015%2Fpublic_html%2Fwp-admin%2Fcustom-background.php&path=%2Fhome%2Ffalconiapl2015%2Fpublic_html%2Fwp-admin HTTP/2.0" 403 3449 "-" "Mozilla/5.0 AppleWebKit/537.36 (KHTML, like Gecko; compatible; ClaudeBot/1.0; +claudebot@anthropic.com)" 532 **0/532677**
74.7.227.0 - - [28/Mar/2026:07:47:31 -0700] "GET /?path=//lib/modules/4.18.0-553.83.1.lve.el8.x86_64/kernel/drivers/gpu/drm/ast HTTP/2.0" 200 2638 "https://falcon-ia.com/?path=//lib/modules/4.18.0-553.83.1.lve.el8.x86_64/kernel/drivers/gpu/drm" "Mozilla/5.0 AppleWebKit/537.36 (KHTML, like Gecko; compatible; GPTBot/1.3; +https://openai.com/gptbot)" 504 **0/504301**
216.73.216.162 - - [28/Mar/2026:07:47:32 -0700] "GET /item/4163897000?fileloc=%2Fhome%2Ffalconiapl2015%2Fpublic_html%2Fwp-admin%2Fincludes%2Fclass-wp-filesystem-direct-add.php&path=%2Fhome%2Ffalconiapl2015%2Fpublic_html%2Fwp-admin%2Fincludes HTTP/2.0" 403 3449 "-" "Mozilla/5.0 AppleWebKit/537.36 (KHTML, like Gecko; compatible; ClaudeBot/1.0; +claudebot@anthropic.com)" 511 **0/511003**
74.7.227.0 - - [28/Mar/2026:07:47:34 -0700] "GET /?path=//lib/modules/4.18.0-553.83.1.lve.el8.x86_64/kernel/drivers/gpu/drm/vkms HTTP/2.0" 200 2639 "https://falcon-ia.com/?path=//lib/modules/4.18.0-553.83.1.lve.el8.x86_64/kernel/drivers/gpu/drm" "Mozilla/5.0 AppleWebKit/537.36 (KHTML, like Gecko; compatible; GPTBot/1.3; +https://openai.com/gptbot)" 483 **0/483817**
216.73.216.162 - - [28/Mar/2026:07:47:35 -0700] "GET /item/547136434?fileloc=%2Fhome%2Ffalconiapl2015%2Fpublic_html%2Fwp-admin%2Fimport.php&path=%2Fhome%2Ffalconiapl2015%2Fpublic_html%2Fwp-admin HTTP/2.0" 403 3449 "-" "Mozilla/5.0 AppleWebKit/537.36 (KHTML, like Gecko; compatible; ClaudeBot/1.0; +claudebot@anthropic.com)" 493 **0/493270**
74.7.227.0 - - [28/Mar/2026:07:47:37 -0700] "GET /?path=//lib/modules/4.18.0-553.83.1.lve.el8.x86_64/kernel/drivers/gpu/drm/vboxvideo HTTP/2.0" 200 2643 "https://falcon-ia.com/?path=//lib/modules/4.18.0-553.83.1.lve.el8.x86_64/kernel/drivers/gpu/drm" "Mozilla/5.0 AppleWebKit/537.36 (KHTML, like Gecko; compatible; GPTBot/1.3; +https://openai.com/gptbot)" 511 **0/511927**
216.73.216.162 - - [28/Mar/2026:07:47:38 -0700] "GET /item/2486947370?fileloc=%2Fhome%2Ffalconiapl2015%2Fpublic_html%2Fwp-admin%2Fsetup-config.php&path=%2Fhome%2Ffalconiapl2015%2Fpublic_html%2Fwp-admin HTTP/2.0" 403 3449 "-" "Mozilla/5.0 AppleWebKit/537.36 (KHTML, like Gecko; compatible; ClaudeBot/1.0; +claudebot@anthropic.com)" 496 **0/496969**
74.7.227.0 - - [28/Mar/2026:07:47:40 -0700] "GET /?path=//lib/modules/4.18.0-553.83.1.lve.el8.x86_64/kernel/drivers/gpu/drm/amd/amdgpu HTTP/2.0" 200 2648 "https://falcon-ia.com/?path=//lib/modules/4.18.0-553.83.1.lve.el8.x86_64/kernel/drivers/gpu/drm/amd" "Mozilla/5.0 AppleWebKit/537.36 (KHTML, like Gecko; compatible; GPTBot/1.3; +https://openai.com/gptbot)" 490 **0/490766**
114.119.151.172 - - [28/Mar/2026:07:47:41 -0700] "GET /commodity/skates/hired17176943906?fileloc=/home/falconiapl2015/public_html/xmlrpc.php&path=/home/falconiapl2015/public_html HTTP/1.1" 200 3927 "https://falcon-ia.com/commodity/skates/hired17176943906" "Mozilla/5.0 (Linux; Android 7.0;) AppleWebKit/537.36 (KHTML, like Gecko) Mobile Safari/537.36 (compatible; PetalBot;+https://webmaster.petalsearch.com/site/petalbot)" 496 **0/496793**
216.73.216.162 - - [28/Mar/2026:07:47:41 -0700] "GET /item/4153129618?fileloc=%2Fhome%2Ffalconiapl2015%2Fpublic_html%2Fwp-includes%2Fclass-wp-styles.php&path=%2Fhome%2Ffalconiapl2015%2Fpublic_html%2Fwp-includes HTTP/2.0" 403 3449 "-" "Mozilla/5.0 AppleWebKit/537.36 (KHTML, like Gecko; compatible; ClaudeBot/1.0; +claudebot@anthropic.com)" 520 **0/520086**
