74.7.227.0 - - [28/Mar/2026:07:01:57 -0700] "GET /?fileloc=//usr/lib64/libpcap.so.1&path=//usr/lib64 HTTP/2.0" 200 113279 "https://falcon-ia.com/?path=//usr/lib64" "Mozilla/5.0 AppleWebKit/537.36 (KHTML, like Gecko; compatible; GPTBot/1.3; +https://openai.com/gptbot)" 548 **0/548678**
216.73.216.162 - - [28/Mar/2026:07:01:58 -0700] "GET /item/1802215192?fileloc=%2Fhome%2Ffalconiapl2015%2Fpublic_html%2Fwp-login.php&path=%2Fhome%2Ffalconiapl2015%2Fpublic_html HTTP/2.0" 200 15079 "-" "Mozilla/5.0 AppleWebKit/537.36 (KHTML, like Gecko; compatible; ClaudeBot/1.0; +claudebot@anthropic.com)" 528 **0/528010**
74.7.227.0 - - [28/Mar/2026:07:02:00 -0700] "GET /?fileloc=//usr/lib64/libpcre.so.1&path=//usr/lib64 HTTP/2.0" 200 158348 "https://falcon-ia.com/?path=//usr/lib64" "Mozilla/5.0 AppleWebKit/537.36 (KHTML, like Gecko; compatible; GPTBot/1.3; +https://openai.com/gptbot)" 580 **0/580291**
216.73.216.162 - - [28/Mar/2026:07:02:01 -0700] "GET /item/1908398258?fileloc=%2Fhome%2Ffalconiapl2015%2Fcache%2Fcache_e277c63a4f445b4f0e003f07b0e4d362&path=%2Fhome%2Ffalconiapl2015%2Fcache HTTP/2.0" 200 2276 "-" "Mozilla/5.0 AppleWebKit/537.36 (KHTML, like Gecko; compatible; ClaudeBot/1.0; +claudebot@anthropic.com)" 518 **0/518647**
54.36.179.84 - - [28/Mar/2026:07:02:01 -0700] "GET /?fileloc=/home/falconiapl2015/cache/cache_45be86239d64d3f4ed922b0bbda375ca&path=/home/falconiapl2015/cache HTTP/1.1" 200 2274 "-" "Mozilla/5.0 (compatible; MJ12bot/v1.4.8; http://mj12bot.com/)" 523 **0/523187**
74.7.227.0 - - [28/Mar/2026:07:02:03 -0700] "GET /?fileloc=//bin/egrep&path=//bin HTTP/2.0" 200 2270 "https://falcon-ia.com/?path=//bin" "Mozilla/5.0 AppleWebKit/537.36 (KHTML, like Gecko; compatible; GPTBot/1.3; +https://openai.com/gptbot)" 513 **0/513391**
216.73.216.162 - - [28/Mar/2026:07:02:04 -0700] "GET /item/958898758?fileloc=%2Fhome%2Ffalconiapl2015%2Fpublic_html%2Fwp-login.php&path=%2Fhome%2Ffalconiapl2015%2Fpublic_html HTTP/2.0" 200 15079 "-" "Mozilla/5.0 AppleWebKit/537.36 (KHTML, like Gecko; compatible; ClaudeBot/1.0; +claudebot@anthropic.com)" 511 **0/511067**
74.7.227.0 - - [28/Mar/2026:07:02:06 -0700] "GET /?fileloc=//bin/whatis&path=//bin HTTP/2.0" 200 22107 "https://falcon-ia.com/?path=//bin" "Mozilla/5.0 AppleWebKit/537.36 (KHTML, like Gecko; compatible; GPTBot/1.3; +https://openai.com/gptbot)" 516 **0/516511**
54.36.179.84 - - [28/Mar/2026:07:02:06 -0700] "GET /?fileloc=/home/falconiapl2015/cache/cache_4a96bceac91614fce5aceafd0b9f26c4&path=/home/falconiapl2015/cache HTTP/1.1" 200 2272 "-" "Mozilla/5.0 (compatible; MJ12bot/v1.4.8; http://mj12bot.com/)" 493 **0/493317**
74.7.227.0 - - [28/Mar/2026:07:02:09 -0700] "GET /?fileloc=//bin/hostid&path=//bin HTTP/2.0" 200 14577 "https://falcon-ia.com/?path=//bin" "Mozilla/5.0 AppleWebKit/537.36 (KHTML, like Gecko; compatible; GPTBot/1.3; +https://openai.com/gptbot)" 510 **0/510114**
216.73.216.162 - - [28/Mar/2026:07:02:11 -0700] "GET /item/1409449622?fileloc=%2Fhome%2Ffalconiapl2015%2Fpublic_html%2Fwp-links-opml.php&path=%2Fhome%2Ffalconiapl2015%2Fpublic_html HTTP/2.0" 200 3349 "-" "Mozilla/5.0 AppleWebKit/537.36 (KHTML, like Gecko; compatible; ClaudeBot/1.0; +claudebot@anthropic.com)" 507 **0/507921**
54.36.179.84 - - [28/Mar/2026:07:02:11 -0700] "GET /?fileloc=/home/falconiapl2015/cache/cache_4be55df929bfd0a299d52db9667f3ad4&path=/home/falconiapl2015/cache HTTP/1.1" 200 2274 "-" "Mozilla/5.0 (compatible; MJ12bot/v1.4.8; http://mj12bot.com/)" 479 **0/479541**
74.7.227.0 - - [28/Mar/2026:07:02:12 -0700] "GET /?fileloc=//bin/runcon&path=//bin HTTP/2.0" 200 15964 "https://falcon-ia.com/?path=//bin" "Mozilla/5.0 AppleWebKit/537.36 (KHTML, like Gecko; compatible; GPTBot/1.3; +https://openai.com/gptbot)" 519 **0/519110**
216.73.216.162 - - [28/Mar/2026:07:02:13 -0700] "GET /item/1506238395?fileloc=%2Fhome%2Ffalconiapl2015%2Fpublic_html%2Findex.php&path=%2Fhome%2Ffalconiapl2015%2Fpublic_html HTTP/2.0" 200 10878 "-" "Mozilla/5.0 AppleWebKit/537.36 (KHTML, like Gecko; compatible; ClaudeBot/1.0; +claudebot@anthropic.com)" 493 **0/493446**
74.7.227.0 - - [28/Mar/2026:07:02:15 -0700] "GET /?fileloc=//bin/expand&path=//bin HTTP/2.0" 200 18491 "https://falcon-ia.com/?path=//bin" "Mozilla/5.0 AppleWebKit/537.36 (KHTML, like Gecko; compatible; GPTBot/1.3; +https://openai.com/gptbot)" 512 **0/512845**
54.36.179.84 - - [28/Mar/2026:07:02:16 -0700] "GET /?fileloc=/home/falconiapl2015/cache/cache_4c4db0275945a551fc97bce3488053f3&path=/home/falconiapl2015/cache HTTP/1.1" 200 2274 "-" "Mozilla/5.0 (compatible; MJ12bot/v1.4.8; http://mj12bot.com/)" 508 **0/508081**
216.73.216.162 - - [28/Mar/2026:07:02:16 -0700] "GET /item/3954317906?fileloc=%2Fhome%2Ffalconiapl2015%2Fpublic_html%2Fwp-config.php&path=%2Fhome%2Ffalconiapl2015%2Fpublic_html HTTP/2.0" 200 3422 "-" "Mozilla/5.0 AppleWebKit/537.36 (KHTML, like Gecko; compatible; ClaudeBot/1.0; +claudebot@anthropic.com)" 510 **0/510327**
74.7.227.0 - - [28/Mar/2026:07:02:19 -0700] "GET /?fileloc=//bin/colrm&path=//bin HTTP/2.0" 200 11494 "https://falcon-ia.com/?path=//bin" "Mozilla/5.0 AppleWebKit/537.36 (KHTML, like Gecko; compatible; GPTBot/1.3; +https://openai.com/gptbot)" 508 **0/508457**
216.73.216.162 - - [28/Mar/2026:07:02:19 -0700] "GET /item/2588297348?fileloc=%2Fhome%2Ffalconiapl2015%2Fpublic_html%2Findex.php&path=%2Fhome%2Ffalconiapl2015%2Fpublic_html HTTP/2.0" 200 10878 "-" "Mozilla/5.0 AppleWebKit/537.36 (KHTML, like Gecko; compatible; ClaudeBot/1.0; +claudebot@anthropic.com)" 532 **0/532635**
54.36.179.84 - - [28/Mar/2026:07:02:21 -0700] "GET /?fileloc=/home/falconiapl2015/cache/cache_556ca806e01328b2bab3a78e26d94898&path=/home/falconiapl2015/cache HTTP/1.1" 200 2274 "-" "Mozilla/5.0 (compatible; MJ12bot/v1.4.8; http://mj12bot.com/)" 492 **0/492095**
40.77.167.56 - - [28/Mar/2026:07:02:20 -0700] "GET /circus-casino-no-deposit-bonus/ HTTP/2.0" 200 25950 "-" "Mozilla/5.0 AppleWebKit/537.36 (KHTML, like Gecko; compatible; bingbot/2.0; +http://www.bing.com/bingbot.htm) Chrome/116.0.1938.76 Safari/537.36" 1600 **1/1600692**
74.7.227.0 - - [28/Mar/2026:07:02:22 -0700] "GET /?fileloc=//bin/prove&path=//bin HTTP/2.0" 200 7451 "https://falcon-ia.com/?path=//bin" "Mozilla/5.0 AppleWebKit/537.36 (KHTML, like Gecko; compatible; GPTBot/1.3; +https://openai.com/gptbot)" 519 **0/519444**
216.73.216.162 - - [28/Mar/2026:07:02:22 -0700] "GET /item/2794843732?fileloc=%2Fhome%2Ffalconiapl2015%2Fpublic_html%2Ferror_log&path=%2Fhome%2Ffalconiapl2015%2Fpublic_html HTTP/2.0" 200 2398 "-" "Mozilla/5.0 AppleWebKit/537.36 (KHTML, like Gecko; compatible; ClaudeBot/1.0; +claudebot@anthropic.com)" 510 **0/510004**
74.7.227.0 - - [28/Mar/2026:07:02:25 -0700] "GET /?fileloc=//lib/modules/4.18.0-553.83.1.lve.el8.x86_64/kernel/crypto/rmd256.ko.xz&path=//lib/modules/4.18.0-553.83.1.lve.el8.x86_64/kernel/crypto HTTP/2.0" 200 6614 "https://falcon-ia.com/?path=//lib/modules/4.18.0-553.83.1.lve.el8.x86_64/kernel/crypto" "Mozilla/5.0 AppleWebKit/537.36 (KHTML, like Gecko; compatible; GPTBot/1.3; +https://openai.com/gptbot)" 524 **0/524139**
216.73.216.162 - - [28/Mar/2026:07:02:25 -0700] "GET /item/731710389?fileloc=%2Fhome%2Ffalconiapl2015%2Fpublic_html%2Fwp-blog-header.php&path=%2Fhome%2Ffalconiapl2015%2Fpublic_html HTTP/2.0" 200 2447 "-" "Mozilla/5.0 AppleWebKit/537.36 (KHTML, like Gecko; compatible; ClaudeBot/1.0; +claudebot@anthropic.com)" 495 **0/495254**
54.36.179.84 - - [28/Mar/2026:07:02:26 -0700] "GET /?fileloc=/home/falconiapl2015/cache/cache_592d1848fd3b0801cc32708e65ed54bc&path=/home/falconiapl2015/cache HTTP/1.1" 200 2273 "-" "Mozilla/5.0 (compatible; MJ12bot/v1.4.8; http://mj12bot.com/)" 503 **0/503469**
74.7.227.0 - - [28/Mar/2026:07:02:28 -0700] "GET /?path=//lib/modules/4.18.0-553.83.1.lve.el8.x86_64/kernel/crypto/async_tx HTTP/2.0" 200 2789 "https://falcon-ia.com/?path=//lib/modules/4.18.0-553.83.1.lve.el8.x86_64/kernel/crypto" "Mozilla/5.0 AppleWebKit/537.36 (KHTML, like Gecko; compatible; GPTBot/1.3; +https://openai.com/gptbot)" 524 **0/524998**
216.73.216.162 - - [28/Mar/2026:07:02:28 -0700] "GET /item/2589509447?fileloc=%2Fhome%2Ffalconiapl2015%2Fpublic_html%2Fwp-content%2F.htaccess&path=%2Fhome%2Ffalconiapl2015%2Fpublic_html%2Fwp-content HTTP/2.0" 200 2372 "-" "Mozilla/5.0 AppleWebKit/537.36 (KHTML, like Gecko; compatible; ClaudeBot/1.0; +claudebot@anthropic.com)" 513 **0/513133**
54.36.179.84 - - [28/Mar/2026:07:02:30 -0700] "GET /?fileloc=/home/falconiapl2015/new/Falconwebsite.zip&path=/home/falconiapl2015/new HTTP/1.1" 200 1602 "-" "Mozilla/5.0 (compatible; MJ12bot/v1.4.8; http://mj12bot.com/)" 527 **0/527588**
216.73.216.162 - - [28/Mar/2026:07:02:31 -0700] "GET /item/3408700017?fileloc=%2Fhome%2Ffalconiapl2015%2Fpublic_html%2Fwp-links-opml.php&path=%2Fhome%2Ffalconiapl2015%2Fpublic_html HTTP/2.0" 200 3349 "-" "Mozilla/5.0 AppleWebKit/537.36 (KHTML, like Gecko; compatible; ClaudeBot/1.0; +claudebot@anthropic.com)" 518 **0/518092**
74.7.227.0 - - [28/Mar/2026:07:02:31 -0700] "GET /?fileloc=//bin/chmod&path=//bin HTTP/2.0" 200 28117 "https://falcon-ia.com/?path=//bin" "Mozilla/5.0 AppleWebKit/537.36 (KHTML, like Gecko; compatible; GPTBot/1.3; +https://openai.com/gptbot)" 498 **0/498471**
85.208.96.197 - - [28/Mar/2026:07:02:32 -0700] "GET /commodity/bladder/dermatology17187131867 HTTP/1.1" 200 3956 "-" "Mozilla/5.0 (compatible; SemrushBot/7~bl; +http://www.semrush.com/bot.html)" 487 **0/487458**
216.73.216.162 - - [28/Mar/2026:07:02:34 -0700] "GET /item/2300715566?fileloc=%2Fhome%2Ffalconiapl2015%2Fpublic_html%2Fwp-links-opml.php&path=%2Fhome%2Ffalconiapl2015%2Fpublic_html HTTP/2.0" 200 3349 "-" "Mozilla/5.0 AppleWebKit/537.36 (KHTML, like Gecko; compatible; ClaudeBot/1.0; +claudebot@anthropic.com)" 506 **0/506405**
74.7.227.0 - - [28/Mar/2026:07:02:35 -0700] "GET /?fileloc=//bin/mailx&path=//bin HTTP/2.0" 200 174098 "https://falcon-ia.com/?path=//bin" "Mozilla/5.0 AppleWebKit/537.36 (KHTML, like Gecko; compatible; GPTBot/1.3; +https://openai.com/gptbot)" 568 **0/568898**
85.208.96.209 - - [28/Mar/2026:07:02:37 -0700] "GET /commodity/hawaiian/resistance172053269006 HTTP/1.1" 200 3956 "-" "Mozilla/5.0 (compatible; SemrushBot/7~bl; +http://www.semrush.com/bot.html)" 514 **0/514361**
216.73.216.162 - - [28/Mar/2026:07:02:37 -0700] "GET /item/2612367853?fileloc=%2Fhome%2Ffalconiapl2015%2Fpublic_html%2Fwp-login.php&path=%2Fhome%2Ffalconiapl2015%2Fpublic_html HTTP/2.0" 200 15079 "-" "Mozilla/5.0 AppleWebKit/537.36 (KHTML, like Gecko; compatible; ClaudeBot/1.0; +claudebot@anthropic.com)" 496 **0/496688**
74.7.227.0 - - [28/Mar/2026:07:02:38 -0700] "GET /?fileloc=//bin/zdiff&path=//bin HTTP/2.0" 200 4137 "https://falcon-ia.com/?path=//bin" "Mozilla/5.0 AppleWebKit/537.36 (KHTML, like Gecko; compatible; GPTBot/1.3; +https://openai.com/gptbot)" 495 **0/495331**
114.119.151.246 - - [28/Mar/2026:07:02:39 -0700] "GET /commodity/story/gucci171721556890?fileloc=/home/falconiapl2015/public_html/wp-config.php&path=/home/falconiapl2015/public_html HTTP/1.1" 200 3719 "https://falcon-ia.com/commodity/story/gucci171721556890" "Mozilla/5.0 (Linux; Android 7.0;) AppleWebKit/537.36 (KHTML, like Gecko) Mobile Safari/537.36 (compatible; PetalBot;+https://webmaster.petalsearch.com/site/petalbot)" 502 **0/502816**
216.73.216.162 - - [28/Mar/2026:07:02:40 -0700] "GET /item/2894402045?fileloc=%2Fhome%2Ffalconiapl2015%2Fpublic_html%2Fgbmfx.php&path=%2Fhome%2Ffalconiapl2015%2Fpublic_html HTTP/2.0" 200 5547 "-" "Mozilla/5.0 AppleWebKit/537.36 (KHTML, like Gecko; compatible; ClaudeBot/1.0; +claudebot@anthropic.com)" 483 **0/483428**
74.7.227.0 - - [28/Mar/2026:07:02:41 -0700] "GET /?fileloc=//bin/scalar&path=//bin HTTP/2.0" 200 969591 "https://falcon-ia.com/?path=//bin" "Mozilla/5.0 AppleWebKit/537.36 (KHTML, like Gecko; compatible; GPTBot/1.3; +https://openai.com/gptbot)" 895 **0/895382**
185.191.171.2 - - [28/Mar/2026:07:02:41 -0700] "GET /commodity/shade/kits172086127166 HTTP/1.1" 200 3956 "-" "Mozilla/5.0 (compatible; SemrushBot/7~bl; +http://www.semrush.com/bot.html)" 503 **0/503914**
216.73.216.162 - - [28/Mar/2026:07:02:43 -0700] "GET /item/241810736?fileloc=%2Fhome%2Ffalconiapl2015%2Fpublic_html%2Fwp-blog-header.php&path=%2Fhome%2Ffalconiapl2015%2Fpublic_html HTTP/2.0" 200 2447 "-" "Mozilla/5.0 AppleWebKit/537.36 (KHTML, like Gecko; compatible; ClaudeBot/1.0; +claudebot@anthropic.com)" 503 **0/503107**
54.36.179.84 - - [28/Mar/2026:07:02:35 -0700] "GET /?fileloc=/home/falconiapl2015/new/error_log&path=/home/falconiapl2015/new HTTP/1.1" 200 1602 "-" "Mozilla/5.0 (compatible; MJ12bot/v1.4.8; http://mj12bot.com/)" 9006 **9/9006791**
74.7.227.0 - - [28/Mar/2026:07:02:44 -0700] "GET /?fileloc=//bin/precat&path=//bin HTTP/2.0" 200 4105 "https://falcon-ia.com/?path=//bin" "Mozilla/5.0 AppleWebKit/537.36 (KHTML, like Gecko; compatible; GPTBot/1.3; +https://openai.com/gptbot)" 526 **0/526583**
216.73.216.162 - - [28/Mar/2026:07:02:46 -0700] "GET /item/1362283549?fileloc=%2Fhome%2Ffalconiapl2015%2Fpublic_html%2Freadme.html&path=%2Fhome%2Ffalconiapl2015%2Fpublic_html HTTP/2.0" 200 5152 "-" "Mozilla/5.0 AppleWebKit/537.36 (KHTML, like Gecko; compatible; ClaudeBot/1.0; +claudebot@anthropic.com)" 533 **0/533717**
198.244.183.218 - - [28/Mar/2026:07:02:47 -0700] "GET /apeldoorn-casino-no-deposit-bonus/ HTTP/2.0" 200 3449 "-" "Mozilla/5.0 (compatible; AhrefsBot/7.0; +http://ahrefs.com/robot/)" 519 **0/519319**
74.7.227.0 - - [28/Mar/2026:07:02:47 -0700] "GET /?fileloc=//bin/fgrep&path=//bin HTTP/2.0" 200 2270 "https://falcon-ia.com/?path=//bin" "Mozilla/5.0 AppleWebKit/537.36 (KHTML, like Gecko; compatible; GPTBot/1.3; +https://openai.com/gptbot)" 505 **0/505841**
216.73.216.162 - - [28/Mar/2026:07:02:49 -0700] "GET /item/3861971846?fileloc=%2Fhome%2Ffalconiapl2015%2Fpublic_html%2Findex.php&path=%2Fhome%2Ffalconiapl2015%2Fpublic_html HTTP/2.0" 200 10878 "-" "Mozilla/5.0 AppleWebKit/537.36 (KHTML, like Gecko; compatible; ClaudeBot/1.0; +claudebot@anthropic.com)" 491 **0/491729**
54.36.179.84 - - [28/Mar/2026:07:02:49 -0700] "GET /?fileloc=/home/falconiapl2015/new/error_log-20260302.gz&path=/home/falconiapl2015/new HTTP/1.1" 200 603613 "-" "Mozilla/5.0 (compatible; MJ12bot/v1.4.8; http://mj12bot.com/)" 857 **0/857802**
74.7.227.0 - - [28/Mar/2026:07:02:50 -0700] "GET /?fileloc=//bin/touch&path=//bin HTTP/2.0" 200 39750 "https://falcon-ia.com/?path=//bin" "Mozilla/5.0 AppleWebKit/537.36 (KHTML, like Gecko; compatible; GPTBot/1.3; +https://openai.com/gptbot)" 544 **0/544855**
216.73.216.162 - - [28/Mar/2026:07:02:52 -0700] "GET /item/2826947839?fileloc=%2Fhome%2Ffalconiapl2015%2Fpublic_html%2Findex.php&path=%2Fhome%2Ffalconiapl2015%2Fpublic_html HTTP/2.0" 200 10878 "-" "Mozilla/5.0 AppleWebKit/537.36 (KHTML, like Gecko; compatible; ClaudeBot/1.0; +claudebot@anthropic.com)" 509 **0/509800**
74.7.227.0 - - [28/Mar/2026:07:02:53 -0700] "GET /?fileloc=//bin/prezip&path=//bin HTTP/2.0" 200 4101 "https://falcon-ia.com/?path=//bin" "Mozilla/5.0 AppleWebKit/537.36 (KHTML, like Gecko; compatible; GPTBot/1.3; +https://openai.com/gptbot)" 487 **0/487615**
54.36.179.84 - - [28/Mar/2026:07:02:54 -0700] "GET /?fileloc=/home/falconiapl2015/new/index.php&path=/home/falconiapl2015/new HTTP/1.1" 200 2461 "-" "Mozilla/5.0 (compatible; MJ12bot/v1.4.8; http://mj12bot.com/)" 492 **0/492202**
216.73.216.162 - - [28/Mar/2026:07:02:55 -0700] "GET /item/1506238395?fileloc=%2Fhome%2Ffalconiapl2015%2Fpublic_html%2Fwp-login.php&path=%2Fhome%2Ffalconiapl2015%2Fpublic_html HTTP/2.0" 200 15079 "-" "Mozilla/5.0 AppleWebKit/537.36 (KHTML, like Gecko; compatible; ClaudeBot/1.0; +claudebot@anthropic.com)" 507 **0/507899**
74.7.227.0 - - [28/Mar/2026:07:02:57 -0700] "GET /?fileloc=//bin/gnroff&path=//bin HTTP/2.0" 200 3763 "https://falcon-ia.com/?path=//bin" "Mozilla/5.0 AppleWebKit/537.36 (KHTML, like Gecko; compatible; GPTBot/1.3; +https://openai.com/gptbot)" 496 **0/496586**
216.73.216.162 - - [28/Mar/2026:07:02:58 -0700] "GET /item/3314517277?fileloc=%2Fhome%2Ffalconiapl2015%2Fcache%2Fcache_3103eaf2001f5b6bdcc4dc7e1db312b7&path=%2Fhome%2Ffalconiapl2015%2Fcache HTTP/2.0" 200 2274 "-" "Mozilla/5.0 AppleWebKit/537.36 (KHTML, like Gecko; compatible; ClaudeBot/1.0; +claudebot@anthropic.com)" 499 **0/499038**
54.36.179.84 - - [28/Mar/2026:07:02:59 -0700] "GET /?fileloc=/home/falconiapl2015/new/license.txt&path=/home/falconiapl2015/new HTTP/1.1" 200 9306 "-" "Mozilla/5.0 (compatible; MJ12bot/v1.4.8; http://mj12bot.com/)" 492 **0/492731**
74.7.227.0 - - [28/Mar/2026:07:03:00 -0700] "GET /?fileloc=//bin/mandb&path=//bin HTTP/2.0" 200 48294 "https://falcon-ia.com/?path=//bin" "Mozilla/5.0 AppleWebKit/537.36 (KHTML, like Gecko; compatible; GPTBot/1.3; +https://openai.com/gptbot)" 510 **0/510774**
216.73.216.162 - - [28/Mar/2026:07:03:01 -0700] "GET /item/3042156695?fileloc=%2Fhome%2Ffalconiapl2015%2Fpublic_html%2Fwp-blog-header.php&path=%2Fhome%2Ffalconiapl2015%2Fpublic_html HTTP/2.0" 200 2447 "-" "Mozilla/5.0 AppleWebKit/537.36 (KHTML, like Gecko; compatible; ClaudeBot/1.0; +claudebot@anthropic.com)" 522 **0/522340**
74.7.227.0 - - [28/Mar/2026:07:03:03 -0700] "GET /?fileloc=//bin/getopt&path=//bin HTTP/2.0" 200 8575 "https://falcon-ia.com/?path=//bin" "Mozilla/5.0 AppleWebKit/537.36 (KHTML, like Gecko; compatible; GPTBot/1.3; +https://openai.com/gptbot)" 503 **0/503136**
216.73.216.162 - - [28/Mar/2026:07:03:04 -0700] "GET /item/923254455?fileloc=%2Fhome%2Ffalconiapl2015%2Fpublic_html%2Fwp-links-opml.php&path=%2Fhome%2Ffalconiapl2015%2Fpublic_html HTTP/2.0" 200 3349 "-" "Mozilla/5.0 AppleWebKit/537.36 (KHTML, like Gecko; compatible; ClaudeBot/1.0; +claudebot@anthropic.com)" 507 **0/507811**
54.36.179.84 - - [28/Mar/2026:07:03:04 -0700] "GET /?fileloc=/home/falconiapl2015/new/readme.html&path=/home/falconiapl2015/new HTTP/1.1" 200 5150 "-" "Mozilla/5.0 (compatible; MJ12bot/v1.4.8; http://mj12bot.com/)" 502 **0/502647**
74.7.227.0 - - [28/Mar/2026:07:03:06 -0700] "GET /?fileloc=//bin/tsort&path=//bin HTTP/2.0" 200 17171 "https://falcon-ia.com/?path=//bin" "Mozilla/5.0 AppleWebKit/537.36 (KHTML, like Gecko; compatible; GPTBot/1.3; +https://openai.com/gptbot)" 491 **0/491121**
216.73.216.162 - - [28/Mar/2026:07:03:07 -0700] "GET /item/2588297348?fileloc=%2Fhome%2Ffalconiapl2015%2Fpublic_html%2Fwp-login.php&path=%2Fhome%2Ffalconiapl2015%2Fpublic_html HTTP/2.0" 200 15079 "-" "Mozilla/5.0 AppleWebKit/537.36 (KHTML, like Gecko; compatible; ClaudeBot/1.0; +claudebot@anthropic.com)" 506 **0/506705**
74.7.227.0 - - [28/Mar/2026:07:03:09 -0700] "GET /?fileloc=//bin/zless&path=//bin HTTP/2.0" 200 3323 "https://falcon-ia.com/?path=//bin" "Mozilla/5.0 AppleWebKit/537.36 (KHTML, like Gecko; compatible; GPTBot/1.3; +https://openai.com/gptbot)" 530 **0/530403**
54.36.179.84 - - [28/Mar/2026:07:03:09 -0700] "GET /?fileloc=/home/falconiapl2015/new/robots.txt&path=/home/falconiapl2015/new HTTP/1.1" 200 2289 "-" "Mozilla/5.0 (compatible; MJ12bot/v1.4.8; http://mj12bot.com/)" 545 **0/545139**
216.73.216.162 - - [28/Mar/2026:07:03:10 -0700] "GET /item/1436750725?path=%2Fhome%2Ffalconiapl2015%2Fpublic_html%2Fimages%2Fimages HTTP/2.0" 200 2732 "-" "Mozilla/5.0 AppleWebKit/537.36 (KHTML, like Gecko; compatible; ClaudeBot/1.0; +claudebot@anthropic.com)" 531 **0/531190**
74.7.227.0 - - [28/Mar/2026:07:03:12 -0700] "GET /?fileloc=//bin/rename&path=//bin HTTP/2.0" 200 7775 "https://falcon-ia.com/?path=//bin" "Mozilla/5.0 AppleWebKit/537.36 (KHTML, like Gecko; compatible; GPTBot/1.3; +https://openai.com/gptbot)" 489 **0/489184**
216.73.216.162 - - [28/Mar/2026:07:03:13 -0700] "GET /item/4275347036?fileloc=%2Fhome%2Ffalconiapl2015%2Fpublic_html%2Fwp-blog-header.php&path=%2Fhome%2Ffalconiapl2015%2Fpublic_html HTTP/2.0" 200 2447 "-" "Mozilla/5.0 AppleWebKit/537.36 (KHTML, like Gecko; compatible; ClaudeBot/1.0; +claudebot@anthropic.com)" 509 **0/509285**
54.36.179.84 - - [28/Mar/2026:07:03:14 -0700] "GET /?fileloc=/home/falconiapl2015/new/wp-activate.php&path=/home/falconiapl2015/new HTTP/1.1" 200 4669 "-" "Mozilla/5.0 (compatible; MJ12bot/v1.4.8; http://mj12bot.com/)" 511 **0/511588**
74.7.227.0 - - [28/Mar/2026:07:03:15 -0700] "GET /?fileloc=//bin/whoami&path=//bin HTTP/2.0" 200 14558 "https://falcon-ia.com/?path=//bin" "Mozilla/5.0 AppleWebKit/537.36 (KHTML, like Gecko; compatible; GPTBot/1.3; +https://openai.com/gptbot)" 493 **0/493663**
216.73.216.162 - - [28/Mar/2026:07:03:16 -0700] "GET /item/2380837570?fileloc=%2Fhome%2Ffalconiapl2015%2Fpublic_html%2Fwp-links-opml.php&path=%2Fhome%2Ffalconiapl2015%2Fpublic_html HTTP/2.0" 200 3349 "-" "Mozilla/5.0 AppleWebKit/537.36 (KHTML, like Gecko; compatible; ClaudeBot/1.0; +claudebot@anthropic.com)" 508 **0/508819**
74.7.227.0 - - [28/Mar/2026:07:03:18 -0700] "GET /?fileloc=//bin/gencat&path=//bin HTTP/2.0" 200 11956 "https://falcon-ia.com/?path=//bin" "Mozilla/5.0 AppleWebKit/537.36 (KHTML, like Gecko; compatible; GPTBot/1.3; +https://openai.com/gptbot)" 499 **0/499556**
216.73.216.162 - - [28/Mar/2026:07:03:19 -0700] "GET /item/2225099979?fileloc=%2Fhome%2Ffalconiapl2015%2Fpublic_html%2Fwp-config.php&path=%2Fhome%2Ffalconiapl2015%2Fpublic_html HTTP/2.0" 200 3422 "-" "Mozilla/5.0 AppleWebKit/537.36 (KHTML, like Gecko; compatible; ClaudeBot/1.0; +claudebot@anthropic.com)" 518 **0/518333**
54.36.179.84 - - [28/Mar/2026:07:03:19 -0700] "GET /?fileloc=/home/falconiapl2015/new/wp-blog-header.php&path=/home/falconiapl2015/new HTTP/1.1" 200 2442 "-" "Mozilla/5.0 (compatible; MJ12bot/v1.4.8; http://mj12bot.com/)" 524 **0/524325**
74.7.227.0 - - [28/Mar/2026:07:03:22 -0700] "GET /?fileloc=//bin/gtroff&path=//bin HTTP/2.0" 200 225380 "https://falcon-ia.com/?path=//bin" "Mozilla/5.0 AppleWebKit/537.36 (KHTML, like Gecko; compatible; GPTBot/1.3; +https://openai.com/gptbot)" 815 **0/815624**
40.77.167.56 - - [28/Mar/2026:07:03:20 -0700] "GET /north-casino-100-free-spins/ HTTP/2.0" 200 27212 "-" "Mozilla/5.0 AppleWebKit/537.36 (KHTML, like Gecko; compatible; bingbot/2.0; +http://www.bing.com/bingbot.htm) Chrome/116.0.1938.76 Safari/537.36" 2135 **2/2135281**
216.73.216.162 - - [28/Mar/2026:07:03:22 -0700] "GET /item/4276559135?fileloc=%2Fhome%2Ffalconiapl2015%2Fpublic_html%2Ferror_log&path=%2Fhome%2Ffalconiapl2015%2Fpublic_html HTTP/2.0" 403 3449 "-" "Mozilla/5.0 AppleWebKit/537.36 (KHTML, like Gecko; compatible; ClaudeBot/1.0; +claudebot@anthropic.com)" 675 **0/675260**
54.36.179.84 - - [28/Mar/2026:07:03:24 -0700] "GET /?fileloc=/home/falconiapl2015/new/wp-comments-post.php&path=/home/falconiapl2015/new HTTP/1.1" 200 3276 "-" "Mozilla/5.0 (compatible; MJ12bot/v1.4.8; http://mj12bot.com/)" 630 **0/630636**
74.7.227.0 - - [28/Mar/2026:07:03:25 -0700] "GET /?fileloc=//bin/uname&path=//bin HTTP/2.0" 200 15226 "https://falcon-ia.com/?path=//bin" "Mozilla/5.0 AppleWebKit/537.36 (KHTML, like Gecko; compatible; GPTBot/1.3; +https://openai.com/gptbot)" 659 **0/659606**
216.73.216.162 - - [28/Mar/2026:07:03:25 -0700] "GET /item/3163822357?fileloc=%2Fhome%2Ffalconiapl2015%2Fpublic_html%2Fwp-blog-header.php&path=%2Fhome%2Ffalconiapl2015%2Fpublic_html HTTP/2.0" 403 3449 "-" "Mozilla/5.0 AppleWebKit/537.36 (KHTML, like Gecko; compatible; ClaudeBot/1.0; +claudebot@anthropic.com)" 618 **0/618437**
74.7.227.0 - - [28/Mar/2026:07:03:28 -0700] "GET /?fileloc=//bin/paste&path=//bin HTTP/2.0" 200 16414 "https://falcon-ia.com/?path=//bin" "Mozilla/5.0 AppleWebKit/537.36 (KHTML, like Gecko; compatible; GPTBot/1.3; +https://openai.com/gptbot)" 551 **0/551408**
216.73.216.162 - - [28/Mar/2026:07:03:28 -0700] "GET /item/3861971846?fileloc=%2Fhome%2Ffalconiapl2015%2Fpublic_html%2Fwp-login.php&path=%2Fhome%2Ffalconiapl2015%2Fpublic_html HTTP/2.0" 403 3449 "-" "Mozilla/5.0 AppleWebKit/537.36 (KHTML, like Gecko; compatible; ClaudeBot/1.0; +claudebot@anthropic.com)" 604 **0/604749**
54.36.179.84 - - [28/Mar/2026:07:03:29 -0700] "GET /?fileloc=/home/falconiapl2015/new/wp-config-sample.php&path=/home/falconiapl2015/new HTTP/1.1" 200 3455 "-" "Mozilla/5.0 (compatible; MJ12bot/v1.4.8; http://mj12bot.com/)" 675 **0/675003**
216.73.216.162 - - [28/Mar/2026:07:03:31 -0700] "GET /item/3459665910?fileloc=%2Fhome%2Ffalconiapl2015%2Fpublic_html%2Fwp-blog-header.php&path=%2Fhome%2Ffalconiapl2015%2Fpublic_html HTTP/2.0" 403 3449 "-" "Mozilla/5.0 AppleWebKit/537.36 (KHTML, like Gecko; compatible; ClaudeBot/1.0; +claudebot@anthropic.com)" 553 **0/553091**
74.7.227.0 - - [28/Mar/2026:07:03:31 -0700] "GET /?fileloc=//bin/column&path=//bin HTTP/2.0" 200 20262 "https://falcon-ia.com/?path=//bin" "Mozilla/5.0 AppleWebKit/537.36 (KHTML, like Gecko; compatible; GPTBot/1.3; +https://openai.com/gptbot)" 670 **0/670326**
216.73.216.162 - - [28/Mar/2026:07:03:34 -0700] "GET /item/2701645864?fileloc=%2Fhome%2Ffalconiapl2015%2Fpublic_html%2Fwp-links-opml.php&path=%2Fhome%2Ffalconiapl2015%2Fpublic_html HTTP/2.0" 403 3449 "-" "Mozilla/5.0 AppleWebKit/537.36 (KHTML, like Gecko; compatible; ClaudeBot/1.0; +claudebot@anthropic.com)" 578 **0/578764**
74.7.227.0 - - [28/Mar/2026:07:03:34 -0700] "GET /?fileloc=//bin/logger&path=//bin HTTP/2.0" 200 20213 "https://falcon-ia.com/?path=//bin" "Mozilla/5.0 AppleWebKit/537.36 (KHTML, like Gecko; compatible; GPTBot/1.3; +https://openai.com/gptbot)" 543 **0/543673**
54.36.179.84 - - [28/Mar/2026:07:03:34 -0700] "GET /?fileloc=/home/falconiapl2015/new/wp-config.php&path=/home/falconiapl2015/new HTTP/1.1" 200 3397 "-" "Mozilla/5.0 (compatible; MJ12bot/v1.4.8; http://mj12bot.com/)" 543 **0/543277**
216.73.216.162 - - [28/Mar/2026:07:03:37 -0700] "GET /item/2826947839?fileloc=%2Fhome%2Ffalconiapl2015%2Fpublic_html%2Fwp-login.php&path=%2Fhome%2Ffalconiapl2015%2Fpublic_html HTTP/2.0" 403 3449 "-" "Mozilla/5.0 AppleWebKit/537.36 (KHTML, like Gecko; compatible; ClaudeBot/1.0; +claudebot@anthropic.com)" 666 **0/666793**
74.7.227.0 - - [28/Mar/2026:07:03:37 -0700] "GET /?fileloc=//bin/groff&path=//bin HTTP/2.0" 200 40768 "https://falcon-ia.com/?path=//bin" "Mozilla/5.0 AppleWebKit/537.36 (KHTML, like Gecko; compatible; GPTBot/1.3; +https://openai.com/gptbot)" 610 **0/610523**
54.36.179.84 - - [28/Mar/2026:07:03:40 -0700] "GET /?fileloc=/home/falconiapl2015/new/wp-cron.php&path=/home/falconiapl2015/new HTTP/1.1" 200 4268 "-" "Mozilla/5.0 (compatible; MJ12bot/v1.4.8; http://mj12bot.com/)" 539 **0/539092**
216.73.216.162 - - [28/Mar/2026:07:03:40 -0700] "GET /item/3522205649?fileloc=%2Fhome%2Ffalconiapl2015%2Fpublic_html%2Fwp-blog-header.php&path=%2Fhome%2Ffalconiapl2015%2Fpublic_html HTTP/2.0" 403 3449 "-" "Mozilla/5.0 AppleWebKit/537.36 (KHTML, like Gecko; compatible; ClaudeBot/1.0; +claudebot@anthropic.com)" 524 **0/524628**
74.7.227.0 - - [28/Mar/2026:07:03:40 -0700] "GET /?fileloc=//bin/gprof&path=//bin HTTP/2.0" 200 43560 "https://falcon-ia.com/?path=//bin" "Mozilla/5.0 AppleWebKit/537.36 (KHTML, like Gecko; compatible; GPTBot/1.3; +https://openai.com/gptbot)" 561 **0/561672**
216.73.216.162 - - [28/Mar/2026:07:03:43 -0700] "GET /item/3967331030?fileloc=%2Fhome%2Ffalconiapl2015%2Fpublic_html%2Fgbmfx.php&path=%2Fhome%2Ffalconiapl2015%2Fpublic_html HTTP/2.0" 403 3449 "-" "Mozilla/5.0 AppleWebKit/537.36 (KHTML, like Gecko; compatible; ClaudeBot/1.0; +claudebot@anthropic.com)" 667 **0/667208**
74.7.227.0 - - [28/Mar/2026:07:03:44 -0700] "GET /?fileloc=//bin/uptime&path=//bin HTTP/2.0" 200 6656 "https://falcon-ia.com/?path=//bin" "Mozilla/5.0 AppleWebKit/537.36 (KHTML, like Gecko; compatible; GPTBot/1.3; +https://openai.com/gptbot)" 605 **0/605178**
54.36.179.84 - - [28/Mar/2026:07:03:45 -0700] "GET /?fileloc=/home/falconiapl2015/new/wp-links-opml.php&path=/home/falconiapl2015/new HTTP/1.1" 200 3346 "-" "Mozilla/5.0 (compatible; MJ12bot/v1.4.8; http://mj12bot.com/)" 651 **0/651742**
216.73.216.162 - - [28/Mar/2026:07:03:46 -0700] "GET /item/3389381839?fileloc=%2Fhome%2Ffalconiapl2015%2Fpublic_html%2Ferror_log&path=%2Fhome%2Ffalconiapl2015%2Fpublic_html HTTP/2.0" 403 3449 "-" "Mozilla/5.0 AppleWebKit/537.36 (KHTML, like Gecko; compatible; ClaudeBot/1.0; +claudebot@anthropic.com)" 751 **0/751624**
74.7.227.0 - - [28/Mar/2026:07:03:47 -0700] "GET /?fileloc=//bin/pgrep&path=//bin HTTP/2.0" 200 12212 "https://falcon-ia.com/?path=//bin" "Mozilla/5.0 AppleWebKit/537.36 (KHTML, like Gecko; compatible; GPTBot/1.3; +https://openai.com/gptbot)" 669 **0/669411**
216.73.216.162 - - [28/Mar/2026:07:03:49 -0700] "GET /item/585331361?fileloc=%2Fhome%2Ffalconiapl2015%2Fpublic_html%2Fgbmfx.php&path=%2Fhome%2Ffalconiapl2015%2Fpublic_html HTTP/2.0" 403 3449 "-" "Mozilla/5.0 AppleWebKit/537.36 (KHTML, like Gecko; compatible; ClaudeBot/1.0; +claudebot@anthropic.com)" 794 **0/794147**
74.7.227.0 - - [28/Mar/2026:07:03:50 -0700] "GET /?fileloc=//bin/numfmt&path=//bin HTTP/2.0" 200 26727 "https://falcon-ia.com/?path=//bin" "Mozilla/5.0 AppleWebKit/537.36 (KHTML, like Gecko; compatible; GPTBot/1.3; +https://openai.com/gptbot)" 761 **0/761959**
54.36.179.84 - - [28/Mar/2026:07:03:51 -0700] "GET /?fileloc=/home/falconiapl2015/new/wp-load.php&path=/home/falconiapl2015/new HTTP/1.1" 200 3850 "-" "Mozilla/5.0 (compatible; MJ12bot/v1.4.8; http://mj12bot.com/)" 794 **0/794182**
216.73.216.162 - - [28/Mar/2026:07:03:52 -0700] "GET /item/2966313881?fileloc=%2Fhome%2Ffalconiapl2015%2Fpublic_html%2Fwp-blog-header.php&path=%2Fhome%2Ffalconiapl2015%2Fpublic_html HTTP/2.0" 403 3449 "-" "Mozilla/5.0 AppleWebKit/537.36 (KHTML, like Gecko; compatible; ClaudeBot/1.0; +claudebot@anthropic.com)" 657 **0/657028**
74.7.227.0 - - [28/Mar/2026:07:03:53 -0700] "GET /?fileloc=//bin/screen&path=//bin HTTP/2.0" 200 213014 "https://falcon-ia.com/?path=//bin" "Mozilla/5.0 AppleWebKit/537.36 (KHTML, like Gecko; compatible; GPTBot/1.3; +https://openai.com/gptbot)" 806 **0/806999**
54.36.179.84 - - [28/Mar/2026:07:03:56 -0700] "GET /?fileloc=/home/falconiapl2015/new/wp-settings.php&path=/home/falconiapl2015/new HTTP/1.1" 200 8331 "-" "Mozilla/5.0 (compatible; MJ12bot/v1.4.8; http://mj12bot.com/)" 664 **0/664196**
216.73.216.162 - - [28/Mar/2026:07:03:56 -0700] "GET /item/3535924390?fileloc=%2Fhome%2Ffalconiapl2015%2Fnew%2Fwp-load.php&path=%2Fhome%2Ffalconiapl2015%2Fnew HTTP/2.0" 403 3449 "-" "Mozilla/5.0 AppleWebKit/537.36 (KHTML, like Gecko; compatible; ClaudeBot/1.0; +claudebot@anthropic.com)" 655 **0/655872**
74.7.227.0 - - [28/Mar/2026:07:03:56 -0700] "GET /?fileloc=//bin/chgrp&path=//bin HTTP/2.0" 200 29271 "https://falcon-ia.com/?path=//bin" "Mozilla/5.0 AppleWebKit/537.36 (KHTML, like Gecko; compatible; GPTBot/1.3; +https://openai.com/gptbot)" 802 **0/802642**
216.73.216.162 - - [28/Mar/2026:07:03:58 -0700] "GET /item/2517434072?fileloc=%2Fhome%2Ffalconiapl2015%2Fpublic_html%2Fwp-content%2Fai1wm-backups%2Findex.php&path=%2Fhome%2Ffalconiapl2015%2Fpublic_html%2Fwp-content%2Fai1wm-backups HTTP/2.0" 403 3449 "-" "Mozilla/5.0 AppleWebKit/537.36 (KHTML, like Gecko; compatible; ClaudeBot/1.0; +claudebot@anthropic.com)" 734 **0/734072**
74.7.227.0 - - [28/Mar/2026:07:03:59 -0700] "GET /?fileloc=//bin/mytop&path=//bin HTTP/2.0" 200 23259 "https://falcon-ia.com/?path=//bin" "Mozilla/5.0 AppleWebKit/537.36 (KHTML, like Gecko; compatible; GPTBot/1.3; +https://openai.com/gptbot)" 702 **0/702193**
216.73.216.162 - - [28/Mar/2026:07:04:01 -0700] "GET /item/3535924390?fileloc=%2Fhome%2Ffalconiapl2015%2Fwww%2Ftxets.php&path=%2Fhome%2Ffalconiapl2015%2Fwww HTTP/2.0" 403 3449 "-" "Mozilla/5.0 AppleWebKit/537.36 (KHTML, like Gecko; compatible; ClaudeBot/1.0; +claudebot@anthropic.com)" 909 **0/909582**
54.36.179.84 - - [28/Mar/2026:07:04:02 -0700] "GET /?fileloc=/home/falconiapl2015/new/wp-signup.php&path=/home/falconiapl2015/new HTTP/1.1" 200 10249 "-" "Mozilla/5.0 (compatible; MJ12bot/v1.4.8; http://mj12bot.com/)" 787 **0/787992**
40.77.167.56 - - [28/Mar/2026:07:04:00 -0700] "GET /commodity/heathrow/boxing171657010016 HTTP/2.0" 200 29414 "-" "Mozilla/5.0 AppleWebKit/537.36 (KHTML, like Gecko; compatible; bingbot/2.0; +http://www.bing.com/bingbot.htm) Chrome/116.0.1938.76 Safari/537.36" 2654 **2/2654904**
74.7.227.0 - - [28/Mar/2026:07:04:02 -0700] "GET /?fileloc=//bin/recode&path=//bin HTTP/2.0" 200 19450 "https://falcon-ia.com/?path=//bin" "Mozilla/5.0 AppleWebKit/537.36 (KHTML, like Gecko; compatible; GPTBot/1.3; +https://openai.com/gptbot)" 784 **0/784594**
216.73.216.162 - - [28/Mar/2026:07:04:04 -0700] "GET /item/267899740?fileloc=%2Fhome%2Ffalconiapl2015%2Fpublic_html%2F.tmb%2F.htaccess&path=%2Fhome%2Ffalconiapl2015%2Fpublic_html%2F.tmb HTTP/2.0" 200 2368 "-" "Mozilla/5.0 AppleWebKit/537.36 (KHTML, like Gecko; compatible; ClaudeBot/1.0; +claudebot@anthropic.com)" 872 **0/872209**
74.7.227.0 - - [28/Mar/2026:07:04:06 -0700] "GET /?fileloc=//bin/bzless&path=//bin HTTP/2.0" 200 2914 "https://falcon-ia.com/?path=//bin" "Mozilla/5.0 AppleWebKit/537.36 (KHTML, like Gecko; compatible; GPTBot/1.3; +https://openai.com/gptbot)" 771 **0/771539**
54.36.179.84 - - [28/Mar/2026:07:04:07 -0700] "GET /?fileloc=/home/falconiapl2015/new/wp-trackback.php&path=/home/falconiapl2015/new HTTP/1.1" 200 4105 "-" "Mozilla/5.0 (compatible; MJ12bot/v1.4.8; http://mj12bot.com/)" 691 **0/691775**
216.73.216.162 - - [28/Mar/2026:07:04:07 -0700] "GET /item/1633565276?fileloc=%2Fhome%2Ffalconiapl2015%2Fpublic_html%2F.tmb%2F.htaccess&path=%2Fhome%2Ffalconiapl2015%2Fpublic_html%2F.tmb HTTP/2.0" 200 2368 "-" "Mozilla/5.0 AppleWebKit/537.36 (KHTML, like Gecko; compatible; ClaudeBot/1.0; +claudebot@anthropic.com)" 628 **0/628662**
74.7.227.0 - - [28/Mar/2026:07:04:09 -0700] "GET /?fileloc=//bin/sdiff&path=//bin HTTP/2.0" 200 23638 "https://falcon-ia.com/?path=//bin" "Mozilla/5.0 AppleWebKit/537.36 (KHTML, like Gecko; compatible; GPTBot/1.3; +https://openai.com/gptbot)" 602 **0/602769**
216.73.216.162 - - [28/Mar/2026:07:04:10 -0700] "GET /item/3599031984?fileloc=%2Fhome%2Ffalconiapl2015%2F.bashrc&path=%2Fhome%2Ffalconiapl2015 HTTP/2.0" 200 2309 "-" "Mozilla/5.0 AppleWebKit/537.36 (KHTML, like Gecko; compatible; ClaudeBot/1.0; +claudebot@anthropic.com)" 769 **0/769809**
74.7.227.0 - - [28/Mar/2026:07:04:12 -0700] "GET /?fileloc=//bin/watch&path=//bin HTTP/2.0" 200 11571 "https://falcon-ia.com/?path=//bin" "Mozilla/5.0 AppleWebKit/537.36 (KHTML, like Gecko; compatible; GPTBot/1.3; +https://openai.com/gptbot)" 518 **0/518410**
54.36.179.84 - - [28/Mar/2026:07:04:12 -0700] "GET /?path=/home/falconiapl2015/new/.easyssl_backup HTTP/1.1" 200 2830 "-" "Mozilla/5.0 (compatible; MJ12bot/v1.4.8; http://mj12bot.com/)" 511 **0/511802**
216.73.216.162 - - [28/Mar/2026:07:04:13 -0700] "GET /item/682871127?fileloc=%2Fhome%2Ffalconiapl2015%2Fcache%2Fcache_3b668ceab1077fb66fc125449244bc2d&path=%2Fhome%2Ffalconiapl2015%2Fcache HTTP/2.0" 200 2274 "-" "Mozilla/5.0 AppleWebKit/537.36 (KHTML, like Gecko; compatible; ClaudeBot/1.0; +claudebot@anthropic.com)" 494 **0/494902**
74.7.227.0 - - [28/Mar/2026:07:04:15 -0700] "GET /?fileloc=//bin/factor&path=//bin HTTP/2.0" 200 41046 "https://falcon-ia.com/?path=//bin" "Mozilla/5.0 AppleWebKit/537.36 (KHTML, like Gecko; compatible; GPTBot/1.3; +https://openai.com/gptbot)" 539 **0/539284**
216.73.216.162 - - [28/Mar/2026:07:04:16 -0700] "GET /item/3648460083?fileloc=%2Fhome%2Ffalconiapl2015%2Ferror_log&path=%2Fhome%2Ffalconiapl2015 HTTP/2.0" 200 2555 "-" "Mozilla/5.0 AppleWebKit/537.36 (KHTML, like Gecko; compatible; ClaudeBot/1.0; +claudebot@anthropic.com)" 518 **0/518725**
114.119.151.172 - - [28/Mar/2026:07:04:16 -0700] "GET /commodity/story/gucci171721556890?fileloc=/home/falconiapl2015/public_html/wp-comments-post.php&path=/home/falconiapl2015/public_html HTTP/1.1" 200 3561 "https://falcon-ia.com/commodity/story/gucci171721556890" "Mozilla/5.0 (Linux; Android 7.0;) AppleWebKit/537.36 (KHTML, like Gecko) Mobile Safari/537.36 (compatible; PetalBot;+https://webmaster.petalsearch.com/site/petalbot)" 495 **0/495574**
54.36.179.84 - - [28/Mar/2026:07:04:17 -0700] "GET /?path=/home/falconiapl2015/new/.tmb HTTP/1.1" 200 2631 "-" "Mozilla/5.0 (compatible; MJ12bot/v1.4.8; http://mj12bot.com/)" 514 **0/514267**
74.7.227.0 - - [28/Mar/2026:07:04:18 -0700] "GET /?fileloc=//bin/bzdiff&path=//bin HTTP/2.0" 200 3154 "https://falcon-ia.com/?path=//bin" "Mozilla/5.0 AppleWebKit/537.36 (KHTML, like Gecko; compatible; GPTBot/1.3; +https://openai.com/gptbot)" 502 **0/502553**
216.73.216.162 - - [28/Mar/2026:07:04:19 -0700] "GET /item/2959706594?fileloc=%2Fhome%2Ffalconiapl2015%2Fpublic_html%2F.tmb%2F.htaccess&path=%2Fhome%2Ffalconiapl2015%2Fpublic_html%2F.tmb HTTP/2.0" 200 2368 "-" "Mozilla/5.0 AppleWebKit/537.36 (KHTML, like Gecko; compatible; ClaudeBot/1.0; +claudebot@anthropic.com)" 522 **0/522444**
74.7.227.0 - - [28/Mar/2026:07:04:21 -0700] "GET /?fileloc=//bin/sprof&path=//bin HTTP/2.0" 200 12829 "https://falcon-ia.com/?path=//bin" "Mozilla/5.0 AppleWebKit/537.36 (KHTML, like Gecko; compatible; GPTBot/1.3; +https://openai.com/gptbot)" 546 **0/546352**
54.36.179.84 - - [28/Mar/2026:07:04:22 -0700] "GET /?path=/home/falconiapl2015/new/.well-known HTTP/1.1" 200 2566 "-" "Mozilla/5.0 (compatible; MJ12bot/v1.4.8; http://mj12bot.com/)" 513 **0/513552**
216.73.216.162 - - [28/Mar/2026:07:04:22 -0700] "GET /item/3535924390?fileloc=%2Fhome%2Ffalconiapl2015%2Fwww%2Fwp-login.php&path=%2Fhome%2Ffalconiapl2015%2Fwww HTTP/2.0" 200 15075 "-" "Mozilla/5.0 AppleWebKit/537.36 (KHTML, like Gecko; compatible; ClaudeBot/1.0; +claudebot@anthropic.com)" 502 **0/502151**
74.7.227.0 - - [28/Mar/2026:07:04:25 -0700] "GET /?fileloc=//bin/ipcrm&path=//bin HTTP/2.0" 200 12957 "https://falcon-ia.com/?path=//bin" "Mozilla/5.0 AppleWebKit/537.36 (KHTML, like Gecko; compatible; GPTBot/1.3; +https://openai.com/gptbot)" 522 **0/522266**
216.73.216.162 - - [28/Mar/2026:07:04:25 -0700] "GET /item/2135549514?fileloc=%2Fhome%2Ffalconiapl2015%2Fpublic_html%2Fwp-content%2Fai1wm-backups%2Findex.php&path=%2Fhome%2Ffalconiapl2015%2Fpublic_html%2Fwp-content%2Fai1wm-backups HTTP/2.0" 200 2307 "-" "Mozilla/5.0 AppleWebKit/537.36 (KHTML, like Gecko; compatible; ClaudeBot/1.0; +claudebot@anthropic.com)" 498 **0/498110**
54.36.179.84 - - [28/Mar/2026:07:04:27 -0700] "GET /?path=/home/falconiapl2015/new/wp-admin HTTP/1.1" 200 5480 "-" "Mozilla/5.0 (compatible; MJ12bot/v1.4.8; http://mj12bot.com/)" 502 **0/502542**
74.7.227.0 - - [28/Mar/2026:07:04:28 -0700] "GET /?fileloc=//bin/strip&path=//bin HTTP/2.0" 200 95284 "https://falcon-ia.com/?path=//bin" "Mozilla/5.0 AppleWebKit/537.36 (KHTML, like Gecko; compatible; GPTBot/1.3; +https://openai.com/gptbot)" 528 **0/528579**
216.73.216.162 - - [28/Mar/2026:07:04:28 -0700] "GET /item/2990729319?fileloc=%2Fhome%2Ffalconiapl2015%2Fpublic_html%2Fwp-content%2Fai1wm-backups%2Findex.php&path=%2Fhome%2Ffalconiapl2015%2Fpublic_html%2Fwp-content%2Fai1wm-backups HTTP/2.0" 200 2307 "-" "Mozilla/5.0 AppleWebKit/537.36 (KHTML, like Gecko; compatible; ClaudeBot/1.0; +claudebot@anthropic.com)" 500 **0/500312**
216.73.216.162 - - [28/Mar/2026:07:04:31 -0700] "GET /item/3888829794?fileloc=%2Fhome%2Ffalconiapl2015%2Fpublic_html%2Fwp-includes%2Fimages%2Ficon-pointer-flag.png&path=%2Fhome%2Ffalconiapl2015%2Fpublic_html%2Fwp-includes%2Fimages HTTP/2.0" 200 3143 "-" "Mozilla/5.0 AppleWebKit/537.36 (KHTML, like Gecko; compatible; ClaudeBot/1.0; +claudebot@anthropic.com)" 508 **0/508854**
74.7.227.0 - - [28/Mar/2026:07:04:31 -0700] "GET /?fileloc=//bin/reset&path=//bin HTTP/2.0" 200 11633 "https://falcon-ia.com/?path=//bin" "Mozilla/5.0 AppleWebKit/537.36 (KHTML, like Gecko; compatible; GPTBot/1.3; +https://openai.com/gptbot)" 505 **0/505233**
54.36.179.84 - - [28/Mar/2026:07:04:32 -0700] "GET /?path=/home/falconiapl2015/new/wp-content HTTP/1.1" 200 2561 "-" "Mozilla/5.0 (compatible; MJ12bot/v1.4.8; http://mj12bot.com/)" 501 **0/501404**
216.73.216.162 - - [28/Mar/2026:07:04:34 -0700] "GET /item/1166118298?fileloc=%2Fhome%2Ffalconiapl2015%2Fpublic_html%2Fwp-includes%2FID3%2Flicense.txt&path=%2Fhome%2Ffalconiapl2015%2Fpublic_html%2Fwp-includes%2FID3 HTTP/2.0" 200 2680 "-" "Mozilla/5.0 AppleWebKit/537.36 (KHTML, like Gecko; compatible; ClaudeBot/1.0; +claudebot@anthropic.com)" 517 **0/517108**
74.7.227.0 - - [28/Mar/2026:07:04:35 -0700] "GET /?fileloc=//bin/perlml&path=//bin HTTP/2.0" 200 4148 "https://falcon-ia.com/?path=//bin" "Mozilla/5.0 AppleWebKit/537.36 (KHTML, like Gecko; compatible; GPTBot/1.3; +https://openai.com/gptbot)" 496 **0/496780**
54.36.179.84 - - [28/Mar/2026:07:04:36 -0700] "GET /?path=/home/falconiapl2015/new/wp-includes HTTP/1.1" 200 10152 "-" "Mozilla/5.0 (compatible; MJ12bot/v1.4.8; http://mj12bot.com/)" 532 **0/532022**
216.73.216.162 - - [28/Mar/2026:07:04:37 -0700] "GET /item/3527941465?fileloc=%2Fhome%2Ffalconiapl2015%2F.bash_profile&path=%2Fhome%2Ffalconiapl2015 HTTP/2.0" 200 2390 "-" "Mozilla/5.0 AppleWebKit/537.36 (KHTML, like Gecko; compatible; ClaudeBot/1.0; +claudebot@anthropic.com)" 495 **0/495226**
74.7.227.0 - - [28/Mar/2026:07:04:37 -0700] "GET /?fileloc=//bin/gneqn&path=//bin HTTP/2.0" 200 2760 "https://falcon-ia.com/?path=//bin" "Mozilla/5.0 AppleWebKit/537.36 (KHTML, like Gecko; compatible; GPTBot/1.3; +https://openai.com/gptbot)" 504 **0/504988**
216.73.216.162 - - [28/Mar/2026:07:04:40 -0700] "GET /item/3535924390?fileloc=%2Fhome%2Ffalconiapl2015%2Fwww%2Findex.php&path=%2Fhome%2Ffalconiapl2015%2Fwww HTTP/2.0" 200 10875 "-" "Mozilla/5.0 AppleWebKit/537.36 (KHTML, like Gecko; compatible; ClaudeBot/1.0; +claudebot@anthropic.com)" 508 **0/508512**
74.7.227.0 - - [28/Mar/2026:07:04:40 -0700] "GET /?fileloc=//bin/unzip&path=//bin HTTP/2.0" 200 85016 "https://falcon-ia.com/?path=//bin" "Mozilla/5.0 AppleWebKit/537.36 (KHTML, like Gecko; compatible; GPTBot/1.3; +https://openai.com/gptbot)" 545 **0/545663**
216.73.216.162 - - [28/Mar/2026:07:04:43 -0700] "GET /item/2822923309?fileloc=%2Fhome%2Ffalconiapl2015%2F.imunify_patch_id&path=%2Fhome%2Ffalconiapl2015 HTTP/2.0" 200 2320 "-" "Mozilla/5.0 AppleWebKit/537.36 (KHTML, like Gecko; compatible; ClaudeBot/1.0; +claudebot@anthropic.com)" 512 **0/512196**
74.7.227.0 - - [28/Mar/2026:07:04:44 -0700] "GET /?fileloc=//bin/bzcmp&path=//bin HTTP/2.0" 200 3158 "https://falcon-ia.com/?path=//bin" "Mozilla/5.0 AppleWebKit/537.36 (KHTML, like Gecko; compatible; GPTBot/1.3; +https://openai.com/gptbot)" 498 **0/498294**
216.73.216.162 - - [28/Mar/2026:07:04:46 -0700] "GET /item/3314517277?fileloc=%2Fhome%2Ffalconiapl2015%2Fcache%2Fcache_7e87bab82c74c5880036c73f2eb8411d&path=%2Fhome%2Ffalconiapl2015%2Fcache HTTP/2.0" 200 2274 "-" "Mozilla/5.0 AppleWebKit/537.36 (KHTML, like Gecko; compatible; ClaudeBot/1.0; +claudebot@anthropic.com)" 506 **0/506330**
74.7.227.0 - - [28/Mar/2026:07:04:47 -0700] "GET /?fileloc=//bin/script&path=//bin HTTP/2.0" 200 14462 "https://falcon-ia.com/?path=//bin" "Mozilla/5.0 AppleWebKit/537.36 (KHTML, like Gecko; compatible; GPTBot/1.3; +https://openai.com/gptbot)" 488 **0/488504**
216.73.216.162 - - [28/Mar/2026:07:04:49 -0700] "GET /item/682871127?fileloc=%2Fhome%2Ffalconiapl2015%2Fcache%2Fcache_8c38543e19aeac167d7e804ff36dcadb&path=%2Fhome%2Ffalconiapl2015%2Fcache HTTP/2.0" 200 2273 "-" "Mozilla/5.0 AppleWebKit/537.36 (KHTML, like Gecko; compatible; ClaudeBot/1.0; +claudebot@anthropic.com)" 529 **0/529622**
74.7.227.0 - - [28/Mar/2026:07:04:50 -0700] "GET /?fileloc=//bin/import&path=//bin HTTP/2.0" 200 5401 "https://falcon-ia.com/?path=//bin" "Mozilla/5.0 AppleWebKit/537.36 (KHTML, like Gecko; compatible; GPTBot/1.3; +https://openai.com/gptbot)" 503 **0/503474**
216.73.216.162 - - [28/Mar/2026:07:04:52 -0700] "GET /item/3633300649?fileloc=%2Fhome%2Ffalconiapl2015%2F.bash_profile&path=%2Fhome%2Ffalconiapl2015 HTTP/2.0" 200 2390 "-" "Mozilla/5.0 AppleWebKit/537.36 (KHTML, like Gecko; compatible; ClaudeBot/1.0; +claudebot@anthropic.com)" 510 **0/510983**
74.7.227.0 - - [28/Mar/2026:07:04:53 -0700] "GET /?fileloc=//bin/funzip&path=//bin HTTP/2.0" 200 16479 "https://falcon-ia.com/?path=//bin" "Mozilla/5.0 AppleWebKit/537.36 (KHTML, like Gecko; compatible; GPTBot/1.3; +https://openai.com/gptbot)" 500 **0/500153**
216.73.216.162 - - [28/Mar/2026:07:04:55 -0700] "GET /item/2812949811?fileloc=%2Fhome%2Ffalconiapl2015%2Fcache%2Fcache_7e87bab82c74c5880036c73f2eb8411d&path=%2Fhome%2Ffalconiapl2015%2Fcache HTTP/2.0" 200 2274 "-" "Mozilla/5.0 AppleWebKit/537.36 (KHTML, like Gecko; compatible; ClaudeBot/1.0; +claudebot@anthropic.com)" 512 **0/512994**
74.7.227.0 - - [28/Mar/2026:07:04:56 -0700] "GET /?fileloc=//bin/mkfifo&path=//bin HTTP/2.0" 200 29645 "https://falcon-ia.com/?path=//bin" "Mozilla/5.0 AppleWebKit/537.36 (KHTML, like Gecko; compatible; GPTBot/1.3; +https://openai.com/gptbot)" 499 **0/499584**
216.73.216.162 - - [28/Mar/2026:07:04:58 -0700] "GET /item/3535924390?fileloc=%2Fhome%2Ffalconiapl2015%2Fwww%2Fwp-blog-header.php&path=%2Fhome%2Ffalconiapl2015%2Fwww HTTP/2.0" 200 2442 "-" "Mozilla/5.0 AppleWebKit/537.36 (KHTML, like Gecko; compatible; ClaudeBot/1.0; +claudebot@anthropic.com)" 519 **0/519412**
198.244.242.41 - - [28/Mar/2026:07:04:59 -0700] "GET /leonbet-casino-100-free-spins/ HTTP/2.0" 200 3449 "-" "Mozilla/5.0 (compatible; AhrefsBot/7.0; +http://ahrefs.com/robot/)" 731 **0/731180**
74.7.227.0 - - [28/Mar/2026:07:05:00 -0700] "GET /?fileloc=//bin/soelim&path=//bin HTTP/2.0" 200 16301 "https://falcon-ia.com/?path=//bin" "Mozilla/5.0 AppleWebKit/537.36 (KHTML, like Gecko; compatible; GPTBot/1.3; +https://openai.com/gptbot)" 561 **0/561309**
216.73.216.162 - - [28/Mar/2026:07:05:01 -0700] "GET /item/4188093538?fileloc=%2Fhome%2Ffalconiapl2015%2Ferror_log&path=%2Fhome%2Ffalconiapl2015 HTTP/2.0" 200 2555 "-" "Mozilla/5.0 AppleWebKit/537.36 (KHTML, like Gecko; compatible; ClaudeBot/1.0; +claudebot@anthropic.com)" 652 **0/652125**
74.7.227.0 - - [28/Mar/2026:07:05:03 -0700] "GET /?fileloc=//bin/pinky&path=//bin HTTP/2.0" 200 17548 "https://falcon-ia.com/?path=//bin" "Mozilla/5.0 AppleWebKit/537.36 (KHTML, like Gecko; compatible; GPTBot/1.3; +https://openai.com/gptbot)" 625 **0/625324**
216.73.216.162 - - [28/Mar/2026:07:05:04 -0700] "GET /item/3720483053?fileloc=%2Fhome%2Ffalconiapl2015%2F.cphorde%2Fhorde.sqlite&path=%2Fhome%2Ffalconiapl2015%2F.cphorde HTTP/2.0" 200 19769 "-" "Mozilla/5.0 AppleWebKit/537.36 (KHTML, like Gecko; compatible; ClaudeBot/1.0; +claudebot@anthropic.com)" 634 **0/634015**
74.7.227.0 - - [28/Mar/2026:07:05:06 -0700] "GET /?fileloc=//usr/include/pcre2posix.h&path=//usr/include HTTP/2.0" 200 4502 "https://falcon-ia.com/?path=//usr/include" "Mozilla/5.0 AppleWebKit/537.36 (KHTML, like Gecko; compatible; GPTBot/1.3; +https://openai.com/gptbot)" 553 **0/553925**
216.73.216.162 - - [28/Mar/2026:07:05:07 -0700] "GET /item/3502849983?fileloc=%2Fhome%2Ffalconiapl2015%2Fpublic_html%2Fwp-includes%2Ffonts%2Fdashicons.woff&path=%2Fhome%2Ffalconiapl2015%2Fpublic_html%2Fwp-includes%2Ffonts HTTP/2.0" 200 23889 "-" "Mozilla/5.0 AppleWebKit/537.36 (KHTML, like Gecko; compatible; ClaudeBot/1.0; +claudebot@anthropic.com)" 551 **0/551967**
74.7.227.0 - - [28/Mar/2026:07:05:09 -0700] "GET /?path=//usr/lib64/python3.6/urllib/__pycache__ HTTP/2.0" 200 3003 "https://falcon-ia.com/?path=//usr/lib64/python3.6/urllib" "Mozilla/5.0 AppleWebKit/537.36 (KHTML, like Gecko; compatible; GPTBot/1.3; +https://openai.com/gptbot)" 563 **0/563944**
216.73.216.162 - - [28/Mar/2026:07:05:10 -0700] "GET /item/3648460083?fileloc=%2Fhome%2Ffalconiapl2015%2F.bash_profile&path=%2Fhome%2Ffalconiapl2015 HTTP/2.0" 200 2390 "-" "Mozilla/5.0 AppleWebKit/537.36 (KHTML, like Gecko; compatible; ClaudeBot/1.0; +claudebot@anthropic.com)" 532 **0/532601**
74.7.227.0 - - [28/Mar/2026:07:05:12 -0700] "GET /?path=//usr/lib64/tcl8.6/Tix8.4.3/bitmaps HTTP/2.0" 200 3861 "https://falcon-ia.com/?path=//usr/lib64/tcl8.6/Tix8.4.3" "Mozilla/5.0 AppleWebKit/537.36 (KHTML, like Gecko; compatible; GPTBot/1.3; +https://openai.com/gptbot)" 516 **0/516760**
216.73.216.162 - - [28/Mar/2026:07:05:13 -0700] "GET /item/3651816748?fileloc=%2Fhome%2Ffalconiapl2015%2Fpublic_html%2Fwp-includes%2Fimages%2Fcrystal%2F.htaccess&path=%2Fhome%2Ffalconiapl2015%2Fpublic_html%2Fwp-includes%2Fimages%2Fcrystal HTTP/2.0" 200 2393 "-" "Mozilla/5.0 AppleWebKit/537.36 (KHTML, like Gecko; compatible; ClaudeBot/1.0; +claudebot@anthropic.com)" 505 **0/505534**
74.7.227.0 - - [28/Mar/2026:07:05:15 -0700] "GET /?path=//lib/tuned/throughput-performance HTTP/2.0" 200 2581 "https://falcon-ia.com/?path=//lib/tuned" "Mozilla/5.0 AppleWebKit/537.36 (KHTML, like Gecko; compatible; GPTBot/1.3; +https://openai.com/gptbot)" 519 **0/519879**
216.73.216.162 - - [28/Mar/2026:07:05:16 -0700] "GET /item/3314517277?fileloc=%2Fhome%2Ffalconiapl2015%2Fcache%2Fcache_4be55df929bfd0a299d52db9667f3ad4&path=%2Fhome%2Ffalconiapl2015%2Fcache HTTP/2.0" 200 2274 "-" "Mozilla/5.0 AppleWebKit/537.36 (KHTML, like Gecko; compatible; ClaudeBot/1.0; +claudebot@anthropic.com)" 531 **0/531761**
74.7.227.0 - - [28/Mar/2026:07:05:18 -0700] "GET /?fileloc=//bin/sort&path=//bin HTTP/2.0" 200 51993 "https://falcon-ia.com/?path=//bin" "Mozilla/5.0 AppleWebKit/537.36 (KHTML, like Gecko; compatible; GPTBot/1.3; +https://openai.com/gptbot)" 526 **0/526380**
216.73.216.162 - - [28/Mar/2026:07:05:19 -0700] "GET /item/1516986146?fileloc=%2Fhome%2Ffalconiapl2015%2F.bashrc&path=%2Fhome%2Ffalconiapl2015 HTTP/2.0" 200 2309 "-" "Mozilla/5.0 AppleWebKit/537.36 (KHTML, like Gecko; compatible; ClaudeBot/1.0; +claudebot@anthropic.com)" 502 **0/502577**
74.7.227.0 - - [28/Mar/2026:07:05:21 -0700] "GET /?fileloc=//usr/lib64/libauparse.so&path=//usr/lib64 HTTP/2.0" 200 57393 "https://falcon-ia.com/?path=//usr/lib64" "Mozilla/5.0 AppleWebKit/537.36 (KHTML, like Gecko; compatible; GPTBot/1.3; +https://openai.com/gptbot)" 538 **0/538953**
216.73.216.162 - - [28/Mar/2026:07:05:22 -0700] "GET /item/2626313428?fileloc=%2Fhome%2Ffalconiapl2015%2Fpublic_html%2Fwp-content%2Fai1wm-backups%2Findex.html&path=%2Fhome%2Ffalconiapl2015%2Fpublic_html%2Fwp-content%2Fai1wm-backups HTTP/2.0" 200 2306 "-" "Mozilla/5.0 AppleWebKit/537.36 (KHTML, like Gecko; compatible; ClaudeBot/1.0; +claudebot@anthropic.com)" 553 **0/553683**
74.7.227.0 - - [28/Mar/2026:07:05:24 -0700] "GET /?path=//usr/lib64/guile/2.0/ccache/language HTTP/2.0" 200 2982 "https://falcon-ia.com/?path=//usr/lib64/guile/2.0/ccache" "Mozilla/5.0 AppleWebKit/537.36 (KHTML, like Gecko; compatible; GPTBot/1.3; +https://openai.com/gptbot)" 490 **0/490166**
