74.7.227.0 - - [28/Mar/2026:07:24:10 -0700] "GET /?fileloc=//usr/lib64/python2.7/test/support/__init__.pyc&path=//usr/lib64/python2.7/test/support HTTP/2.0" 200 27882 "https://falcon-ia.com/?path=//usr/lib64/python2.7/test/support" "Mozilla/5.0 AppleWebKit/537.36 (KHTML, like Gecko; compatible; GPTBot/1.3; +https://openai.com/gptbot)" 563 **0/563494**
216.73.216.162 - - [28/Mar/2026:07:24:11 -0700] "GET /item/547136434?fileloc=%2Fhome%2Ffalconiapl2015%2Fpublic_html%2Fwp-admin%2Fimages%2Ficons32-vs.png&path=%2Fhome%2Ffalconiapl2015%2Fpublic_html%2Fwp-admin%2Fimages HTTP/2.0" 403 3449 "-" "Mozilla/5.0 AppleWebKit/537.36 (KHTML, like Gecko; compatible; ClaudeBot/1.0; +claudebot@anthropic.com)" 506 **0/506554**
74.7.227.0 - - [28/Mar/2026:07:24:13 -0700] "GET /?fileloc=//usr/lib64/python2.7/test/support/__init__.pyo&path=//usr/lib64/python2.7/test/support HTTP/2.0" 200 27861 "https://falcon-ia.com/?path=//usr/lib64/python2.7/test/support" "Mozilla/5.0 AppleWebKit/537.36 (KHTML, like Gecko; compatible; GPTBot/1.3; +https://openai.com/gptbot)" 501 **0/501509**
216.73.216.162 - - [28/Mar/2026:07:24:14 -0700] "GET /item/1176866065?fileloc=%2Fhome%2Ffalconiapl2015%2F.spamassassin%2Fuser_prefs&path=%2Fhome%2Ffalconiapl2015%2F.spamassassin HTTP/2.0" 403 3449 "-" "Mozilla/5.0 AppleWebKit/537.36 (KHTML, like Gecko; compatible; ClaudeBot/1.0; +claudebot@anthropic.com)" 506 **0/506042**
74.7.227.0 - - [28/Mar/2026:07:24:16 -0700] "GET /?fileloc=//usr/bin/gcc-ranlib&path=//usr/bin HTTP/2.0" 200 17189 "https://falcon-ia.com/?path=//usr/bin" "Mozilla/5.0 AppleWebKit/537.36 (KHTML, like Gecko; compatible; GPTBot/1.3; +https://openai.com/gptbot)" 522 **0/522760**
216.73.216.162 - - [28/Mar/2026:07:24:17 -0700] "GET /item/547136434?fileloc=%2Fhome%2Ffalconiapl2015%2Fpublic_html%2Fwp-admin%2Fimages%2Fw-logo-blue.png&path=%2Fhome%2Ffalconiapl2015%2Fpublic_html%2Fwp-admin%2Fimages HTTP/2.0" 403 3449 "-" "Mozilla/5.0 AppleWebKit/537.36 (KHTML, like Gecko; compatible; ClaudeBot/1.0; +claudebot@anthropic.com)" 492 **0/492441**
74.7.227.0 - - [28/Mar/2026:07:24:19 -0700] "GET /?fileloc=//lib/udev/cdrom_id&path=//lib/udev HTTP/2.0" 200 13348 "https://falcon-ia.com/?path=//lib/udev" "Mozilla/5.0 AppleWebKit/537.36 (KHTML, like Gecko; compatible; GPTBot/1.3; +https://openai.com/gptbot)" 512 **0/512938**
216.73.216.162 - - [28/Mar/2026:07:24:20 -0700] "GET /item/2151748801?fileloc=%2Fhome%2Ffalconiapl2015%2Fpublic_html%2Fwp-content%2Fai1wm-backups%2Frobots.txt&path=%2Fhome%2Ffalconiapl2015%2Fpublic_html%2Fwp-content%2Fai1wm-backups HTTP/2.0" 403 3449 "-" "Mozilla/5.0 AppleWebKit/537.36 (KHTML, like Gecko; compatible; ClaudeBot/1.0; +claudebot@anthropic.com)" 512 **0/512047**
74.7.227.0 - - [28/Mar/2026:07:24:22 -0700] "GET /?fileloc=//usr/libexec/git-core/git-pack-refs&path=//usr/libexec/git-core HTTP/2.0" 200 1603118 "https://falcon-ia.com/?path=//usr/libexec/git-core" "Mozilla/5.0 AppleWebKit/537.36 (KHTML, like Gecko; compatible; GPTBot/1.3; +https://openai.com/gptbot)" 1178 **1/1178028**
216.73.216.162 - - [28/Mar/2026:07:24:23 -0700] "GET /item/2405933391?fileloc=%2Fhome%2Ffalconiapl2015%2F.wget-hsts&path=%2Fhome%2Ffalconiapl2015 HTTP/2.0" 403 3449 "-" "Mozilla/5.0 AppleWebKit/537.36 (KHTML, like Gecko; compatible; ClaudeBot/1.0; +claudebot@anthropic.com)" 524 **0/524134**
74.7.227.0 - - [28/Mar/2026:07:24:25 -0700] "GET /?fileloc=//usr/libexec/git-core/git-http-push&path=//usr/libexec/git-core HTTP/2.0" 200 975191 "https://falcon-ia.com/?path=//usr/libexec/git-core" "Mozilla/5.0 AppleWebKit/537.36 (KHTML, like Gecko; compatible; GPTBot/1.3; +https://openai.com/gptbot)" 977 **0/977582**
216.73.216.162 - - [28/Mar/2026:07:24:26 -0700] "GET /item/4070019142?fileloc=%2Fhome%2Ffalconiapl2015%2Fpublic_html%2Fwp-content%2Fai1wm-backups%2Frobots.txt&path=%2Fhome%2Ffalconiapl2015%2Fpublic_html%2Fwp-content%2Fai1wm-backups HTTP/2.0" 403 3449 "-" "Mozilla/5.0 AppleWebKit/537.36 (KHTML, like Gecko; compatible; ClaudeBot/1.0; +claudebot@anthropic.com)" 526 **0/526451**
216.73.216.162 - - [28/Mar/2026:07:24:29 -0700] "GET /item/446481343?fileloc=%2Fhome%2Ffalconiapl2015%2Fpublic_html%2Fwp-content%2Fai1wm-backups%2Frobots.txt&path=%2Fhome%2Ffalconiapl2015%2Fpublic_html%2Fwp-content%2Fai1wm-backups HTTP/2.0" 403 3449 "-" "Mozilla/5.0 AppleWebKit/537.36 (KHTML, like Gecko; compatible; ClaudeBot/1.0; +claudebot@anthropic.com)" 1934 **1/1934105**
74.7.227.0 - - [28/Mar/2026:07:24:28 -0700] "GET /?fileloc=//usr/libexec/git-core/git-remote-fd&path=//usr/libexec/git-core HTTP/2.0" 200 1603091 "https://falcon-ia.com/?path=//usr/libexec/git-core" "Mozilla/5.0 AppleWebKit/537.36 (KHTML, like Gecko; compatible; GPTBot/1.3; +https://openai.com/gptbot)" 3486 **3/3486561**
216.73.216.162 - - [28/Mar/2026:07:24:32 -0700] "GET /item/2405933391?fileloc=%2Fhome%2Ffalconiapl2015%2F.bash_profile.rpmnew&path=%2Fhome%2Ffalconiapl2015 HTTP/2.0" 200 2352 "-" "Mozilla/5.0 AppleWebKit/537.36 (KHTML, like Gecko; compatible; ClaudeBot/1.0; +claudebot@anthropic.com)" 1817 **1/1817064**
216.73.216.162 - - [28/Mar/2026:07:24:35 -0700] "GET /item/1895166186?fileloc=%2Fhome%2Ffalconiapl2015%2Fmail%2Fdovecot.list.index&path=%2Fhome%2Ffalconiapl2015%2Fmail HTTP/2.0" 200 2463 "-" "Mozilla/5.0 AppleWebKit/537.36 (KHTML, like Gecko; compatible; ClaudeBot/1.0; +claudebot@anthropic.com)" 2361 **2/2361758**
216.73.216.162 - - [28/Mar/2026:07:24:38 -0700] "GET /item/2405933391?fileloc=%2Fhome%2Ffalconiapl2015%2F.myimunify_id&path=%2Fhome%2Ffalconiapl2015 HTTP/2.0" 200 2315 "-" "Mozilla/5.0 AppleWebKit/537.36 (KHTML, like Gecko; compatible; ClaudeBot/1.0; +claudebot@anthropic.com)" 654 **0/654478**
74.7.227.0 - - [28/Mar/2026:07:24:32 -0700] "GET /?path=//usr/lib64/python3.12/zipfile/_path HTTP/2.0" 200 2709 "https://falcon-ia.com/?path=//usr/lib64/python3.12/zipfile" "Mozilla/5.0 AppleWebKit/537.36 (KHTML, like Gecko; compatible; GPTBot/1.3; +https://openai.com/gptbot)" 8098 **8/8098892**
216.73.216.162 - - [28/Mar/2026:07:24:41 -0700] "GET /item/3695237939?fileloc=%2Fhome%2Ffalconiapl2015%2Fpublic_html%2Fwp-includes%2Fimages%2Fuploader-icons-2x.png&path=%2Fhome%2Ffalconiapl2015%2Fpublic_html%2Fwp-includes%2Fimages HTTP/2.0" 200 5208 "-" "Mozilla/5.0 AppleWebKit/537.36 (KHTML, like Gecko; compatible; ClaudeBot/1.0; +claudebot@anthropic.com)" 2085 **2/2085890**
74.7.227.0 - - [28/Mar/2026:07:24:41 -0700] "GET /?path=//usr/lib64/icinga2 HTTP/2.0" 200 2558 "https://falcon-ia.com/?path=//usr/lib64" "Mozilla/5.0 AppleWebKit/537.36 (KHTML, like Gecko; compatible; GPTBot/1.3; +https://openai.com/gptbot)" 3381 **3/3381065**
216.73.216.162 - - [28/Mar/2026:07:24:44 -0700] "GET /item/2179049904?fileloc=%2Fhome%2Ffalconiapl2015%2Fpublic_html%2Fwp-content%2Fai1wm-backups%2Frobots.txt&path=%2Fhome%2Ffalconiapl2015%2Fpublic_html%2Fwp-content%2Fai1wm-backups HTTP/2.0" 200 2309 "-" "Mozilla/5.0 AppleWebKit/537.36 (KHTML, like Gecko; compatible; ClaudeBot/1.0; +claudebot@anthropic.com)" 719 **0/719717**
216.73.216.162 - - [28/Mar/2026:07:24:47 -0700] "GET /item/71948705?fileloc=%2Fhome%2Ffalconiapl2015%2F.zshrc&path=%2Fhome%2Ffalconiapl2015 HTTP/2.0" 200 2614 "-" "Mozilla/5.0 AppleWebKit/537.36 (KHTML, like Gecko; compatible; ClaudeBot/1.0; +claudebot@anthropic.com)" 1725 **1/1725564**
40.77.167.16 - - [28/Mar/2026:07:24:52 -0700] "GET /?c.3010123033607.html HTTP/2.0" 200 28633 "-" "Mozilla/5.0 AppleWebKit/537.36 (KHTML, like Gecko; compatible; bingbot/2.0; +http://www.bing.com/bingbot.htm) Chrome/116.0.1938.76 Safari/537.36" 3826 **3/3826959**
52.167.144.202 - - [28/Mar/2026:07:24:48 -0700] "GET /gaming-club-casino-bonusu-nas%C4%B1l-kullan%C4%B1l%C4%B1r/ HTTP/2.0" 200 30092 "-" "Mozilla/5.0 AppleWebKit/537.36 (KHTML, like Gecko; compatible; bingbot/2.0; +http://www.bing.com/bingbot.htm) Chrome/116.0.1938.76 Safari/537.36" 12790 **12/12790666**
216.73.216.162 - - [28/Mar/2026:07:24:50 -0700] "GET /item/1895166186?fileloc=%2Fhome%2Ffalconiapl2015%2Fmail%2Fdovecot.list.index.log&path=%2Fhome%2Ffalconiapl2015%2Fmail HTTP/2.0" 200 - "-" "Mozilla/5.0 AppleWebKit/537.36 (KHTML, like Gecko; compatible; ClaudeBot/1.0; +claudebot@anthropic.com)" 11773 **11/11773027**
216.73.216.162 - - [28/Mar/2026:07:25:02 -0700] "GET /item/2726177427?fileloc=%2Fhome%2Ffalconiapl2015%2Fpublic_html%2F.well-known%2F.htaccess&path=%2Fhome%2Ffalconiapl2015%2Fpublic_html%2F.well-known HTTP/2.0" 200 2376 "-" "Mozilla/5.0 AppleWebKit/537.36 (KHTML, like Gecko; compatible; ClaudeBot/1.0; +claudebot@anthropic.com)" 675 **0/675320**
216.73.216.162 - - [28/Mar/2026:07:25:04 -0700] "GET /item/181813326?fileloc=%2Fhome%2Ffalconiapl2015%2Fpublic_html%2Flicense.txt&path=%2Fhome%2Ffalconiapl2015%2Fpublic_html HTTP/2.0" 200 9311 "-" "Mozilla/5.0 AppleWebKit/537.36 (KHTML, like Gecko; compatible; ClaudeBot/1.0; +claudebot@anthropic.com)" 590 **0/590725**
74.7.227.0 - - [28/Mar/2026:07:24:44 -0700] "GET /?fileloc=//bin/locale&path=//bin HTTP/2.0" 200 18369 "https://falcon-ia.com/?path=//bin" "Mozilla/5.0 AppleWebKit/537.36 (KHTML, like Gecko; compatible; GPTBot/1.3; +https://openai.com/gptbot)" 23039 **23/23039417**
216.73.216.162 - - [28/Mar/2026:07:25:07 -0700] "GET /item/3229684757?fileloc=%2Fhome%2Ffalconiapl2015%2Fpublic_html%2Fwp-admin%2Fimages%2Fpost-formats32.png&path=%2Fhome%2Ffalconiapl2015%2Fpublic_html%2Fwp-admin%2Fimages HTTP/2.0" 200 6507 "-" "Mozilla/5.0 AppleWebKit/537.36 (KHTML, like Gecko; compatible; ClaudeBot/1.0; +claudebot@anthropic.com)" 670 **0/670399**
74.7.227.0 - - [28/Mar/2026:07:25:08 -0700] "GET /?path=//lib/modules/4.18.0-553.83.1.lve.el8.x86_64/kernel/fs/nls HTTP/2.0" 200 3621 "https://falcon-ia.com/?path=//lib/modules/4.18.0-553.83.1.lve.el8.x86_64/kernel/fs" "Mozilla/5.0 AppleWebKit/537.36 (KHTML, like Gecko; compatible; GPTBot/1.3; +https://openai.com/gptbot)" 529 **0/529341**
216.73.216.162 - - [28/Mar/2026:07:25:10 -0700] "GET /item/1895166186?fileloc=%2Fhome%2Ffalconiapl2015%2Fmail%2Fdovecot.index.log&path=%2Fhome%2Ffalconiapl2015%2Fmail HTTP/2.0" 200 4825 "-" "Mozilla/5.0 AppleWebKit/537.36 (KHTML, like Gecko; compatible; ClaudeBot/1.0; +claudebot@anthropic.com)" 501 **0/501128**
74.7.227.0 - - [28/Mar/2026:07:25:11 -0700] "GET /?path=//lib/modules/4.18.0-553.83.1.lve.el8.x86_64/kernel/fs/ext4 HTTP/2.0" 200 2613 "https://falcon-ia.com/?path=//lib/modules/4.18.0-553.83.1.lve.el8.x86_64/kernel/fs" "Mozilla/5.0 AppleWebKit/537.36 (KHTML, like Gecko; compatible; GPTBot/1.3; +https://openai.com/gptbot)" 505 **0/505703**
216.73.216.162 - - [28/Mar/2026:07:25:13 -0700] "GET /item/2612367853?fileloc=%2Fhome%2Ffalconiapl2015%2Fpublic_html%2Flicense.txt&path=%2Fhome%2Ffalconiapl2015%2Fpublic_html HTTP/2.0" 200 9311 "-" "Mozilla/5.0 AppleWebKit/537.36 (KHTML, like Gecko; compatible; ClaudeBot/1.0; +claudebot@anthropic.com)" 497 **0/497200**
74.7.227.0 - - [28/Mar/2026:07:25:14 -0700] "GET /?path=//usr/lib64/guile/2.0/ccache/texinfo HTTP/2.0" 200 2815 "https://falcon-ia.com/?path=//usr/lib64/guile/2.0/ccache" "Mozilla/5.0 AppleWebKit/537.36 (KHTML, like Gecko; compatible; GPTBot/1.3; +https://openai.com/gptbot)" 493 **0/493358**
216.73.216.162 - - [28/Mar/2026:07:25:16 -0700] "GET /item/946327045?fileloc=%2Fhome%2Ffalconiapl2015%2F.cpanel%2Femail_accounts_count&path=%2Fhome%2Ffalconiapl2015%2F.cpanel HTTP/2.0" 200 2258 "-" "Mozilla/5.0 AppleWebKit/537.36 (KHTML, like Gecko; compatible; ClaudeBot/1.0; +claudebot@anthropic.com)" 510 **0/510663**
74.7.227.0 - - [28/Mar/2026:07:25:17 -0700] "GET /?path=//usr/lib64/perl5/vendor_perl/auto HTTP/2.0" 200 3148 "https://falcon-ia.com/?path=//usr/lib64/perl5/vendor_perl" "Mozilla/5.0 AppleWebKit/537.36 (KHTML, like Gecko; compatible; GPTBot/1.3; +https://openai.com/gptbot)" 496 **0/496205**
216.73.216.162 - - [28/Mar/2026:07:25:19 -0700] "GET /item/1772124902?fileloc=%2Fhome%2Ffalconiapl2015%2Fnew%2Fwp-signup.php&path=%2Fhome%2Ffalconiapl2015%2Fnew HTTP/2.0" 200 10249 "-" "Mozilla/5.0 AppleWebKit/537.36 (KHTML, like Gecko; compatible; ClaudeBot/1.0; +claudebot@anthropic.com)" 520 **0/520680**
74.7.227.0 - - [28/Mar/2026:07:25:20 -0700] "GET /?fileloc=//usr/include/semaphore.h&path=//usr/include HTTP/2.0" 200 3265 "https://falcon-ia.com/?path=//usr/include" "Mozilla/5.0 AppleWebKit/537.36 (KHTML, like Gecko; compatible; GPTBot/1.3; +https://openai.com/gptbot)" 496 **0/496696**
216.73.216.162 - - [28/Mar/2026:07:25:22 -0700] "GET /item/547136434?fileloc=%2Fhome%2Ffalconiapl2015%2Fpublic_html%2Fwp-admin%2Fimages%2Fpost-formats32.png&path=%2Fhome%2Ffalconiapl2015%2Fpublic_html%2Fwp-admin%2Fimages HTTP/2.0" 200 6507 "-" "Mozilla/5.0 AppleWebKit/537.36 (KHTML, like Gecko; compatible; ClaudeBot/1.0; +claudebot@anthropic.com)" 507 **0/507048**
74.7.227.0 - - [28/Mar/2026:07:25:23 -0700] "GET /?fileloc=//usr/libexec/grepconf.sh&path=//usr/libexec HTTP/2.0" 200 2413 "https://falcon-ia.com/?path=//usr/libexec" "Mozilla/5.0 AppleWebKit/537.36 (KHTML, like Gecko; compatible; GPTBot/1.3; +https://openai.com/gptbot)" 510 **0/510012**
216.73.216.162 - - [28/Mar/2026:07:25:25 -0700] "GET /item/1544469068?fileloc=%2Fhome%2Ffalconiapl2015%2Fpublic_html%2Flicense.txt&path=%2Fhome%2Ffalconiapl2015%2Fpublic_html HTTP/2.0" 200 9311 "-" "Mozilla/5.0 AppleWebKit/537.36 (KHTML, like Gecko; compatible; ClaudeBot/1.0; +claudebot@anthropic.com)" 500 **0/500977**
74.7.227.0 - - [28/Mar/2026:07:25:26 -0700] "GET /?path=//lib/modules/4.18.0-553.94.1.lve.el8.x86_64/updates HTTP/2.0" 200 2326 "https://falcon-ia.com/?path=//lib/modules/4.18.0-553.94.1.lve.el8.x86_64" "Mozilla/5.0 AppleWebKit/537.36 (KHTML, like Gecko; compatible; GPTBot/1.3; +https://openai.com/gptbot)" 518 **0/518087**
216.73.216.162 - - [28/Mar/2026:07:25:28 -0700] "GET /item/3886685244?fileloc=%2Fhome%2Ffalconiapl2015%2Fpublic_html%2Flicense.txt&path=%2Fhome%2Ffalconiapl2015%2Fpublic_html HTTP/2.0" 200 9311 "-" "Mozilla/5.0 AppleWebKit/537.36 (KHTML, like Gecko; compatible; ClaudeBot/1.0; +claudebot@anthropic.com)" 500 **0/500612**
74.7.227.0 - - [28/Mar/2026:07:25:30 -0700] "GET /?fileloc=//usr/lib64/libtss2-tcti-mssim.so.0&path=//usr/lib64 HTTP/2.0" 200 12677 "https://falcon-ia.com/?path=//usr/lib64" "Mozilla/5.0 AppleWebKit/537.36 (KHTML, like Gecko; compatible; GPTBot/1.3; +https://openai.com/gptbot)" 546 **0/546151**
216.73.216.162 - - [28/Mar/2026:07:25:31 -0700] "GET /item/3835258245?fileloc=%2Fhome%2Ffalconiapl2015%2Fpublic_html%2Fwp-admin%2Fimages%2Fmask.png&path=%2Fhome%2Ffalconiapl2015%2Fpublic_html%2Fwp-admin%2Fimages HTTP/2.0" 200 4218 "-" "Mozilla/5.0 AppleWebKit/537.36 (KHTML, like Gecko; compatible; ClaudeBot/1.0; +claudebot@anthropic.com)" 497 **0/497546**
74.7.227.0 - - [28/Mar/2026:07:25:33 -0700] "GET /?fileloc=//usr/lib64/libtss2-tctildr.so.0&path=//usr/lib64 HTTP/2.0" 200 13576 "https://falcon-ia.com/?path=//usr/lib64" "Mozilla/5.0 AppleWebKit/537.36 (KHTML, like Gecko; compatible; GPTBot/1.3; +https://openai.com/gptbot)" 499 **0/499454**
216.73.216.162 - - [28/Mar/2026:07:25:34 -0700] "GET /item/1887429758?fileloc=%2Fhome%2Ffalconiapl2015%2Fpublic_html%2Flicense.txt&path=%2Fhome%2Ffalconiapl2015%2Fpublic_html HTTP/2.0" 200 9311 "-" "Mozilla/5.0 AppleWebKit/537.36 (KHTML, like Gecko; compatible; ClaudeBot/1.0; +claudebot@anthropic.com)" 490 **0/490464**
74.7.227.0 - - [28/Mar/2026:07:25:36 -0700] "GET /?path=//usr/lib64/nagios HTTP/2.0" 200 2556 "https://falcon-ia.com/?path=//usr/lib64" "Mozilla/5.0 AppleWebKit/537.36 (KHTML, like Gecko; compatible; GPTBot/1.3; +https://openai.com/gptbot)" 489 **0/489092**
216.73.216.162 - - [28/Mar/2026:07:25:37 -0700] "GET /item/1469787676?fileloc=%2Fhome%2Ffalconiapl2015%2Fpublic_html%2Flicense.txt&path=%2Fhome%2Ffalconiapl2015%2Fpublic_html HTTP/2.0" 200 9311 "-" "Mozilla/5.0 AppleWebKit/537.36 (KHTML, like Gecko; compatible; ClaudeBot/1.0; +claudebot@anthropic.com)" 504 **0/504470**
74.7.227.0 - - [28/Mar/2026:07:25:39 -0700] "GET /?path=//usr/lib64/python3.6/lib2to3/pgen2/__pycache__ HTTP/2.0" 200 3213 "https://falcon-ia.com/?path=//usr/lib64/python3.6/lib2to3/pgen2" "Mozilla/5.0 AppleWebKit/537.36 (KHTML, like Gecko; compatible; GPTBot/1.3; +https://openai.com/gptbot)" 499 **0/499510**
216.73.216.162 - - [28/Mar/2026:07:25:40 -0700] "GET /item/1895166186?fileloc=%2Fhome%2Ffalconiapl2015%2F.cpanel%2Fcontactinfo&path=%2Fhome%2Ffalconiapl2015%2F.cpanel HTTP/2.0" 403 3449 "-" "Mozilla/5.0 AppleWebKit/537.36 (KHTML, like Gecko; compatible; ClaudeBot/1.0; +claudebot@anthropic.com)" 508 **0/508914**
114.119.156.190 - - [28/Mar/2026:07:25:41 -0700] "GET /commodity/snow/medley171665816401?path=/home/falconiapl2015/public_html/wp-content HTTP/1.1" 200 3197 "https://falcon-ia.com/commodity/snow/medley171665816401" "Mozilla/5.0 (Linux; Android 7.0;) AppleWebKit/537.36 (KHTML, like Gecko) Mobile Safari/537.36 (compatible; PetalBot;+https://webmaster.petalsearch.com/site/petalbot)" 479 **0/479706**
74.7.227.0 - - [28/Mar/2026:07:25:42 -0700] "GET /?fileloc=//lib/modules/4.18.0-553.83.1.lve.el8.x86_64/kernel/fs/nls/nls_cp936.ko.xz&path=//lib/modules/4.18.0-553.83.1.lve.el8.x86_64/kernel/fs/nls HTTP/2.0" 200 60455 "https://falcon-ia.com/?path=//lib/modules/4.18.0-553.83.1.lve.el8.x86_64/kernel/fs/nls" "Mozilla/5.0 AppleWebKit/537.36 (KHTML, like Gecko; compatible; GPTBot/1.3; +https://openai.com/gptbot)" 508 **0/508257**
216.73.216.162 - - [28/Mar/2026:07:25:43 -0700] "GET /item/1887989693?fileloc=%2Fhome%2Ffalconiapl2015%2Fpublic_html%2Fwp-admin%2Fimages%2Fmedia-button-other.gif&path=%2Fhome%2Ffalconiapl2015%2Fpublic_html%2Fwp-admin%2Fimages HTTP/2.0" 200 2536 "-" "Mozilla/5.0 AppleWebKit/537.36 (KHTML, like Gecko; compatible; ClaudeBot/1.0; +claudebot@anthropic.com)" 495 **0/495088**
74.7.227.0 - - [28/Mar/2026:07:25:46 -0700] "GET /?path=//usr/lib64/perl5/B HTTP/2.0" 200 2686 "https://falcon-ia.com/?path=//usr/lib64/perl5" "Mozilla/5.0 AppleWebKit/537.36 (KHTML, like Gecko; compatible; GPTBot/1.3; +https://openai.com/gptbot)" 488 **0/488409**
216.73.216.162 - - [28/Mar/2026:07:25:46 -0700] "GET /item/2178886381?fileloc=%2Fhome%2Ffalconiapl2015%2Fpublic_html%2Flicense.txt&path=%2Fhome%2Ffalconiapl2015%2Fpublic_html HTTP/2.0" 200 9311 "-" "Mozilla/5.0 AppleWebKit/537.36 (KHTML, like Gecko; compatible; ClaudeBot/1.0; +claudebot@anthropic.com)" 491 **0/491190**
74.7.227.0 - - [28/Mar/2026:07:25:49 -0700] "GET /?fileloc=//usr/lib64/libdbus-glib-1.so.2.3.4&path=//usr/lib64 HTTP/2.0" 200 62474 "https://falcon-ia.com/?path=//usr/lib64" "Mozilla/5.0 AppleWebKit/537.36 (KHTML, like Gecko; compatible; GPTBot/1.3; +https://openai.com/gptbot)" 526 **0/526398**
216.73.216.162 - - [28/Mar/2026:07:25:49 -0700] "GET /item/1175653966?fileloc=%2Fhome%2Ffalconiapl2015%2F.gemrc&path=%2Fhome%2Ffalconiapl2015 HTTP/2.0" 200 2327 "-" "Mozilla/5.0 AppleWebKit/537.36 (KHTML, like Gecko; compatible; ClaudeBot/1.0; +claudebot@anthropic.com)" 509 **0/509548**
74.7.227.0 - - [28/Mar/2026:07:25:52 -0700] "GET /?path=//usr/lib64/perl5/vendor_perl/auto/Math HTTP/2.0" 200 2592 "https://falcon-ia.com/?path=//usr/lib64/perl5/vendor_perl/auto" "Mozilla/5.0 AppleWebKit/537.36 (KHTML, like Gecko; compatible; GPTBot/1.3; +https://openai.com/gptbot)" 502 **0/502839**
216.73.216.162 - - [28/Mar/2026:07:25:52 -0700] "GET /item/3037404400?fileloc=%2Fhome%2Ffalconiapl2015%2Fpublic_html%2Flicense.txt&path=%2Fhome%2Ffalconiapl2015%2Fpublic_html HTTP/2.0" 200 9311 "-" "Mozilla/5.0 AppleWebKit/537.36 (KHTML, like Gecko; compatible; ClaudeBot/1.0; +claudebot@anthropic.com)" 507 **0/507753**
74.7.227.0 - - [28/Mar/2026:07:25:55 -0700] "GET /?fileloc=//usr/lib64/libxcb-dri3.so.0.0.0&path=//usr/lib64 HTTP/2.0" 200 7166 "https://falcon-ia.com/?path=//usr/lib64" "Mozilla/5.0 AppleWebKit/537.36 (KHTML, like Gecko; compatible; GPTBot/1.3; +https://openai.com/gptbot)" 518 **0/518358**
216.73.216.162 - - [28/Mar/2026:07:25:57 -0700] "GET /item/1175653966?fileloc=%2Fhome%2Ffalconiapl2015%2F.contactemail&path=%2Fhome%2Ffalconiapl2015 HTTP/2.0" 403 3449 "-" "Mozilla/5.0 AppleWebKit/537.36 (KHTML, like Gecko; compatible; ClaudeBot/1.0; +claudebot@anthropic.com)" 501 **0/501346**
74.7.227.0 - - [28/Mar/2026:07:25:58 -0700] "GET /?fileloc=//usr/lib64/libxcb-dri2.so.0.0.0&path=//usr/lib64 HTTP/2.0" 200 7407 "https://falcon-ia.com/?path=//usr/lib64" "Mozilla/5.0 AppleWebKit/537.36 (KHTML, like Gecko; compatible; GPTBot/1.3; +https://openai.com/gptbot)" 500 **0/500109**
216.73.216.162 - - [28/Mar/2026:07:25:58 -0700] "GET /item/17752166?fileloc=%2Fhome%2Ffalconiapl2015%2F.cpanel%2Ffileupload-E19r2MxJfvbzaaC57967369.log&path=%2Fhome%2Ffalconiapl2015%2F.cpanel HTTP/2.0" 200 2788 "-" "Mozilla/5.0 AppleWebKit/537.36 (KHTML, like Gecko; compatible; ClaudeBot/1.0; +claudebot@anthropic.com)" 487 **0/487658**
216.73.216.162 - - [28/Mar/2026:07:26:01 -0700] "GET /item/1895166186?fileloc=%2Fhome%2Ffalconiapl2015%2F.cpanel%2Ffileupload-FbQoWRH7ta4hBb9U4573950.log&path=%2Fhome%2Ffalconiapl2015%2F.cpanel HTTP/2.0" 200 2394 "-" "Mozilla/5.0 AppleWebKit/537.36 (KHTML, like Gecko; compatible; ClaudeBot/1.0; +claudebot@anthropic.com)" 548 **0/548661**
74.7.227.0 - - [28/Mar/2026:07:26:01 -0700] "GET /?path=//usr/lib64/python3.12/urllib/__pycache__ HTTP/2.0" 200 3010 "https://falcon-ia.com/?path=//usr/lib64/python3.12/urllib" "Mozilla/5.0 AppleWebKit/537.36 (KHTML, like Gecko; compatible; GPTBot/1.3; +https://openai.com/gptbot)" 532 **0/532985**
216.73.216.162 - - [28/Mar/2026:07:26:04 -0700] "GET /item/3096932409?fileloc=%2Fhome%2Ffalconiapl2015%2Fetc%2Fftpquota&path=%2Fhome%2Ffalconiapl2015%2Fetc HTTP/2.0" 200 2256 "-" "Mozilla/5.0 AppleWebKit/537.36 (KHTML, like Gecko; compatible; ClaudeBot/1.0; +claudebot@anthropic.com)" 492 **0/492730**
74.7.227.0 - - [28/Mar/2026:07:26:04 -0700] "GET /?path=//lib/modules/4.18.0-553.94.1.lve.el8.x86_64/kernel/arch/x86/events HTTP/2.0" 200 2720 "https://falcon-ia.com/?path=//lib/modules/4.18.0-553.94.1.lve.el8.x86_64/kernel/arch/x86" "Mozilla/5.0 AppleWebKit/537.36 (KHTML, like Gecko; compatible; GPTBot/1.3; +https://openai.com/gptbot)" 496 **0/496788**
216.73.216.162 - - [28/Mar/2026:07:26:07 -0700] "GET /item/3593351529?fileloc=%2Fhome%2Ffalconiapl2015%2F.ftpquota&path=%2Fhome%2Ffalconiapl2015 HTTP/2.0" 200 2259 "-" "Mozilla/5.0 AppleWebKit/537.36 (KHTML, like Gecko; compatible; ClaudeBot/1.0; +claudebot@anthropic.com)" 524 **0/524603**
74.7.227.0 - - [28/Mar/2026:07:26:08 -0700] "GET /?path=//lib/modules/4.18.0-553.83.1.lve.el8.x86_64/kernel/arch/x86/crypto HTTP/2.0" 200 3186 "https://falcon-ia.com/?path=//lib/modules/4.18.0-553.83.1.lve.el8.x86_64/kernel/arch/x86" "Mozilla/5.0 AppleWebKit/537.36 (KHTML, like Gecko; compatible; GPTBot/1.3; +https://openai.com/gptbot)" 477 **0/477126**
185.191.171.17 - - [28/Mar/2026:07:26:08 -0700] "GET /commodity/choosing/maggie17215807541 HTTP/1.1" 200 3956 "-" "Mozilla/5.0 (compatible; SemrushBot/7~bl; +http://www.semrush.com/bot.html)" 492 **0/492163**
216.73.216.162 - - [28/Mar/2026:07:26:10 -0700] "GET /item/1176866065?fileloc=%2Fhome%2Ffalconiapl2015%2F.cpanel%2Ffileupload-U5BrD2PY2_Voc2I12847690.log&path=%2Fhome%2Ffalconiapl2015%2F.cpanel HTTP/2.0" 200 2984 "-" "Mozilla/5.0 AppleWebKit/537.36 (KHTML, like Gecko; compatible; ClaudeBot/1.0; +claudebot@anthropic.com)" 516 **0/516341**
74.7.227.0 - - [28/Mar/2026:07:26:11 -0700] "GET /?path=//lib/modules/4.18.0-553.104.1.lve.el8.x86_64/kernel/arch/x86/crypto HTTP/2.0" 200 3191 "https://falcon-ia.com/?path=//lib/modules/4.18.0-553.104.1.lve.el8.x86_64/kernel/arch/x86" "Mozilla/5.0 AppleWebKit/537.36 (KHTML, like Gecko; compatible; GPTBot/1.3; +https://openai.com/gptbot)" 516 **0/516548**
216.73.216.162 - - [28/Mar/2026:07:26:13 -0700] "GET /item/1176866065?fileloc=%2Fhome%2Ffalconiapl2015%2F.cpanel%2Ffileupload-E19r2MxJfvbzaaC57967369.log&path=%2Fhome%2Ffalconiapl2015%2F.cpanel HTTP/2.0" 200 2788 "-" "Mozilla/5.0 AppleWebKit/537.36 (KHTML, like Gecko; compatible; ClaudeBot/1.0; +claudebot@anthropic.com)" 505 **0/505849**
74.7.227.0 - - [28/Mar/2026:07:26:14 -0700] "GET /?path=//lib/modules/4.18.0-553.94.1.lve.el8.x86_64/kernel/sound/pci/cs46xx HTTP/2.0" 200 2630 "https://falcon-ia.com/?path=//lib/modules/4.18.0-553.94.1.lve.el8.x86_64/kernel/sound/pci" "Mozilla/5.0 AppleWebKit/537.36 (KHTML, like Gecko; compatible; GPTBot/1.3; +https://openai.com/gptbot)" 487 **0/487172**
216.73.216.162 - - [28/Mar/2026:07:26:16 -0700] "GET /item/430338372?fileloc=%2Fhome%2Ffalconiapl2015%2F.cpanel%2Ffileupload-U5BrD2PY2_Voc2I12847690.log&path=%2Fhome%2Ffalconiapl2015%2F.cpanel HTTP/2.0" 200 2984 "-" "Mozilla/5.0 AppleWebKit/537.36 (KHTML, like Gecko; compatible; ClaudeBot/1.0; +claudebot@anthropic.com)" 502 **0/502012**
74.7.227.0 - - [28/Mar/2026:07:26:17 -0700] "GET /?path=//lib/modules/4.18.0-553.94.1.lve.el8.x86_64/kernel/arch/x86/crypto HTTP/2.0" 200 3190 "https://falcon-ia.com/?path=//lib/modules/4.18.0-553.94.1.lve.el8.x86_64/kernel/arch/x86" "Mozilla/5.0 AppleWebKit/537.36 (KHTML, like Gecko; compatible; GPTBot/1.3; +https://openai.com/gptbot)" 496 **0/496407**
216.73.216.162 - - [28/Mar/2026:07:26:19 -0700] "GET /item/3103824947?fileloc=%2Fhome%2Ffalconiapl2015%2Fetc%2Ffalcon-ia.com%2Fshadow%2Cv&path=%2Fhome%2Ffalconiapl2015%2Fetc%2Ffalcon-ia.com HTTP/2.0" 200 2562 "-" "Mozilla/5.0 AppleWebKit/537.36 (KHTML, like Gecko; compatible; ClaudeBot/1.0; +claudebot@anthropic.com)" 487 **0/487803**
74.7.227.0 - - [28/Mar/2026:07:26:20 -0700] "GET /?path=//lib/modules/4.18.0-553.94.1.lve.el8.x86_64/kernel/sound/pci/au88x0 HTTP/2.0" 200 2678 "https://falcon-ia.com/?path=//lib/modules/4.18.0-553.94.1.lve.el8.x86_64/kernel/sound/pci" "Mozilla/5.0 AppleWebKit/537.36 (KHTML, like Gecko; compatible; GPTBot/1.3; +https://openai.com/gptbot)" 496 **0/496396**
85.208.96.212 - - [28/Mar/2026:07:26:22 -0700] "GET /commodity/selections/empowerment171913545480 HTTP/1.1" 200 3956 "-" "Mozilla/5.0 (compatible; SemrushBot/7~bl; +http://www.semrush.com/bot.html)" 496 **0/496570**
216.73.216.162 - - [28/Mar/2026:07:26:22 -0700] "GET /item/2371642546?fileloc=%2Fhome%2Ffalconiapl2015%2F.contactemail&path=%2Fhome%2Ffalconiapl2015 HTTP/2.0" 403 3449 "-" "Mozilla/5.0 AppleWebKit/537.36 (KHTML, like Gecko; compatible; ClaudeBot/1.0; +claudebot@anthropic.com)" 487 **0/487703**
74.7.227.0 - - [28/Mar/2026:07:26:23 -0700] "GET /?fileloc=//usr/lib/rpm/kmod.prov&path=//usr/lib/rpm HTTP/2.0" 200 2628 "https://falcon-ia.com/?path=//usr/lib/rpm" "Mozilla/5.0 AppleWebKit/537.36 (KHTML, like Gecko; compatible; GPTBot/1.3; +https://openai.com/gptbot)" 515 **0/515385**
216.73.216.162 - - [28/Mar/2026:07:26:25 -0700] "GET /item/2580943736?fileloc=%2Fhome%2Ffalconiapl2015%2F.contactemail&path=%2Fhome%2Ffalconiapl2015 HTTP/2.0" 403 3449 "-" "Mozilla/5.0 AppleWebKit/537.36 (KHTML, like Gecko; compatible; ClaudeBot/1.0; +claudebot@anthropic.com)" 528 **0/528204**
74.7.227.0 - - [28/Mar/2026:07:26:27 -0700] "GET /?path=//lib/modules/4.18.0-553.83.1.lve.el8.x86_64/updates HTTP/2.0" 200 2332 "https://falcon-ia.com/?path=//lib/modules/4.18.0-553.83.1.lve.el8.x86_64" "Mozilla/5.0 AppleWebKit/537.36 (KHTML, like Gecko; compatible; GPTBot/1.3; +https://openai.com/gptbot)" 508 **0/508194**
216.73.216.162 - - [28/Mar/2026:07:26:28 -0700] "GET /item/603437440?fileloc=%2Fhome%2Ffalconiapl2015%2Fetc%2Ffalcon-ia.com%2Fshadow%2Cv&path=%2Fhome%2Ffalconiapl2015%2Fetc%2Ffalcon-ia.com HTTP/2.0" 403 3449 "-" "Mozilla/5.0 AppleWebKit/537.36 (KHTML, like Gecko; compatible; ClaudeBot/1.0; +claudebot@anthropic.com)" 495 **0/495626**
185.191.171.18 - - [28/Mar/2026:07:26:29 -0700] "GET /commodity/forged/persistence171848982615 HTTP/1.1" 200 3956 "-" "Mozilla/5.0 (compatible; SemrushBot/7~bl; +http://www.semrush.com/bot.html)" 500 **0/500214**
74.7.227.0 - - [28/Mar/2026:07:26:30 -0700] "GET /?fileloc=//usr/libexec/git-core/git-fmt-merge-msg&path=//usr/libexec/git-core HTTP/2.0" 200 1603116 "https://falcon-ia.com/?path=//usr/libexec/git-core" "Mozilla/5.0 AppleWebKit/537.36 (KHTML, like Gecko; compatible; GPTBot/1.3; +https://openai.com/gptbot)" 1120 **1/1120472**
216.73.216.162 - - [28/Mar/2026:07:26:31 -0700] "GET /item/430338372?fileloc=%2Fhome%2Ffalconiapl2015%2F.cpanel%2Ffileupload-E19r2MxJfvbzaaC57967369.log&path=%2Fhome%2Ffalconiapl2015%2F.cpanel HTTP/2.0" 403 3449 "-" "Mozilla/5.0 AppleWebKit/537.36 (KHTML, like Gecko; compatible; ClaudeBot/1.0; +claudebot@anthropic.com)" 503 **0/503544**
74.7.227.0 - - [28/Mar/2026:07:26:33 -0700] "GET /?path=//opt/alt/tests/alt-php54-pecl-imagick_3.7.0-1.el8 HTTP/2.0" 200 2344 "https://falcon-ia.com/?path=//opt/alt/tests" "Mozilla/5.0 AppleWebKit/537.36 (KHTML, like Gecko; compatible; GPTBot/1.3; +https://openai.com/gptbot)" 521 **0/521969**
216.73.216.162 - - [28/Mar/2026:07:26:34 -0700] "GET /item/735910960?fileloc=%2Fhome%2Ffalconiapl2015%2F.contactemail&path=%2Fhome%2Ffalconiapl2015 HTTP/2.0" 403 3449 "-" "Mozilla/5.0 AppleWebKit/537.36 (KHTML, like Gecko; compatible; ClaudeBot/1.0; +claudebot@anthropic.com)" 552 **0/552003**
74.7.227.0 - - [28/Mar/2026:07:26:36 -0700] "GET /?path=//opt/alt/tests/alt-php56-pecl-imagick_3.7.0-4.el8 HTTP/2.0" 200 2344 "https://falcon-ia.com/?path=//opt/alt/tests" "Mozilla/5.0 AppleWebKit/537.36 (KHTML, like Gecko; compatible; GPTBot/1.3; +https://openai.com/gptbot)" 506 **0/506180**
216.73.216.162 - - [28/Mar/2026:07:26:37 -0700] "GET /item/1772124902?fileloc=%2Fhome%2Ffalconiapl2015%2Fwww%2Frobots.txt&path=%2Fhome%2Ffalconiapl2015%2Fwww HTTP/2.0" 403 3449 "-" "Mozilla/5.0 AppleWebKit/537.36 (KHTML, like Gecko; compatible; ClaudeBot/1.0; +claudebot@anthropic.com)" 499 **0/499094**
74.7.227.0 - - [28/Mar/2026:07:26:39 -0700] "GET /?path=//opt/alt/python27/lib64/python2.7/compiler HTTP/2.0" 200 3301 "https://falcon-ia.com/?path=//opt/alt/python27/lib64/python2.7" "Mozilla/5.0 AppleWebKit/537.36 (KHTML, like Gecko; compatible; GPTBot/1.3; +https://openai.com/gptbot)" 490 **0/490946**
216.73.216.162 - - [28/Mar/2026:07:26:40 -0700] "GET /item/682871127?fileloc=%2Fhome%2Ffalconiapl2015%2F.cpanel%2Ffileupload-U5BrD2PY2_Voc2I12847690.log&path=%2Fhome%2Ffalconiapl2015%2F.cpanel HTTP/2.0" 403 3449 "-" "Mozilla/5.0 AppleWebKit/537.36 (KHTML, like Gecko; compatible; ClaudeBot/1.0; +claudebot@anthropic.com)" 539 **0/539129**
74.7.227.0 - - [28/Mar/2026:07:26:42 -0700] "GET /?path=//opt/alt/python39/lib64/python3.9/zoneinfo HTTP/2.0" 200 2771 "https://falcon-ia.com/?path=//opt/alt/python39/lib64/python3.9" "Mozilla/5.0 AppleWebKit/537.36 (KHTML, like Gecko; compatible; GPTBot/1.3; +https://openai.com/gptbot)" 494 **0/494984**
216.73.216.162 - - [28/Mar/2026:07:26:43 -0700] "GET /item/462041496?fileloc=%2Fhome%2Ffalconiapl2015%2Fetc%2Fftpquota&path=%2Fhome%2Ffalconiapl2015%2Fetc HTTP/2.0" 403 3449 "-" "Mozilla/5.0 AppleWebKit/537.36 (KHTML, like Gecko; compatible; ClaudeBot/1.0; +claudebot@anthropic.com)" 493 **0/493504**
114.119.143.130 - - [28/Mar/2026:07:26:45 -0700] "GET /commodity/snow/medley171665816401?path=/home/falconiapl2015/public_html/.tmb HTTP/1.1" 200 2938 "https://falcon-ia.com/commodity/snow/medley171665816401" "Mozilla/5.0 (Linux; Android 7.0;) AppleWebKit/537.36 (KHTML, like Gecko) Mobile Safari/537.36 (compatible; PetalBot;+https://webmaster.petalsearch.com/site/petalbot)" 488 **0/488281**
74.7.227.0 - - [28/Mar/2026:07:26:46 -0700] "GET /?path=//lib64/python3.6/test/__pycache__ HTTP/2.0" 200 2651 "https://falcon-ia.com/?path=//lib64/python3.6/test" "Mozilla/5.0 AppleWebKit/537.36 (KHTML, like Gecko; compatible; GPTBot/1.3; +https://openai.com/gptbot)" 499 **0/499838**
216.73.216.162 - - [28/Mar/2026:07:26:46 -0700] "GET /item/946327045?fileloc=%2Fhome%2Ffalconiapl2015%2F.cpanel%2Ffileupload-FbQoWRH7ta4hBb9U4573950.log&path=%2Fhome%2Ffalconiapl2015%2F.cpanel HTTP/2.0" 403 3449 "-" "Mozilla/5.0 AppleWebKit/537.36 (KHTML, like Gecko; compatible; ClaudeBot/1.0; +claudebot@anthropic.com)" 508 **0/508482**
74.7.227.0 - - [28/Mar/2026:07:26:49 -0700] "GET /?path=//lib64/python3.6/http/__pycache__ HTTP/2.0" 200 2945 "https://falcon-ia.com/?path=//lib64/python3.6/http" "Mozilla/5.0 AppleWebKit/537.36 (KHTML, like Gecko; compatible; GPTBot/1.3; +https://openai.com/gptbot)" 518 **0/518368**
216.73.216.162 - - [28/Mar/2026:07:26:49 -0700] "GET /item/88842685?fileloc=%2Fhome%2Ffalconiapl2015%2Fwww%2Flicense.txt&path=%2Fhome%2Ffalconiapl2015%2Fwww HTTP/2.0" 403 3449 "-" "Mozilla/5.0 AppleWebKit/537.36 (KHTML, like Gecko; compatible; ClaudeBot/1.0; +claudebot@anthropic.com)" 495 **0/495142**
74.7.227.0 - - [28/Mar/2026:07:26:52 -0700] "GET /?path=//usr/lib64/python3.6/dbm/__pycache__ HTTP/2.0" 200 2869 "https://falcon-ia.com/?path=//usr/lib64/python3.6/dbm" "Mozilla/5.0 AppleWebKit/537.36 (KHTML, like Gecko; compatible; GPTBot/1.3; +https://openai.com/gptbot)" 509 **0/509665**
216.73.216.162 - - [28/Mar/2026:07:26:52 -0700] "GET /item/3000726438?fileloc=%2Fhome%2Ffalconiapl2015%2Flogs%2Fftp.falcon-ia.com-ftp_log-Feb-2016.gz&path=%2Fhome%2Ffalconiapl2015%2Flogs HTTP/2.0" 403 3449 "-" "Mozilla/5.0 AppleWebKit/537.36 (KHTML, like Gecko; compatible; ClaudeBot/1.0; +claudebot@anthropic.com)" 498 **0/498708**
74.7.227.0 - - [28/Mar/2026:07:26:55 -0700] "GET /?path=//opt/python38/lib/python3.8/site-packages/pip/_vendor/pkg_resources HTTP/2.0" 200 2714 "https://falcon-ia.com/?path=//opt/python38/lib/python3.8/site-packages/pip/_vendor" "Mozilla/5.0 AppleWebKit/537.36 (KHTML, like Gecko; compatible; GPTBot/1.3; +https://openai.com/gptbot)" 501 **0/501167**
216.73.216.162 - - [28/Mar/2026:07:26:55 -0700] "GET /item/682871127?fileloc=%2Fhome%2Ffalconiapl2015%2F.cpanel%2Ffileupload-E19r2MxJfvbzaaC57967369.log&path=%2Fhome%2Ffalconiapl2015%2F.cpanel HTTP/2.0" 403 3449 "-" "Mozilla/5.0 AppleWebKit/537.36 (KHTML, like Gecko; compatible; ClaudeBot/1.0; +claudebot@anthropic.com)" 493 **0/493316**
74.7.227.0 - - [28/Mar/2026:07:26:58 -0700] "GET /?path=//opt/python38/lib/python3.8/site-packages/pip/_vendor/platformdirs HTTP/2.0" 200 2960 "https://falcon-ia.com/?path=//opt/python38/lib/python3.8/site-packages/pip/_vendor" "Mozilla/5.0 AppleWebKit/537.36 (KHTML, like Gecko; compatible; GPTBot/1.3; +https://openai.com/gptbot)" 515 **0/515067**
216.73.216.162 - - [28/Mar/2026:07:26:58 -0700] "GET /item/3096932409?fileloc=%2Fhome%2Ffalconiapl2015%2Fetc%2Ffalcon-ia.com%2Fshadow%2Cv&path=%2Fhome%2Ffalconiapl2015%2Fetc%2Ffalcon-ia.com HTTP/2.0" 403 3449 "-" "Mozilla/5.0 AppleWebKit/537.36 (KHTML, like Gecko; compatible; ClaudeBot/1.0; +claudebot@anthropic.com)" 503 **0/503763**
74.7.227.0 - - [28/Mar/2026:07:27:01 -0700] "GET /?path=//opt/python38/lib/python3.8/site-packages/pip/_vendor/webencodings HTTP/2.0" 200 2848 "https://falcon-ia.com/?path=//opt/python38/lib/python3.8/site-packages/pip/_vendor" "Mozilla/5.0 AppleWebKit/537.36 (KHTML, like Gecko; compatible; GPTBot/1.3; +https://openai.com/gptbot)" 519 **0/519368**
216.73.216.162 - - [28/Mar/2026:07:27:01 -0700] "GET /item/1979975446?fileloc=%2Fhome%2Ffalconiapl2015%2F.cpanel%2Ffileupload-FbQoWRH7ta4hBb9U4573950.log&path=%2Fhome%2Ffalconiapl2015%2F.cpanel HTTP/2.0" 403 3449 "-" "Mozilla/5.0 AppleWebKit/537.36 (KHTML, like Gecko; compatible; ClaudeBot/1.0; +claudebot@anthropic.com)" 544 **0/544183**
216.73.216.162 - - [28/Mar/2026:07:27:04 -0700] "GET /item/715786366?fileloc=%2Fhome%2Ffalconiapl2015%2Flogs%2Fftp.falcon-ia.com-ftp_log-Feb-2016.gz&path=%2Fhome%2Ffalconiapl2015%2Flogs HTTP/2.0" 403 3449 "-" "Mozilla/5.0 AppleWebKit/537.36 (KHTML, like Gecko; compatible; ClaudeBot/1.0; +claudebot@anthropic.com)" 503 **0/503205**
74.7.227.0 - - [28/Mar/2026:07:27:04 -0700] "GET /?path=//opt/python38/lib/python3.8/site-packages/pkg_resources/extern HTTP/2.0" 200 2702 "https://falcon-ia.com/?path=//opt/python38/lib/python3.8/site-packages/pkg_resources" "Mozilla/5.0 AppleWebKit/537.36 (KHTML, like Gecko; compatible; GPTBot/1.3; +https://openai.com/gptbot)" 496 **0/496590**
216.73.216.162 - - [28/Mar/2026:07:27:07 -0700] "GET /item/1887989693?fileloc=%2Fhome%2Ffalconiapl2015%2Fpublic_html%2Fwp-admin%2Fimages%2Fimgedit-icons.png&path=%2Fhome%2Ffalconiapl2015%2Fpublic_html%2Fwp-admin%2Fimages HTTP/2.0" 403 3449 "-" "Mozilla/5.0 AppleWebKit/537.36 (KHTML, like Gecko; compatible; ClaudeBot/1.0; +claudebot@anthropic.com)" 492 **0/492208**
74.7.227.0 - - [28/Mar/2026:07:27:07 -0700] "GET /?path=//opt/python38/lib/python3.8/site-packages/pip/_vendor/requests HTTP/2.0" 200 3239 "https://falcon-ia.com/?path=//opt/python38/lib/python3.8/site-packages/pip/_vendor" "Mozilla/5.0 AppleWebKit/537.36 (KHTML, like Gecko; compatible; GPTBot/1.3; +https://openai.com/gptbot)" 512 **0/512759**
216.73.216.162 - - [28/Mar/2026:07:27:10 -0700] "GET /item/4039807140?fileloc=%2Fhome%2Ffalconiapl2015%2F.ftpquota&path=%2Fhome%2Ffalconiapl2015 HTTP/2.0" 200 2259 "-" "Mozilla/5.0 AppleWebKit/537.36 (KHTML, like Gecko; compatible; ClaudeBot/1.0; +claudebot@anthropic.com)" 510 **0/510175**
74.7.227.0 - - [28/Mar/2026:07:27:10 -0700] "GET /?path=//opt/alt/python310/lib64/pkgconfig HTTP/2.0" 200 2670 "https://falcon-ia.com/?path=//opt/alt/python310/lib64" "Mozilla/5.0 AppleWebKit/537.36 (KHTML, like Gecko; compatible; GPTBot/1.3; +https://openai.com/gptbot)" 492 **0/492795**
216.73.216.162 - - [28/Mar/2026:07:27:13 -0700] "GET /item/3117057019?fileloc=%2Fhome%2Ffalconiapl2015%2F.zshrc&path=%2Fhome%2Ffalconiapl2015 HTTP/2.0" 200 2614 "-" "Mozilla/5.0 AppleWebKit/537.36 (KHTML, like Gecko; compatible; ClaudeBot/1.0; +claudebot@anthropic.com)" 501 **0/501121**
74.7.227.0 - - [28/Mar/2026:07:27:14 -0700] "GET /?path=//opt/alt/python311/lib64/pkgconfig HTTP/2.0" 200 2671 "https://falcon-ia.com/?path=//opt/alt/python311/lib64" "Mozilla/5.0 AppleWebKit/537.36 (KHTML, like Gecko; compatible; GPTBot/1.3; +https://openai.com/gptbot)" 493 **0/493673**
52.167.144.193 - - [28/Mar/2026:07:27:14 -0700] "GET /commodity/jared/helium171879006558 HTTP/2.0" 200 26569 "-" "Mozilla/5.0 AppleWebKit/537.36 (KHTML, like Gecko; compatible; bingbot/2.0; +http://www.bing.com/bingbot.htm) Chrome/116.0.1938.76 Safari/537.36" 1653 **1/1653581**
216.73.216.162 - - [28/Mar/2026:07:27:16 -0700] "GET /item/3229684757?fileloc=%2Fhome%2Ffalconiapl2015%2Fpublic_html%2Fwp-admin%2Fimages%2Fimgedit-icons-2x.png&path=%2Fhome%2Ffalconiapl2015%2Fpublic_html%2Fwp-admin%2Fimages HTTP/2.0" 200 8712 "-" "Mozilla/5.0 AppleWebKit/537.36 (KHTML, like Gecko; compatible; ClaudeBot/1.0; +claudebot@anthropic.com)" 499 **0/499735**
74.7.227.0 - - [28/Mar/2026:07:27:17 -0700] "GET /?path=//opt/alt/python39/lib64/python3.9/zoneinfo/__pycache__ HTTP/2.0" 200 2894 "https://falcon-ia.com/?path=//opt/alt/python39/lib64/python3.9/zoneinfo" "Mozilla/5.0 AppleWebKit/537.36 (KHTML, like Gecko; compatible; GPTBot/1.3; +https://openai.com/gptbot)" 497 **0/497133**
216.73.216.162 - - [28/Mar/2026:07:27:19 -0700] "GET /item/17752166?fileloc=%2Fhome%2Ffalconiapl2015%2F.cpanel%2Ffileupload-FbQoWRH7ta4hBb9U4573950.log&path=%2Fhome%2Ffalconiapl2015%2F.cpanel HTTP/2.0" 200 2394 "-" "Mozilla/5.0 AppleWebKit/537.36 (KHTML, like Gecko; compatible; ClaudeBot/1.0; +claudebot@anthropic.com)" 514 **0/514064**
74.7.227.0 - - [28/Mar/2026:07:27:20 -0700] "GET /?fileloc=//usr/lib64/libisccc.so&path=//usr/lib64 HTTP/2.0" 200 17934 "https://falcon-ia.com/?path=//usr/lib64" "Mozilla/5.0 AppleWebKit/537.36 (KHTML, like Gecko; compatible; GPTBot/1.3; +https://openai.com/gptbot)" 512 **0/512856**
216.73.216.162 - - [28/Mar/2026:07:27:22 -0700] "GET /item/547136434?fileloc=%2Fhome%2Ffalconiapl2015%2Fpublic_html%2Fwp-admin%2Fimages%2Fimgedit-icons-2x.png&path=%2Fhome%2Ffalconiapl2015%2Fpublic_html%2Fwp-admin%2Fimages HTTP/2.0" 200 8712 "-" "Mozilla/5.0 AppleWebKit/537.36 (KHTML, like Gecko; compatible; ClaudeBot/1.0; +claudebot@anthropic.com)" 495 **0/495521**
40.77.167.16 - - [28/Mar/2026:07:27:22 -0700] "GET /commodity/interviewing/dreamcast17194808506 HTTP/2.0" 200 26685 "-" "Mozilla/5.0 AppleWebKit/537.36 (KHTML, like Gecko; compatible; bingbot/2.0; +http://www.bing.com/bingbot.htm) Chrome/116.0.1938.76 Safari/537.36" 1723 **1/1723731**
74.7.227.0 - - [28/Mar/2026:07:27:23 -0700] "GET /?path=//opt/alt/tests/alt-php54-pecl-ssh2_0.13-1.el8 HTTP/2.0" 200 2581 "https://falcon-ia.com/?path=//opt/alt/tests" "Mozilla/5.0 AppleWebKit/537.36 (KHTML, like Gecko; compatible; GPTBot/1.3; +https://openai.com/gptbot)" 491 **0/491418**
216.73.216.162 - - [28/Mar/2026:07:27:25 -0700] "GET /item/3989231997?fileloc=%2F%2Fhome%2Ffalconiapl2015%2F.contactemail&path=%2F%2Fhome%2Ffalconiapl2015 HTTP/2.0" 403 3449 "-" "Mozilla/5.0 AppleWebKit/537.36 (KHTML, like Gecko; compatible; ClaudeBot/1.0; +claudebot@anthropic.com)" 510 **0/510515**
74.7.227.0 - - [28/Mar/2026:07:27:26 -0700] "GET /?path=//opt/alt/tests/alt-php56-pecl-ssh2_0.13-1.el8 HTTP/2.0" 200 2581 "https://falcon-ia.com/?path=//opt/alt/tests" "Mozilla/5.0 AppleWebKit/537.36 (KHTML, like Gecko; compatible; GPTBot/1.3; +https://openai.com/gptbot)" 512 **0/512626**
216.73.216.162 - - [28/Mar/2026:07:27:28 -0700] "GET /item/2273296348?fileloc=%2Fhome%2Ffalconiapl2015%2F.zshrc&path=%2Fhome%2Ffalconiapl2015 HTTP/2.0" 200 2614 "-" "Mozilla/5.0 AppleWebKit/537.36 (KHTML, like Gecko; compatible; ClaudeBot/1.0; +claudebot@anthropic.com)" 508 **0/508673**
74.7.227.0 - - [28/Mar/2026:07:27:29 -0700] "GET /?path=//lib64/gdk-pixbuf-2.0/2.10.0/loaders HTTP/2.0" 200 3027 "https://falcon-ia.com/?path=//lib64/gdk-pixbuf-2.0/2.10.0" "Mozilla/5.0 AppleWebKit/537.36 (KHTML, like Gecko; compatible; GPTBot/1.3; +https://openai.com/gptbot)" 499 **0/499435**
216.73.216.162 - - [28/Mar/2026:07:27:31 -0700] "GET /item/1895166186?fileloc=%2Fhome%2Ffalconiapl2015%2Fmail%2Fdovecot-quota&path=%2Fhome%2Ffalconiapl2015%2Fmail HTTP/2.0" 200 2293 "-" "Mozilla/5.0 AppleWebKit/537.36 (KHTML, like Gecko; compatible; ClaudeBot/1.0; +claudebot@anthropic.com)" 507 **0/507536**
74.7.227.0 - - [28/Mar/2026:07:27:33 -0700] "GET /?path=//lib/modules/4.18.0-553.83.1.lve.el8.x86_64/kernel/drivers/md/persistent-data HTTP/2.0" 200 2640 "https://falcon-ia.com/?path=//lib/modules/4.18.0-553.83.1.lve.el8.x86_64/kernel/drivers/md" "Mozilla/5.0 AppleWebKit/537.36 (KHTML, like Gecko; compatible; GPTBot/1.3; +https://openai.com/gptbot)" 494 **0/494957**
216.73.216.162 - - [28/Mar/2026:07:27:34 -0700] "GET /item/1175653966?fileloc=%2Fhome%2Ffalconiapl2015%2F.ftpquota&path=%2Fhome%2Ffalconiapl2015 HTTP/2.0" 200 2259 "-" "Mozilla/5.0 AppleWebKit/537.36 (KHTML, like Gecko; compatible; ClaudeBot/1.0; +claudebot@anthropic.com)" 504 **0/504624**
74.7.227.0 - - [28/Mar/2026:07:27:36 -0700] "GET /?path=//opt/alt/python311/lib64/python3.11/re/__pycache__ HTTP/2.0" 200 2965 "https://falcon-ia.com/?path=//opt/alt/python311/lib64/python3.11/re" "Mozilla/5.0 AppleWebKit/537.36 (KHTML, like Gecko; compatible; GPTBot/1.3; +https://openai.com/gptbot)" 521 **0/521255**
216.73.216.162 - - [28/Mar/2026:07:27:37 -0700] "GET /item/1143665591?fileloc=%2Fhome%2Ffalconiapl2015%2F.contactemail&path=%2Fhome%2Ffalconiapl2015 HTTP/2.0" 403 3449 "-" "Mozilla/5.0 AppleWebKit/537.36 (KHTML, like Gecko; compatible; ClaudeBot/1.0; +claudebot@anthropic.com)" 489 **0/489078**
74.7.227.0 - - [28/Mar/2026:07:27:39 -0700] "GET /?path=//opt/alt/python311/lib64/python3.11/wsgiref HTTP/2.0" 200 2878 "https://falcon-ia.com/?path=//opt/alt/python311/lib64/python3.11" "Mozilla/5.0 AppleWebKit/537.36 (KHTML, like Gecko; compatible; GPTBot/1.3; +https://openai.com/gptbot)" 494 **0/494182**
216.73.216.162 - - [28/Mar/2026:07:27:40 -0700] "GET /item/3103824947?fileloc=%2Fhome%2Ffalconiapl2015%2Fetc%2Ffalcon-ia.com%2Fshadow&path=%2Fhome%2Ffalconiapl2015%2Fetc%2Ffalcon-ia.com HTTP/2.0" 200 2493 "-" "Mozilla/5.0 AppleWebKit/537.36 (KHTML, like Gecko; compatible; ClaudeBot/1.0; +claudebot@anthropic.com)" 486 **0/486816**
74.7.227.0 - - [28/Mar/2026:07:27:42 -0700] "GET /?path=//opt/alt/python310/lib64/python3.10/asyncio HTTP/2.0" 200 3571 "https://falcon-ia.com/?path=//opt/alt/python310/lib64/python3.10" "Mozilla/5.0 AppleWebKit/537.36 (KHTML, like Gecko; compatible; GPTBot/1.3; +https://openai.com/gptbot)" 498 **0/498390**
216.73.216.162 - - [28/Mar/2026:07:27:43 -0700] "GET /item/3117057019?fileloc=%2Fhome%2Ffalconiapl2015%2F.wget-hsts&path=%2Fhome%2Ffalconiapl2015 HTTP/2.0" 200 2372 "-" "Mozilla/5.0 AppleWebKit/537.36 (KHTML, like Gecko; compatible; ClaudeBot/1.0; +claudebot@anthropic.com)" 518 **0/518577**
74.7.227.0 - - [28/Mar/2026:07:27:45 -0700] "GET /?path=//lib/modules/4.18.0-553.104.1.lve.el8.x86_64/kernel/virt/lib HTTP/2.0" 200 2613 "https://falcon-ia.com/?path=//lib/modules/4.18.0-553.104.1.lve.el8.x86_64/kernel/virt" "Mozilla/5.0 AppleWebKit/537.36 (KHTML, like Gecko; compatible; GPTBot/1.3; +https://openai.com/gptbot)" 489 **0/489799**
216.73.216.162 - - [28/Mar/2026:07:27:46 -0700] "GET /item/603437440?fileloc=%2Fhome%2Ffalconiapl2015%2Fetc%2Ffalcon-ia.com%2Fshadow&path=%2Fhome%2Ffalconiapl2015%2Fetc%2Ffalcon-ia.com HTTP/2.0" 200 2493 "-" "Mozilla/5.0 AppleWebKit/537.36 (KHTML, like Gecko; compatible; ClaudeBot/1.0; +claudebot@anthropic.com)" 505 **0/505470**
74.7.227.0 - - [28/Mar/2026:07:27:48 -0700] "GET /?path=//lib/modules/4.18.0-553.94.1.lve.el8.x86_64/kernel/virt/lib HTTP/2.0" 200 2609 "https://falcon-ia.com/?path=//lib/modules/4.18.0-553.94.1.lve.el8.x86_64/kernel/virt" "Mozilla/5.0 AppleWebKit/537.36 (KHTML, like Gecko; compatible; GPTBot/1.3; +https://openai.com/gptbot)" 488 **0/488828**
216.73.216.162 - - [28/Mar/2026:07:27:49 -0700] "GET /item/462041496?fileloc=%2Fhome%2Ffalconiapl2015%2Fetc%2Ffalcon-ia.com%2Fshadow%2Cv&path=%2Fhome%2Ffalconiapl2015%2Fetc%2Ffalcon-ia.com HTTP/2.0" 200 2562 "-" "Mozilla/5.0 AppleWebKit/537.36 (KHTML, like Gecko; compatible; ClaudeBot/1.0; +claudebot@anthropic.com)" 521 **0/521810**
74.7.227.0 - - [28/Mar/2026:07:27:51 -0700] "GET /?path=//lib/debug/lib64 HTTP/2.0" 200 2318 "https://falcon-ia.com/?path=//lib/debug" "Mozilla/5.0 AppleWebKit/537.36 (KHTML, like Gecko; compatible; GPTBot/1.3; +https://openai.com/gptbot)" 500 **0/500840**
216.73.216.162 - - [28/Mar/2026:07:27:52 -0700] "GET /item/1176866065?fileloc=%2Fhome%2Ffalconiapl2015%2F.cpanel%2Ffileupload-FbQoWRH7ta4hBb9U4573950.log&path=%2Fhome%2Ffalconiapl2015%2F.cpanel HTTP/2.0" 200 2394 "-" "Mozilla/5.0 AppleWebKit/537.36 (KHTML, like Gecko; compatible; ClaudeBot/1.0; +claudebot@anthropic.com)" 517 **0/517679**
74.7.227.0 - - [28/Mar/2026:07:27:55 -0700] "GET /?fileloc=//usr/lib64/libjson-c.so.4&path=//usr/lib64 HTTP/2.0" 200 26332 "https://falcon-ia.com/?path=//usr/lib64" "Mozilla/5.0 AppleWebKit/537.36 (KHTML, like Gecko; compatible; GPTBot/1.3; +https://openai.com/gptbot)" 526 **0/526826**
216.73.216.162 - - [28/Mar/2026:07:27:55 -0700] "GET /item/430338372?fileloc=%2Fhome%2Ffalconiapl2015%2F.cpanel%2Ffileupload-FbQoWRH7ta4hBb9U4573950.log&path=%2Fhome%2Ffalconiapl2015%2F.cpanel HTTP/2.0" 200 2394 "-" "Mozilla/5.0 AppleWebKit/537.36 (KHTML, like Gecko; compatible; ClaudeBot/1.0; +claudebot@anthropic.com)" 503 **0/503143**
74.7.227.0 - - [28/Mar/2026:07:27:58 -0700] "GET /?path=//opt/alt/tests/alt-php54-pecl-ssh2_0.13-1.el8/tests HTTP/2.0" 200 2757 "https://falcon-ia.com/?path=//opt/alt/tests/alt-php54-pecl-ssh2_0.13-1.el8" "Mozilla/5.0 AppleWebKit/537.36 (KHTML, like Gecko; compatible; GPTBot/1.3; +https://openai.com/gptbot)" 512 **0/512089**
216.73.216.162 - - [28/Mar/2026:07:27:58 -0700] "GET /item/3593351529?fileloc=%2Fhome%2Ffalconiapl2015%2F.zshrc&path=%2Fhome%2Ffalconiapl2015 HTTP/2.0" 200 2614 "-" "Mozilla/5.0 AppleWebKit/537.36 (KHTML, like Gecko; compatible; ClaudeBot/1.0; +claudebot@anthropic.com)" 487 **0/487367**
74.7.227.0 - - [28/Mar/2026:07:28:01 -0700] "GET /?path=//opt/alt/tests/alt-php56-pecl-ssh2_0.13-1.el8/tests HTTP/2.0" 200 2757 "https://falcon-ia.com/?path=//opt/alt/tests/alt-php56-pecl-ssh2_0.13-1.el8" "Mozilla/5.0 AppleWebKit/537.36 (KHTML, like Gecko; compatible; GPTBot/1.3; +https://openai.com/gptbot)" 530 **0/530957**
216.73.216.162 - - [28/Mar/2026:07:28:01 -0700] "GET /item/2580943736?fileloc=%2Fhome%2Ffalconiapl2015%2F.ftpquota&path=%2Fhome%2Ffalconiapl2015 HTTP/2.0" 200 2259 "-" "Mozilla/5.0 AppleWebKit/537.36 (KHTML, like Gecko; compatible; ClaudeBot/1.0; +claudebot@anthropic.com)" 513 **0/513106**
74.7.227.0 - - [28/Mar/2026:07:28:04 -0700] "GET /?fileloc=//usr/lib64/libmenu.so.6.1&path=//usr/lib64 HTTP/2.0" 200 15886 "https://falcon-ia.com/?path=//usr/lib64" "Mozilla/5.0 AppleWebKit/537.36 (KHTML, like Gecko; compatible; GPTBot/1.3; +https://openai.com/gptbot)" 523 **0/523088**
216.73.216.162 - - [28/Mar/2026:07:28:04 -0700] "GET /item/2273296348?fileloc=%2Fhome%2Ffalconiapl2015%2F.wget-hsts&path=%2Fhome%2Ffalconiapl2015 HTTP/2.0" 200 2372 "-" "Mozilla/5.0 AppleWebKit/537.36 (KHTML, like Gecko; compatible; ClaudeBot/1.0; +claudebot@anthropic.com)" 521 **0/521592**
74.7.227.0 - - [28/Mar/2026:07:28:07 -0700] "GET /?fileloc=//usr/lib64/libkrad.so.0.0&path=//usr/lib64 HTTP/2.0" 200 15857 "https://falcon-ia.com/?path=//usr/lib64" "Mozilla/5.0 AppleWebKit/537.36 (KHTML, like Gecko; compatible; GPTBot/1.3; +https://openai.com/gptbot)" 516 **0/516036**
216.73.216.162 - - [28/Mar/2026:07:28:07 -0700] "GET /item/1887989693?fileloc=%2Fhome%2Ffalconiapl2015%2Fpublic_html%2Fwp-admin%2Fimages%2Ficons32-2x.png&path=%2Fhome%2Ffalconiapl2015%2Fpublic_html%2Fwp-admin%2Fimages HTTP/2.0" 200 20098 "-" "Mozilla/5.0 AppleWebKit/537.36 (KHTML, like Gecko; compatible; ClaudeBot/1.0; +claudebot@anthropic.com)" 504 **0/504539**
74.7.227.0 - - [28/Mar/2026:07:28:10 -0700] "GET /?fileloc=//usr/lib64/libjbig.so.2.1&path=//usr/lib64 HTTP/2.0" 200 21777 "https://falcon-ia.com/?path=//usr/lib64" "Mozilla/5.0 AppleWebKit/537.36 (KHTML, like Gecko; compatible; GPTBot/1.3; +https://openai.com/gptbot)" 537 **0/537181**
216.73.216.162 - - [28/Mar/2026:07:28:10 -0700] "GET /item/2371642546?fileloc=%2Fhome%2Ffalconiapl2015%2F.ftpquota&path=%2Fhome%2Ffalconiapl2015 HTTP/2.0" 200 2259 "-" "Mozilla/5.0 AppleWebKit/537.36 (KHTML, like Gecko; compatible; ClaudeBot/1.0; +claudebot@anthropic.com)" 505 **0/505004**
216.73.216.162 - - [28/Mar/2026:07:28:13 -0700] "GET /item/3117057019?fileloc=%2Fhome%2Ffalconiapl2015%2F.bash_profile.rpmnew&path=%2Fhome%2Ffalconiapl2015 HTTP/2.0" 200 2352 "-" "Mozilla/5.0 AppleWebKit/537.36 (KHTML, like Gecko; compatible; ClaudeBot/1.0; +claudebot@anthropic.com)" 506 **0/506821**
