74.7.227.0 - - [28/Mar/2026:07:28:13 -0700] "GET /?path=//opt/alt/python311/lib64/python3.11/wsgiref/__pycache__ HTTP/2.0" 200 3099 "https://falcon-ia.com/?path=//opt/alt/python311/lib64/python3.11/wsgiref" "Mozilla/5.0 AppleWebKit/537.36 (KHTML, like Gecko; compatible; GPTBot/1.3; +https://openai.com/gptbot)" 494 **0/494689**
216.73.216.162 - - [28/Mar/2026:07:28:16 -0700] "GET /item/53255110?fileloc=%2Fhome%2Ffalconiapl2015%2F.cphorde%2Fhorde.log&path=%2Fhome%2Ffalconiapl2015%2F.cphorde HTTP/2.0" 200 2261 "-" "Mozilla/5.0 AppleWebKit/537.36 (KHTML, like Gecko; compatible; ClaudeBot/1.0; +claudebot@anthropic.com)" 506 **0/506060**
74.7.227.0 - - [28/Mar/2026:07:28:17 -0700] "GET /?path=//opt/alt/python310/lib64/python3.10/asyncio/__pycache__ HTTP/2.0" 200 4553 "https://falcon-ia.com/?path=//opt/alt/python310/lib64/python3.10/asyncio" "Mozilla/5.0 AppleWebKit/537.36 (KHTML, like Gecko; compatible; GPTBot/1.3; +https://openai.com/gptbot)" 511 **0/511153**
114.119.151.172 - - [28/Mar/2026:07:28:18 -0700] "GET /commodity/snow/medley171665816401?path=/home HTTP/1.1" 200 2772 "https://falcon-ia.com/commodity/snow/medley171665816401" "Mozilla/5.0 (Linux; Android 7.0;) AppleWebKit/537.36 (KHTML, like Gecko) Mobile Safari/537.36 (compatible; PetalBot;+https://webmaster.petalsearch.com/site/petalbot)" 494 **0/494059**
216.73.216.162 - - [28/Mar/2026:07:28:19 -0700] "GET /item/3117057019?fileloc=%2Fhome%2Ffalconiapl2015%2F.myimunify_id&path=%2Fhome%2Ffalconiapl2015 HTTP/2.0" 200 2315 "-" "Mozilla/5.0 AppleWebKit/537.36 (KHTML, like Gecko; compatible; ClaudeBot/1.0; +claudebot@anthropic.com)" 515 **0/515675**
74.7.227.0 - - [28/Mar/2026:07:28:20 -0700] "GET /?path=//lib/modules/4.18.0-553.94.1.lve.el8.x86_64/kernel/sound/virtio HTTP/2.0" 200 2618 "https://falcon-ia.com/?path=//lib/modules/4.18.0-553.94.1.lve.el8.x86_64/kernel/sound" "Mozilla/5.0 AppleWebKit/537.36 (KHTML, like Gecko; compatible; GPTBot/1.3; +https://openai.com/gptbot)" 512 **0/512931**
216.73.216.162 - - [28/Mar/2026:07:28:22 -0700] "GET /item/3575996491?fileloc=%2Fhome%2Ffalconiapl2015%2Ftmp%2Fsess_inoecsalthf7krjevaclpfn7q2q88uv8&path=%2Fhome%2Ffalconiapl2015%2Ftmp HTTP/2.0" 200 7978 "-" "Mozilla/5.0 AppleWebKit/537.36 (KHTML, like Gecko; compatible; ClaudeBot/1.0; +claudebot@anthropic.com)" 496 **0/496391**
74.7.227.0 - - [28/Mar/2026:07:28:23 -0700] "GET /?path=//lib/modules/4.18.0-553.94.1.lve.el8.x86_64/kernel/sound/drivers HTTP/2.0" 200 2848 "https://falcon-ia.com/?path=//lib/modules/4.18.0-553.94.1.lve.el8.x86_64/kernel/sound" "Mozilla/5.0 AppleWebKit/537.36 (KHTML, like Gecko; compatible; GPTBot/1.3; +https://openai.com/gptbot)" 500 **0/500425**
74.7.227.0 - - [28/Mar/2026:07:28:26 -0700] "GET /?path=//lib/modules/4.18.0-553.83.1.lve.el8.x86_64/kernel/sound/usb/usx2y HTTP/2.0" 200 2673 "https://falcon-ia.com/?path=//lib/modules/4.18.0-553.83.1.lve.el8.x86_64/kernel/sound/usb" "Mozilla/5.0 AppleWebKit/537.36 (KHTML, like Gecko; compatible; GPTBot/1.3; +https://openai.com/gptbot)" 505 **0/505391**
216.73.216.162 - - [28/Mar/2026:07:28:27 -0700] "GET /item/364227423?fileloc=%2Fhome%2Ffalconiapl2015%2Fpublic_html%2Fwp-mail.php&path=%2Fhome%2Ffalconiapl2015%2Fpublic_html HTTP/2.0" 200 5289 "-" "Mozilla/5.0 AppleWebKit/537.36 (KHTML, like Gecko; compatible; ClaudeBot/1.0; +claudebot@anthropic.com)" 513 **0/513516**
216.73.216.162 - - [28/Mar/2026:07:28:29 -0700] "GET /item/2464613171?fileloc=%2Fhome%2Ffalconiapl2015%2Fpublic_html%2Fwp-activate.php&path=%2Fhome%2Ffalconiapl2015%2Fpublic_html HTTP/2.0" 200 4672 "-" "Mozilla/5.0 AppleWebKit/537.36 (KHTML, like Gecko; compatible; ClaudeBot/1.0; +claudebot@anthropic.com)" 509 **0/509676**
74.7.227.0 - - [28/Mar/2026:07:28:29 -0700] "GET /?path=//lib/modules/4.18.0-553.94.1.lve.el8.x86_64/kernel/sound/usb/usx2y HTTP/2.0" 200 2666 "https://falcon-ia.com/?path=//lib/modules/4.18.0-553.94.1.lve.el8.x86_64/kernel/sound/usb" "Mozilla/5.0 AppleWebKit/537.36 (KHTML, like Gecko; compatible; GPTBot/1.3; +https://openai.com/gptbot)" 500 **0/500919**
74.7.227.0 - - [28/Mar/2026:07:28:33 -0700] "GET /?path=//lib/modules/4.18.0-553.94.1.lve.el8.x86_64/kernel/fs/overlayfs HTTP/2.0" 200 2612 "https://falcon-ia.com/?path=//lib/modules/4.18.0-553.94.1.lve.el8.x86_64/kernel/fs" "Mozilla/5.0 AppleWebKit/537.36 (KHTML, like Gecko; compatible; GPTBot/1.3; +https://openai.com/gptbot)" 511 **0/511316**
216.73.216.162 - - [28/Mar/2026:07:28:35 -0700] "GET /item/1906505776?path=%2Fhome%2Ffalconiapl2015%2Fpublic_html%2F.easyssl_backup HTTP/2.0" 200 2841 "-" "Mozilla/5.0 AppleWebKit/537.36 (KHTML, like Gecko; compatible; ClaudeBot/1.0; +claudebot@anthropic.com)" 527 **0/527550**
74.7.227.0 - - [28/Mar/2026:07:28:36 -0700] "GET /?path=//lib/modules/4.18.0-553.94.1.lve.el8.x86_64/kernel/sound/usb/6fire HTTP/2.0" 200 2630 "https://falcon-ia.com/?path=//lib/modules/4.18.0-553.94.1.lve.el8.x86_64/kernel/sound/usb" "Mozilla/5.0 AppleWebKit/537.36 (KHTML, like Gecko; compatible; GPTBot/1.3; +https://openai.com/gptbot)" 505 **0/505304**
216.73.216.162 - - [28/Mar/2026:07:28:38 -0700] "GET /item/4063658336?fileloc=%2Fhome%2Ffalconiapl2015%2Fpublic_html%2Fwp-includes%2Fclass-wp-theme-json-resolver.php&path=%2Fhome%2Ffalconiapl2015%2Fpublic_html%2Fwp-includes HTTP/2.0" 200 10687 "-" "Mozilla/5.0 AppleWebKit/537.36 (KHTML, like Gecko; compatible; ClaudeBot/1.0; +claudebot@anthropic.com)" 496 **0/496292**
112.86.225.47 - - [28/Mar/2026:07:28:38 -0700] "GET /blog/ HTTP/1.1" 200 3956 "-" "Sogou web spider/4.0(+http://www.sogou.com/docs/help/webmasters.htm#07)" 499 **0/499868**
74.7.227.0 - - [28/Mar/2026:07:28:39 -0700] "GET /?path=//lib/modules/4.18.0-553.94.1.lve.el8.x86_64/kernel/sound/i2c/other HTTP/2.0" 200 2724 "https://falcon-ia.com/?path=//lib/modules/4.18.0-553.94.1.lve.el8.x86_64/kernel/sound/i2c" "Mozilla/5.0 AppleWebKit/537.36 (KHTML, like Gecko; compatible; GPTBot/1.3; +https://openai.com/gptbot)" 518 **0/518921**
216.73.216.162 - - [28/Mar/2026:07:28:41 -0700] "GET /item/4279915768?fileloc=%2Fhome%2Ffalconiapl2015%2Fpublic_html%2Fwp-includes%2Fblock-editor.php&path=%2Fhome%2Ffalconiapl2015%2Fpublic_html%2Fwp-includes HTTP/2.0" 200 8939 "-" "Mozilla/5.0 AppleWebKit/537.36 (KHTML, like Gecko; compatible; ClaudeBot/1.0; +claudebot@anthropic.com)" 499 **0/499157**
74.7.227.0 - - [28/Mar/2026:07:28:42 -0700] "GET /?path=//lib/modules/4.18.0-553.104.1.lve.el8.x86_64/kernel/fs/overlayfs HTTP/2.0" 200 2617 "https://falcon-ia.com/?path=//lib/modules/4.18.0-553.104.1.lve.el8.x86_64/kernel/fs" "Mozilla/5.0 AppleWebKit/537.36 (KHTML, like Gecko; compatible; GPTBot/1.3; +https://openai.com/gptbot)" 499 **0/499771**
216.73.216.162 - - [28/Mar/2026:07:28:44 -0700] "GET /item/3092343621?fileloc=%2Fhome%2Ffalconiapl2015%2Fpublic_html%2Fwp-includes%2Fclass-wp-http-proxy.php&path=%2Fhome%2Ffalconiapl2015%2Fpublic_html%2Fwp-includes HTTP/2.0" 200 4109 "-" "Mozilla/5.0 AppleWebKit/537.36 (KHTML, like Gecko; compatible; ClaudeBot/1.0; +claudebot@anthropic.com)" 497 **0/497340**
74.7.227.0 - - [28/Mar/2026:07:28:45 -0700] "GET /?path=//lib/modules/4.18.0-553.104.1.lve.el8.x86_64/kernel/fs/squashfs HTTP/2.0" 200 2618 "https://falcon-ia.com/?path=//lib/modules/4.18.0-553.104.1.lve.el8.x86_64/kernel/fs" "Mozilla/5.0 AppleWebKit/537.36 (KHTML, like Gecko; compatible; GPTBot/1.3; +https://openai.com/gptbot)" 515 **0/515571**
216.73.216.162 - - [28/Mar/2026:07:28:47 -0700] "GET /item/3211466970?path=%2Fhome%2Ffalconiapl2015%2Fetc HTTP/2.0" 200 2662 "-" "Mozilla/5.0 AppleWebKit/537.36 (KHTML, like Gecko; compatible; ClaudeBot/1.0; +claudebot@anthropic.com)" 485 **0/485861**
74.7.227.0 - - [28/Mar/2026:07:28:48 -0700] "GET /?fileloc=//usr/sbin/cracklib-unpacker&path=//usr/sbin HTTP/2.0" 200 5370 "https://falcon-ia.com/?path=//usr/sbin" "Mozilla/5.0 AppleWebKit/537.36 (KHTML, like Gecko; compatible; GPTBot/1.3; +https://openai.com/gptbot)" 527 **0/527097**
216.73.216.162 - - [28/Mar/2026:07:28:50 -0700] "GET /item/3215007198?path=%2Fhome%2Ffalconiapl2015%2Fetc HTTP/2.0" 200 2662 "-" "Mozilla/5.0 AppleWebKit/537.36 (KHTML, like Gecko; compatible; ClaudeBot/1.0; +claudebot@anthropic.com)" 493 **0/493089**
74.7.227.0 - - [28/Mar/2026:07:28:52 -0700] "GET /?fileloc=//opt/alt/python310/lib64/python3.10/asyncio/__pycache__/subprocess.cpython-310.opt-1.pyc&path=//opt/alt/python310/lib64/python3.10/asyncio/__pycache__ HTTP/2.0" 200 5502 "https://falcon-ia.com/?path=//opt/alt/python310/lib64/python3.10/asyncio/__pycache__" "Mozilla/5.0 AppleWebKit/537.36 (KHTML, like Gecko; compatible; GPTBot/1.3; +https://openai.com/gptbot)" 531 **0/531456**
216.73.216.162 - - [28/Mar/2026:07:28:53 -0700] "GET /item/422601928?fileloc=%2Fhome%2Ffalconiapl2015%2Fpublic_html%2Fwp-includes%2Fclass-wp-http.php&path=%2Fhome%2Ffalconiapl2015%2Fpublic_html%2Fwp-includes HTTP/2.0" 403 3449 "-" "Mozilla/5.0 AppleWebKit/537.36 (KHTML, like Gecko; compatible; ClaudeBot/1.0; +claudebot@anthropic.com)" 495 **0/495775**
74.7.227.0 - - [28/Mar/2026:07:28:55 -0700] "GET /?fileloc=//opt/alt/python310/lib64/python3.10/asyncio/__pycache__/base_futures.cpython-310.pyc&path=//opt/alt/python310/lib64/python3.10/asyncio/__pycache__ HTTP/2.0" 200 3519 "https://falcon-ia.com/?path=//opt/alt/python310/lib64/python3.10/asyncio/__pycache__" "Mozilla/5.0 AppleWebKit/537.36 (KHTML, like Gecko; compatible; GPTBot/1.3; +https://openai.com/gptbot)" 519 **0/519430**
216.73.216.162 - - [28/Mar/2026:07:28:56 -0700] "GET /item/1781702381?fileloc=%2Fhome%2Ffalconiapl2015%2Fpublic_html%2Fwp-admin%2Fexport.php&path=%2Fhome%2Ffalconiapl2015%2Fpublic_html%2Fwp-admin HTTP/2.0" 403 3449 "-" "Mozilla/5.0 AppleWebKit/537.36 (KHTML, like Gecko; compatible; ClaudeBot/1.0; +claudebot@anthropic.com)" 542 **0/542200**
74.7.227.0 - - [28/Mar/2026:07:28:58 -0700] "GET /?path=//lib/modules/4.18.0-553.94.1.lve.el8.x86_64/kernel/sound/drivers/vx HTTP/2.0" 200 2628 "https://falcon-ia.com/?path=//lib/modules/4.18.0-553.94.1.lve.el8.x86_64/kernel/sound/drivers" "Mozilla/5.0 AppleWebKit/537.36 (KHTML, like Gecko; compatible; GPTBot/1.3; +https://openai.com/gptbot)" 518 **0/518526**
216.73.216.162 - - [28/Mar/2026:07:28:59 -0700] "GET /item/1729751600?fileloc=%2Fhome%2Ffalconiapl2015%2Fpublic_html%2Fwp-includes%2Fhtml-api%2F.htaccess&path=%2Fhome%2Ffalconiapl2015%2Fpublic_html%2Fwp-includes%2Fhtml-api HTTP/2.0" 403 3449 "-" "Mozilla/5.0 AppleWebKit/537.36 (KHTML, like Gecko; compatible; ClaudeBot/1.0; +claudebot@anthropic.com)" 516 **0/516051**
74.7.227.0 - - [28/Mar/2026:07:29:01 -0700] "GET /?path=//lib/modules/4.18.0-553.94.1.lve.el8.x86_64/kernel/sound/drivers/pcsp HTTP/2.0" 200 2627 "https://falcon-ia.com/?path=//lib/modules/4.18.0-553.94.1.lve.el8.x86_64/kernel/sound/drivers" "Mozilla/5.0 AppleWebKit/537.36 (KHTML, like Gecko; compatible; GPTBot/1.3; +https://openai.com/gptbot)" 565 **0/565683**
216.73.216.162 - - [28/Mar/2026:07:29:02 -0700] "GET /item/602225341?fileloc=%2Fhome%2Ffalconiapl2015%2Fpublic_html%2Fwp-includes%2Fclass-wp-speculation-rules.php&path=%2Fhome%2Ffalconiapl2015%2Fpublic_html%2Fwp-includes HTTP/2.0" 403 3449 "-" "Mozilla/5.0 AppleWebKit/537.36 (KHTML, like Gecko; compatible; ClaudeBot/1.0; +claudebot@anthropic.com)" 585 **0/585180**
74.7.227.0 - - [28/Mar/2026:07:29:04 -0700] "GET /?fileloc=//lib64/libgpg-error.so.0&path=//lib64 HTTP/2.0" 200 54068 "https://falcon-ia.com/?path=//lib64" "Mozilla/5.0 AppleWebKit/537.36 (KHTML, like Gecko; compatible; GPTBot/1.3; +https://openai.com/gptbot)" 529 **0/529110**
216.73.216.162 - - [28/Mar/2026:07:29:05 -0700] "GET /item/1136871537?fileloc=%2Fhome%2Ffalconiapl2015%2Fpublic_html%2Fwp-admin%2Fcss%2Fdashboard.css&path=%2Fhome%2Ffalconiapl2015%2Fpublic_html%2Fwp-admin%2Fcss HTTP/2.0" 403 3449 "-" "Mozilla/5.0 AppleWebKit/537.36 (KHTML, like Gecko; compatible; ClaudeBot/1.0; +claudebot@anthropic.com)" 505 **0/505991**
74.7.227.0 - - [28/Mar/2026:07:29:07 -0700] "GET /?path=//opt/alt/ruby32/lib64/gems/ruby/json-2.16.0 HTTP/2.0" 200 2762 "https://falcon-ia.com/?path=//opt/alt/ruby32/lib64/gems/ruby" "Mozilla/5.0 AppleWebKit/537.36 (KHTML, like Gecko; compatible; GPTBot/1.3; +https://openai.com/gptbot)" 515 **0/515381**
216.73.216.162 - - [28/Mar/2026:07:29:08 -0700] "GET /item/534344114?fileloc=%2Fhome%2Ffalconiapl2015%2Fpublic_html%2Fwp-includes%2Fclass-wp-block-parser-frame.php&path=%2Fhome%2Ffalconiapl2015%2Fpublic_html%2Fwp-includes HTTP/2.0" 403 3449 "-" "Mozilla/5.0 AppleWebKit/537.36 (KHTML, like Gecko; compatible; ClaudeBot/1.0; +claudebot@anthropic.com)" 492 **0/492797**
51.195.183.192 - - [28/Mar/2026:07:29:08 -0700] "GET /commodity/helped/tb171952753728 HTTP/2.0" 200 3449 "-" "Mozilla/5.0 (compatible; AhrefsBot/7.0; +http://ahrefs.com/robot/)" 502 **0/502914**
74.7.227.0 - - [28/Mar/2026:07:29:10 -0700] "GET /?path=//lib/modules/4.18.0-553.83.1.lve.el8.x86_64/kernel/drivers/crypto/qat/qat_common HTTP/2.0" 200 2647 "https://falcon-ia.com/?path=//lib/modules/4.18.0-553.83.1.lve.el8.x86_64/kernel/drivers/crypto/qat" "Mozilla/5.0 AppleWebKit/537.36 (KHTML, like Gecko; compatible; GPTBot/1.3; +https://openai.com/gptbot)" 509 **0/509407**
216.73.216.162 - - [28/Mar/2026:07:29:11 -0700] "GET /item/547136434?fileloc=%2Fhome%2Ffalconiapl2015%2Fpublic_html%2Fwp-includes%2Fclass-wp-customize-section.php&path=%2Fhome%2Ffalconiapl2015%2Fpublic_html%2Fwp-includes HTTP/2.0" 403 3449 "-" "Mozilla/5.0 AppleWebKit/537.36 (KHTML, like Gecko; compatible; ClaudeBot/1.0; +claudebot@anthropic.com)" 505 **0/505774**
74.7.227.0 - - [28/Mar/2026:07:29:14 -0700] "GET /?fileloc=//opt/liblve/libsecureio.so.0&path=//opt/liblve HTTP/2.0" 200 7068 "https://falcon-ia.com/?path=//opt/liblve" "Mozilla/5.0 AppleWebKit/537.36 (KHTML, like Gecko; compatible; GPTBot/1.3; +https://openai.com/gptbot)" 497 **0/497823**
216.73.216.162 - - [28/Mar/2026:07:29:14 -0700] "GET /item/3847809934?fileloc=%2Fhome%2Ffalconiapl2015%2Fpublic_html%2Fwp-includes%2Fclass-http.php&path=%2Fhome%2Ffalconiapl2015%2Fpublic_html%2Fwp-includes HTTP/2.0" 403 3449 "-" "Mozilla/5.0 AppleWebKit/537.36 (KHTML, like Gecko; compatible; ClaudeBot/1.0; +claudebot@anthropic.com)" 488 **0/488111**
52.167.144.193 - - [28/Mar/2026:07:29:14 -0700] "GET /casino-ilk-yat%C4%B1r%C4%B1m-bonusu/ HTTP/2.0" 200 30070 "-" "Mozilla/5.0 AppleWebKit/537.36 (KHTML, like Gecko; compatible; bingbot/2.0; +http://www.bing.com/bingbot.htm) Chrome/116.0.1938.76 Safari/537.36" 1645 **1/1645541**
216.73.216.162 - - [28/Mar/2026:07:29:17 -0700] "GET /item/4189986004?fileloc=%2Fhome%2Ffalconiapl2015%2Fpublic_html%2Fwp-admin%2Fexport-personal-data.php&path=%2Fhome%2Ffalconiapl2015%2Fpublic_html%2Fwp-admin HTTP/2.0" 403 3449 "-" "Mozilla/5.0 AppleWebKit/537.36 (KHTML, like Gecko; compatible; ClaudeBot/1.0; +claudebot@anthropic.com)" 512 **0/512015**
74.7.227.0 - - [28/Mar/2026:07:29:17 -0700] "GET /?fileloc=//bin/login&path=//bin HTTP/2.0" 200 16810 "https://falcon-ia.com/?path=//bin" "Mozilla/5.0 AppleWebKit/537.36 (KHTML, like Gecko; compatible; GPTBot/1.3; +https://openai.com/gptbot)" 523 **0/523105**
216.73.216.162 - - [28/Mar/2026:07:29:20 -0700] "GET /item/4279915768?fileloc=%2Fhome%2Ffalconiapl2015%2Fpublic_html%2Fwp-includes%2Fspeculative-loading.php&path=%2Fhome%2Ffalconiapl2015%2Fpublic_html%2Fwp-includes HTTP/2.0" 403 3449 "-" "Mozilla/5.0 AppleWebKit/537.36 (KHTML, like Gecko; compatible; ClaudeBot/1.0; +claudebot@anthropic.com)" 508 **0/508838**
74.7.227.0 - - [28/Mar/2026:07:29:20 -0700] "GET /?path=//opt/alt/python37/lib64/python3.7/wsgiref/__pycache__ HTTP/2.0" 200 3036 "https://falcon-ia.com/?path=//opt/alt/python37/lib64/python3.7/wsgiref" "Mozilla/5.0 AppleWebKit/537.36 (KHTML, like Gecko; compatible; GPTBot/1.3; +https://openai.com/gptbot)" 547 **0/547599**
52.167.144.202 - - [28/Mar/2026:07:29:19 -0700] "GET /commodity/dam/sadness171612250083 HTTP/2.0" 200 26720 "-" "Mozilla/5.0 AppleWebKit/537.36 (KHTML, like Gecko; compatible; bingbot/2.0; +http://www.bing.com/bingbot.htm) Chrome/116.0.1938.76 Safari/537.36" 1610 **1/1610419**
216.73.216.162 - - [28/Mar/2026:07:29:23 -0700] "GET /item/3554030469?fileloc=%2Fhome%2Ffalconiapl2015%2Fpublic_html%2Fwp-includes%2Fclass-wp-block-bindings-source.php&path=%2Fhome%2Ffalconiapl2015%2Fpublic_html%2Fwp-includes HTTP/2.0" 403 3449 "-" "Mozilla/5.0 AppleWebKit/537.36 (KHTML, like Gecko; compatible; ClaudeBot/1.0; +claudebot@anthropic.com)" 508 **0/508473**
74.7.227.0 - - [28/Mar/2026:07:29:23 -0700] "GET /?path=//opt/alt/python35/lib64/python3.5/wsgiref/__pycache__ HTTP/2.0" 200 3033 "https://falcon-ia.com/?path=//opt/alt/python35/lib64/python3.5/wsgiref" "Mozilla/5.0 AppleWebKit/537.36 (KHTML, like Gecko; compatible; GPTBot/1.3; +https://openai.com/gptbot)" 507 **0/507294**
216.73.216.162 - - [28/Mar/2026:07:29:26 -0700] "GET /item/715786366?fileloc=%2Fhome%2Ffalconiapl2015%2Fpublic_html%2Fwp-includes%2Fpluggable.php&path=%2Fhome%2Ffalconiapl2015%2Fpublic_html%2Fwp-includes HTTP/2.0" 403 3449 "-" "Mozilla/5.0 AppleWebKit/537.36 (KHTML, like Gecko; compatible; ClaudeBot/1.0; +claudebot@anthropic.com)" 501 **0/501724**
74.7.227.0 - - [28/Mar/2026:07:29:26 -0700] "GET /?path=//opt/alt/python37/lib64/python3.7/site-packages/psutil/tests/__pycache__ HTTP/2.0" 200 3208 "https://falcon-ia.com/?path=//opt/alt/python37/lib64/python3.7/site-packages/psutil/tests" "Mozilla/5.0 AppleWebKit/537.36 (KHTML, like Gecko; compatible; GPTBot/1.3; +https://openai.com/gptbot)" 494 **0/494154**
216.73.216.162 - - [28/Mar/2026:07:29:29 -0700] "GET /item/3907333620?fileloc=%2Fhome%2Ffalconiapl2015%2Fpublic_html%2Fwp-includes%2Fblock-editor.php&path=%2Fhome%2Ffalconiapl2015%2Fpublic_html%2Fwp-includes HTTP/2.0" 403 3449 "-" "Mozilla/5.0 AppleWebKit/537.36 (KHTML, like Gecko; compatible; ClaudeBot/1.0; +claudebot@anthropic.com)" 500 **0/500613**
74.7.227.0 - - [28/Mar/2026:07:29:29 -0700] "GET /?path=//opt/python38/lib/python3.8/site-packages/pip/_internal/operations/install/__pycache__ HTTP/2.0" 200 2754 "https://falcon-ia.com/?path=//opt/python38/lib/python3.8/site-packages/pip/_internal/operations/install" "Mozilla/5.0 AppleWebKit/537.36 (KHTML, like Gecko; compatible; GPTBot/1.3; +https://openai.com/gptbot)" 509 **0/509733**
216.73.216.162 - - [28/Mar/2026:07:29:32 -0700] "GET /item/858952228?fileloc=%2Fhome%2Ffalconiapl2015%2Fpublic_html%2Fwp-admin%2Fnetwork%2Fcontribute-framework.php&path=%2Fhome%2Ffalconiapl2015%2Fpublic_html%2Fwp-admin%2Fnetwork HTTP/2.0" 403 3449 "-" "Mozilla/5.0 AppleWebKit/537.36 (KHTML, like Gecko; compatible; ClaudeBot/1.0; +claudebot@anthropic.com)" 597 **0/597063**
74.7.227.0 - - [28/Mar/2026:07:29:33 -0700] "GET /?path=//opt/alt/python38/lib64/python3.8/html/__pycache__ HTTP/2.0" 200 2835 "https://falcon-ia.com/?path=//opt/alt/python38/lib64/python3.8/html" "Mozilla/5.0 AppleWebKit/537.36 (KHTML, like Gecko; compatible; GPTBot/1.3; +https://openai.com/gptbot)" 497 **0/497754**
216.73.216.162 - - [28/Mar/2026:07:29:35 -0700] "GET /item/2071247287?fileloc=%2Fhome%2Ffalconiapl2015%2Fpublic_html%2Fwp-includes%2Fclass-wp-block-parser.php&path=%2Fhome%2Ffalconiapl2015%2Fpublic_html%2Fwp-includes HTTP/2.0" 200 5594 "-" "Mozilla/5.0 AppleWebKit/537.36 (KHTML, like Gecko; compatible; ClaudeBot/1.0; +claudebot@anthropic.com)" 500 **0/500896**
114.119.143.130 - - [28/Mar/2026:07:29:36 -0700] "GET /commodity/smithsonian/suffered172097943501?path=/home/falconiapl2015/public_html/.well-known HTTP/1.1" 200 2904 "https://falcon-ia.com/commodity/smithsonian/suffered172097943501" "Mozilla/5.0 (Linux; Android 7.0;) AppleWebKit/537.36 (KHTML, like Gecko) Mobile Safari/537.36 (compatible; PetalBot;+https://webmaster.petalsearch.com/site/petalbot)" 490 **0/490921**
74.7.227.0 - - [28/Mar/2026:07:29:36 -0700] "GET /?path=//opt/alt/python34/lib64/python3.4/html/__pycache__ HTTP/2.0" 200 2772 "https://falcon-ia.com/?path=//opt/alt/python34/lib64/python3.4/html" "Mozilla/5.0 AppleWebKit/537.36 (KHTML, like Gecko; compatible; GPTBot/1.3; +https://openai.com/gptbot)" 518 **0/518177**
216.73.216.162 - - [28/Mar/2026:07:29:38 -0700] "GET /item/715786366?fileloc=%2Fhome%2Ffalconiapl2015%2Fpublic_html%2Fwp-includes%2Fclass-wp-date-query.php&path=%2Fhome%2Ffalconiapl2015%2Fpublic_html%2Fwp-includes HTTP/2.0" 200 10893 "-" "Mozilla/5.0 AppleWebKit/537.36 (KHTML, like Gecko; compatible; ClaudeBot/1.0; +claudebot@anthropic.com)" 494 **0/494577**
74.7.227.0 - - [28/Mar/2026:07:29:39 -0700] "GET /?path=//opt/alt/python39/lib64/python3.9/html/__pycache__ HTTP/2.0" 200 2836 "https://falcon-ia.com/?path=//opt/alt/python39/lib64/python3.9/html" "Mozilla/5.0 AppleWebKit/537.36 (KHTML, like Gecko; compatible; GPTBot/1.3; +https://openai.com/gptbot)" 496 **0/496831**
216.73.216.162 - - [28/Mar/2026:07:29:41 -0700] "GET /item/3617016351?fileloc=%2Fhome%2Ffalconiapl2015%2Fpublic_html%2Fwp-admin%2Fplugins.php&path=%2Fhome%2Ffalconiapl2015%2Fpublic_html%2Fwp-admin HTTP/2.0" 200 9791 "-" "Mozilla/5.0 AppleWebKit/537.36 (KHTML, like Gecko; compatible; ClaudeBot/1.0; +claudebot@anthropic.com)" 505 **0/505861**
74.7.227.0 - - [28/Mar/2026:07:29:42 -0700] "GET /?path=//opt/alt/ruby32/lib64/gems/ruby/json-2.16.0/json HTTP/2.0" 200 2604 "https://falcon-ia.com/?path=//opt/alt/ruby32/lib64/gems/ruby/json-2.16.0" "Mozilla/5.0 AppleWebKit/537.36 (KHTML, like Gecko; compatible; GPTBot/1.3; +https://openai.com/gptbot)" 502 **0/502358**
216.73.216.162 - - [28/Mar/2026:07:29:44 -0700] "GET /item/4153129618?path=%2Fhome%2Ffalconiapl2015%2Fetc HTTP/2.0" 200 2662 "-" "Mozilla/5.0 AppleWebKit/537.36 (KHTML, like Gecko; compatible; ClaudeBot/1.0; +claudebot@anthropic.com)" 492 **0/492702**
74.7.227.0 - - [28/Mar/2026:07:29:45 -0700] "GET /?path=//opt/alt/python35/lib64/python3.5/html/__pycache__ HTTP/2.0" 200 2839 "https://falcon-ia.com/?path=//opt/alt/python35/lib64/python3.5/html" "Mozilla/5.0 AppleWebKit/537.36 (KHTML, like Gecko; compatible; GPTBot/1.3; +https://openai.com/gptbot)" 506 **0/506841**
216.73.216.162 - - [28/Mar/2026:07:29:47 -0700] "GET /item/2729165899?fileloc=%2Fhome%2Ffalconiapl2015%2Fpublic_html%2Fwp-includes%2Fclass-wp-block-parser.php&path=%2Fhome%2Ffalconiapl2015%2Fpublic_html%2Fwp-includes HTTP/2.0" 200 5594 "-" "Mozilla/5.0 AppleWebKit/537.36 (KHTML, like Gecko; compatible; ClaudeBot/1.0; +claudebot@anthropic.com)" 516 **0/516029**
74.7.227.0 - - [28/Mar/2026:07:29:49 -0700] "GET /?path=//opt/alt/python36/lib64/python3.6/html/__pycache__ HTTP/2.0" 200 2837 "https://falcon-ia.com/?path=//opt/alt/python36/lib64/python3.6/html" "Mozilla/5.0 AppleWebKit/537.36 (KHTML, like Gecko; compatible; GPTBot/1.3; +https://openai.com/gptbot)" 504 **0/504640**
216.73.216.162 - - [28/Mar/2026:07:29:50 -0700] "GET /item/547136434?fileloc=%2Fhome%2Ffalconiapl2015%2Fpublic_html%2Fwp-includes%2Fclass-wp-editor.php&path=%2Fhome%2Ffalconiapl2015%2Fpublic_html%2Fwp-includes HTTP/2.0" 200 19163 "-" "Mozilla/5.0 AppleWebKit/537.36 (KHTML, like Gecko; compatible; ClaudeBot/1.0; +claudebot@anthropic.com)" 508 **0/508475**
74.7.227.0 - - [28/Mar/2026:07:29:52 -0700] "GET /?path=//opt/alt/python37/lib64/python3.7/html/__pycache__ HTTP/2.0" 200 2836 "https://falcon-ia.com/?path=//opt/alt/python37/lib64/python3.7/html" "Mozilla/5.0 AppleWebKit/537.36 (KHTML, like Gecko; compatible; GPTBot/1.3; +https://openai.com/gptbot)" 509 **0/509691**
216.73.216.162 - - [28/Mar/2026:07:29:53 -0700] "GET /item/1998328006?fileloc=%2Fhome%2Ffalconiapl2015%2Fpublic_html%2Fwp-includes%2Fclass-wp-image-editor.php&path=%2Fhome%2Ffalconiapl2015%2Fpublic_html%2Fwp-includes HTTP/2.0" 200 6961 "-" "Mozilla/5.0 AppleWebKit/537.36 (KHTML, like Gecko; compatible; ClaudeBot/1.0; +claudebot@anthropic.com)" 504 **0/504735**
74.7.227.0 - - [28/Mar/2026:07:29:55 -0700] "GET /?fileloc=//opt/alt/python37/lib64/python3.7/wsgiref/__pycache__/simple_server.cpython-37.opt-2.pyc&path=//opt/alt/python37/lib64/python3.7/wsgiref/__pycache__ HTTP/2.0" 200 4801 "https://falcon-ia.com/?path=//opt/alt/python37/lib64/python3.7/wsgiref/__pycache__" "Mozilla/5.0 AppleWebKit/537.36 (KHTML, like Gecko; compatible; GPTBot/1.3; +https://openai.com/gptbot)" 497 **0/497856**
216.73.216.162 - - [28/Mar/2026:07:29:56 -0700] "GET /item/3504905972?fileloc=%2Fhome%2Ffalconiapl2015%2Fpublic_html%2Fwp-includes%2Ftheme-compat%2Fcomments.php&path=%2Fhome%2Ffalconiapl2015%2Fpublic_html%2Fwp-includes%2Ftheme-compat HTTP/2.0" 200 3118 "-" "Mozilla/5.0 AppleWebKit/537.36 (KHTML, like Gecko; compatible; ClaudeBot/1.0; +claudebot@anthropic.com)" 507 **0/507253**
74.7.227.0 - - [28/Mar/2026:07:29:58 -0700] "GET /?fileloc=//bin/ps2ps2&path=//bin HTTP/2.0" 200 2674 "https://falcon-ia.com/?path=//bin" "Mozilla/5.0 AppleWebKit/537.36 (KHTML, like Gecko; compatible; GPTBot/1.3; +https://openai.com/gptbot)" 495 **0/495973**
216.73.216.162 - - [28/Mar/2026:07:29:59 -0700] "GET /item/594120704?path=%2Fhome%2Ffalconiapl2015%2Fpublic_html%2Fwp-includes%2Fcertificates HTTP/2.0" 200 2646 "-" "Mozilla/5.0 AppleWebKit/537.36 (KHTML, like Gecko; compatible; ClaudeBot/1.0; +claudebot@anthropic.com)" 509 **0/509005**
74.7.227.0 - - [28/Mar/2026:07:30:01 -0700] "GET /?fileloc=//lib64/libnettle.so.6.5&path=//lib64 HTTP/2.0" 200 89449 "https://falcon-ia.com/?path=//lib64" "Mozilla/5.0 AppleWebKit/537.36 (KHTML, like Gecko; compatible; GPTBot/1.3; +https://openai.com/gptbot)" 704 **0/704182**
216.73.216.162 - - [28/Mar/2026:07:30:02 -0700] "GET /item/3687716088?fileloc=%2Fhome%2Ffalconiapl2015%2Fpublic_html%2Fwp-includes%2Fclass-wp-block-parser-frame.php&path=%2Fhome%2Ffalconiapl2015%2Fpublic_html%2Fwp-includes HTTP/2.0" 200 2808 "-" "Mozilla/5.0 AppleWebKit/537.36 (KHTML, like Gecko; compatible; ClaudeBot/1.0; +claudebot@anthropic.com)" 631 **0/631503**
74.7.227.0 - - [28/Mar/2026:07:30:04 -0700] "GET /?fileloc=//lib64/libtinfo.so.6.1&path=//lib64 HTTP/2.0" 200 57305 "https://falcon-ia.com/?path=//lib64" "Mozilla/5.0 AppleWebKit/537.36 (KHTML, like Gecko; compatible; GPTBot/1.3; +https://openai.com/gptbot)" 613 **0/613910**
216.73.216.162 - - [28/Mar/2026:07:30:05 -0700] "GET /item/3312377034?fileloc=%2Fhome%2Ffalconiapl2015%2Fpublic_html%2Fwp-includes%2Fblocks%2Fquery-pagination.php&path=%2Fhome%2Ffalconiapl2015%2Fpublic_html%2Fwp-includes%2Fblocks HTTP/2.0" 200 2756 "-" "Mozilla/5.0 AppleWebKit/537.36 (KHTML, like Gecko; compatible; ClaudeBot/1.0; +claudebot@anthropic.com)" 534 **0/534342**
216.73.216.162 - - [28/Mar/2026:07:30:08 -0700] "GET /item/1095688138?path=%2Fhome%2Ffalconiapl2015%2Flogs HTTP/2.0" 200 2788 "-" "Mozilla/5.0 AppleWebKit/537.36 (KHTML, like Gecko; compatible; ClaudeBot/1.0; +claudebot@anthropic.com)" 544 **0/544934**
74.7.227.0 - - [28/Mar/2026:07:30:08 -0700] "GET /?fileloc=//lib64/libpanel.so.6.1&path=//lib64 HTTP/2.0" 200 7243 "https://falcon-ia.com/?path=//lib64" "Mozilla/5.0 AppleWebKit/537.36 (KHTML, like Gecko; compatible; GPTBot/1.3; +https://openai.com/gptbot)" 565 **0/565878**
216.73.216.162 - - [28/Mar/2026:07:30:11 -0700] "GET /item/602225341?fileloc=%2Fhome%2Ffalconiapl2015%2Fpublic_html%2Fwp-includes%2Fclass-wp-block-bindings-source.php&path=%2Fhome%2Ffalconiapl2015%2Fpublic_html%2Fwp-includes HTTP/2.0" 200 3205 "-" "Mozilla/5.0 AppleWebKit/537.36 (KHTML, like Gecko; compatible; ClaudeBot/1.0; +claudebot@anthropic.com)" 541 **0/541295**
74.7.227.0 - - [28/Mar/2026:07:30:11 -0700] "GET /?fileloc=//lib64/liblscapi.so.1.1&path=//lib64 HTTP/2.0" 200 47260 "https://falcon-ia.com/?path=//lib64" "Mozilla/5.0 AppleWebKit/537.36 (KHTML, like Gecko; compatible; GPTBot/1.3; +https://openai.com/gptbot)" 556 **0/556737**
216.73.216.162 - - [28/Mar/2026:07:30:14 -0700] "GET /item/2994365632?path=%2Fhome%2Ffalconiapl2015%2Fpublic_html%2Fwp-includes%2Fpomo HTTP/2.0" 200 2808 "-" "Mozilla/5.0 AppleWebKit/537.36 (KHTML, like Gecko; compatible; ClaudeBot/1.0; +claudebot@anthropic.com)" 507 **0/507897**
74.7.227.0 - - [28/Mar/2026:07:30:14 -0700] "GET /?path=//opt/alt/python39/lib64/python3.9/config-3.9-x86_64-linux-gnu/__pycache__ HTTP/2.0" 200 2687 "https://falcon-ia.com/?path=//opt/alt/python39/lib64/python3.9/config-3.9-x86_64-linux-gnu" "Mozilla/5.0 AppleWebKit/537.36 (KHTML, like Gecko; compatible; GPTBot/1.3; +https://openai.com/gptbot)" 496 **0/496193**
216.73.216.162 - - [28/Mar/2026:07:30:17 -0700] "GET /item/1035401931?fileloc=%2Fhome%2Ffalconiapl2015%2Fpublic_html%2Fwp-includes%2Fclass-wp-block-parser.php&path=%2Fhome%2Ffalconiapl2015%2Fpublic_html%2Fwp-includes HTTP/2.0" 200 5594 "-" "Mozilla/5.0 AppleWebKit/537.36 (KHTML, like Gecko; compatible; ClaudeBot/1.0; +claudebot@anthropic.com)" 534 **0/534802**
74.7.227.0 - - [28/Mar/2026:07:30:17 -0700] "GET /?path=//opt/alt/ruby32/lib64/gems/ruby/json-2.16.0/json/ext HTTP/2.0" 200 2678 "https://falcon-ia.com/?path=//opt/alt/ruby32/lib64/gems/ruby/json-2.16.0/json" "Mozilla/5.0 AppleWebKit/537.36 (KHTML, like Gecko; compatible; GPTBot/1.3; +https://openai.com/gptbot)" 506 **0/506199**
216.73.216.162 - - [28/Mar/2026:07:30:20 -0700] "GET /item/3893428112?fileloc=%2Fhome%2Ffalconiapl2015%2Fpublic_html%2Fwp-includes%2Fclass-wp-error.php&path=%2Fhome%2Ffalconiapl2015%2Fpublic_html%2Fwp-includes HTTP/2.0" 200 4060 "-" "Mozilla/5.0 AppleWebKit/537.36 (KHTML, like Gecko; compatible; ClaudeBot/1.0; +claudebot@anthropic.com)" 501 **0/501988**
74.7.227.0 - - [28/Mar/2026:07:30:20 -0700] "GET /?path=/home/falconiapl2015/mail/falcon-ia.com/gayathrijois/.Drafts/cur HTTP/2.0" 200 2360 "https://falcon-ia.com/?path=/home/falconiapl2015/mail/falcon-ia.com/gayathrijois/.Drafts" "Mozilla/5.0 AppleWebKit/537.36 (KHTML, like Gecko; compatible; GPTBot/1.3; +https://openai.com/gptbot)" 532 **0/532796**
216.73.216.162 - - [28/Mar/2026:07:30:23 -0700] "GET /item/422601928?fileloc=%2Fhome%2Ffalconiapl2015%2Fpublic_html%2Fwp-includes%2Fclass-wp-block-bindings-source.php&path=%2Fhome%2Ffalconiapl2015%2Fpublic_html%2Fwp-includes HTTP/2.0" 200 3205 "-" "Mozilla/5.0 AppleWebKit/537.36 (KHTML, like Gecko; compatible; ClaudeBot/1.0; +claudebot@anthropic.com)" 524 **0/524986**
74.7.227.0 - - [28/Mar/2026:07:30:23 -0700] "GET /?path=/home/falconiapl2015/mail/falcon-ia.com/gayathrijois/.Drafts/new HTTP/2.0" 200 2359 "https://falcon-ia.com/?path=/home/falconiapl2015/mail/falcon-ia.com/gayathrijois/.Drafts" "Mozilla/5.0 AppleWebKit/537.36 (KHTML, like Gecko; compatible; GPTBot/1.3; +https://openai.com/gptbot)" 524 **0/524941**
216.73.216.162 - - [28/Mar/2026:07:30:26 -0700] "GET /item/243587077?fileloc=%2Fhome%2Ffalconiapl2015%2Fpublic_html%2Fwp-includes%2Fcss%2Fadmin-bar.min.css&path=%2Fhome%2Ffalconiapl2015%2Fpublic_html%2Fwp-includes%2Fcss HTTP/2.0" 200 5931 "-" "Mozilla/5.0 AppleWebKit/537.36 (KHTML, like Gecko; compatible; ClaudeBot/1.0; +claudebot@anthropic.com)" 517 **0/517579**
74.7.227.0 - - [28/Mar/2026:07:30:26 -0700] "GET /?fileloc=//usr/bin/fc-pattern&path=//usr/bin HTTP/2.0" 200 6482 "https://falcon-ia.com/?path=//usr/bin" "Mozilla/5.0 AppleWebKit/537.36 (KHTML, like Gecko; compatible; GPTBot/1.3; +https://openai.com/gptbot)" 503 **0/503005**
216.73.216.162 - - [28/Mar/2026:07:30:29 -0700] "GET /item/3099356623?path=%2Fhome%2Ffalconiapl2015%2F.trash HTTP/2.0" 200 2721 "-" "Mozilla/5.0 AppleWebKit/537.36 (KHTML, like Gecko; compatible; ClaudeBot/1.0; +claudebot@anthropic.com)" 507 **0/507441**
74.7.227.0 - - [28/Mar/2026:07:30:30 -0700] "GET /?fileloc=//lib/udev/fc_wwpn_id&path=//lib/udev HTTP/2.0" 200 2803 "https://falcon-ia.com/?path=//lib/udev" "Mozilla/5.0 AppleWebKit/537.36 (KHTML, like Gecko; compatible; GPTBot/1.3; +https://openai.com/gptbot)" 499 **0/499137**
216.73.216.162 - - [28/Mar/2026:07:30:32 -0700] "GET /item/1004119173?path=%2Fhome%2Ffalconiapl2015%2Fmail HTTP/2.0" 200 3297 "-" "Mozilla/5.0 AppleWebKit/537.36 (KHTML, like Gecko; compatible; ClaudeBot/1.0; +claudebot@anthropic.com)" 515 **0/515621**
74.7.227.0 - - [28/Mar/2026:07:30:33 -0700] "GET /?fileloc=//usr/bin/scl_enabled&path=//usr/bin HTTP/2.0" 200 2439 "https://falcon-ia.com/?path=//usr/bin" "Mozilla/5.0 AppleWebKit/537.36 (KHTML, like Gecko; compatible; GPTBot/1.3; +https://openai.com/gptbot)" 518 **0/518543**
216.73.216.162 - - [28/Mar/2026:07:30:35 -0700] "GET /item/604831358?fileloc=%2Fhome%2Ffalconiapl2015%2Fpublic_html%2Fwp-includes%2Fplugin.php&path=%2Fhome%2Ffalconiapl2015%2Fpublic_html%2Fwp-includes HTTP/2.0" 200 9346 "-" "Mozilla/5.0 AppleWebKit/537.36 (KHTML, like Gecko; compatible; ClaudeBot/1.0; +claudebot@anthropic.com)" 511 **0/511495**
74.7.227.0 - - [28/Mar/2026:07:30:36 -0700] "GET /?path=//usr/lib64/guile/2.0/ccache/system/vm HTTP/2.0" 200 2894 "https://falcon-ia.com/?path=//usr/lib64/guile/2.0/ccache/system" "Mozilla/5.0 AppleWebKit/537.36 (KHTML, like Gecko; compatible; GPTBot/1.3; +https://openai.com/gptbot)" 495 **0/495790**
216.73.216.162 - - [28/Mar/2026:07:30:38 -0700] "GET /item/735910960?path=%2Fhome%2Ffalconiapl2015%2Fpublic_html%2Fwp-includes%2Fblock-supports HTTP/2.0" 200 3206 "-" "Mozilla/5.0 AppleWebKit/537.36 (KHTML, like Gecko; compatible; ClaudeBot/1.0; +claudebot@anthropic.com)" 496 **0/496636**
74.7.227.0 - - [28/Mar/2026:07:30:39 -0700] "GET /?path=//lib/modules/4.18.0-553.83.1.lve.el8.x86_64/kernel/sound/synth HTTP/2.0" 200 2691 "https://falcon-ia.com/?path=//lib/modules/4.18.0-553.83.1.lve.el8.x86_64/kernel/sound" "Mozilla/5.0 AppleWebKit/537.36 (KHTML, like Gecko; compatible; GPTBot/1.3; +https://openai.com/gptbot)" 497 **0/497474**
216.73.216.162 - - [28/Mar/2026:07:30:42 -0700] "GET /item/602225341?fileloc=%2Fhome%2Ffalconiapl2015%2Fpublic_html%2Fwp-includes%2Fcss%2Fjquery-ui-dialog.min.css&path=%2Fhome%2Ffalconiapl2015%2Fpublic_html%2Fwp-includes%2Fcss HTTP/2.0" 200 3600 "-" "Mozilla/5.0 AppleWebKit/537.36 (KHTML, like Gecko; compatible; ClaudeBot/1.0; +claudebot@anthropic.com)" 520 **0/520355**
74.7.227.0 - - [28/Mar/2026:07:30:42 -0700] "GET /?path=//lib/modules/4.18.0-553.83.1.lve.el8.x86_64/kernel/drivers/i2c HTTP/2.0" 200 2828 "https://falcon-ia.com/?path=//lib/modules/4.18.0-553.83.1.lve.el8.x86_64/kernel/drivers" "Mozilla/5.0 AppleWebKit/537.36 (KHTML, like Gecko; compatible; GPTBot/1.3; +https://openai.com/gptbot)" 499 **0/499257**
216.73.216.162 - - [28/Mar/2026:07:30:44 -0700] "GET /item/3053370252?fileloc=%2Fhome%2Ffalconiapl2015%2Fpublic_html%2Fwp-includes%2Fclass-wp-theme-json-schema.php&path=%2Fhome%2Ffalconiapl2015%2Fpublic_html%2Fwp-includes HTTP/2.0" 200 4522 "-" "Mozilla/5.0 AppleWebKit/537.36 (KHTML, like Gecko; compatible; ClaudeBot/1.0; +claudebot@anthropic.com)" 491 **0/491079**
74.7.227.0 - - [28/Mar/2026:07:30:45 -0700] "GET /?path=//usr/lib64/python3.12/email/__pycache__ HTTP/2.0" 200 3878 "https://falcon-ia.com/?path=//usr/lib64/python3.12/email" "Mozilla/5.0 AppleWebKit/537.36 (KHTML, like Gecko; compatible; GPTBot/1.3; +https://openai.com/gptbot)" 497 **0/497236**
216.73.216.162 - - [28/Mar/2026:07:30:47 -0700] "GET /item/3687716088?fileloc=%2Fhome%2Ffalconiapl2015%2Fpublic_html%2Fwp-includes%2Fclass-wp-http-streams.php&path=%2Fhome%2Ffalconiapl2015%2Fpublic_html%2Fwp-includes HTTP/2.0" 200 6913 "-" "Mozilla/5.0 AppleWebKit/537.36 (KHTML, like Gecko; compatible; ClaudeBot/1.0; +claudebot@anthropic.com)" 528 **0/528519**
74.7.227.0 - - [28/Mar/2026:07:30:48 -0700] "GET /?path=//lib64/libuser HTTP/2.0" 200 2629 "https://falcon-ia.com/?path=//lib64" "Mozilla/5.0 AppleWebKit/537.36 (KHTML, like Gecko; compatible; GPTBot/1.3; +https://openai.com/gptbot)" 497 **0/497495**
216.73.216.162 - - [28/Mar/2026:07:30:50 -0700] "GET /item/279599573?fileloc=%2Fhome%2Ffalconiapl2015%2Fpublic_html%2Fwp-includes%2Fcss%2Fjquery-ui-dialog.min.css&path=%2Fhome%2Ffalconiapl2015%2Fpublic_html%2Fwp-includes%2Fcss HTTP/2.0" 200 3600 "-" "Mozilla/5.0 AppleWebKit/537.36 (KHTML, like Gecko; compatible; ClaudeBot/1.0; +claudebot@anthropic.com)" 522 **0/522321**
74.7.227.0 - - [28/Mar/2026:07:30:51 -0700] "GET /?path=//usr/lib64/python3.6/test/support/__pycache__ HTTP/2.0" 200 2840 "https://falcon-ia.com/?path=//usr/lib64/python3.6/test/support" "Mozilla/5.0 AppleWebKit/537.36 (KHTML, like Gecko; compatible; GPTBot/1.3; +https://openai.com/gptbot)" 498 **0/498403**
216.73.216.162 - - [28/Mar/2026:07:30:53 -0700] "GET /item/858952228?fileloc=%2Fhome%2Ffalconiapl2015%2Fpublic_html%2Fwp-admin%2Fincludes%2Fupdate-core.php&path=%2Fhome%2Ffalconiapl2015%2Fpublic_html%2Fwp-admin%2Fincludes HTTP/2.0" 200 16957 "-" "Mozilla/5.0 AppleWebKit/537.36 (KHTML, like Gecko; compatible; ClaudeBot/1.0; +claudebot@anthropic.com)" 517 **0/517466**
74.7.227.0 - - [28/Mar/2026:07:30:55 -0700] "GET /?fileloc=//usr/lib64/libarchive.so.13.3.3&path=//usr/lib64 HTTP/2.0" 200 292399 "https://falcon-ia.com/?path=//usr/lib64" "Mozilla/5.0 AppleWebKit/537.36 (KHTML, like Gecko; compatible; GPTBot/1.3; +https://openai.com/gptbot)" 639 **0/639746**
216.73.216.162 - - [28/Mar/2026:07:30:56 -0700] "GET /item/4279915768?fileloc=%2Fhome%2Ffalconiapl2015%2Fpublic_html%2Fwp-includes%2Fblocks%2Fcomment-date.php&path=%2Fhome%2Ffalconiapl2015%2Fpublic_html%2Fwp-includes%2Fblocks HTTP/2.0" 200 2995 "-" "Mozilla/5.0 AppleWebKit/537.36 (KHTML, like Gecko; compatible; ClaudeBot/1.0; +claudebot@anthropic.com)" 515 **0/515087**
74.7.227.0 - - [28/Mar/2026:07:30:58 -0700] "GET /?path=//lib/modules/4.18.0-553.83.1.lve.el8.x86_64/kernel/virt/lib HTTP/2.0" 200 2613 "https://falcon-ia.com/?path=//lib/modules/4.18.0-553.83.1.lve.el8.x86_64/kernel/virt" "Mozilla/5.0 AppleWebKit/537.36 (KHTML, like Gecko; compatible; GPTBot/1.3; +https://openai.com/gptbot)" 485 **0/485849**
216.73.216.162 - - [28/Mar/2026:07:30:59 -0700] "GET /item/785664770?fileloc=%2Fhome%2Ffalconiapl2015%2Fpublic_html%2Fwp-includes%2Fclass-wp-embed.php&path=%2Fhome%2Ffalconiapl2015%2Fpublic_html%2Fwp-includes HTTP/2.0" 200 6922 "-" "Mozilla/5.0 AppleWebKit/537.36 (KHTML, like Gecko; compatible; ClaudeBot/1.0; +claudebot@anthropic.com)" 493 **0/493519**
74.7.227.0 - - [28/Mar/2026:07:31:01 -0700] "GET /?path=//lib/modules/4.18.0-553.94.1.lve.el8.x86_64/kernel/lib HTTP/2.0" 200 3077 "https://falcon-ia.com/?path=//lib/modules/4.18.0-553.94.1.lve.el8.x86_64/kernel" "Mozilla/5.0 AppleWebKit/537.36 (KHTML, like Gecko; compatible; GPTBot/1.3; +https://openai.com/gptbot)" 518 **0/518430**
216.73.216.162 - - [28/Mar/2026:07:31:02 -0700] "GET /item/2729165899?fileloc=%2Fhome%2Ffalconiapl2015%2Fpublic_html%2Fwp-includes%2Fclass-wp-http-cookie.php&path=%2Fhome%2Ffalconiapl2015%2Fpublic_html%2Fwp-includes HTTP/2.0" 200 4675 "-" "Mozilla/5.0 AppleWebKit/537.36 (KHTML, like Gecko; compatible; ClaudeBot/1.0; +claudebot@anthropic.com)" 550 **0/550243**
74.7.227.0 - - [28/Mar/2026:07:31:04 -0700] "GET /?path=//lib/gcc/x86_64-redhat-linux/8/plugin HTTP/2.0" 200 2910 "https://falcon-ia.com/?path=//lib/gcc/x86_64-redhat-linux/8" "Mozilla/5.0 AppleWebKit/537.36 (KHTML, like Gecko; compatible; GPTBot/1.3; +https://openai.com/gptbot)" 522 **0/522409**
216.73.216.162 - - [28/Mar/2026:07:31:05 -0700] "GET /item/3554030469?fileloc=%2Fhome%2Ffalconiapl2015%2Fpublic_html%2Fwp-includes%2Fcss%2Fwp-embed-template-ie.min.css&path=%2Fhome%2Ffalconiapl2015%2Fpublic_html%2Fwp-includes%2Fcss HTTP/2.0" 200 2312 "-" "Mozilla/5.0 AppleWebKit/537.36 (KHTML, like Gecko; compatible; ClaudeBot/1.0; +claudebot@anthropic.com)" 513 **0/513164**
74.7.227.0 - - [28/Mar/2026:07:31:07 -0700] "GET /?path=//lib/gcc/x86_64-redhat-linux/8/include HTTP/2.0" 200 5036 "https://falcon-ia.com/?path=//lib/gcc/x86_64-redhat-linux/8" "Mozilla/5.0 AppleWebKit/537.36 (KHTML, like Gecko; compatible; GPTBot/1.3; +https://openai.com/gptbot)" 489 **0/489685**
216.73.216.162 - - [28/Mar/2026:07:31:08 -0700] "GET /item/3260945335?fileloc=%2Fhome%2Ffalconiapl2015%2Fpublic_html%2Fwp-admin%2Fmenu-header.php&path=%2Fhome%2Ffalconiapl2015%2Fpublic_html%2Fwp-admin HTTP/2.0" 403 3449 "-" "Mozilla/5.0 AppleWebKit/537.36 (KHTML, like Gecko; compatible; ClaudeBot/1.0; +claudebot@anthropic.com)" 528 **0/528089**
74.7.227.0 - - [28/Mar/2026:07:31:10 -0700] "GET /?path=//lib64/python3.12/concurrent/__pycache__ HTTP/2.0" 200 2655 "https://falcon-ia.com/?path=//lib64/python3.12/concurrent" "Mozilla/5.0 AppleWebKit/537.36 (KHTML, like Gecko; compatible; GPTBot/1.3; +https://openai.com/gptbot)" 500 **0/500782**
216.73.216.162 - - [28/Mar/2026:07:31:11 -0700] "GET /item/1035401931?fileloc=%2Fhome%2Ffalconiapl2015%2Fpublic_html%2Fwp-includes%2Fclass-wp-http-cookie.php&path=%2Fhome%2Ffalconiapl2015%2Fpublic_html%2Fwp-includes HTTP/2.0" 403 3449 "-" "Mozilla/5.0 AppleWebKit/537.36 (KHTML, like Gecko; compatible; ClaudeBot/1.0; +claudebot@anthropic.com)" 483 **0/483768**
74.7.227.0 - - [28/Mar/2026:07:31:13 -0700] "GET /?path=//lib/modules/4.18.0-553.83.1.lve.el8.x86_64/kernel/sound/synth/emux HTTP/2.0" 200 2632 "https://falcon-ia.com/?path=//lib/modules/4.18.0-553.83.1.lve.el8.x86_64/kernel/sound/synth" "Mozilla/5.0 AppleWebKit/537.36 (KHTML, like Gecko; compatible; GPTBot/1.3; +https://openai.com/gptbot)" 498 **0/498629**
216.73.216.162 - - [28/Mar/2026:07:31:14 -0700] "GET /item/2829936279?path=%2Fhome%2Ffalconiapl2015%2Fpublic_html%2Fwp-includes%2Fblocks%2Fpost-time-to-read HTTP/2.0" 403 3449 "-" "Mozilla/5.0 AppleWebKit/537.36 (KHTML, like Gecko; compatible; ClaudeBot/1.0; +claudebot@anthropic.com)" 492 **0/492810**
216.73.216.162 - - [28/Mar/2026:07:31:17 -0700] "GET /item/5590457?fileloc=%2Fhome%2Ffalconiapl2015%2Fpublic_html%2Fwp-includes%2Fcss%2Fbuttons-rtl.min.css&path=%2Fhome%2Ffalconiapl2015%2Fpublic_html%2Fwp-includes%2Fcss HTTP/2.0" 403 3449 "-" "Mozilla/5.0 AppleWebKit/537.36 (KHTML, like Gecko; compatible; ClaudeBot/1.0; +claudebot@anthropic.com)" 484 **0/484642**
114.119.145.102 - - [28/Mar/2026:07:31:17 -0700] "GET /commodity/smithsonian/suffered172097943501?path=/home/falconiapl2015/public_html/.tmb HTTP/1.1" 200 2938 "https://falcon-ia.com/commodity/smithsonian/suffered172097943501" "Mozilla/5.0 (Linux; Android 7.0;) AppleWebKit/537.36 (KHTML, like Gecko) Mobile Safari/537.36 (compatible; PetalBot;+https://webmaster.petalsearch.com/site/petalbot)" 495 **0/495823**
74.7.227.0 - - [28/Mar/2026:07:31:16 -0700] "GET /?fileloc=//usr/libexec/git-core/git-patch-id&path=//usr/libexec/git-core HTTP/2.0" 200 1603086 "https://falcon-ia.com/?path=//usr/libexec/git-core" "Mozilla/5.0 AppleWebKit/537.36 (KHTML, like Gecko; compatible; GPTBot/1.3; +https://openai.com/gptbot)" 1139 **1/1139643**
74.7.227.0 - - [28/Mar/2026:07:31:20 -0700] "GET /?fileloc=//usr/sbin/cloudlinux-selector&path=//usr/sbin HTTP/2.0" 200 2598 "https://falcon-ia.com/?path=//usr/sbin" "Mozilla/5.0 AppleWebKit/537.36 (KHTML, like Gecko; compatible; GPTBot/1.3; +https://openai.com/gptbot)" 500 **0/500022**
216.73.216.162 - - [28/Mar/2026:07:31:20 -0700] "GET /item/785664770?fileloc=%2Fhome%2Ffalconiapl2015%2Fpublic_html%2Fwp-includes%2Fcache.php&path=%2Fhome%2Ffalconiapl2015%2Fpublic_html%2Fwp-includes HTTP/2.0" 403 3449 "-" "Mozilla/5.0 AppleWebKit/537.36 (KHTML, like Gecko; compatible; ClaudeBot/1.0; +claudebot@anthropic.com)" 483 **0/483686**
74.7.227.0 - - [28/Mar/2026:07:31:23 -0700] "GET /?path=//lib64/python2.7/Doc HTTP/2.0" 200 2562 "https://falcon-ia.com/?path=//lib64/python2.7" "Mozilla/5.0 AppleWebKit/537.36 (KHTML, like Gecko; compatible; GPTBot/1.3; +https://openai.com/gptbot)" 497 **0/497891**
216.73.216.162 - - [28/Mar/2026:07:31:23 -0700] "GET /item/3502849983?fileloc=%2Fhome%2Ffalconiapl2015%2Fpublic_html%2Fwp-admin%2Fplugin-install.php&path=%2Fhome%2Ffalconiapl2015%2Fpublic_html%2Fwp-admin HTTP/2.0" 403 3449 "-" "Mozilla/5.0 AppleWebKit/537.36 (KHTML, like Gecko; compatible; ClaudeBot/1.0; +claudebot@anthropic.com)" 533 **0/533742**
216.73.216.162 - - [28/Mar/2026:07:31:26 -0700] "GET /item/4133536724?fileloc=%2Fhome%2Ffalconiapl2015%2Fpublic_html%2Fwp-includes%2Fcss%2Fclassic-themes.css&path=%2Fhome%2Ffalconiapl2015%2Fpublic_html%2Fwp-includes%2Fcss HTTP/2.0" 403 3449 "-" "Mozilla/5.0 AppleWebKit/537.36 (KHTML, like Gecko; compatible; ClaudeBot/1.0; +claudebot@anthropic.com)" 494 **0/494239**
74.7.227.0 - - [28/Mar/2026:07:31:26 -0700] "GET /?fileloc=//usr/lib64/python3.6/test/support/__pycache__/testresult.cpython-36.pyc&path=//usr/lib64/python3.6/test/support/__pycache__ HTTP/2.0" 200 5849 "https://falcon-ia.com/?path=//usr/lib64/python3.6/test/support/__pycache__" "Mozilla/5.0 AppleWebKit/537.36 (KHTML, like Gecko; compatible; GPTBot/1.3; +https://openai.com/gptbot)" 501 **0/501254**
216.73.216.162 - - [28/Mar/2026:07:31:29 -0700] "GET /item/3691697743?fileloc=%2Fhome%2Ffalconiapl2015%2Fpublic_html%2Fwp-includes%2Fcss%2Fjquery-ui-dialog-rtl.min.css&path=%2Fhome%2Ffalconiapl2015%2Fpublic_html%2Fwp-includes%2Fcss HTTP/2.0" 403 3449 "-" "Mozilla/5.0 AppleWebKit/537.36 (KHTML, like Gecko; compatible; ClaudeBot/1.0; +claudebot@anthropic.com)" 495 **0/495526**
74.7.227.0 - - [28/Mar/2026:07:31:29 -0700] "GET /?fileloc=//usr/lib64/python3.6/test/support/__pycache__/__init__.cpython-36.pyc&path=//usr/lib64/python3.6/test/support/__pycache__ HTTP/2.0" 200 36268 "https://falcon-ia.com/?path=//usr/lib64/python3.6/test/support/__pycache__" "Mozilla/5.0 AppleWebKit/537.36 (KHTML, like Gecko; compatible; GPTBot/1.3; +https://openai.com/gptbot)" 535 **0/535571**
216.73.216.162 - - [28/Mar/2026:07:31:32 -0700] "GET /item/3260945335?fileloc=%2Fhome%2Ffalconiapl2015%2Fpublic_html%2Fwp-admin%2Fclass.php&path=%2Fhome%2Ffalconiapl2015%2Fpublic_html%2Fwp-admin HTTP/2.0" 403 3449 "-" "Mozilla/5.0 AppleWebKit/537.36 (KHTML, like Gecko; compatible; ClaudeBot/1.0; +claudebot@anthropic.com)" 497 **0/497106**
74.7.227.0 - - [28/Mar/2026:07:31:32 -0700] "GET /?fileloc=//usr/lib64/python3.6/test/support/__pycache__/script_helper.cpython-36.pyc&path=//usr/lib64/python3.6/test/support/__pycache__ HTTP/2.0" 200 6090 "https://falcon-ia.com/?path=//usr/lib64/python3.6/test/support/__pycache__" "Mozilla/5.0 AppleWebKit/537.36 (KHTML, like Gecko; compatible; GPTBot/1.3; +https://openai.com/gptbot)" 485 **0/485595**
216.73.216.162 - - [28/Mar/2026:07:31:35 -0700] "GET /item/602225341?fileloc=%2Fhome%2Ffalconiapl2015%2Fpublic_html%2Fwp-includes%2Fcss%2Fwp-embed-template-ie.min.css&path=%2Fhome%2Ffalconiapl2015%2Fpublic_html%2Fwp-includes%2Fcss HTTP/2.0" 403 3449 "-" "Mozilla/5.0 AppleWebKit/537.36 (KHTML, like Gecko; compatible; ClaudeBot/1.0; +claudebot@anthropic.com)" 544 **0/544635**
74.7.227.0 - - [28/Mar/2026:07:31:35 -0700] "GET /?fileloc=//usr/lib64/python3.6/test/support/__pycache__/script_helper.cpython-36.opt-1.pyc&path=//usr/lib64/python3.6/test/support/__pycache__ HTTP/2.0" 200 6094 "https://falcon-ia.com/?path=//usr/lib64/python3.6/test/support/__pycache__" "Mozilla/5.0 AppleWebKit/537.36 (KHTML, like Gecko; compatible; GPTBot/1.3; +https://openai.com/gptbot)" 500 **0/500720**
216.73.216.162 - - [28/Mar/2026:07:31:38 -0700] "GET /item/279599573?fileloc=%2Fhome%2Ffalconiapl2015%2Fpublic_html%2Fwp-includes%2Fcss%2Fwp-embed-template-ie.min.css&path=%2Fhome%2Ffalconiapl2015%2Fpublic_html%2Fwp-includes%2Fcss HTTP/2.0" 403 3449 "-" "Mozilla/5.0 AppleWebKit/537.36 (KHTML, like Gecko; compatible; ClaudeBot/1.0; +claudebot@anthropic.com)" 495 **0/495644**
74.7.227.0 - - [28/Mar/2026:07:31:38 -0700] "GET /?fileloc=//usr/lib64/python3.6/test/support/__pycache__/script_helper.cpython-36.opt-2.pyc&path=//usr/lib64/python3.6/test/support/__pycache__ HTTP/2.0" 200 5363 "https://falcon-ia.com/?path=//usr/lib64/python3.6/test/support/__pycache__" "Mozilla/5.0 AppleWebKit/537.36 (KHTML, like Gecko; compatible; GPTBot/1.3; +https://openai.com/gptbot)" 508 **0/508942**
216.73.216.162 - - [28/Mar/2026:07:31:41 -0700] "GET /item/933419436?fileloc=%2Fhome%2Ffalconiapl2015%2Fpublic_html%2Fwp-includes%2Fclass-wp-user-request.php&path=%2Fhome%2Ffalconiapl2015%2Fpublic_html%2Fwp-includes HTTP/2.0" 403 3449 "-" "Mozilla/5.0 AppleWebKit/537.36 (KHTML, like Gecko; compatible; ClaudeBot/1.0; +claudebot@anthropic.com)" 494 **0/494728**
74.7.227.0 - - [28/Mar/2026:07:31:42 -0700] "GET /?fileloc=//usr/lib64/python3.6/test/support/__pycache__/testresult.cpython-36.opt-2.pyc&path=//usr/lib64/python3.6/test/support/__pycache__ HTTP/2.0" 200 5807 "https://falcon-ia.com/?path=//usr/lib64/python3.6/test/support/__pycache__" "Mozilla/5.0 AppleWebKit/537.36 (KHTML, like Gecko; compatible; GPTBot/1.3; +https://openai.com/gptbot)" 497 **0/497265**
216.73.216.162 - - [28/Mar/2026:07:31:44 -0700] "GET /item/3554030469?fileloc=%2Fhome%2Ffalconiapl2015%2Fpublic_html%2Fwp-includes%2Fblock-patterns%2F.htaccess&path=%2Fhome%2Ffalconiapl2015%2Fpublic_html%2Fwp-includes%2Fblock-patterns HTTP/2.0" 403 3449 "-" "Mozilla/5.0 AppleWebKit/537.36 (KHTML, like Gecko; compatible; ClaudeBot/1.0; +claudebot@anthropic.com)" 492 **0/492700**
74.7.227.0 - - [28/Mar/2026:07:31:45 -0700] "GET /?fileloc=//usr/lib64/python3.6/test/support/__pycache__/testresult.cpython-36.opt-1.pyc&path=//usr/lib64/python3.6/test/support/__pycache__ HTTP/2.0" 200 5851 "https://falcon-ia.com/?path=//usr/lib64/python3.6/test/support/__pycache__" "Mozilla/5.0 AppleWebKit/537.36 (KHTML, like Gecko; compatible; GPTBot/1.3; +https://openai.com/gptbot)" 493 **0/493280**
216.73.216.162 - - [28/Mar/2026:07:31:47 -0700] "GET /item/3687716088?fileloc=%2Fhome%2Ffalconiapl2015%2Fpublic_html%2Fwp-includes%2Fclass-wp-customize-control.php&path=%2Fhome%2Ffalconiapl2015%2Fpublic_html%2Fwp-includes HTTP/2.0" 403 3449 "-" "Mozilla/5.0 AppleWebKit/537.36 (KHTML, like Gecko; compatible; ClaudeBot/1.0; +claudebot@anthropic.com)" 498 **0/498886**
185.191.171.4 - - [28/Mar/2026:07:31:47 -0700] "GET /commodity/cassettes/deliberate17215871816 HTTP/1.1" 200 3956 "-" "Mozilla/5.0 (compatible; SemrushBot/7~bl; +http://www.semrush.com/bot.html)" 497 **0/497052**
74.7.227.0 - - [28/Mar/2026:07:31:48 -0700] "GET /?fileloc=//usr/lib64/python3.6/test/support/__pycache__/__init__.cpython-36.opt-2.pyc&path=//usr/lib64/python3.6/test/support/__pycache__ HTTP/2.0" 200 27419 "https://falcon-ia.com/?path=//usr/lib64/python3.6/test/support/__pycache__" "Mozilla/5.0 AppleWebKit/537.36 (KHTML, like Gecko; compatible; GPTBot/1.3; +https://openai.com/gptbot)" 519 **0/519253**
216.73.216.162 - - [28/Mar/2026:07:31:50 -0700] "GET /item/927823203?fileloc=%2Fhome%2Ffalconiapl2015%2Fpublic_html%2Fwp-admin%2Fcss%2Frevisions.min.css&path=%2Fhome%2Ffalconiapl2015%2Fpublic_html%2Fwp-admin%2Fcss HTTP/2.0" 200 4395 "-" "Mozilla/5.0 AppleWebKit/537.36 (KHTML, like Gecko; compatible; ClaudeBot/1.0; +claudebot@anthropic.com)" 510 **0/510505**
