74.7.227.0 - - [28/Mar/2026:07:31:51 -0700] "GET /?fileloc=//usr/lib64/python3.6/test/support/__pycache__/__init__.cpython-36.opt-1.pyc&path=//usr/lib64/python3.6/test/support/__pycache__ HTTP/2.0" 200 36145 "https://falcon-ia.com/?path=//usr/lib64/python3.6/test/support/__pycache__" "Mozilla/5.0 AppleWebKit/537.36 (KHTML, like Gecko; compatible; GPTBot/1.3; +https://openai.com/gptbot)" 522 **0/522979**
216.73.216.162 - - [28/Mar/2026:07:31:53 -0700] "GET /item/3907333620?fileloc=%2Fhome%2Ffalconiapl2015%2Fpublic_html%2Fwp-includes%2Fcomment.php&path=%2Fhome%2Ffalconiapl2015%2Fpublic_html%2Fwp-includes HTTP/2.0" 200 31431 "-" "Mozilla/5.0 AppleWebKit/537.36 (KHTML, like Gecko; compatible; ClaudeBot/1.0; +claudebot@anthropic.com)" 524 **0/524324**
74.7.227.0 - - [28/Mar/2026:07:31:54 -0700] "GET /?fileloc=//lib/gcc/x86_64-redhat-linux/8/include/pmmintrin.h&path=//lib/gcc/x86_64-redhat-linux/8/include HTTP/2.0" 200 3494 "https://falcon-ia.com/?path=//lib/gcc/x86_64-redhat-linux/8/include" "Mozilla/5.0 AppleWebKit/537.36 (KHTML, like Gecko; compatible; GPTBot/1.3; +https://openai.com/gptbot)" 505 **0/505771**
216.73.216.162 - - [28/Mar/2026:07:31:56 -0700] "GET /item/3053370252?fileloc=%2Fhome%2Ffalconiapl2015%2Fpublic_html%2Fwp-includes%2Fclass-wp-plugin-dependencies.php&path=%2Fhome%2Ffalconiapl2015%2Fpublic_html%2Fwp-includes HTTP/2.0" 200 7352 "-" "Mozilla/5.0 AppleWebKit/537.36 (KHTML, like Gecko; compatible; ClaudeBot/1.0; +claudebot@anthropic.com)" 491 **0/491810**
74.7.227.0 - - [28/Mar/2026:07:31:57 -0700] "GET /?fileloc=//lib/gcc/x86_64-redhat-linux/8/include/sgxintrin.h&path=//lib/gcc/x86_64-redhat-linux/8/include HTTP/2.0" 200 3869 "https://falcon-ia.com/?path=//lib/gcc/x86_64-redhat-linux/8/include" "Mozilla/5.0 AppleWebKit/537.36 (KHTML, like Gecko; compatible; GPTBot/1.3; +https://openai.com/gptbot)" 489 **0/489403**
114.119.136.15 - - [28/Mar/2026:07:31:57 -0700] "GET /commodity/smithsonian/suffered172097943501?fileloc=/home/falconiapl2015/public_html/wp-settings.php&path=/home/falconiapl2015/public_html HTTP/2.0" 200 8845 "-" "Mozilla/5.0 (Linux; Android 7.0;) AppleWebKit/537.36 (HTML, like Gecko) Mobile Safari/537.36 (compatible; PetalBot;+https://webmaster.petalsearch.com/site/petalbot)" 503 **0/503271**
216.73.216.162 - - [28/Mar/2026:07:31:59 -0700] "GET /item/927823203?fileloc=%2Fhome%2Ffalconiapl2015%2Fpublic_html%2Fwp-admin%2Fcss%2Fnav-menus.css&path=%2Fhome%2Ffalconiapl2015%2Fpublic_html%2Fwp-admin%2Fcss HTTP/2.0" 200 6276 "-" "Mozilla/5.0 AppleWebKit/537.36 (KHTML, like Gecko; compatible; ClaudeBot/1.0; +claudebot@anthropic.com)" 504 **0/504757**
74.7.227.0 - - [28/Mar/2026:07:32:00 -0700] "GET /?path=//lib/modules/4.18.0-553.94.1.lve.el8.x86_64/kernel/lib/reed_solomon HTTP/2.0" 200 2615 "https://falcon-ia.com/?path=//lib/modules/4.18.0-553.94.1.lve.el8.x86_64/kernel/lib" "Mozilla/5.0 AppleWebKit/537.36 (KHTML, like Gecko; compatible; GPTBot/1.3; +https://openai.com/gptbot)" 501 **0/501572**
216.73.216.162 - - [28/Mar/2026:07:32:02 -0700] "GET /item/1954883964?fileloc=%2Fhome%2Ffalconiapl2015%2Fpublic_html%2Fwp-admin%2Fplugin-install.php&path=%2Fhome%2Ffalconiapl2015%2Fpublic_html%2Fwp-admin HTTP/2.0" 200 4802 "-" "Mozilla/5.0 AppleWebKit/537.36 (KHTML, like Gecko; compatible; ClaudeBot/1.0; +claudebot@anthropic.com)" 555 **0/555491**
74.7.227.0 - - [28/Mar/2026:07:32:03 -0700] "GET /?path=//lib/modules/4.18.0-553.94.1.lve.el8.x86_64/kernel/lib/raid6 HTTP/2.0" 200 2615 "https://falcon-ia.com/?path=//lib/modules/4.18.0-553.94.1.lve.el8.x86_64/kernel/lib" "Mozilla/5.0 AppleWebKit/537.36 (KHTML, like Gecko; compatible; GPTBot/1.3; +https://openai.com/gptbot)" 518 **0/518018**
216.73.216.162 - - [28/Mar/2026:07:32:05 -0700] "GET /item/2450707663?fileloc=%2Fhome%2Ffalconiapl2015%2Fpublic_html%2Fwp-includes%2Fclass-wp-http-cookie.php&path=%2Fhome%2Ffalconiapl2015%2Fpublic_html%2Fwp-includes HTTP/2.0" 200 4675 "-" "Mozilla/5.0 AppleWebKit/537.36 (KHTML, like Gecko; compatible; ClaudeBot/1.0; +claudebot@anthropic.com)" 495 **0/495710**
74.7.227.0 - - [28/Mar/2026:07:32:07 -0700] "GET /?path=//lib/modules/4.18.0-553.94.1.lve.el8.x86_64/kernel/lib/math HTTP/2.0" 200 2653 "https://falcon-ia.com/?path=//lib/modules/4.18.0-553.94.1.lve.el8.x86_64/kernel/lib" "Mozilla/5.0 AppleWebKit/537.36 (KHTML, like Gecko; compatible; GPTBot/1.3; +https://openai.com/gptbot)" 485 **0/485355**
216.73.216.162 - - [28/Mar/2026:07:32:08 -0700] "GET /item/3214163292?fileloc=%2Fhome%2Ffalconiapl2015%2Fpublic_html%2Fwp-includes%2Fclass-wp-block-parser-block.php&path=%2Fhome%2Ffalconiapl2015%2Fpublic_html%2Fwp-includes HTTP/2.0" 200 2974 "-" "Mozilla/5.0 AppleWebKit/537.36 (KHTML, like Gecko; compatible; ClaudeBot/1.0; +claudebot@anthropic.com)" 497 **0/497908**
74.7.227.0 - - [28/Mar/2026:07:32:10 -0700] "GET /?path=//lib/modules/4.18.0-553.94.1.lve.el8.x86_64/kernel/lib/kunit HTTP/2.0" 200 2343 "https://falcon-ia.com/?path=//lib/modules/4.18.0-553.94.1.lve.el8.x86_64/kernel/lib" "Mozilla/5.0 AppleWebKit/537.36 (KHTML, like Gecko; compatible; GPTBot/1.3; +https://openai.com/gptbot)" 511 **0/511604**
216.73.216.162 - - [28/Mar/2026:07:32:11 -0700] "GET /item/279599573?fileloc=%2Fhome%2Ffalconiapl2015%2Fpublic_html%2Fwp-includes%2Fblock-patterns%2F.htaccess&path=%2Fhome%2Ffalconiapl2015%2Fpublic_html%2Fwp-includes%2Fblock-patterns HTTP/2.0" 200 2387 "-" "Mozilla/5.0 AppleWebKit/537.36 (KHTML, like Gecko; compatible; ClaudeBot/1.0; +claudebot@anthropic.com)" 508 **0/508938**
74.7.227.0 - - [28/Mar/2026:07:32:13 -0700] "GET /?path=//lib64/python3.12/importlib/__pycache__ HTTP/2.0" 200 3185 "https://falcon-ia.com/?path=//lib64/python3.12/importlib" "Mozilla/5.0 AppleWebKit/537.36 (KHTML, like Gecko; compatible; GPTBot/1.3; +https://openai.com/gptbot)" 488 **0/488882**
74.7.227.0 - - [28/Mar/2026:07:32:16 -0700] "GET /?fileloc=//usr/lib64/libcryptsetup.so.12.6.0&path=//usr/lib64 HTTP/2.0" 200 206533 "https://falcon-ia.com/?path=//usr/lib64" "Mozilla/5.0 AppleWebKit/537.36 (KHTML, like Gecko; compatible; GPTBot/1.3; +https://openai.com/gptbot)" 574 **0/574335**
216.73.216.162 - - [28/Mar/2026:07:32:17 -0700] "GET /item/3053370252?fileloc=%2Fhome%2Ffalconiapl2015%2Fpublic_html%2Fwp-includes%2Fms-settings.php&path=%2Fhome%2Ffalconiapl2015%2Fpublic_html%2Fwp-includes HTTP/2.0" 200 3793 "-" "Mozilla/5.0 AppleWebKit/537.36 (KHTML, like Gecko; compatible; ClaudeBot/1.0; +claudebot@anthropic.com)" 487 **0/487438**
216.73.216.162 - - [28/Mar/2026:07:32:19 -0700] "GET /item/2050959186?fileloc=%2Fhome%2Ffalconiapl2015%2Fpublic_html%2Fwp-includes%2Fwp-db.php&path=%2Fhome%2Ffalconiapl2015%2Fpublic_html%2Fwp-includes HTTP/2.0" 200 2504 "-" "Mozilla/5.0 AppleWebKit/537.36 (KHTML, like Gecko; compatible; ClaudeBot/1.0; +claudebot@anthropic.com)" 536 **0/536589**
74.7.227.0 - - [28/Mar/2026:07:32:19 -0700] "GET /?fileloc=//usr/lib64/libanl.so.1&path=//usr/lib64 HTTP/2.0" 200 8707 "https://falcon-ia.com/?path=//usr/lib64" "Mozilla/5.0 AppleWebKit/537.36 (KHTML, like Gecko; compatible; GPTBot/1.3; +https://openai.com/gptbot)" 500 **0/500718**
216.73.216.162 - - [28/Mar/2026:07:32:22 -0700] "GET /item/909754614?fileloc=%2Fhome%2Ffalconiapl2015%2Fpublic_html%2Fwp-includes%2Fclass-wp-metadata-lazyloader.php&path=%2Fhome%2Ffalconiapl2015%2Fpublic_html%2Fwp-includes HTTP/2.0" 200 4140 "-" "Mozilla/5.0 AppleWebKit/537.36 (KHTML, like Gecko; compatible; ClaudeBot/1.0; +claudebot@anthropic.com)" 493 **0/493668**
74.7.227.0 - - [28/Mar/2026:07:32:22 -0700] "GET /?fileloc=//lib64/python2.7/lib-tk/test/test_ttk/test_style.pyc&path=//lib64/python2.7/lib-tk/test/test_ttk HTTP/2.0" 200 3605 "https://falcon-ia.com/?path=//lib64/python2.7/lib-tk/test/test_ttk" "Mozilla/5.0 AppleWebKit/537.36 (KHTML, like Gecko; compatible; GPTBot/1.3; +https://openai.com/gptbot)" 507 **0/507980**
216.73.216.162 - - [28/Mar/2026:07:32:25 -0700] "GET /item/3502849983?fileloc=%2Fhome%2Ffalconiapl2015%2Fpublic_html%2Fwp-admin%2Flink-parse-opml.php&path=%2Fhome%2Ffalconiapl2015%2Fpublic_html%2Fwp-admin HTTP/2.0" 200 3287 "-" "Mozilla/5.0 AppleWebKit/537.36 (KHTML, like Gecko; compatible; ClaudeBot/1.0; +claudebot@anthropic.com)" 501 **0/501723**
74.7.227.0 - - [28/Mar/2026:07:32:25 -0700] "GET /?fileloc=//lib64/python2.7/lib-tk/test/test_ttk/test_style.pyo&path=//lib64/python2.7/lib-tk/test/test_ttk HTTP/2.0" 200 3605 "https://falcon-ia.com/?path=//lib64/python2.7/lib-tk/test/test_ttk" "Mozilla/5.0 AppleWebKit/537.36 (KHTML, like Gecko; compatible; GPTBot/1.3; +https://openai.com/gptbot)" 487 **0/487622**
74.7.227.0 - - [28/Mar/2026:07:32:28 -0700] "GET /?fileloc=//lib/rpm/redhat/redhat-annobin-plugin-select.sh&path=//lib/rpm/redhat HTTP/2.0" 200 4187 "https://falcon-ia.com/?path=//lib/rpm/redhat" "Mozilla/5.0 AppleWebKit/537.36 (KHTML, like Gecko; compatible; GPTBot/1.3; +https://openai.com/gptbot)" 523 **0/523439**
216.73.216.162 - - [28/Mar/2026:07:32:30 -0700] "GET /item/53255110?fileloc=%2Fhome%2Ffalconiapl2015%2Fpublic_html%2Fwp-includes%2Fclass-wp-block-supports.php&path=%2Fhome%2Ffalconiapl2015%2Fpublic_html%2Fwp-includes HTTP/2.0" 200 3785 "-" "Mozilla/5.0 AppleWebKit/537.36 (KHTML, like Gecko; compatible; ClaudeBot/1.0; +claudebot@anthropic.com)" 504 **0/504309**
74.7.227.0 - - [28/Mar/2026:07:32:31 -0700] "GET /?path=//usr/lib64/python3.12/importlib/metadata HTTP/2.0" 200 2866 "https://falcon-ia.com/?path=//usr/lib64/python3.12/importlib" "Mozilla/5.0 AppleWebKit/537.36 (KHTML, like Gecko; compatible; GPTBot/1.3; +https://openai.com/gptbot)" 499 **0/499259**
216.73.216.162 - - [28/Mar/2026:07:32:32 -0700] "GET /item/2729165899?fileloc=%2Fhome%2Ffalconiapl2015%2Fpublic_html%2Fwp-includes%2Fpost-formats.php&path=%2Fhome%2Ffalconiapl2015%2Fpublic_html%2Fwp-includes HTTP/2.0" 200 4130 "-" "Mozilla/5.0 AppleWebKit/537.36 (KHTML, like Gecko; compatible; ClaudeBot/1.0; +claudebot@anthropic.com)" 517 **0/517415**
74.7.227.0 - - [28/Mar/2026:07:32:34 -0700] "GET /?fileloc=//usr/lib64/libuser.so.1&path=//usr/lib64 HTTP/2.0" 200 46862 "https://falcon-ia.com/?path=//usr/lib64" "Mozilla/5.0 AppleWebKit/537.36 (KHTML, like Gecko; compatible; GPTBot/1.3; +https://openai.com/gptbot)" 520 **0/520753**
216.73.216.162 - - [28/Mar/2026:07:32:35 -0700] "GET /item/1035401931?fileloc=%2Fhome%2Ffalconiapl2015%2Fpublic_html%2Fwp-includes%2Fclass-wp-block-supports.php&path=%2Fhome%2Ffalconiapl2015%2Fpublic_html%2Fwp-includes HTTP/2.0" 200 3785 "-" "Mozilla/5.0 AppleWebKit/537.36 (KHTML, like Gecko; compatible; ClaudeBot/1.0; +claudebot@anthropic.com)" 516 **0/516468**
74.7.227.0 - - [28/Mar/2026:07:32:38 -0700] "GET /?fileloc=//usr/lib64/libssl.so.10&path=//usr/lib64 HTTP/2.0" 200 202230 "https://falcon-ia.com/?path=//usr/lib64" "Mozilla/5.0 AppleWebKit/537.36 (KHTML, like Gecko; compatible; GPTBot/1.3; +https://openai.com/gptbot)" 579 **0/579638**
216.73.216.162 - - [28/Mar/2026:07:32:38 -0700] "GET /item/1035401931?fileloc=%2Fhome%2Ffalconiapl2015%2Fpublic_html%2Fwp-includes%2Fcapabilities-ajax.php&path=%2Fhome%2Ffalconiapl2015%2Fpublic_html%2Fwp-includes HTTP/2.0" 200 2287 "-" "Mozilla/5.0 AppleWebKit/537.36 (KHTML, like Gecko; compatible; ClaudeBot/1.0; +claudebot@anthropic.com)" 499 **0/499660**
74.7.227.0 - - [28/Mar/2026:07:32:41 -0700] "GET /?fileloc=//usr/lib64/libisl.so.13&path=//usr/lib64 HTTP/2.0" 200 500372 "https://falcon-ia.com/?path=//usr/lib64" "Mozilla/5.0 AppleWebKit/537.36 (KHTML, like Gecko; compatible; GPTBot/1.3; +https://openai.com/gptbot)" 721 **0/721365**
216.73.216.162 - - [28/Mar/2026:07:32:41 -0700] "GET /item/2829936279?fileloc=%2Fhome%2Ffalconiapl2015%2Fpublic_html%2Fwp-includes%2Fjs%2Fcustomize-loader.min.js&path=%2Fhome%2Ffalconiapl2015%2Fpublic_html%2Fwp-includes%2Fjs HTTP/2.0" 200 3600 "-" "Mozilla/5.0 AppleWebKit/537.36 (KHTML, like Gecko; compatible; ClaudeBot/1.0; +claudebot@anthropic.com)" 486 **0/486614**
198.244.168.169 - - [28/Mar/2026:07:32:43 -0700] "GET /commodity/gzip/suppl17184056061 HTTP/2.0" 200 3449 "-" "Mozilla/5.0 (compatible; AhrefsBot/7.0; +http://ahrefs.com/robot/)" 486 **0/486965**
74.7.227.0 - - [28/Mar/2026:07:32:44 -0700] "GET /?fileloc=//usr/lib64/libisl.so.15&path=//usr/lib64 HTTP/2.0" 200 588303 "https://falcon-ia.com/?path=//usr/lib64" "Mozilla/5.0 AppleWebKit/537.36 (KHTML, like Gecko; compatible; GPTBot/1.3; +https://openai.com/gptbot)" 736 **0/736645**
216.73.216.162 - - [28/Mar/2026:07:32:44 -0700] "GET /item/3214163292?fileloc=%2Fhome%2Ffalconiapl2015%2Fpublic_html%2Fwp-includes%2Frevisions.php&path=%2Fhome%2Ffalconiapl2015%2Fpublic_html%2Fwp-includes HTTP/2.0" 200 2273 "-" "Mozilla/5.0 AppleWebKit/537.36 (KHTML, like Gecko; compatible; ClaudeBot/1.0; +claudebot@anthropic.com)" 490 **0/490800**
74.7.227.0 - - [28/Mar/2026:07:32:47 -0700] "GET /?fileloc=//usr/lib64/libltdl.so.7&path=//usr/lib64 HTTP/2.0" 200 18218 "https://falcon-ia.com/?path=//usr/lib64" "Mozilla/5.0 AppleWebKit/537.36 (KHTML, like Gecko; compatible; GPTBot/1.3; +https://openai.com/gptbot)" 521 **0/521435**
216.73.216.162 - - [28/Mar/2026:07:32:47 -0700] "GET /item/1035401931?fileloc=%2Fhome%2Ffalconiapl2015%2Fpublic_html%2Fwp-includes%2Fpost-formats.php&path=%2Fhome%2Ffalconiapl2015%2Fpublic_html%2Fwp-includes HTTP/2.0" 200 4130 "-" "Mozilla/5.0 AppleWebKit/537.36 (KHTML, like Gecko; compatible; ClaudeBot/1.0; +claudebot@anthropic.com)" 490 **0/490401**
74.7.227.0 - - [28/Mar/2026:07:32:50 -0700] "GET /?fileloc=//usr/lib64/libuuid.so.1&path=//usr/lib64 HTTP/2.0" 200 14860 "https://falcon-ia.com/?path=//usr/lib64" "Mozilla/5.0 AppleWebKit/537.36 (KHTML, like Gecko; compatible; GPTBot/1.3; +https://openai.com/gptbot)" 517 **0/517602**
216.73.216.162 - - [28/Mar/2026:07:32:50 -0700] "GET /item/2990729319?fileloc=%2Fhome%2Ffalconiapl2015%2Fpublic_html%2Fwp-admin%2Fjs%2Fpassword-toggle.js&path=%2Fhome%2Ffalconiapl2015%2Fpublic_html%2Fwp-admin%2Fjs HTTP/2.0" 200 2729 "-" "Mozilla/5.0 AppleWebKit/537.36 (KHTML, like Gecko; compatible; ClaudeBot/1.0; +claudebot@anthropic.com)" 492 **0/492921**
74.7.227.0 - - [28/Mar/2026:07:32:53 -0700] "GET /?fileloc=//usr/lib64/libattr.so.1&path=//usr/lib64 HTTP/2.0" 200 9860 "https://falcon-ia.com/?path=//usr/lib64" "Mozilla/5.0 AppleWebKit/537.36 (KHTML, like Gecko; compatible; GPTBot/1.3; +https://openai.com/gptbot)" 500 **0/500861**
216.73.216.162 - - [28/Mar/2026:07:32:53 -0700] "GET /item/3214163292?fileloc=%2Fhome%2Ffalconiapl2015%2Fpublic_html%2Fwp-includes%2Fregistration.php&path=%2Fhome%2Ffalconiapl2015%2Fpublic_html%2Fwp-includes HTTP/2.0" 200 2402 "-" "Mozilla/5.0 AppleWebKit/537.36 (KHTML, like Gecko; compatible; ClaudeBot/1.0; +claudebot@anthropic.com)" 507 **0/507101**
216.73.216.162 - - [28/Mar/2026:07:32:56 -0700] "GET /item/785664770?fileloc=%2Fhome%2Ffalconiapl2015%2Fpublic_html%2Fwp-includes%2Flink-template.php&path=%2Fhome%2Ffalconiapl2015%2Fpublic_html%2Fwp-includes HTTP/2.0" 200 29625 "-" "Mozilla/5.0 AppleWebKit/537.36 (KHTML, like Gecko; compatible; ClaudeBot/1.0; +claudebot@anthropic.com)" 535 **0/535609**
74.7.227.0 - - [28/Mar/2026:07:32:56 -0700] "GET /?fileloc=//usr/lib64/libmpfr.so.4&path=//usr/lib64 HTTP/2.0" 200 164110 "https://falcon-ia.com/?path=//usr/lib64" "Mozilla/5.0 AppleWebKit/537.36 (KHTML, like Gecko; compatible; GPTBot/1.3; +https://openai.com/gptbot)" 573 **0/573228**
216.73.216.162 - - [28/Mar/2026:07:32:59 -0700] "GET /item/3502849983?fileloc=%2Fhome%2Ffalconiapl2015%2Fpublic_html%2Fwp-admin%2Fms-delete-site.php&path=%2Fhome%2Ffalconiapl2015%2Fpublic_html%2Fwp-admin HTTP/2.0" 200 4157 "-" "Mozilla/5.0 AppleWebKit/537.36 (KHTML, like Gecko; compatible; ClaudeBot/1.0; +claudebot@anthropic.com)" 491 **0/491527**
74.7.227.0 - - [28/Mar/2026:07:33:00 -0700] "GET /?fileloc=//usr/lib64/librepo.so.0&path=//usr/lib64 HTTP/2.0" 200 65742 "https://falcon-ia.com/?path=//usr/lib64" "Mozilla/5.0 AppleWebKit/537.36 (KHTML, like Gecko; compatible; GPTBot/1.3; +https://openai.com/gptbot)" 539 **0/539122**
216.73.216.162 - - [28/Mar/2026:07:33:02 -0700] "GET /item/3214163292?fileloc=%2Fhome%2Ffalconiapl2015%2Fpublic_html%2Fwp-includes%2Fbookmark-template.php&path=%2Fhome%2Ffalconiapl2015%2Fpublic_html%2Fwp-includes HTTP/2.0" 200 5497 "-" "Mozilla/5.0 AppleWebKit/537.36 (KHTML, like Gecko; compatible; ClaudeBot/1.0; +claudebot@anthropic.com)" 512 **0/512295**
74.7.227.0 - - [28/Mar/2026:07:33:03 -0700] "GET /?fileloc=//usr/lib64/libsolv.so.1&path=//usr/lib64 HTTP/2.0" 200 254545 "https://falcon-ia.com/?path=//usr/lib64" "Mozilla/5.0 AppleWebKit/537.36 (KHTML, like Gecko; compatible; GPTBot/1.3; +https://openai.com/gptbot)" 654 **0/654942**
216.73.216.162 - - [28/Mar/2026:07:33:05 -0700] "GET /item/909754614?fileloc=%2Fhome%2Ffalconiapl2015%2Fpublic_html%2Fwp-includes%2Frevisions.php&path=%2Fhome%2Ffalconiapl2015%2Fpublic_html%2Fwp-includes HTTP/2.0" 200 2273 "-" "Mozilla/5.0 AppleWebKit/537.36 (KHTML, like Gecko; compatible; ClaudeBot/1.0; +claudebot@anthropic.com)" 525 **0/525244**
74.7.227.0 - - [28/Mar/2026:07:33:06 -0700] "GET /?fileloc=//usr/lib64/libssh2.so.1&path=//usr/lib64 HTTP/2.0" 200 97627 "https://falcon-ia.com/?path=//usr/lib64" "Mozilla/5.0 AppleWebKit/537.36 (KHTML, like Gecko; compatible; GPTBot/1.3; +https://openai.com/gptbot)" 577 **0/577112**
216.73.216.162 - - [28/Mar/2026:07:33:08 -0700] "GET /item/785664770?fileloc=%2Fhome%2Ffalconiapl2015%2Fpublic_html%2Fwp-includes%2Fcapabilities-ajax.php&path=%2Fhome%2Ffalconiapl2015%2Fpublic_html%2Fwp-includes HTTP/2.0" 200 2287 "-" "Mozilla/5.0 AppleWebKit/537.36 (KHTML, like Gecko; compatible; ClaudeBot/1.0; +claudebot@anthropic.com)" 502 **0/502808**
74.7.227.0 - - [28/Mar/2026:07:33:09 -0700] "GET /?fileloc=//usr/lib64/libthai.so.0&path=//usr/lib64 HTTP/2.0" 200 17512 "https://falcon-ia.com/?path=//usr/lib64" "Mozilla/5.0 AppleWebKit/537.36 (KHTML, like Gecko; compatible; GPTBot/1.3; +https://openai.com/gptbot)" 504 **0/504246**
216.73.216.162 - - [28/Mar/2026:07:33:11 -0700] "GET /item/785664770?fileloc=%2Fhome%2Ffalconiapl2015%2Fpublic_html%2Fwp-includes%2Fpost-formats.php&path=%2Fhome%2Ffalconiapl2015%2Fpublic_html%2Fwp-includes HTTP/2.0" 200 4130 "-" "Mozilla/5.0 AppleWebKit/537.36 (KHTML, like Gecko; compatible; ClaudeBot/1.0; +claudebot@anthropic.com)" 515 **0/515389**
17.246.19.128 - - [28/Mar/2026:07:33:12 -0700] "GET /loco-win-casino-nl-2025-review/ HTTP/1.1" 200 3956 "-" "Mozilla/5.0 (Macintosh; Intel Mac OS X 10_15_7) AppleWebKit/605.1.15 (KHTML, like Gecko) Version/17.4 Safari/605.1.15 (Applebot/0.1; +http://www.apple.com/go/applebot)" 498 **0/498957**
74.7.227.0 - - [28/Mar/2026:07:33:12 -0700] "GET /?fileloc=//usr/lib64/libform.so.6&path=//usr/lib64 HTTP/2.0" 200 28635 "https://falcon-ia.com/?path=//usr/lib64" "Mozilla/5.0 AppleWebKit/537.36 (KHTML, like Gecko; compatible; GPTBot/1.3; +https://openai.com/gptbot)" 518 **0/518200**
216.73.216.162 - - [28/Mar/2026:07:33:14 -0700] "GET /item/1954883964?fileloc=%2Fhome%2Ffalconiapl2015%2Fpublic_html%2Fwp-admin%2Fms-delete-site.php&path=%2Fhome%2Ffalconiapl2015%2Fpublic_html%2Fwp-admin HTTP/2.0" 200 4157 "-" "Mozilla/5.0 AppleWebKit/537.36 (KHTML, like Gecko; compatible; ClaudeBot/1.0; +claudebot@anthropic.com)" 495 **0/495579**
74.7.227.0 - - [28/Mar/2026:07:33:15 -0700] "GET /?fileloc=//usr/lib64/libcriu.so.1&path=//usr/lib64 HTTP/2.0" 200 20655 "https://falcon-ia.com/?path=//usr/lib64" "Mozilla/5.0 AppleWebKit/537.36 (KHTML, like Gecko; compatible; GPTBot/1.3; +https://openai.com/gptbot)" 500 **0/500979**
216.73.216.162 - - [28/Mar/2026:07:33:17 -0700] "GET /item/2450707663?fileloc=%2Fhome%2Ffalconiapl2015%2Fpublic_html%2Fwp-includes%2Ferror_log&path=%2Fhome%2Ffalconiapl2015%2Fpublic_html%2Fwp-includes HTTP/2.0" 200 2548 "-" "Mozilla/5.0 AppleWebKit/537.36 (KHTML, like Gecko; compatible; ClaudeBot/1.0; +claudebot@anthropic.com)" 514 **0/514713**
74.7.227.0 - - [28/Mar/2026:07:33:19 -0700] "GET /?fileloc=//usr/lib64/libestr.so.0&path=//usr/lib64 HTTP/2.0" 200 8017 "https://falcon-ia.com/?path=//usr/lib64" "Mozilla/5.0 AppleWebKit/537.36 (KHTML, like Gecko; compatible; GPTBot/1.3; +https://openai.com/gptbot)" 503 **0/503736**
216.73.216.162 - - [28/Mar/2026:07:33:20 -0700] "GET /item/909754614?fileloc=%2Fhome%2Ffalconiapl2015%2Fpublic_html%2Fwp-includes%2Fregistration.php&path=%2Fhome%2Ffalconiapl2015%2Fpublic_html%2Fwp-includes HTTP/2.0" 200 2402 "-" "Mozilla/5.0 AppleWebKit/537.36 (KHTML, like Gecko; compatible; ClaudeBot/1.0; +claudebot@anthropic.com)" 494 **0/494585**
74.7.227.0 - - [28/Mar/2026:07:33:22 -0700] "GET /?fileloc=//usr/lib64/libtcl8.6.so&path=//usr/lib64 HTTP/2.0" 200 660452 "https://falcon-ia.com/?path=//usr/lib64" "Mozilla/5.0 AppleWebKit/537.36 (KHTML, like Gecko; compatible; GPTBot/1.3; +https://openai.com/gptbot)" 806 **0/806798**
216.73.216.162 - - [28/Mar/2026:07:33:23 -0700] "GET /item/1780326743?fileloc=%2Fhome%2Ffalconiapl2015%2Fpublic_html%2Fwp-includes%2Fms-blogs.php&path=%2Fhome%2Ffalconiapl2015%2Fpublic_html%2Fwp-includes HTTP/2.0" 200 8334 "-" "Mozilla/5.0 AppleWebKit/537.36 (KHTML, like Gecko; compatible; ClaudeBot/1.0; +claudebot@anthropic.com)" 508 **0/508881**
74.7.227.0 - - [28/Mar/2026:07:33:25 -0700] "GET /?fileloc=//usr/lib64/libcups.so.2&path=//usr/lib64 HTTP/2.0" 200 210777 "https://falcon-ia.com/?path=//usr/lib64" "Mozilla/5.0 AppleWebKit/537.36 (KHTML, like Gecko; compatible; GPTBot/1.3; +https://openai.com/gptbot)" 582 **0/582872**
216.73.216.162 - - [28/Mar/2026:07:33:26 -0700] "GET /item/785664770?fileloc=%2Fhome%2Ffalconiapl2015%2Fpublic_html%2Fwp-includes%2Fclass-wp-block-supports.php&path=%2Fhome%2Ffalconiapl2015%2Fpublic_html%2Fwp-includes HTTP/2.0" 403 3449 "-" "Mozilla/5.0 AppleWebKit/537.36 (KHTML, like Gecko; compatible; ClaudeBot/1.0; +claudebot@anthropic.com)" 489 **0/489535**
74.7.227.0 - - [28/Mar/2026:07:33:28 -0700] "GET /?fileloc=//usr/lib64/libfuse.so.2&path=//usr/lib64 HTTP/2.0" 200 70068 "https://falcon-ia.com/?path=//usr/lib64" "Mozilla/5.0 AppleWebKit/537.36 (KHTML, like Gecko; compatible; GPTBot/1.3; +https://openai.com/gptbot)" 506 **0/506365**
216.73.216.162 - - [28/Mar/2026:07:33:29 -0700] "GET /item/2829936279?fileloc=%2Fhome%2Ffalconiapl2015%2Fpublic_html%2Fwp-includes%2Fjs%2Fwp-embed.js&path=%2Fhome%2Ffalconiapl2015%2Fpublic_html%2Fwp-includes%2Fjs HTTP/2.0" 403 3449 "-" "Mozilla/5.0 AppleWebKit/537.36 (KHTML, like Gecko; compatible; ClaudeBot/1.0; +claudebot@anthropic.com)" 507 **0/507712**
74.7.227.0 - - [28/Mar/2026:07:33:32 -0700] "GET /?fileloc=//usr/lib64/libtspi.so.1&path=//usr/lib64 HTTP/2.0" 200 154417 "https://falcon-ia.com/?path=//usr/lib64" "Mozilla/5.0 AppleWebKit/537.36 (KHTML, like Gecko; compatible; GPTBot/1.3; +https://openai.com/gptbot)" 574 **0/574668**
216.73.216.162 - - [28/Mar/2026:07:33:34 -0700] "GET /item/2527967246?fileloc=%2Fhome%2Ffalconiapl2015%2Fpublic_html%2Fwp-includes%2Fwidgets.php&path=%2Fhome%2Ffalconiapl2015%2Fpublic_html%2Fwp-includes HTTP/2.0" 403 3449 "-" "Mozilla/5.0 AppleWebKit/537.36 (KHTML, like Gecko; compatible; ClaudeBot/1.0; +claudebot@anthropic.com)" 488 **0/488923**
74.7.227.0 - - [28/Mar/2026:07:33:35 -0700] "GET /?fileloc=//usr/lib64/libtiff.so.5&path=//usr/lib64 HTTP/2.0" 200 151620 "https://falcon-ia.com/?path=//usr/lib64" "Mozilla/5.0 AppleWebKit/537.36 (KHTML, like Gecko; compatible; GPTBot/1.3; +https://openai.com/gptbot)" 555 **0/555324**
216.73.216.162 - - [28/Mar/2026:07:33:36 -0700] "GET /item/548348517?path=%2Fhome%2Ffalconiapl2015%2F.spamassassin HTTP/2.0" 403 3449 "-" "Mozilla/5.0 AppleWebKit/537.36 (KHTML, like Gecko; compatible; ClaudeBot/1.0; +claudebot@anthropic.com)" 492 **0/492044**
74.7.227.0 - - [28/Mar/2026:07:33:38 -0700] "GET /?fileloc=//usr/lib64/libpopt.so.0&path=//usr/lib64 HTTP/2.0" 200 23540 "https://falcon-ia.com/?path=//usr/lib64" "Mozilla/5.0 AppleWebKit/537.36 (KHTML, like Gecko; compatible; GPTBot/1.3; +https://openai.com/gptbot)" 523 **0/523248**
216.73.216.162 - - [28/Mar/2026:07:33:39 -0700] "GET /item/3696450038?path=%2Fhome%2Ffalconiapl2015%2Fpublic_html HTTP/2.0" 403 3449 "-" "Mozilla/5.0 AppleWebKit/537.36 (KHTML, like Gecko; compatible; ClaudeBot/1.0; +claudebot@anthropic.com)" 508 **0/508745**
74.7.227.0 - - [28/Mar/2026:07:33:41 -0700] "GET /?fileloc=//opt/python38/lib/python3.8/ctypes/test/test_prototypes.py&path=//opt/python38/lib/python3.8/ctypes/test HTTP/2.0" 200 3889 "https://falcon-ia.com/?path=//opt/python38/lib/python3.8/ctypes/test" "Mozilla/5.0 AppleWebKit/537.36 (KHTML, like Gecko; compatible; GPTBot/1.3; +https://openai.com/gptbot)" 494 **0/494886**
216.73.216.162 - - [28/Mar/2026:07:33:42 -0700] "GET /item/514587713?fileloc=%2Fhome%2Ffalconiapl2015%2Fpublic_html%2Fwp-admin%2Fcustomize.php&path=%2Fhome%2Ffalconiapl2015%2Fpublic_html%2Fwp-admin HTTP/2.0" 403 3449 "-" "Mozilla/5.0 AppleWebKit/537.36 (KHTML, like Gecko; compatible; ClaudeBot/1.0; +claudebot@anthropic.com)" 506 **0/506358**
74.7.227.0 - - [28/Mar/2026:07:33:44 -0700] "GET /?fileloc=//opt/python38/lib/python3.8/ctypes/test/test_init.py&path=//opt/python38/lib/python3.8/ctypes/test HTTP/2.0" 200 2695 "https://falcon-ia.com/?path=//opt/python38/lib/python3.8/ctypes/test" "Mozilla/5.0 AppleWebKit/537.36 (KHTML, like Gecko; compatible; GPTBot/1.3; +https://openai.com/gptbot)" 518 **0/518294**
114.119.156.190 - - [28/Mar/2026:07:33:45 -0700] "GET /commodity/smithsonian/suffered172097943501?fileloc=/home/falconiapl2015/public_html/license.txt&path=/home/falconiapl2015/public_html HTTP/1.1" 200 9840 "https://falcon-ia.com/commodity/smithsonian/suffered172097943501" "Mozilla/5.0 (Linux; Android 7.0;) AppleWebKit/537.36 (KHTML, like Gecko) Mobile Safari/537.36 (compatible; PetalBot;+https://webmaster.petalsearch.com/site/petalbot)" 524 **0/524952**
216.73.216.162 - - [28/Mar/2026:07:33:45 -0700] "GET /item/2457720633?fileloc=%2Fhome%2Ffalconiapl2015%2Fpublic_html%2Fwp-includes%2Fclass-wp-block-bindings-source.php&path=%2Fhome%2Ffalconiapl2015%2Fpublic_html%2Fwp-includes HTTP/2.0" 403 3449 "-" "Mozilla/5.0 AppleWebKit/537.36 (KHTML, like Gecko; compatible; ClaudeBot/1.0; +claudebot@anthropic.com)" 514 **0/514911**
74.7.227.0 - - [28/Mar/2026:07:33:48 -0700] "GET /?fileloc=//opt/python38/lib/python3.8/ctypes/test/test_cast.py&path=//opt/python38/lib/python3.8/ctypes/test HTTP/2.0" 200 3148 "https://falcon-ia.com/?path=//opt/python38/lib/python3.8/ctypes/test" "Mozilla/5.0 AppleWebKit/537.36 (KHTML, like Gecko; compatible; GPTBot/1.3; +https://openai.com/gptbot)" 499 **0/499826**
216.73.216.162 - - [28/Mar/2026:07:33:48 -0700] "GET /item/2829255896?fileloc=%2Fhome%2Ffalconiapl2015%2Fpublic_html%2Fwp-includes%2Ftheme-previews.php&path=%2Fhome%2Ffalconiapl2015%2Fpublic_html%2Fwp-includes HTTP/2.0" 403 3449 "-" "Mozilla/5.0 AppleWebKit/537.36 (KHTML, like Gecko; compatible; ClaudeBot/1.0; +claudebot@anthropic.com)" 484 **0/484466**
74.7.227.0 - - [28/Mar/2026:07:33:51 -0700] "GET /?fileloc=//opt/python38/lib/python3.8/unittest/test/test_suite.py&path=//opt/python38/lib/python3.8/unittest/test HTTP/2.0" 200 4980 "https://falcon-ia.com/?path=//opt/python38/lib/python3.8/unittest/test" "Mozilla/5.0 AppleWebKit/537.36 (KHTML, like Gecko; compatible; GPTBot/1.3; +https://openai.com/gptbot)" 519 **0/519574**
216.73.216.162 - - [28/Mar/2026:07:33:51 -0700] "GET /item/205359608?fileloc=%2Fhome%2Ffalconiapl2015%2Fpublic_html%2Fwp-includes%2Fclass-wp-http-streams.php&path=%2Fhome%2Ffalconiapl2015%2Fpublic_html%2Fwp-includes HTTP/2.0" 403 3449 "-" "Mozilla/5.0 AppleWebKit/537.36 (KHTML, like Gecko; compatible; ClaudeBot/1.0; +claudebot@anthropic.com)" 504 **0/504893**
74.7.227.0 - - [28/Mar/2026:07:33:54 -0700] "GET /?fileloc=//opt/python38/lib/python3.8/ctypes/test/test_bytes.py&path=//opt/python38/lib/python3.8/ctypes/test HTTP/2.0" 200 2837 "https://falcon-ia.com/?path=//opt/python38/lib/python3.8/ctypes/test" "Mozilla/5.0 AppleWebKit/537.36 (KHTML, like Gecko; compatible; GPTBot/1.3; +https://openai.com/gptbot)" 524 **0/524058**
216.73.216.162 - - [28/Mar/2026:07:33:54 -0700] "GET /item/103008920?fileloc=%2Fhome%2Ffalconiapl2015%2Fpublic_html%2Fwp-includes%2Fclass-wp-block-parser-block.php&path=%2Fhome%2Ffalconiapl2015%2Fpublic_html%2Fwp-includes HTTP/2.0" 403 3449 "-" "Mozilla/5.0 AppleWebKit/537.36 (KHTML, like Gecko; compatible; ClaudeBot/1.0; +claudebot@anthropic.com)" 532 **0/532134**
74.7.227.0 - - [28/Mar/2026:07:33:57 -0700] "GET /?path=//lib/modules/4.18.0-553.83.1.lve.el8.x86_64/kernel/drivers/firmware HTTP/2.0" 200 2764 "https://falcon-ia.com/?path=//lib/modules/4.18.0-553.83.1.lve.el8.x86_64/kernel/drivers" "Mozilla/5.0 AppleWebKit/537.36 (KHTML, like Gecko; compatible; GPTBot/1.3; +https://openai.com/gptbot)" 507 **0/507209**
216.73.216.162 - - [28/Mar/2026:07:33:57 -0700] "GET /item/4097105652?path=%2Fhome%2Ffalconiapl2015%2Fpublic_html%2Fwp-content%2Fupgrade-temp-backup HTTP/2.0" 403 3449 "-" "Mozilla/5.0 AppleWebKit/537.36 (KHTML, like Gecko; compatible; ClaudeBot/1.0; +claudebot@anthropic.com)" 506 **0/506186**
74.7.227.0 - - [28/Mar/2026:07:34:00 -0700] "GET /?path=//lib/modules/4.18.0-553.83.1.lve.el8.x86_64/kernel/drivers/watchdog HTTP/2.0" 200 3447 "https://falcon-ia.com/?path=//lib/modules/4.18.0-553.83.1.lve.el8.x86_64/kernel/drivers" "Mozilla/5.0 AppleWebKit/537.36 (KHTML, like Gecko; compatible; GPTBot/1.3; +https://openai.com/gptbot)" 505 **0/505129**
216.73.216.162 - - [28/Mar/2026:07:34:00 -0700] "GET /item/3092343621?path=%2Fhome%2Ffalconiapl2015%2Fpublic_html%2Fwp-includes%2Fsodium_compat HTTP/2.0" 403 3449 "-" "Mozilla/5.0 AppleWebKit/537.36 (KHTML, like Gecko; compatible; ClaudeBot/1.0; +claudebot@anthropic.com)" 497 **0/497271**
74.7.227.0 - - [28/Mar/2026:07:34:03 -0700] "GET /?path=//lib/modules/4.18.0-553.83.1.lve.el8.x86_64/kernel/drivers/platform HTTP/2.0" 200 2635 "https://falcon-ia.com/?path=//lib/modules/4.18.0-553.83.1.lve.el8.x86_64/kernel/drivers" "Mozilla/5.0 AppleWebKit/537.36 (KHTML, like Gecko; compatible; GPTBot/1.3; +https://openai.com/gptbot)" 496 **0/496746**
216.73.216.162 - - [28/Mar/2026:07:34:03 -0700] "GET /item/780232076?fileloc=%2Fhome%2Ffalconiapl2015%2Fpublic_html%2Fwp-includes%2Fclass-wp-theme.php&path=%2Fhome%2Ffalconiapl2015%2Fpublic_html%2Fwp-includes HTTP/2.0" 403 3449 "-" "Mozilla/5.0 AppleWebKit/537.36 (KHTML, like Gecko; compatible; ClaudeBot/1.0; +claudebot@anthropic.com)" 505 **0/505545**
216.73.216.162 - - [28/Mar/2026:07:34:06 -0700] "GET /item/2756812328?fileloc=%2Fhome%2Ffalconiapl2015%2Fpublic_html%2Fwp-includes%2Ftheme-compat%2Fembed.php&path=%2Fhome%2Ffalconiapl2015%2Fpublic_html%2Fwp-includes%2Ftheme-compat HTTP/2.0" 200 2523 "-" "Mozilla/5.0 AppleWebKit/537.36 (KHTML, like Gecko; compatible; ClaudeBot/1.0; +claudebot@anthropic.com)" 521 **0/521871**
74.7.227.0 - - [28/Mar/2026:07:34:06 -0700] "GET /?path=//lib/modules/4.18.0-553.83.1.lve.el8.x86_64/kernel/drivers/counter HTTP/2.0" 200 2657 "https://falcon-ia.com/?path=//lib/modules/4.18.0-553.83.1.lve.el8.x86_64/kernel/drivers" "Mozilla/5.0 AppleWebKit/537.36 (KHTML, like Gecko; compatible; GPTBot/1.3; +https://openai.com/gptbot)" 491 **0/491312**
216.73.216.162 - - [28/Mar/2026:07:34:09 -0700] "GET /item/2440365595?fileloc=%2Fhome%2Ffalconiapl2015%2Fpublic_html%2Fwp-admin%2Foptions-permalink.php&path=%2Fhome%2Ffalconiapl2015%2Fpublic_html%2Fwp-admin HTTP/2.0" 200 7922 "-" "Mozilla/5.0 AppleWebKit/537.36 (KHTML, like Gecko; compatible; ClaudeBot/1.0; +claudebot@anthropic.com)" 510 **0/510064**
74.7.227.0 - - [28/Mar/2026:07:34:09 -0700] "GET /?path=//lib/modules/4.18.0-553.83.1.lve.el8.x86_64/kernel/drivers/cpufreq HTTP/2.0" 200 2781 "https://falcon-ia.com/?path=//lib/modules/4.18.0-553.83.1.lve.el8.x86_64/kernel/drivers" "Mozilla/5.0 AppleWebKit/537.36 (KHTML, like Gecko; compatible; GPTBot/1.3; +https://openai.com/gptbot)" 492 **0/492006**
216.73.216.162 - - [28/Mar/2026:07:34:12 -0700] "GET /item/158777817?fileloc=%2Fhome%2Ffalconiapl2015%2Fpublic_html%2Fwp-includes%2Fsodium_compat%2Fsrc%2FCompat.php&path=%2Fhome%2Ffalconiapl2015%2Fpublic_html%2Fwp-includes%2Fsodium_compat%2Fsrc HTTP/2.0" 200 19123 "-" "Mozilla/5.0 AppleWebKit/537.36 (KHTML, like Gecko; compatible; ClaudeBot/1.0; +claudebot@anthropic.com)" 502 **0/502770**
74.7.227.0 - - [28/Mar/2026:07:34:13 -0700] "GET /?path=//lib/modules/4.18.0-553.83.1.lve.el8.x86_64/kernel/drivers/pinctrl HTTP/2.0" 200 2596 "https://falcon-ia.com/?path=//lib/modules/4.18.0-553.83.1.lve.el8.x86_64/kernel/drivers" "Mozilla/5.0 AppleWebKit/537.36 (KHTML, like Gecko; compatible; GPTBot/1.3; +https://openai.com/gptbot)" 493 **0/493537**
216.73.216.162 - - [28/Mar/2026:07:34:15 -0700] "GET /item/3099356623?fileloc=%2Fhome%2Ffalconiapl2015%2Fpublic_html%2Fwp-includes%2Fclass-wp-block-bindings-source.php&path=%2Fhome%2Ffalconiapl2015%2Fpublic_html%2Fwp-includes HTTP/2.0" 200 3205 "-" "Mozilla/5.0 AppleWebKit/537.36 (KHTML, like Gecko; compatible; ClaudeBot/1.0; +claudebot@anthropic.com)" 501 **0/501453**
74.7.227.0 - - [28/Mar/2026:07:34:16 -0700] "GET /?path=//lib/modules/4.18.0-553.83.1.lve.el8.x86_64/kernel/drivers/powercap HTTP/2.0" 200 2667 "https://falcon-ia.com/?path=//lib/modules/4.18.0-553.83.1.lve.el8.x86_64/kernel/drivers" "Mozilla/5.0 AppleWebKit/537.36 (KHTML, like Gecko; compatible; GPTBot/1.3; +https://openai.com/gptbot)" 510 **0/510932**
216.73.216.162 - - [28/Mar/2026:07:34:18 -0700] "GET /item/2527967246?fileloc=%2Fhome%2Ffalconiapl2015%2Fpublic_html%2Fwp-includes%2Fclass-wp-walker.php&path=%2Fhome%2Ffalconiapl2015%2Fpublic_html%2Fwp-includes HTTP/2.0" 200 5237 "-" "Mozilla/5.0 AppleWebKit/537.36 (KHTML, like Gecko; compatible; ClaudeBot/1.0; +claudebot@anthropic.com)" 484 **0/484407**
74.7.227.0 - - [28/Mar/2026:07:34:19 -0700] "GET /?path=//lib/modules/4.18.0-553.83.1.lve.el8.x86_64/kernel/drivers/memstick HTTP/2.0" 200 2621 "https://falcon-ia.com/?path=//lib/modules/4.18.0-553.83.1.lve.el8.x86_64/kernel/drivers" "Mozilla/5.0 AppleWebKit/537.36 (KHTML, like Gecko; compatible; GPTBot/1.3; +https://openai.com/gptbot)" 492 **0/492679**
216.73.216.162 - - [28/Mar/2026:07:34:21 -0700] "GET /item/2434932885?fileloc=%2Fhome%2Ffalconiapl2015%2Fpublic_html%2Fwp-includes%2Fclass-wp-block-bindings-source.php&path=%2Fhome%2Ffalconiapl2015%2Fpublic_html%2Fwp-includes HTTP/2.0" 200 3205 "-" "Mozilla/5.0 AppleWebKit/537.36 (KHTML, like Gecko; compatible; ClaudeBot/1.0; +claudebot@anthropic.com)" 500 **0/500657**
74.7.227.0 - - [28/Mar/2026:07:34:22 -0700] "GET /?fileloc=//usr/selector/lsphp&path=//usr/selector HTTP/2.0" 200 2259 "https://falcon-ia.com/?path=//usr/selector" "Mozilla/5.0 AppleWebKit/537.36 (KHTML, like Gecko; compatible; GPTBot/1.3; +https://openai.com/gptbot)" 506 **0/506773**
216.73.216.162 - - [28/Mar/2026:07:34:24 -0700] "GET /item/3939568476?fileloc=%2Fhome%2Ffalconiapl2015%2Fpublic_html%2Fwp-includes%2Fclass-wp-block-bindings-source.php&path=%2Fhome%2Ffalconiapl2015%2Fpublic_html%2Fwp-includes HTTP/2.0" 200 3205 "-" "Mozilla/5.0 AppleWebKit/537.36 (KHTML, like Gecko; compatible; ClaudeBot/1.0; +claudebot@anthropic.com)" 493 **0/493266**
74.7.227.0 - - [28/Mar/2026:07:34:25 -0700] "GET /?path=//lib64/python3.12/ensurepip/__pycache__ HTTP/2.0" 200 2799 "https://falcon-ia.com/?path=//lib64/python3.12/ensurepip" "Mozilla/5.0 AppleWebKit/537.36 (KHTML, like Gecko; compatible; GPTBot/1.3; +https://openai.com/gptbot)" 505 **0/505420**
216.73.216.162 - - [28/Mar/2026:07:34:27 -0700] "GET /item/4163897000?path=%2Fhome%2Ffalconiapl2015%2Fpublic_html%2Fwp-includes%2Fl10n HTTP/2.0" 200 2775 "-" "Mozilla/5.0 AppleWebKit/537.36 (KHTML, like Gecko; compatible; ClaudeBot/1.0; +claudebot@anthropic.com)" 509 **0/509332**
74.7.227.0 - - [28/Mar/2026:07:34:28 -0700] "GET /?fileloc=//usr/lib64/libcfitsio.so.7.3.47&path=//usr/lib64 HTTP/2.0" 200 481948 "https://falcon-ia.com/?path=//usr/lib64" "Mozilla/5.0 AppleWebKit/537.36 (KHTML, like Gecko; compatible; GPTBot/1.3; +https://openai.com/gptbot)" 698 **0/698727**
216.73.216.162 - - [28/Mar/2026:07:34:30 -0700] "GET /item/4281127883?fileloc=%2Fhome%2Ffalconiapl2015%2Fpublic_html%2Fwp-admin%2Fms-admin.php&path=%2Fhome%2Ffalconiapl2015%2Fpublic_html%2Fwp-admin HTTP/2.0" 200 2394 "-" "Mozilla/5.0 AppleWebKit/537.36 (KHTML, like Gecko; compatible; ClaudeBot/1.0; +claudebot@anthropic.com)" 483 **0/483611**
74.7.227.0 - - [28/Mar/2026:07:34:31 -0700] "GET /?fileloc=//usr/lib64/libsgutils2.so.2.0.0&path=//usr/lib64 HTTP/2.0" 200 82006 "https://falcon-ia.com/?path=//usr/lib64" "Mozilla/5.0 AppleWebKit/537.36 (KHTML, like Gecko; compatible; GPTBot/1.3; +https://openai.com/gptbot)" 520 **0/520592**
216.73.216.162 - - [28/Mar/2026:07:34:33 -0700] "GET /item/3099356623?path=%2Fhome%2Ffalconiapl2015%2Fpublic_html%2Fwp-includes%2Fimages HTTP/2.0" 200 3432 "-" "Mozilla/5.0 AppleWebKit/537.36 (KHTML, like Gecko; compatible; ClaudeBot/1.0; +claudebot@anthropic.com)" 506 **0/506264**
74.7.227.0 - - [28/Mar/2026:07:34:34 -0700] "GET /?fileloc=//lib/modules/4.18.0-553.83.1.lve.el8.x86_64/kernel/drivers/watchdog/mei_wdt.ko.xz&path=//lib/modules/4.18.0-553.83.1.lve.el8.x86_64/kernel/drivers/watchdog HTTP/2.0" 200 7091 "https://falcon-ia.com/?path=//lib/modules/4.18.0-553.83.1.lve.el8.x86_64/kernel/drivers/watchdog" "Mozilla/5.0 AppleWebKit/537.36 (KHTML, like Gecko; compatible; GPTBot/1.3; +https://openai.com/gptbot)" 492 **0/492174**
216.73.216.162 - - [28/Mar/2026:07:34:36 -0700] "GET /item/279599573?fileloc=%2Fhome%2Ffalconiapl2015%2Fpublic_html%2Fwp-includes%2Fdefault-widgets.php&path=%2Fhome%2Ffalconiapl2015%2Fpublic_html%2Fwp-includes HTTP/2.0" 200 2710 "-" "Mozilla/5.0 AppleWebKit/537.36 (KHTML, like Gecko; compatible; ClaudeBot/1.0; +claudebot@anthropic.com)" 508 **0/508076**
74.7.227.0 - - [28/Mar/2026:07:34:38 -0700] "GET /?fileloc=//opt/python38/lib/python3.8/unittest/test/testmock/support.py&path=//opt/python38/lib/python3.8/unittest/test/testmock HTTP/2.0" 200 2461 "https://falcon-ia.com/?path=//opt/python38/lib/python3.8/unittest/test/testmock" "Mozilla/5.0 AppleWebKit/537.36 (KHTML, like Gecko; compatible; GPTBot/1.3; +https://openai.com/gptbot)" 485 **0/485764**
216.73.216.162 - - [28/Mar/2026:07:34:39 -0700] "GET /item/624191331?path=%2Fhome%2Ffalconiapl2015%2F.cphorde HTTP/2.0" 200 2684 "-" "Mozilla/5.0 AppleWebKit/537.36 (KHTML, like Gecko; compatible; ClaudeBot/1.0; +claudebot@anthropic.com)" 496 **0/496925**
74.7.227.0 - - [28/Mar/2026:07:34:41 -0700] "GET /?path=//usr/lib64/perl5/asm HTTP/2.0" 200 2963 "https://falcon-ia.com/?path=//usr/lib64/perl5" "Mozilla/5.0 AppleWebKit/537.36 (KHTML, like Gecko; compatible; GPTBot/1.3; +https://openai.com/gptbot)" 504 **0/504558**
216.73.216.162 - - [28/Mar/2026:07:34:42 -0700] "GET /item/2361645411?fileloc=%2Fhome%2Ffalconiapl2015%2Fpublic_html%2Fwp-includes%2Fclass-wp-block-parser.php&path=%2Fhome%2Ffalconiapl2015%2Fpublic_html%2Fwp-includes HTTP/2.0" 200 5594 "-" "Mozilla/5.0 AppleWebKit/537.36 (KHTML, like Gecko; compatible; ClaudeBot/1.0; +claudebot@anthropic.com)" 510 **0/510938**
74.7.227.0 - - [28/Mar/2026:07:34:44 -0700] "GET /?path=//opt/alt/tests/alt-php56-pecl-brotli_0.14.2-2.el8/brotli/c/common HTTP/2.0" 200 3189 "https://falcon-ia.com/?path=//opt/alt/tests/alt-php56-pecl-brotli_0.14.2-2.el8/brotli/c" "Mozilla/5.0 AppleWebKit/537.36 (KHTML, like Gecko; compatible; GPTBot/1.3; +https://openai.com/gptbot)" 505 **0/505409**
216.73.216.162 - - [28/Mar/2026:07:34:45 -0700] "GET /item/94807079?path=%2Fhome%2Ffalconiapl2015%2Fpublic_html%2F.tmb HTTP/2.0" 200 2681 "-" "Mozilla/5.0 AppleWebKit/537.36 (KHTML, like Gecko; compatible; ClaudeBot/1.0; +claudebot@anthropic.com)" 499 **0/499427**
74.7.227.0 - - [28/Mar/2026:07:34:47 -0700] "GET /?path=//opt/alt/tests/alt-php74-pecl-brotli_0.18.3-2.el8/brotli/c/common HTTP/2.0" 200 3263 "https://falcon-ia.com/?path=//opt/alt/tests/alt-php74-pecl-brotli_0.18.3-2.el8/brotli/c" "Mozilla/5.0 AppleWebKit/537.36 (KHTML, like Gecko; compatible; GPTBot/1.3; +https://openai.com/gptbot)" 499 **0/499011**
52.167.144.173 - - [28/Mar/2026:07:34:47 -0700] "GET /para-veren-slot-oyunlar%C4%B1/ HTTP/2.0" 200 30067 "-" "Mozilla/5.0 AppleWebKit/537.36 (KHTML, like Gecko; compatible; bingbot/2.0; +http://www.bing.com/bingbot.htm) Chrome/116.0.1938.76 Safari/537.36" 1657 **1/1657132**
216.73.216.162 - - [28/Mar/2026:07:34:48 -0700] "GET /item/640334302?path=%2Fhome%2Ffalconiapl2015%2Fpublic_html%2F.tmb HTTP/2.0" 200 2681 "-" "Mozilla/5.0 AppleWebKit/537.36 (KHTML, like Gecko; compatible; ClaudeBot/1.0; +claudebot@anthropic.com)" 507 **0/507728**
114.119.151.246 - - [28/Mar/2026:07:34:49 -0700] "GET /commodity/smithsonian/suffered172097943501?fileloc=/home/falconiapl2015/public_html/gbmfx.php&path=/home/falconiapl2015/public_html HTTP/1.1" 200 5887 "https://falcon-ia.com/commodity/smithsonian/suffered172097943501" "Mozilla/5.0 (Linux; Android 7.0;) AppleWebKit/537.36 (KHTML, like Gecko) Mobile Safari/537.36 (compatible; PetalBot;+https://webmaster.petalsearch.com/site/petalbot)" 480 **0/480070**
74.7.227.0 - - [28/Mar/2026:07:34:50 -0700] "GET /?path=//lib/modules/4.18.0-553.83.1.lve.el8.x86_64/kernel/arch/x86/events HTTP/2.0" 200 2724 "https://falcon-ia.com/?path=//lib/modules/4.18.0-553.83.1.lve.el8.x86_64/kernel/arch/x86" "Mozilla/5.0 AppleWebKit/537.36 (KHTML, like Gecko; compatible; GPTBot/1.3; +https://openai.com/gptbot)" 504 **0/504318**
216.73.216.162 - - [28/Mar/2026:07:34:51 -0700] "GET /item/745857009?path=%2Fhome%2Ffalconiapl2015%2Fpublic_html%2Fwp-includes%2Fsodium_compat HTTP/2.0" 200 2868 "-" "Mozilla/5.0 AppleWebKit/537.36 (KHTML, like Gecko; compatible; ClaudeBot/1.0; +claudebot@anthropic.com)" 501 **0/501481**
74.7.227.0 - - [28/Mar/2026:07:34:53 -0700] "GET /?path=//lib/modules/4.18.0-553.83.1.lve.el8.x86_64/kernel/lib HTTP/2.0" 200 3081 "https://falcon-ia.com/?path=//lib/modules/4.18.0-553.83.1.lve.el8.x86_64/kernel" "Mozilla/5.0 AppleWebKit/537.36 (KHTML, like Gecko; compatible; GPTBot/1.3; +https://openai.com/gptbot)" 497 **0/497114**
216.73.216.162 - - [28/Mar/2026:07:34:54 -0700] "GET /item/3504905972?fileloc=%2Fhome%2Ffalconiapl2015%2Fpublic_html%2Fwp-includes%2Fsodium_compat%2Fsrc%2FCompat.php&path=%2Fhome%2Ffalconiapl2015%2Fpublic_html%2Fwp-includes%2Fsodium_compat%2Fsrc HTTP/2.0" 200 19123 "-" "Mozilla/5.0 AppleWebKit/537.36 (KHTML, like Gecko; compatible; ClaudeBot/1.0; +claudebot@anthropic.com)" 486 **0/486728**
74.7.227.0 - - [28/Mar/2026:07:34:56 -0700] "GET /?path=//lib/modules/4.18.0-553.104.1.lve.el8.x86_64/kernel/lib HTTP/2.0" 200 3080 "https://falcon-ia.com/?path=//lib/modules/4.18.0-553.104.1.lve.el8.x86_64/kernel" "Mozilla/5.0 AppleWebKit/537.36 (KHTML, like Gecko; compatible; GPTBot/1.3; +https://openai.com/gptbot)" 494 **0/494003**
216.73.216.162 - - [28/Mar/2026:07:34:58 -0700] "GET /item/547136434?fileloc=%2Fhome%2Ffalconiapl2015%2Fpublic_html%2Fwp-includes%2Fclass-wpdb.php&path=%2Fhome%2Ffalconiapl2015%2Fpublic_html%2Fwp-includes HTTP/2.0" 200 30230 "-" "Mozilla/5.0 AppleWebKit/537.36 (KHTML, like Gecko; compatible; ClaudeBot/1.0; +claudebot@anthropic.com)" 510 **0/510242**
74.7.227.0 - - [28/Mar/2026:07:35:00 -0700] "GET /?path=//usr/lib64/pm-utils HTTP/2.0" 200 2607 "https://falcon-ia.com/?path=//usr/lib64" "Mozilla/5.0 AppleWebKit/537.36 (KHTML, like Gecko; compatible; GPTBot/1.3; +https://openai.com/gptbot)" 511 **0/511895**
216.73.216.162 - - [28/Mar/2026:07:35:01 -0700] "GET /item/3617016351?fileloc=%2Fhome%2Ffalconiapl2015%2Fpublic_html%2Fwp-includes%2Fclass-wp-http-requests-response.php&path=%2Fhome%2Ffalconiapl2015%2Fpublic_html%2Fwp-includes HTTP/2.0" 200 3456 "-" "Mozilla/5.0 AppleWebKit/537.36 (KHTML, like Gecko; compatible; ClaudeBot/1.0; +claudebot@anthropic.com)" 590 **0/590599**
185.191.171.10 - - [28/Mar/2026:07:35:01 -0700] "GET /commodity/horizontal/generals1717105168242 HTTP/1.1" 200 3956 "-" "Mozilla/5.0 (compatible; SemrushBot/7~bl; +http://www.semrush.com/bot.html)" 679 **0/679548**
74.7.227.0 - - [28/Mar/2026:07:35:03 -0700] "GET /?path=//usr/lib64/ruby/cgi HTTP/2.0" 200 2587 "https://falcon-ia.com/?path=//usr/lib64/ruby" "Mozilla/5.0 AppleWebKit/537.36 (KHTML, like Gecko; compatible; GPTBot/1.3; +https://openai.com/gptbot)" 613 **0/613611**
216.73.216.162 - - [28/Mar/2026:07:35:04 -0700] "GET /item/2812949811?fileloc=%2Fhome%2Ffalconiapl2015%2Fpublic_html%2Fwp-includes%2Fclass-wp-block-editor-context.php&path=%2Fhome%2Ffalconiapl2015%2Fpublic_html%2Fwp-includes HTTP/2.0" 200 2777 "-" "Mozilla/5.0 AppleWebKit/537.36 (KHTML, like Gecko; compatible; ClaudeBot/1.0; +claudebot@anthropic.com)" 594 **0/594319**
74.7.227.0 - - [28/Mar/2026:07:35:06 -0700] "GET /?path=//opt/alt/tests/alt-php80-pecl-htscanner_1.0.1-1.d241932.el8/tests HTTP/2.0" 200 2661 "https://falcon-ia.com/?path=//opt/alt/tests/alt-php80-pecl-htscanner_1.0.1-1.d241932.el8" "Mozilla/5.0 AppleWebKit/537.36 (KHTML, like Gecko; compatible; GPTBot/1.3; +https://openai.com/gptbot)" 550 **0/550331**
216.73.216.162 - - [28/Mar/2026:07:35:07 -0700] "GET /item/3835258245?path=%2Fhome%2Ffalconiapl2015%2Fpublic_html%2Fwp-content%2Fupgrade-temp-backup%2Fwp HTTP/2.0" 200 2669 "-" "Mozilla/5.0 AppleWebKit/537.36 (KHTML, like Gecko; compatible; ClaudeBot/1.0; +claudebot@anthropic.com)" 504 **0/504860**
74.7.227.0 - - [28/Mar/2026:07:35:09 -0700] "GET /?path=//opt/alt/tests/alt-php83-pecl-htscanner_1.0.1-1.d241932.el8/tests HTTP/2.0" 200 2661 "https://falcon-ia.com/?path=//opt/alt/tests/alt-php83-pecl-htscanner_1.0.1-1.d241932.el8" "Mozilla/5.0 AppleWebKit/537.36 (KHTML, like Gecko; compatible; GPTBot/1.3; +https://openai.com/gptbot)" 509 **0/509570**
216.73.216.162 - - [28/Mar/2026:07:35:12 -0700] "GET /item/1300209616?fileloc=%2Fhome%2Ffalconiapl2015%2Fpublic_html%2Fwp-admin%2Fcss%2Fforms-rtl.min.css&path=%2Fhome%2Ffalconiapl2015%2Fpublic_html%2Fwp-admin%2Fcss HTTP/2.0" 200 8590 "-" "Mozilla/5.0 AppleWebKit/537.36 (KHTML, like Gecko; compatible; ClaudeBot/1.0; +claudebot@anthropic.com)" 534 **0/534118**
74.7.227.0 - - [28/Mar/2026:07:35:12 -0700] "GET /?path=//opt/alt/tests/alt-php84-pecl-htscanner_1.0.1-1.d241932.el8/tests HTTP/2.0" 200 2661 "https://falcon-ia.com/?path=//opt/alt/tests/alt-php84-pecl-htscanner_1.0.1-1.d241932.el8" "Mozilla/5.0 AppleWebKit/537.36 (KHTML, like Gecko; compatible; GPTBot/1.3; +https://openai.com/gptbot)" 505 **0/505037**
216.73.216.162 - - [28/Mar/2026:07:35:14 -0700] "GET /item/2829255896?fileloc=%2Fhome%2Ffalconiapl2015%2Fpublic_html%2Fwp-includes%2Fclass-wp-customize-setting.php&path=%2Fhome%2Ffalconiapl2015%2Fpublic_html%2Fwp-includes HTTP/2.0" 200 8863 "-" "Mozilla/5.0 AppleWebKit/537.36 (KHTML, like Gecko; compatible; ClaudeBot/1.0; +claudebot@anthropic.com)" 567 **0/567831**
74.7.227.0 - - [28/Mar/2026:07:35:15 -0700] "GET /?fileloc=//usr/lib64/perl5/asm/unistd_64.ph&path=//usr/lib64/perl5/asm HTTP/2.0" 200 6182 "https://falcon-ia.com/?path=//usr/lib64/perl5/asm" "Mozilla/5.0 AppleWebKit/537.36 (KHTML, like Gecko; compatible; GPTBot/1.3; +https://openai.com/gptbot)" 516 **0/516948**
74.7.227.0 - - [28/Mar/2026:07:35:20 -0700] "GET /?path=//opt/alt/tests/alt-php82-pecl-htscanner_1.0.1-1.d241932.el8/tests HTTP/2.0" 200 2661 "https://falcon-ia.com/?path=//opt/alt/tests/alt-php82-pecl-htscanner_1.0.1-1.d241932.el8" "Mozilla/5.0 AppleWebKit/537.36 (KHTML, like Gecko; compatible; GPTBot/1.3; +https://openai.com/gptbot)" 2050 **2/2050975**
216.73.216.162 - - [28/Mar/2026:07:35:20 -0700] "GET /item/1764551997?path=%2Fhome%2Ffalconiapl2015%2Fetc HTTP/2.0" 200 2662 "-" "Mozilla/5.0 AppleWebKit/537.36 (KHTML, like Gecko; compatible; ClaudeBot/1.0; +claudebot@anthropic.com)" 2256 **2/2256018**
74.7.227.0 - - [28/Mar/2026:07:35:22 -0700] "GET /?path=//opt/alt/tests/alt-php71-pecl-htscanner_1.0.1-1.d241932.el8/tests HTTP/2.0" 200 2661 "https://falcon-ia.com/?path=//opt/alt/tests/alt-php71-pecl-htscanner_1.0.1-1.d241932.el8" "Mozilla/5.0 AppleWebKit/537.36 (KHTML, like Gecko; compatible; GPTBot/1.3; +https://openai.com/gptbot)" 853 **0/853600**
216.73.216.162 - - [28/Mar/2026:07:35:23 -0700] "GET /item/2242035754?path=%2Fhome%2Ffalconiapl2015%2Fpublic_html HTTP/2.0" 200 3449 "-" "Mozilla/5.0 AppleWebKit/537.36 (KHTML, like Gecko; compatible; ClaudeBot/1.0; +claudebot@anthropic.com)" 554 **0/554973**
74.7.227.0 - - [28/Mar/2026:07:35:25 -0700] "GET /?fileloc=//opt/alt/python27/lib64/python2.7/mutex.py&path=//opt/alt/python27/lib64/python2.7 HTTP/2.0" 200 2989 "https://falcon-ia.com/?path=//opt/alt/python27/lib64/python2.7" "Mozilla/5.0 AppleWebKit/537.36 (KHTML, like Gecko; compatible; GPTBot/1.3; +https://openai.com/gptbot)" 646 **0/646700**
216.73.216.162 - - [28/Mar/2026:07:35:26 -0700] "GET /item/3312377034?fileloc=%2Fhome%2Ffalconiapl2015%2Fpublic_html%2Fwp-includes%2Fclass-requests.php&path=%2Fhome%2Ffalconiapl2015%2Fpublic_html%2Fwp-includes HTTP/2.0" 200 3068 "-" "Mozilla/5.0 AppleWebKit/537.36 (KHTML, like Gecko; compatible; ClaudeBot/1.0; +claudebot@anthropic.com)" 603 **0/603084**
185.191.171.14 - - [28/Mar/2026:07:35:28 -0700] "GET /commodity/radioactive/trustees171878776454 HTTP/1.1" 200 3956 "-" "Mozilla/5.0 (compatible; SemrushBot/7~bl; +http://www.semrush.com/bot.html)" 534 **0/534975**
74.7.227.0 - - [28/Mar/2026:07:35:29 -0700] "GET /?path=//lib/modules/4.18.0-553.83.1.lve.el8.x86_64/kernel/lib/reed_solomon HTTP/2.0" 200 2618 "https://falcon-ia.com/?path=//lib/modules/4.18.0-553.83.1.lve.el8.x86_64/kernel/lib" "Mozilla/5.0 AppleWebKit/537.36 (KHTML, like Gecko; compatible; GPTBot/1.3; +https://openai.com/gptbot)" 602 **0/602898**
216.73.216.162 - - [28/Mar/2026:07:35:29 -0700] "GET /item/1833898685?fileloc=%2Fhome%2Ffalconiapl2015%2Fpublic_html%2Fwp-includes%2Fclass-wpdb-request.php&path=%2Fhome%2Ffalconiapl2015%2Fpublic_html%2Fwp-includes HTTP/2.0" 200 2286 "-" "Mozilla/5.0 AppleWebKit/537.36 (KHTML, like Gecko; compatible; ClaudeBot/1.0; +claudebot@anthropic.com)" 609 **0/609296**
74.7.227.0 - - [28/Mar/2026:07:35:32 -0700] "GET /?path=//lib/modules/4.18.0-553.104.1.lve.el8.x86_64/kernel/lib/math HTTP/2.0" 200 2656 "https://falcon-ia.com/?path=//lib/modules/4.18.0-553.104.1.lve.el8.x86_64/kernel/lib" "Mozilla/5.0 AppleWebKit/537.36 (KHTML, like Gecko; compatible; GPTBot/1.3; +https://openai.com/gptbot)" 504 **0/504568**
