216.73.216.162 - - [28/Mar/2026:06:55:48 -0700] "GET /item/1499467569?fileloc=%2Fhome%2Ffalconiapl2015%2Fpublic_html%2Fwp-mail.php&path=%2Fhome%2Ffalconiapl2015%2Fpublic_html HTTP/2.0" 200 5289 "-" "Mozilla/5.0 AppleWebKit/537.36 (KHTML, like Gecko; compatible; ClaudeBot/1.0; +claudebot@anthropic.com)" 514 **0/514305**
74.7.227.0 - - [28/Mar/2026:06:55:49 -0700] "GET /?fileloc=//bin/false&path=//bin HTTP/2.0" 200 14166 "https://falcon-ia.com/?path=//bin" "Mozilla/5.0 AppleWebKit/537.36 (KHTML, like Gecko; compatible; GPTBot/1.3; +https://openai.com/gptbot)" 538 **0/538557**
216.73.216.162 - - [28/Mar/2026:06:55:51 -0700] "GET /item/1633565276?fileloc=%2Fhome%2Ffalconiapl2015%2Fpublic_html%2Fwp-mail.php&path=%2Fhome%2Ffalconiapl2015%2Fpublic_html HTTP/2.0" 200 5289 "-" "Mozilla/5.0 AppleWebKit/537.36 (KHTML, like Gecko; compatible; ClaudeBot/1.0; +claudebot@anthropic.com)" 516 **0/516430**
74.7.227.0 - - [28/Mar/2026:06:55:52 -0700] "GET /?fileloc=//bin/ranlib&path=//bin HTTP/2.0" 200 26366 "https://falcon-ia.com/?path=//bin" "Mozilla/5.0 AppleWebKit/537.36 (KHTML, like Gecko; compatible; GPTBot/1.3; +https://openai.com/gptbot)" 527 **0/527563**
216.73.216.162 - - [28/Mar/2026:06:55:54 -0700] "GET /item/3535924390?fileloc=%2Fhome%2Ffalconiapl2015%2Fpublic_html%2Fwp-settings.php&path=%2Fhome%2Ffalconiapl2015%2Fpublic_html HTTP/2.0" 200 8340 "-" "Mozilla/5.0 AppleWebKit/537.36 (KHTML, like Gecko; compatible; ClaudeBot/1.0; +claudebot@anthropic.com)" 504 **0/504562**
114.119.151.246 - - [28/Mar/2026:06:55:54 -0700] "GET /commodity/unnamed/steele171822357659?fileloc=/home/falconiapl2015/public_html/wp-load.php&path=/home/falconiapl2015/public_html HTTP/1.1" 200 4153 "https://falcon-ia.com/commodity/unnamed/steele171822357659" "Mozilla/5.0 (Linux; Android 7.0;) AppleWebKit/537.36 (KHTML, like Gecko) Mobile Safari/537.36 (compatible; PetalBot;+https://webmaster.petalsearch.com/site/petalbot)" 515 **0/515571**
74.7.227.0 - - [28/Mar/2026:06:55:55 -0700] "GET /?fileloc=//bin/aspell&path=//bin HTTP/2.0" 200 61268 "https://falcon-ia.com/?path=//bin" "Mozilla/5.0 AppleWebKit/537.36 (KHTML, like Gecko; compatible; GPTBot/1.3; +https://openai.com/gptbot)" 533 **0/533555**
216.73.216.162 - - [28/Mar/2026:06:55:57 -0700] "GET /item/3746786634?path=%2Fhome%2Ffalconiapl2015%2F.sucuriquarantine HTTP/2.0" 200 2692 "-" "Mozilla/5.0 AppleWebKit/537.36 (KHTML, like Gecko; compatible; ClaudeBot/1.0; +claudebot@anthropic.com)" 525 **0/525542**
74.7.227.0 - - [28/Mar/2026:06:55:59 -0700] "GET /?fileloc=//bin/ispell&path=//bin HTTP/2.0" 200 2675 "https://falcon-ia.com/?path=//bin" "Mozilla/5.0 AppleWebKit/537.36 (KHTML, like Gecko; compatible; GPTBot/1.3; +https://openai.com/gptbot)" 500 **0/500442**
216.73.216.162 - - [28/Mar/2026:06:56:01 -0700] "GET /item/1141241409?fileloc=%2Fhome%2Ffalconiapl2015%2Fpublic_html%2Fwp-includes%2Fmeta.php&path=%2Fhome%2Ffalconiapl2015%2Fpublic_html%2Fwp-includes HTTP/2.0" 200 13021 "-" "Mozilla/5.0 AppleWebKit/537.36 (KHTML, like Gecko; compatible; ClaudeBot/1.0; +claudebot@anthropic.com)" 590 **0/590554**
74.7.227.0 - - [28/Mar/2026:06:56:02 -0700] "GET /?fileloc=//bin/rnano&path=//bin HTTP/2.0" 200 105313 "https://falcon-ia.com/?path=//bin" "Mozilla/5.0 AppleWebKit/537.36 (KHTML, like Gecko; compatible; GPTBot/1.3; +https://openai.com/gptbot)" 738 **0/738445**
216.73.216.162 - - [28/Mar/2026:06:56:03 -0700] "GET /item/1141241409?fileloc=%2Fhome%2Ffalconiapl2015%2Fpublic_html%2Fwp-includes%2Fclass-walker-page.php&path=%2Fhome%2Ffalconiapl2015%2Fpublic_html%2Fwp-includes HTTP/2.0" 200 4278 "-" "Mozilla/5.0 AppleWebKit/537.36 (KHTML, like Gecko; compatible; ClaudeBot/1.0; +claudebot@anthropic.com)" 542 **0/542173**
74.7.227.0 - - [28/Mar/2026:06:56:05 -0700] "GET /?fileloc=//bin/getent&path=//bin HTTP/2.0" 200 11818 "https://falcon-ia.com/?path=//bin" "Mozilla/5.0 AppleWebKit/537.36 (KHTML, like Gecko; compatible; GPTBot/1.3; +https://openai.com/gptbot)" 605 **0/605456**
216.73.216.162 - - [28/Mar/2026:06:56:06 -0700] "GET /item/522324157?fileloc=%2Fhome%2Ffalconiapl2015%2Fpublic_html%2Fwp-includes%2Fclass-wp-simplepie-sanitize-kses.php&path=%2Fhome%2Ffalconiapl2015%2Fpublic_html%2Fwp-includes HTTP/2.0" 200 3145 "-" "Mozilla/5.0 AppleWebKit/537.36 (KHTML, like Gecko; compatible; ClaudeBot/1.0; +claudebot@anthropic.com)" 496 **0/496010**
74.7.227.0 - - [28/Mar/2026:06:56:08 -0700] "GET /?fileloc=//bin/nohup&path=//bin HTTP/2.0" 200 16255 "https://falcon-ia.com/?path=//bin" "Mozilla/5.0 AppleWebKit/537.36 (KHTML, like Gecko; compatible; GPTBot/1.3; +https://openai.com/gptbot)" 600 **0/600124**
54.36.179.84 - - [28/Mar/2026:06:56:09 -0700] "GET /robots.txt HTTP/1.1" 200 78 "-" "Mozilla/5.0 (compatible; MJ12bot/v1.4.8; http://mj12bot.com/)" 10 **0/10232**
74.7.227.0 - - [28/Mar/2026:06:56:11 -0700] "GET /?fileloc=//bin/printf&path=//bin HTTP/2.0" 200 23394 "https://falcon-ia.com/?path=//bin" "Mozilla/5.0 AppleWebKit/537.36 (KHTML, like Gecko; compatible; GPTBot/1.3; +https://openai.com/gptbot)" 551 **0/551404**
54.36.179.84 - - [28/Mar/2026:06:56:13 -0700] "GET /?fileloc=//etc/backupmxhosts&path=//etc HTTP/1.1" 200 2254 "-" "Mozilla/5.0 (compatible; MJ12bot/v1.4.8; http://mj12bot.com/)" 509 **0/509434**
216.73.216.162 - - [28/Mar/2026:06:56:14 -0700] "GET /item/3162610274?fileloc=%2Fhome%2Ffalconiapl2015%2Fpublic_html%2Fwp-includes%2F.htaccess&path=%2Fhome%2Ffalconiapl2015%2Fpublic_html%2Fwp-includes HTTP/2.0" 200 2371 "-" "Mozilla/5.0 AppleWebKit/537.36 (KHTML, like Gecko; compatible; ClaudeBot/1.0; +claudebot@anthropic.com)" 504 **0/504223**
74.7.227.0 - - [28/Mar/2026:06:56:14 -0700] "GET /?fileloc=//bin/nproc&path=//bin HTTP/2.0" 200 15982 "https://falcon-ia.com/?path=//bin" "Mozilla/5.0 AppleWebKit/537.36 (KHTML, like Gecko; compatible; GPTBot/1.3; +https://openai.com/gptbot)" 532 **0/532779**
216.73.216.162 - - [28/Mar/2026:06:56:16 -0700] "GET /item/3093943969?fileloc=%2Fhome%2Ffalconiapl2015%2Fpublic_html%2Fwp-settings.php&path=%2Fhome%2Ffalconiapl2015%2Fpublic_html HTTP/2.0" 200 8340 "-" "Mozilla/5.0 AppleWebKit/537.36 (KHTML, like Gecko; compatible; ClaudeBot/1.0; +claudebot@anthropic.com)" 543 **0/543311**
54.36.179.84 - - [28/Mar/2026:06:56:17 -0700] "GET /?fileloc=//etc/relayhosts&path=//etc HTTP/1.1" 200 2427 "-" "Mozilla/5.0 (compatible; MJ12bot/v1.4.8; http://mj12bot.com/)" 541 **0/541561**
74.7.227.0 - - [28/Mar/2026:06:56:18 -0700] "GET /?fileloc=//bin/spell&path=//bin HTTP/2.0" 200 2321 "https://falcon-ia.com/?path=//bin" "Mozilla/5.0 AppleWebKit/537.36 (KHTML, like Gecko; compatible; GPTBot/1.3; +https://openai.com/gptbot)" 495 **0/495898**
216.73.216.162 - - [28/Mar/2026:06:56:19 -0700] "GET /item/2300715566?fileloc=%2Fhome%2Ffalconiapl2015%2Fpublic_html%2Fwp-trackback.php&path=%2Fhome%2Ffalconiapl2015%2Fpublic_html HTTP/2.0" 200 4108 "-" "Mozilla/5.0 AppleWebKit/537.36 (KHTML, like Gecko; compatible; ClaudeBot/1.0; +claudebot@anthropic.com)" 502 **0/502304**
74.7.227.0 - - [28/Mar/2026:06:56:21 -0700] "GET /?fileloc=//bin/chcon&path=//bin HTTP/2.0" 200 29538 "https://falcon-ia.com/?path=//bin" "Mozilla/5.0 AppleWebKit/537.36 (KHTML, like Gecko; compatible; GPTBot/1.3; +https://openai.com/gptbot)" 618 **0/618732**
54.36.179.84 - - [28/Mar/2026:06:56:21 -0700] "GET /?fileloc=//etc/resolv.conf&path=//etc HTTP/1.1" 200 2294 "-" "Mozilla/5.0 (compatible; MJ12bot/v1.4.8; http://mj12bot.com/)" 656 **0/656963**
216.73.216.162 - - [28/Mar/2026:06:56:22 -0700] "GET /item/3422829155?fileloc=%2Fhome%2Ffalconiapl2015%2Fpublic_html%2Fwp-cron.php&path=%2Fhome%2Ffalconiapl2015%2Fpublic_html HTTP/2.0" 200 4272 "-" "Mozilla/5.0 AppleWebKit/537.36 (KHTML, like Gecko; compatible; ClaudeBot/1.0; +claudebot@anthropic.com)" 491 **0/491815**
74.7.227.0 - - [28/Mar/2026:06:56:24 -0700] "GET /?fileloc=//bin/which&path=//bin HTTP/2.0" 200 12854 "https://falcon-ia.com/?path=//bin" "Mozilla/5.0 AppleWebKit/537.36 (KHTML, like Gecko; compatible; GPTBot/1.3; +https://openai.com/gptbot)" 505 **0/505758**
198.244.168.152 - - [28/Mar/2026:06:56:24 -0700] "GET /gokkast-online/ HTTP/2.0" 200 3449 "-" "Mozilla/5.0 (compatible; AhrefsBot/7.0; +http://ahrefs.com/robot/)" 501 **0/501380**
216.73.216.162 - - [28/Mar/2026:06:56:25 -0700] "GET /item/3492886031?fileloc=%2Fhome%2Ffalconiapl2015%2Fpublic_html%2Fwp-activate.php&path=%2Fhome%2Ffalconiapl2015%2Fpublic_html HTTP/2.0" 200 4672 "-" "Mozilla/5.0 AppleWebKit/537.36 (KHTML, like Gecko; compatible; ClaudeBot/1.0; +claudebot@anthropic.com)" 491 **0/491780**
54.36.179.84 - - [28/Mar/2026:06:56:26 -0700] "GET /?fileloc=//etc/rpc&path=//etc HTTP/1.1" 200 3044 "-" "Mozilla/5.0 (compatible; MJ12bot/v1.4.8; http://mj12bot.com/)" 516 **0/516548**
74.7.227.0 - - [28/Mar/2026:06:56:27 -0700] "GET /?fileloc=//bin/troff&path=//bin HTTP/2.0" 200 225354 "https://falcon-ia.com/?path=//bin" "Mozilla/5.0 AppleWebKit/537.36 (KHTML, like Gecko; compatible; GPTBot/1.3; +https://openai.com/gptbot)" 629 **0/629161**
216.73.216.162 - - [28/Mar/2026:06:56:28 -0700] "GET /item/3565025094?fileloc=%2Fhome%2Ffalconiapl2015%2Fpublic_html%2Fwp-settings.php&path=%2Fhome%2Ffalconiapl2015%2Fpublic_html HTTP/2.0" 403 3449 "-" "Mozilla/5.0 AppleWebKit/537.36 (KHTML, like Gecko; compatible; ClaudeBot/1.0; +claudebot@anthropic.com)" 498 **0/498215**
54.36.179.84 - - [28/Mar/2026:06:56:30 -0700] "GET /?fileloc=//etc/screenrc&path=//etc HTTP/1.1" 200 5047 "-" "Mozilla/5.0 (compatible; MJ12bot/v1.4.8; http://mj12bot.com/)" 542 **0/542889**
74.7.227.0 - - [28/Mar/2026:06:56:30 -0700] "GET /?fileloc=//bin/csplit&path=//bin HTTP/2.0" 200 22285 "https://falcon-ia.com/?path=//bin" "Mozilla/5.0 AppleWebKit/537.36 (KHTML, like Gecko; compatible; GPTBot/1.3; +https://openai.com/gptbot)" 570 **0/570257**
40.77.167.132 - - [28/Mar/2026:06:56:29 -0700] "GET /cratos-slot-para-kazanma/ HTTP/2.0" 200 26340 "-" "Mozilla/5.0 AppleWebKit/537.36 (KHTML, like Gecko; compatible; bingbot/2.0; +http://www.bing.com/bingbot.htm) Chrome/116.0.1938.76 Safari/537.36" 2005 **2/2005313**
185.191.171.1 - - [28/Mar/2026:06:56:31 -0700] "GET /commodity/jelsoft/sibling17176693535 HTTP/1.1" 200 3956 "-" "Mozilla/5.0 (compatible; SemrushBot/7~bl; +http://www.semrush.com/bot.html)" 494 **0/494908**
216.73.216.162 - - [28/Mar/2026:06:56:31 -0700] "GET /item/3115444169?fileloc=%2Fhome%2Ffalconiapl2015%2Fpublic_html%2Fwp-includes%2Fglobal-styles-and-settings.php&path=%2Fhome%2Ffalconiapl2015%2Fpublic_html%2Fwp-includes HTTP/2.0" 403 3449 "-" "Mozilla/5.0 AppleWebKit/537.36 (KHTML, like Gecko; compatible; ClaudeBot/1.0; +claudebot@anthropic.com)" 566 **0/566156**
74.7.227.0 - - [28/Mar/2026:06:56:33 -0700] "GET /?fileloc=//bin/batch&path=//bin HTTP/2.0" 200 2333 "https://falcon-ia.com/?path=//bin" "Mozilla/5.0 AppleWebKit/537.36 (KHTML, like Gecko; compatible; GPTBot/1.3; +https://openai.com/gptbot)" 502 **0/502132**
54.36.179.84 - - [28/Mar/2026:06:56:34 -0700] "GET /?fileloc=//sbin/cracklib-format&path=//sbin HTTP/1.1" 200 2414 "-" "Mozilla/5.0 (compatible; MJ12bot/v1.4.8; http://mj12bot.com/)" 496 **0/496861**
216.73.216.162 - - [28/Mar/2026:06:56:34 -0700] "GET /item/2797267930?fileloc=%2Fhome%2Ffalconiapl2015%2Fpublic_html%2Fwp-trackback.php&path=%2Fhome%2Ffalconiapl2015%2Fpublic_html HTTP/2.0" 403 3449 "-" "Mozilla/5.0 AppleWebKit/537.36 (KHTML, like Gecko; compatible; ClaudeBot/1.0; +claudebot@anthropic.com)" 520 **0/520783**
85.208.96.207 - - [28/Mar/2026:06:56:36 -0700] "GET /commodity/suitable/cerevisiae171760520331 HTTP/1.1" 200 3956 "-" "Mozilla/5.0 (compatible; SemrushBot/7~bl; +http://www.semrush.com/bot.html)" 517 **0/517105**
74.7.227.0 - - [28/Mar/2026:06:56:36 -0700] "GET /?fileloc=//bin/snice&path=//bin HTTP/2.0" 200 12010 "https://falcon-ia.com/?path=//bin" "Mozilla/5.0 AppleWebKit/537.36 (KHTML, like Gecko; compatible; GPTBot/1.3; +https://openai.com/gptbot)" 526 **0/526883**
216.73.216.162 - - [28/Mar/2026:06:56:37 -0700] "GET /item/837233096?fileloc=%2Fhome%2Ffalconiapl2015%2Fpublic_html%2Fwp-cron.php&path=%2Fhome%2Ffalconiapl2015%2Fpublic_html HTTP/2.0" 403 3449 "-" "Mozilla/5.0 AppleWebKit/537.36 (KHTML, like Gecko; compatible; ClaudeBot/1.0; +claudebot@anthropic.com)" 498 **0/498764**
54.36.179.84 - - [28/Mar/2026:06:56:38 -0700] "GET /?fileloc=//sbin/cracklib-unpacker&path=//sbin HTTP/1.1" 200 5358 "-" "Mozilla/5.0 (compatible; MJ12bot/v1.4.8; http://mj12bot.com/)" 487 **0/487197**
74.7.227.0 - - [28/Mar/2026:06:56:40 -0700] "GET /?fileloc=//bin/tload&path=//bin HTTP/2.0" 200 8264 "https://falcon-ia.com/?path=//bin" "Mozilla/5.0 AppleWebKit/537.36 (KHTML, like Gecko; compatible; GPTBot/1.3; +https://openai.com/gptbot)" 553 **0/553554**
216.73.216.162 - - [28/Mar/2026:06:56:40 -0700] "GET /item/837233096?fileloc=%2Fhome%2Ffalconiapl2015%2Fpublic_html%2Fwp-mail.php&path=%2Fhome%2Ffalconiapl2015%2Fpublic_html HTTP/2.0" 403 3449 "-" "Mozilla/5.0 AppleWebKit/537.36 (KHTML, like Gecko; compatible; ClaudeBot/1.0; +claudebot@anthropic.com)" 525 **0/525355**
185.191.171.1 - - [28/Mar/2026:06:56:41 -0700] "GET /commodity/prescribe/semantics171872983616 HTTP/1.1" 200 3956 "-" "Mozilla/5.0 (compatible; SemrushBot/7~bl; +http://www.semrush.com/bot.html)" 484 **0/484417**
54.36.179.84 - - [28/Mar/2026:06:56:42 -0700] "GET /?fileloc=//sbin/create-cracklib-dict&path=//sbin HTTP/1.1" 200 2761 "-" "Mozilla/5.0 (compatible; MJ12bot/v1.4.8; http://mj12bot.com/)" 522 **0/522833**
74.7.227.0 - - [28/Mar/2026:06:56:43 -0700] "GET /?fileloc=//bin/clear&path=//bin HTTP/2.0" 200 6429 "https://falcon-ia.com/?path=//bin" "Mozilla/5.0 AppleWebKit/537.36 (KHTML, like Gecko; compatible; GPTBot/1.3; +https://openai.com/gptbot)" 508 **0/508046**
216.73.216.162 - - [28/Mar/2026:06:56:43 -0700] "GET /item/1802215192?fileloc=%2Fhome%2Ffalconiapl2015%2Fpublic_html%2Fwp-settings.php&path=%2Fhome%2Ffalconiapl2015%2Fpublic_html HTTP/2.0" 403 3449 "-" "Mozilla/5.0 AppleWebKit/537.36 (KHTML, like Gecko; compatible; ClaudeBot/1.0; +claudebot@anthropic.com)" 512 **0/512260**
74.7.227.0 - - [28/Mar/2026:06:56:46 -0700] "GET /?fileloc=//bin/skill&path=//bin HTTP/2.0" 200 12010 "https://falcon-ia.com/?path=//bin" "Mozilla/5.0 AppleWebKit/537.36 (KHTML, like Gecko; compatible; GPTBot/1.3; +https://openai.com/gptbot)" 505 **0/505856**
216.73.216.162 - - [28/Mar/2026:06:56:46 -0700] "GET /item/3272304949?fileloc=%2Fhome%2Ffalconiapl2015%2Fpublic_html%2Fwp-activate.php&path=%2Fhome%2Ffalconiapl2015%2Fpublic_html HTTP/2.0" 403 3449 "-" "Mozilla/5.0 AppleWebKit/537.36 (KHTML, like Gecko; compatible; ClaudeBot/1.0; +claudebot@anthropic.com)" 492 **0/492541**
54.36.179.84 - - [28/Mar/2026:06:56:46 -0700] "GET /?fileloc=//sbin/ddns-confgen&path=//sbin HTTP/1.1" 200 9669 "-" "Mozilla/5.0 (compatible; MJ12bot/v1.4.8; http://mj12bot.com/)" 498 **0/498294**
185.191.171.13 - - [28/Mar/2026:06:56:48 -0700] "GET /commodity/territories/sophie171913724765 HTTP/1.1" 200 3956 "-" "Mozilla/5.0 (compatible; SemrushBot/7~bl; +http://www.semrush.com/bot.html)" 493 **0/493149**
74.7.227.0 - - [28/Mar/2026:06:56:49 -0700] "GET /?fileloc=//usr/lib64/libirs.so.161&path=//usr/lib64 HTTP/2.0" 200 18494 "https://falcon-ia.com/?path=//usr/lib64" "Mozilla/5.0 AppleWebKit/537.36 (KHTML, like Gecko; compatible; GPTBot/1.3; +https://openai.com/gptbot)" 514 **0/514478**
216.73.216.162 - - [28/Mar/2026:06:56:49 -0700] "GET /item/3513010625?fileloc=%2Fhome%2Ffalconiapl2015%2Fpublic_html%2Fwp-trackback.php&path=%2Fhome%2Ffalconiapl2015%2Fpublic_html HTTP/2.0" 403 3449 "-" "Mozilla/5.0 AppleWebKit/537.36 (KHTML, like Gecko; compatible; ClaudeBot/1.0; +claudebot@anthropic.com)" 497 **0/497110**
54.36.179.84 - - [28/Mar/2026:06:56:51 -0700] "GET /?fileloc=//sbin/dnssec-checkds&path=//sbin HTTP/1.1" 200 2671 "-" "Mozilla/5.0 (compatible; MJ12bot/v1.4.8; http://mj12bot.com/)" 500 **0/500505**
216.73.216.162 - - [28/Mar/2026:06:56:52 -0700] "GET /item/4056943294?fileloc=%2Fhome%2Ffalconiapl2015%2Fpublic_html%2Fwp-cron.php&path=%2Fhome%2Ffalconiapl2015%2Fpublic_html HTTP/2.0" 403 3449 "-" "Mozilla/5.0 AppleWebKit/537.36 (KHTML, like Gecko; compatible; ClaudeBot/1.0; +claudebot@anthropic.com)" 510 **0/510311**
74.7.227.0 - - [28/Mar/2026:06:56:52 -0700] "GET /?path=//lib/tuned/aws HTTP/2.0" 200 2572 "https://falcon-ia.com/?path=//lib/tuned" "Mozilla/5.0 AppleWebKit/537.36 (KHTML, like Gecko; compatible; GPTBot/1.3; +https://openai.com/gptbot)" 504 **0/504384**
85.208.96.197 - - [28/Mar/2026:06:56:54 -0700] "GET /commodity/conferencing/constructing172011126747 HTTP/1.1" 200 3956 "-" "Mozilla/5.0 (compatible; SemrushBot/7~bl; +http://www.semrush.com/bot.html)" 539 **0/539987**
54.36.179.84 - - [28/Mar/2026:06:56:55 -0700] "GET /?fileloc=//sbin/dnssec-coverage&path=//sbin HTTP/1.1" 200 2670 "-" "Mozilla/5.0 (compatible; MJ12bot/v1.4.8; http://mj12bot.com/)" 556 **0/556686**
216.73.216.162 - - [28/Mar/2026:06:56:55 -0700] "GET /item/225667765?fileloc=%2Fhome%2Ffalconiapl2015%2Fpublic_html%2Fwp-mail.php&path=%2Fhome%2Ffalconiapl2015%2Fpublic_html HTTP/2.0" 403 3449 "-" "Mozilla/5.0 AppleWebKit/537.36 (KHTML, like Gecko; compatible; ClaudeBot/1.0; +claudebot@anthropic.com)" 498 **0/498984**
74.7.227.0 - - [28/Mar/2026:06:56:56 -0700] "GET /?path=//usr/lib/games HTTP/2.0" 200 2316 "https://falcon-ia.com/?path=//usr/lib" "Mozilla/5.0 AppleWebKit/537.36 (KHTML, like Gecko; compatible; GPTBot/1.3; +https://openai.com/gptbot)" 506 **0/506447**
216.73.216.162 - - [28/Mar/2026:06:56:58 -0700] "GET /item/225667765?fileloc=%2Fhome%2Ffalconiapl2015%2Fpublic_html%2Fwp-cron.php&path=%2Fhome%2Ffalconiapl2015%2Fpublic_html HTTP/2.0" 403 3449 "-" "Mozilla/5.0 AppleWebKit/537.36 (KHTML, like Gecko; compatible; ClaudeBot/1.0; +claudebot@anthropic.com)" 533 **0/533745**
74.7.227.0 - - [28/Mar/2026:06:56:59 -0700] "GET /?path=//usr/lib/kcare HTTP/2.0" 200 2580 "https://falcon-ia.com/?path=//usr/lib" "Mozilla/5.0 AppleWebKit/537.36 (KHTML, like Gecko; compatible; GPTBot/1.3; +https://openai.com/gptbot)" 505 **0/505013**
54.36.179.84 - - [28/Mar/2026:06:56:59 -0700] "GET /?fileloc=//sbin/dnssec-dsfromkey&path=//sbin HTTP/1.1" 200 23125 "-" "Mozilla/5.0 (compatible; MJ12bot/v1.4.8; http://mj12bot.com/)" 546 **0/546998**
185.191.171.6 - - [28/Mar/2026:06:56:59 -0700] "GET /commodity/macquarie/analytics171858193980 HTTP/1.1" 200 3956 "-" "Mozilla/5.0 (compatible; SemrushBot/7~bl; +http://www.semrush.com/bot.html)" 500 **0/500178**
216.73.216.162 - - [28/Mar/2026:06:57:01 -0700] "GET /item/3244802396?fileloc=%2Fhome%2Ffalconiapl2015%2Fpublic_html%2Fwp-trackback.php&path=%2Fhome%2Ffalconiapl2015%2Fpublic_html HTTP/2.0" 403 3449 "-" "Mozilla/5.0 AppleWebKit/537.36 (KHTML, like Gecko; compatible; ClaudeBot/1.0; +claudebot@anthropic.com)" 581 **0/581396**
54.36.179.84 - - [28/Mar/2026:06:57:03 -0700] "GET /?fileloc=//sbin/dnssec-importkey&path=//sbin HTTP/1.1" 200 22190 "-" "Mozilla/5.0 (compatible; MJ12bot/v1.4.8; http://mj12bot.com/)" 595 **0/595884**
114.119.145.102 - - [28/Mar/2026:06:57:04 -0700] "GET /commodity/tragedy/barely171618256332?fileloc=/home/falconiapl2015/public_html/wp-settings.php&path=/home/falconiapl2015/public_html HTTP/1.1" 200 8845 "https://falcon-ia.com/commodity/tragedy/barely171618256332" "Mozilla/5.0 (Linux; Android 7.0;) AppleWebKit/537.36 (KHTML, like Gecko) Mobile Safari/537.36 (compatible; PetalBot;+https://webmaster.petalsearch.com/site/petalbot)" 523 **0/523512**
216.73.216.162 - - [28/Mar/2026:06:57:04 -0700] "GET /item/2184099750?fileloc=%2Fhome%2Ffalconiapl2015%2Fpublic_html%2Fwp-content%2Fmu-plugins%2Fmu-plugin-68f9dfb042570.php&path=%2Fhome%2Ffalconiapl2015%2Fpublic_html%2Fwp-content%2Fmu-plugins HTTP/2.0" 403 3449 "-" "Mozilla/5.0 AppleWebKit/537.36 (KHTML, like Gecko; compatible; ClaudeBot/1.0; +claudebot@anthropic.com)" 686 **0/686972**
74.7.227.0 - - [28/Mar/2026:06:57:02 -0700] "GET /?path=//usr/lib/kdump HTTP/2.0" 200 2647 "https://falcon-ia.com/?path=//usr/lib" "Mozilla/5.0 AppleWebKit/537.36 (KHTML, like Gecko; compatible; GPTBot/1.3; +https://openai.com/gptbot)" 3191 **3/3191181**
74.7.227.0 - - [28/Mar/2026:06:57:05 -0700] "GET /?path=//usr/lib/tuned HTTP/2.0" 200 3161 "https://falcon-ia.com/?path=//usr/lib" "Mozilla/5.0 AppleWebKit/537.36 (KHTML, like Gecko; compatible; GPTBot/1.3; +https://openai.com/gptbot)" 572 **0/572781**
185.191.171.11 - - [28/Mar/2026:06:57:05 -0700] "GET /commodity/spouses/legendary171748578261 HTTP/1.1" 200 3956 "-" "Mozilla/5.0 (compatible; SemrushBot/7~bl; +http://www.semrush.com/bot.html)" 635 **0/635104**
216.73.216.162 - - [28/Mar/2026:06:57:07 -0700] "GET /item/2360712976?fileloc=%2Fhome%2Ffalconiapl2015%2Fpublic_html%2Ftxets.php&path=%2Fhome%2Ffalconiapl2015%2Fpublic_html HTTP/2.0" 403 3449 "-" "Mozilla/5.0 AppleWebKit/537.36 (KHTML, like Gecko; compatible; ClaudeBot/1.0; +claudebot@anthropic.com)" 527 **0/527218**
54.36.179.84 - - [28/Mar/2026:06:57:08 -0700] "GET /?fileloc=//sbin/dnssec-keyfromlabel&path=//sbin HTTP/1.1" 200 24301 "-" "Mozilla/5.0 (compatible; MJ12bot/v1.4.8; http://mj12bot.com/)" 533 **0/533366**
74.7.227.0 - - [28/Mar/2026:06:57:08 -0700] "GET /?path=//usr/lib/debug HTTP/2.0" 200 2665 "https://falcon-ia.com/?path=//usr/lib" "Mozilla/5.0 AppleWebKit/537.36 (KHTML, like Gecko; compatible; GPTBot/1.3; +https://openai.com/gptbot)" 497 **0/497873**
216.73.216.162 - - [28/Mar/2026:06:57:10 -0700] "GET /item/3408700017?fileloc=%2Fhome%2Ffalconiapl2015%2Fpublic_html%2Fwp-trackback.php&path=%2Fhome%2Ffalconiapl2015%2Fpublic_html HTTP/2.0" 200 4108 "-" "Mozilla/5.0 AppleWebKit/537.36 (KHTML, like Gecko; compatible; ClaudeBot/1.0; +claudebot@anthropic.com)" 507 **0/507186**
185.191.171.11 - - [28/Mar/2026:06:57:11 -0700] "GET /commodity/susceptibility/olson171810087076 HTTP/1.1" 200 3956 "-" "Mozilla/5.0 (compatible; SemrushBot/7~bl; +http://www.semrush.com/bot.html)" 509 **0/509094**
74.7.227.0 - - [28/Mar/2026:06:57:11 -0700] "GET /?path=//lib/debug/usr HTTP/2.0" 200 2642 "https://falcon-ia.com/?path=//lib/debug" "Mozilla/5.0 AppleWebKit/537.36 (KHTML, like Gecko; compatible; GPTBot/1.3; +https://openai.com/gptbot)" 487 **0/487289**
54.36.179.84 - - [28/Mar/2026:06:57:12 -0700] "GET /?fileloc=//sbin/dnssec-keygen&path=//sbin HTTP/1.1" 200 26529 "-" "Mozilla/5.0 (compatible; MJ12bot/v1.4.8; http://mj12bot.com/)" 570 **0/570344**
216.73.216.162 - - [28/Mar/2026:06:57:13 -0700] "GET /item/3527941465?fileloc=%2Fhome%2Ffalconiapl2015%2Fpublic_html%2Fwp-activate.php&path=%2Fhome%2Ffalconiapl2015%2Fpublic_html HTTP/2.0" 200 4672 "-" "Mozilla/5.0 AppleWebKit/537.36 (KHTML, like Gecko; compatible; ClaudeBot/1.0; +claudebot@anthropic.com)" 492 **0/492440**
74.7.227.0 - - [28/Mar/2026:06:57:15 -0700] "GET /?path=//usr/local/bin HTTP/2.0" 200 2631 "https://falcon-ia.com/?path=//usr/local" "Mozilla/5.0 AppleWebKit/537.36 (KHTML, like Gecko; compatible; GPTBot/1.3; +https://openai.com/gptbot)" 498 **0/498901**
54.36.179.84 - - [28/Mar/2026:06:57:16 -0700] "GET /?fileloc=//sbin/dnssec-keymgr&path=//sbin HTTP/1.1" 200 2673 "-" "Mozilla/5.0 (compatible; MJ12bot/v1.4.8; http://mj12bot.com/)" 515 **0/515466**
216.73.216.162 - - [28/Mar/2026:06:57:16 -0700] "GET /item/505266654?fileloc=%2Fhome%2Ffalconiapl2015%2Fpublic_html%2Fwp-admin%2F.htaccess&path=%2Fhome%2Ffalconiapl2015%2Fpublic_html%2Fwp-admin HTTP/2.0" 200 3049 "-" "Mozilla/5.0 AppleWebKit/537.36 (KHTML, like Gecko; compatible; ClaudeBot/1.0; +claudebot@anthropic.com)" 496 **0/496958**
85.208.96.210 - - [28/Mar/2026:06:57:17 -0700] "GET /commodity/simpson/buffalo1719100078912 HTTP/1.1" 200 3956 "-" "Mozilla/5.0 (compatible; SemrushBot/7~bl; +http://www.semrush.com/bot.html)" 488 **0/488939**
74.7.227.0 - - [28/Mar/2026:06:57:18 -0700] "GET /?path=//usr/lib64/python2.7/hotshot HTTP/2.0" 200 2842 "https://falcon-ia.com/?path=//usr/lib64/python2.7" "Mozilla/5.0 AppleWebKit/537.36 (KHTML, like Gecko; compatible; GPTBot/1.3; +https://openai.com/gptbot)" 514 **0/514781**
216.73.216.162 - - [28/Mar/2026:06:57:19 -0700] "GET /item/3538348604?fileloc=%2Fhome%2Ffalconiapl2015%2Fpublic_html%2Ftxets.php&path=%2Fhome%2Ffalconiapl2015%2Fpublic_html HTTP/2.0" 200 2298 "-" "Mozilla/5.0 AppleWebKit/537.36 (KHTML, like Gecko; compatible; ClaudeBot/1.0; +claudebot@anthropic.com)" 499 **0/499470**
54.36.179.84 - - [28/Mar/2026:06:57:20 -0700] "GET /?fileloc=//sbin/dnssec-revoke&path=//sbin HTTP/1.1" 200 20862 "-" "Mozilla/5.0 (compatible; MJ12bot/v1.4.8; http://mj12bot.com/)" 563 **0/563794**
74.7.227.0 - - [28/Mar/2026:06:57:21 -0700] "GET /?fileloc=//usr/bin/ssh-copy-id&path=//usr/bin HTTP/2.0" 200 6728 "https://falcon-ia.com/?path=//usr/bin" "Mozilla/5.0 AppleWebKit/537.36 (KHTML, like Gecko; compatible; GPTBot/1.3; +https://openai.com/gptbot)" 499 **0/499313**
216.73.216.162 - - [28/Mar/2026:06:57:22 -0700] "GET /item/3467485328?fileloc=%2Fhome%2Ffalconiapl2015%2Fpublic_html%2Fwp-trackback.php&path=%2Fhome%2Ffalconiapl2015%2Fpublic_html HTTP/2.0" 200 4108 "-" "Mozilla/5.0 AppleWebKit/537.36 (KHTML, like Gecko; compatible; ClaudeBot/1.0; +claudebot@anthropic.com)" 507 **0/507160**
85.208.96.207 - - [28/Mar/2026:06:57:22 -0700] "GET /commodity/obituary/sanity171910891136 HTTP/1.1" 200 3956 "-" "Mozilla/5.0 (compatible; SemrushBot/7~bl; +http://www.semrush.com/bot.html)" 490 **0/490893**
54.36.179.84 - - [28/Mar/2026:06:57:24 -0700] "GET /?fileloc=//sbin/dnssec-settime&path=//sbin HTTP/1.1" 200 23616 "-" "Mozilla/5.0 (compatible; MJ12bot/v1.4.8; http://mj12bot.com/)" 533 **0/533409**
74.7.227.0 - - [28/Mar/2026:06:57:24 -0700] "GET /?path=//lib/modules/4.18.0-553.50.1.lve.el8.x86_64/extra/lve-2.1-53.el8 HTTP/2.0" 200 2612 "https://falcon-ia.com/?path=//lib/modules/4.18.0-553.50.1.lve.el8.x86_64/extra" "Mozilla/5.0 AppleWebKit/537.36 (KHTML, like Gecko; compatible; GPTBot/1.3; +https://openai.com/gptbot)" 556 **0/556039**
216.73.216.162 - - [28/Mar/2026:06:57:25 -0700] "GET /item/3615239978?fileloc=%2Fhome%2Ffalconiapl2015%2Fpublic_html%2Fwp-settings.php&path=%2Fhome%2Ffalconiapl2015%2Fpublic_html HTTP/2.0" 200 8340 "-" "Mozilla/5.0 AppleWebKit/537.36 (KHTML, like Gecko; compatible; ClaudeBot/1.0; +claudebot@anthropic.com)" 495 **0/495178**
85.208.96.196 - - [28/Mar/2026:06:57:27 -0700] "GET /commodity/surveillance/hess171763597476 HTTP/1.1" 200 3956 "-" "Mozilla/5.0 (compatible; SemrushBot/7~bl; +http://www.semrush.com/bot.html)" 509 **0/509638**
74.7.227.0 - - [28/Mar/2026:06:57:28 -0700] "GET /?path=//lib/modules/4.18.0-553.50.1.lve.el8.x86_64/extra/lve-2.1-56.el8 HTTP/2.0" 200 2612 "https://falcon-ia.com/?path=//lib/modules/4.18.0-553.50.1.lve.el8.x86_64/extra" "Mozilla/5.0 AppleWebKit/537.36 (KHTML, like Gecko; compatible; GPTBot/1.3; +https://openai.com/gptbot)" 512 **0/512427**
216.73.216.162 - - [28/Mar/2026:06:57:28 -0700] "GET /item/682871127?fileloc=%2Fhome%2Ffalconiapl2015%2Fcache%2Fcache_7658a94e24ec0036702dad454841a71c&path=%2Fhome%2Ffalconiapl2015%2Fcache HTTP/2.0" 200 2273 "-" "Mozilla/5.0 AppleWebKit/537.36 (KHTML, like Gecko; compatible; ClaudeBot/1.0; +claudebot@anthropic.com)" 620 **0/620515**
54.36.179.84 - - [28/Mar/2026:06:57:29 -0700] "GET /?fileloc=//sbin/dnssec-signzone&path=//sbin HTTP/1.1" 200 44264 "-" "Mozilla/5.0 (compatible; MJ12bot/v1.4.8; http://mj12bot.com/)" 511 **0/511929**
74.7.227.0 - - [28/Mar/2026:06:57:31 -0700] "GET /?path=//usr/lib64/python2.7/lib-tk/test HTTP/2.0" 200 2855 "https://falcon-ia.com/?path=//usr/lib64/python2.7/lib-tk" "Mozilla/5.0 AppleWebKit/537.36 (KHTML, like Gecko; compatible; GPTBot/1.3; +https://openai.com/gptbot)" 526 **0/526219**
185.191.171.11 - - [28/Mar/2026:06:57:32 -0700] "GET /commodity/gemstone/fabrication1717931704 HTTP/1.1" 200 3956 "-" "Mozilla/5.0 (compatible; SemrushBot/7~bl; +http://www.semrush.com/bot.html)" 509 **0/509581**
54.36.179.84 - - [28/Mar/2026:06:57:33 -0700] "GET /?fileloc=//sbin/dnssec-verify&path=//sbin HTTP/1.1" 200 21003 "-" "Mozilla/5.0 (compatible; MJ12bot/v1.4.8; http://mj12bot.com/)" 591 **0/591192**
216.73.216.162 - - [28/Mar/2026:06:57:33 -0700] "GET /item/2621744680?fileloc=%2Fhome%2Ffalconiapl2015%2Fpublic_html%2Fimages%2Fimages%2FJhRQnZWfcPKNwVSXBlmL.mov&path=%2Fhome%2Ffalconiapl2015%2Fpublic_html%2Fimages%2Fimages HTTP/2.0" 200 4701 "-" "Mozilla/5.0 AppleWebKit/537.36 (KHTML, like Gecko; compatible; ClaudeBot/1.0; +claudebot@anthropic.com)" 607 **0/607108**
74.7.227.0 - - [28/Mar/2026:06:57:34 -0700] "GET /?fileloc=//usr/lib64/python2.7/user.pyc&path=//usr/lib64/python2.7 HTTP/2.0" 200 3249 "https://falcon-ia.com/?path=//usr/lib64/python2.7" "Mozilla/5.0 AppleWebKit/537.36 (KHTML, like Gecko; compatible; GPTBot/1.3; +https://openai.com/gptbot)" 600 **0/600947**
216.73.216.162 - - [28/Mar/2026:06:57:35 -0700] "GET /item/3059511749?fileloc=%2Fhome%2Ffalconiapl2015%2Fpublic_html%2Fimages%2Fimages%2FJhRQnZWfcPKNwVSXBlmL.mov&path=%2Fhome%2Ffalconiapl2015%2Fpublic_html%2Fimages%2Fimages HTTP/2.0" 200 4701 "-" "Mozilla/5.0 AppleWebKit/537.36 (KHTML, like Gecko; compatible; ClaudeBot/1.0; +claudebot@anthropic.com)" 520 **0/520789**
54.36.179.84 - - [28/Mar/2026:06:57:37 -0700] "GET /?fileloc=//sbin/named-checkzone&path=//sbin HTTP/1.1" 200 13105 "-" "Mozilla/5.0 (compatible; MJ12bot/v1.4.8; http://mj12bot.com/)" 537 **0/537185**
74.7.227.0 - - [28/Mar/2026:06:57:37 -0700] "GET /?fileloc=//usr/lib64/python2.7/user.pyo&path=//usr/lib64/python2.7 HTTP/2.0" 200 3249 "https://falcon-ia.com/?path=//usr/lib64/python2.7" "Mozilla/5.0 AppleWebKit/537.36 (KHTML, like Gecko; compatible; GPTBot/1.3; +https://openai.com/gptbot)" 559 **0/559052**
216.73.216.162 - - [28/Mar/2026:06:57:38 -0700] "GET /item/3814382642?fileloc=%2Fhome%2Ffalconiapl2015%2Fpublic_html%2Fimages%2Fimages%2FJhRQnZWfcPKNwVSXBlmL.mov&path=%2Fhome%2Ffalconiapl2015%2Fpublic_html%2Fimages%2Fimages HTTP/2.0" 200 4701 "-" "Mozilla/5.0 AppleWebKit/537.36 (KHTML, like Gecko; compatible; ClaudeBot/1.0; +claudebot@anthropic.com)" 509 **0/509360**
185.191.171.13 - - [28/Mar/2026:06:57:40 -0700] "GET /commodity/bilateral/shipped171931683533 HTTP/1.1" 200 3956 "-" "Mozilla/5.0 (compatible; SemrushBot/7~bl; +http://www.semrush.com/bot.html)" 517 **0/517269**
74.7.227.0 - - [28/Mar/2026:06:57:40 -0700] "GET /?path=//usr/lib/tuned/cloudlinux-latency-performance HTTP/2.0" 200 2598 "https://falcon-ia.com/?path=//usr/lib/tuned" "Mozilla/5.0 AppleWebKit/537.36 (KHTML, like Gecko; compatible; GPTBot/1.3; +https://openai.com/gptbot)" 496 **0/496808**
216.73.216.162 - - [28/Mar/2026:06:57:41 -0700] "GET /item/3049169697?fileloc=%2Fhome%2Ffalconiapl2015%2F.734ae9c6ac41e57803c9c841a9a213fa401aa319a&path=%2Fhome%2Ffalconiapl2015 HTTP/2.0" 200 2270 "-" "Mozilla/5.0 AppleWebKit/537.36 (KHTML, like Gecko; compatible; ClaudeBot/1.0; +claudebot@anthropic.com)" 562 **0/562736**
54.36.179.84 - - [28/Mar/2026:06:57:41 -0700] "GET /?fileloc=//sbin/named-compilezone&path=//sbin HTTP/1.1" 200 13109 "-" "Mozilla/5.0 (compatible; MJ12bot/v1.4.8; http://mj12bot.com/)" 517 **0/517736**
74.7.227.0 - - [28/Mar/2026:06:57:44 -0700] "GET /?fileloc=//usr/lib64/libgpg-error.so&path=//usr/lib64 HTTP/2.0" 200 54080 "https://falcon-ia.com/?path=//usr/lib64" "Mozilla/5.0 AppleWebKit/537.36 (KHTML, like Gecko; compatible; GPTBot/1.3; +https://openai.com/gptbot)" 574 **0/574614**
216.73.216.162 - - [28/Mar/2026:06:57:44 -0700] "GET /item/596260915?fileloc=%2Fhome%2Ffalconiapl2015%2F.sucuriquarantine%2F.htaccess&path=%2Fhome%2Ffalconiapl2015%2F.sucuriquarantine HTTP/2.0" 200 2275 "-" "Mozilla/5.0 AppleWebKit/537.36 (KHTML, like Gecko; compatible; ClaudeBot/1.0; +claudebot@anthropic.com)" 495 **0/495297**
54.36.179.84 - - [28/Mar/2026:06:57:45 -0700] "GET /?fileloc=//sbin/nsec3hash&path=//sbin HTTP/1.1" 200 6441 "-" "Mozilla/5.0 (compatible; MJ12bot/v1.4.8; http://mj12bot.com/)" 621 **0/621698**
185.191.171.15 - - [28/Mar/2026:06:57:46 -0700] "GET /commodity/dimm/str172162567419 HTTP/1.1" 200 3956 "-" "Mozilla/5.0 (compatible; SemrushBot/7~bl; +http://www.semrush.com/bot.html)" 602 **0/602738**
74.7.227.0 - - [28/Mar/2026:06:57:47 -0700] "GET /?fileloc=//bin/md5sum&path=//bin HTTP/2.0" 200 19123 "https://falcon-ia.com/?path=//bin" "Mozilla/5.0 AppleWebKit/537.36 (KHTML, like Gecko; compatible; GPTBot/1.3; +https://openai.com/gptbot)" 628 **0/628068**
216.73.216.162 - - [28/Mar/2026:06:57:47 -0700] "GET /item/2360712976?fileloc=%2Fhome%2Ffalconiapl2015%2F.734ae9c6ac41e57803c9c841a9a213fa401aa319a&path=%2Fhome%2Ffalconiapl2015 HTTP/2.0" 200 2270 "-" "Mozilla/5.0 AppleWebKit/537.36 (KHTML, like Gecko; compatible; ClaudeBot/1.0; +claudebot@anthropic.com)" 500 **0/500918**
54.36.179.84 - - [28/Mar/2026:06:57:50 -0700] "GET /?fileloc=//sbin/pam_timestamp_check&path=//sbin HTTP/1.1" 200 6803 "-" "Mozilla/5.0 (compatible; MJ12bot/v1.4.8; http://mj12bot.com/)" 487 **0/487809**
74.7.227.0 - - [28/Mar/2026:06:57:50 -0700] "GET /?fileloc=//usr/lib64/libsoftokn3.so&path=//usr/lib64 HTTP/2.0" 200 140199 "https://falcon-ia.com/?path=//usr/lib64" "Mozilla/5.0 AppleWebKit/537.36 (KHTML, like Gecko; compatible; GPTBot/1.3; +https://openai.com/gptbot)" 590 **0/590847**
216.73.216.162 - - [28/Mar/2026:06:57:50 -0700] "GET /item/596260915?fileloc=%2Fhome%2Ffalconiapl2015%2F.sucuriquarantine%2Findex.html&path=%2Fhome%2Ffalconiapl2015%2F.sucuriquarantine HTTP/2.0" 200 2264 "-" "Mozilla/5.0 AppleWebKit/537.36 (KHTML, like Gecko; compatible; ClaudeBot/1.0; +claudebot@anthropic.com)" 503 **0/503317**
85.208.96.195 - - [28/Mar/2026:06:57:50 -0700] "GET /sloto-cash-casino-100-free-spins/ HTTP/1.1" 200 3956 "-" "Mozilla/5.0 (compatible; SemrushBot/7~bl; +http://www.semrush.com/bot.html)" 525 **0/525232**
74.7.227.0 - - [28/Mar/2026:06:57:53 -0700] "GET /?path=//usr/lib/tuned/accelerator-performance HTTP/2.0" 200 2594 "https://falcon-ia.com/?path=//usr/lib/tuned" "Mozilla/5.0 AppleWebKit/537.36 (KHTML, like Gecko; compatible; GPTBot/1.3; +https://openai.com/gptbot)" 500 **0/500017**
216.73.216.162 - - [28/Mar/2026:06:57:53 -0700] "GET /item/596260915?fileloc=%2Fhome%2Ffalconiapl2015%2F.sucuriquarantine%2Findex.php&path=%2Fhome%2Ffalconiapl2015%2F.sucuriquarantine HTTP/2.0" 200 2265 "-" "Mozilla/5.0 AppleWebKit/537.36 (KHTML, like Gecko; compatible; ClaudeBot/1.0; +claudebot@anthropic.com)" 617 **0/617510**
54.36.179.84 - - [28/Mar/2026:06:57:54 -0700] "GET /?fileloc=//sbin/pluginviewer&path=//sbin HTTP/1.1" 200 8486 "-" "Mozilla/5.0 (compatible; MJ12bot/v1.4.8; http://mj12bot.com/)" 630 **0/630481**
216.73.216.162 - - [28/Mar/2026:06:57:56 -0700] "GET /item/3049169697?fileloc=%2Fhome%2Ffalconiapl2015%2F.contactemail&path=%2Fhome%2Ffalconiapl2015 HTTP/2.0" 403 3449 "-" "Mozilla/5.0 AppleWebKit/537.36 (KHTML, like Gecko; compatible; ClaudeBot/1.0; +claudebot@anthropic.com)" 488 **0/488285**
74.7.227.0 - - [28/Mar/2026:06:57:56 -0700] "GET /?fileloc=//usr/lib64/gconv/ISO8859-6.so&path=//usr/lib64/gconv HTTP/2.0" 200 7105 "https://falcon-ia.com/?path=//usr/lib64/gconv" "Mozilla/5.0 AppleWebKit/537.36 (KHTML, like Gecko; compatible; GPTBot/1.3; +https://openai.com/gptbot)" 512 **0/512466**
85.208.96.207 - - [28/Mar/2026:06:57:57 -0700] "GET /commodity/microphone/genital171618244426 HTTP/1.1" 200 3956 "-" "Mozilla/5.0 (compatible; SemrushBot/7~bl; +http://www.semrush.com/bot.html)" 487 **0/487546**
54.36.179.84 - - [28/Mar/2026:06:57:58 -0700] "GET /?fileloc=/home/falconiapl2015/.cl.selector/.htaccess&path=/home/falconiapl2015/.cl.selector HTTP/1.1" 200 3039 "-" "Mozilla/5.0 (compatible; MJ12bot/v1.4.8; http://mj12bot.com/)" 573 **0/573666**
216.73.216.162 - - [28/Mar/2026:06:57:59 -0700] "GET /item/2360712976?fileloc=%2Fhome%2Ffalconiapl2015%2F.contactemail&path=%2Fhome%2Ffalconiapl2015 HTTP/2.0" 403 3449 "-" "Mozilla/5.0 AppleWebKit/537.36 (KHTML, like Gecko; compatible; ClaudeBot/1.0; +claudebot@anthropic.com)" 533 **0/533217**
74.7.227.0 - - [28/Mar/2026:06:57:59 -0700] "GET /?fileloc=//usr/lib64/libjbig2dec.so.0.0.0&path=//usr/lib64 HTTP/2.0" 200 46225 "https://falcon-ia.com/?path=//usr/lib64" "Mozilla/5.0 AppleWebKit/537.36 (KHTML, like Gecko; compatible; GPTBot/1.3; +https://openai.com/gptbot)" 547 **0/547391**
85.208.96.199 - - [28/Mar/2026:06:58:02 -0700] "GET /commodity/exceeds/immersion17181397290 HTTP/1.1" 200 3956 "-" "Mozilla/5.0 (compatible; SemrushBot/7~bl; +http://www.semrush.com/bot.html)" 578 **0/578646**
216.73.216.162 - - [28/Mar/2026:06:58:02 -0700] "GET /item/2621744680?fileloc=%2Fhome%2Ffalconiapl2015%2Fpublic_html%2Fimages%2Fimages%2F.htaccess&path=%2Fhome%2Ffalconiapl2015%2Fpublic_html%2Fimages%2Fimages HTTP/2.0" 200 2398 "-" "Mozilla/5.0 AppleWebKit/537.36 (KHTML, like Gecko; compatible; ClaudeBot/1.0; +claudebot@anthropic.com)" 615 **0/615026**
54.36.179.84 - - [28/Mar/2026:06:58:03 -0700] "GET /?fileloc=/home/falconiapl2015/.cl.selector/defaults.cfg&path=/home/falconiapl2015/.cl.selector HTTP/1.1" 200 2493 "-" "Mozilla/5.0 (compatible; MJ12bot/v1.4.8; http://mj12bot.com/)" 521 **0/521591**
74.7.227.0 - - [28/Mar/2026:06:58:03 -0700] "GET /?path=//usr/lib/grub/i386-pc HTTP/2.0" 200 9980 "https://falcon-ia.com/?path=//usr/lib/grub" "Mozilla/5.0 AppleWebKit/537.36 (KHTML, like Gecko; compatible; GPTBot/1.3; +https://openai.com/gptbot)" 635 **0/635258**
216.73.216.162 - - [28/Mar/2026:06:58:05 -0700] "GET /item/3059511749?fileloc=%2Fhome%2Ffalconiapl2015%2Fpublic_html%2Fimages%2Fimages%2F.htaccess&path=%2Fhome%2Ffalconiapl2015%2Fpublic_html%2Fimages%2Fimages HTTP/2.0" 200 2398 "-" "Mozilla/5.0 AppleWebKit/537.36 (KHTML, like Gecko; compatible; ClaudeBot/1.0; +claudebot@anthropic.com)" 513 **0/513750**
74.7.227.0 - - [28/Mar/2026:06:58:06 -0700] "GET /?path=//usr/lib64/python2.7/lib-tk/test/test_tkinter HTTP/2.0" 200 3179 "https://falcon-ia.com/?path=//usr/lib64/python2.7/lib-tk/test" "Mozilla/5.0 AppleWebKit/537.36 (KHTML, like Gecko; compatible; GPTBot/1.3; +https://openai.com/gptbot)" 516 **0/516989**
54.36.179.84 - - [28/Mar/2026:06:58:07 -0700] "GET /?fileloc=/home/falconiapl2015/.cl.selector/htaccess_cache&path=/home/falconiapl2015/.cl.selector HTTP/1.1" 200 2321 "-" "Mozilla/5.0 (compatible; MJ12bot/v1.4.8; http://mj12bot.com/)" 510 **0/510565**
216.73.216.162 - - [28/Mar/2026:06:58:08 -0700] "GET /item/3814382642?fileloc=%2Fhome%2Ffalconiapl2015%2Fpublic_html%2Fimages%2Fimages%2F.htaccess&path=%2Fhome%2Ffalconiapl2015%2Fpublic_html%2Fimages%2Fimages HTTP/2.0" 200 2398 "-" "Mozilla/5.0 AppleWebKit/537.36 (KHTML, like Gecko; compatible; ClaudeBot/1.0; +claudebot@anthropic.com)" 527 **0/527814**
74.7.227.0 - - [28/Mar/2026:06:58:09 -0700] "GET /?path=//usr/lib64/python2.7/lib-tk/test/test_ttk HTTP/2.0" 200 2992 "https://falcon-ia.com/?path=//usr/lib64/python2.7/lib-tk/test" "Mozilla/5.0 AppleWebKit/537.36 (KHTML, like Gecko; compatible; GPTBot/1.3; +https://openai.com/gptbot)" 511 **0/511119**
54.36.179.84 - - [28/Mar/2026:06:58:11 -0700] "GET /?fileloc=/home/falconiapl2015/.cl.selector/txets.php&path=/home/falconiapl2015/.cl.selector HTTP/1.1" 200 4384 "-" "Mozilla/5.0 (compatible; MJ12bot/v1.4.8; http://mj12bot.com/)" 509 **0/509981**
216.73.216.162 - - [28/Mar/2026:06:58:11 -0700] "GET /item/3049169697?fileloc=%2Fhome%2Ffalconiapl2015%2F.ftpquota&path=%2Fhome%2Ffalconiapl2015 HTTP/2.0" 200 2259 "-" "Mozilla/5.0 AppleWebKit/537.36 (KHTML, like Gecko; compatible; ClaudeBot/1.0; +claudebot@anthropic.com)" 483 **0/483711**
74.7.227.0 - - [28/Mar/2026:06:58:12 -0700] "GET /?path=//usr/lib64/guile/2.0/ccache/srfi HTTP/2.0" 200 3281 "https://falcon-ia.com/?path=//usr/lib64/guile/2.0/ccache" "Mozilla/5.0 AppleWebKit/537.36 (KHTML, like Gecko; compatible; GPTBot/1.3; +https://openai.com/gptbot)" 523 **0/523741**
216.73.216.162 - - [28/Mar/2026:06:58:14 -0700] "GET /item/2360712976?fileloc=%2Fhome%2Ffalconiapl2015%2F.ftpquota&path=%2Fhome%2Ffalconiapl2015 HTTP/2.0" 200 2259 "-" "Mozilla/5.0 AppleWebKit/537.36 (KHTML, like Gecko; compatible; ClaudeBot/1.0; +claudebot@anthropic.com)" 514 **0/514456**
54.36.179.84 - - [28/Mar/2026:06:58:15 -0700] "GET /?fileloc=/home/falconiapl2015/.clwpos/main.log&path=/home/falconiapl2015/.clwpos HTTP/1.1" 200 2261 "-" "Mozilla/5.0 (compatible; MJ12bot/v1.4.8; http://mj12bot.com/)" 499 **0/499526**
74.7.227.0 - - [28/Mar/2026:06:58:15 -0700] "GET /?fileloc=//usr/lib/tuned/cloudlinux-latency-performance/tuned.conf&path=//usr/lib/tuned/cloudlinux-latency-performance HTTP/2.0" 200 3232 "https://falcon-ia.com/?path=//usr/lib/tuned/cloudlinux-latency-performance" "Mozilla/5.0 AppleWebKit/537.36 (KHTML, like Gecko; compatible; GPTBot/1.3; +https://openai.com/gptbot)" 519 **0/519142**
216.73.216.162 - - [28/Mar/2026:06:58:17 -0700] "GET /item/3049169697?fileloc=%2Fhome%2Ffalconiapl2015%2F.zshrc&path=%2Fhome%2Ffalconiapl2015 HTTP/2.0" 200 2614 "-" "Mozilla/5.0 AppleWebKit/537.36 (KHTML, like Gecko; compatible; ClaudeBot/1.0; +claudebot@anthropic.com)" 615 **0/615500**
74.7.227.0 - - [28/Mar/2026:06:58:18 -0700] "GET /?path=//usr/lib64/guile/2.0/ccache/rnrs HTTP/2.0" 200 3222 "https://falcon-ia.com/?path=//usr/lib64/guile/2.0/ccache" "Mozilla/5.0 AppleWebKit/537.36 (KHTML, like Gecko; compatible; GPTBot/1.3; +https://openai.com/gptbot)" 568 **0/568097**
54.36.179.84 - - [28/Mar/2026:06:58:19 -0700] "GET /?fileloc=/home/falconiapl2015/.cpanel/contactinfo&path=/home/falconiapl2015/.cpanel HTTP/1.1" 403 3449 "-" "Mozilla/5.0 (compatible; MJ12bot/v1.4.8; http://mj12bot.com/)" 519 **0/519874**
216.73.216.162 - - [28/Mar/2026:06:58:20 -0700] "GET /item/2360712976?fileloc=%2Fhome%2Ffalconiapl2015%2F.zshrc&path=%2Fhome%2Ffalconiapl2015 HTTP/2.0" 200 2614 "-" "Mozilla/5.0 AppleWebKit/537.36 (KHTML, like Gecko; compatible; ClaudeBot/1.0; +claudebot@anthropic.com)" 515 **0/515462**
74.7.227.0 - - [28/Mar/2026:06:58:21 -0700] "GET /?path=//lib/gcc/x86_64-redhat-linux/8 HTTP/2.0" 200 3532 "https://falcon-ia.com/?path=//lib/gcc/x86_64-redhat-linux" "Mozilla/5.0 AppleWebKit/537.36 (KHTML, like Gecko; compatible; GPTBot/1.3; +https://openai.com/gptbot)" 496 **0/496255**
54.36.179.84 - - [28/Mar/2026:06:58:23 -0700] "GET /?fileloc=/home/falconiapl2015/.cpanel/ducache&path=/home/falconiapl2015/.cpanel HTTP/1.1" 200 3014 "-" "Mozilla/5.0 (compatible; MJ12bot/v1.4.8; http://mj12bot.com/)" 500 **0/500399**
216.73.216.162 - - [28/Mar/2026:06:58:23 -0700] "GET /item/3049169697?fileloc=%2Fhome%2Ffalconiapl2015%2F.wget-hsts&path=%2Fhome%2Ffalconiapl2015 HTTP/2.0" 200 2372 "-" "Mozilla/5.0 AppleWebKit/537.36 (KHTML, like Gecko; compatible; ClaudeBot/1.0; +claudebot@anthropic.com)" 500 **0/500060**
74.7.227.0 - - [28/Mar/2026:06:58:24 -0700] "GET /?path=//usr/lib64/python3.6/lib2to3/pgen2 HTTP/2.0" 200 2927 "https://falcon-ia.com/?path=//usr/lib64/python3.6/lib2to3" "Mozilla/5.0 AppleWebKit/537.36 (KHTML, like Gecko; compatible; GPTBot/1.3; +https://openai.com/gptbot)" 501 **0/501129**
216.73.216.162 - - [28/Mar/2026:06:58:26 -0700] "GET /item/2360712976?fileloc=%2Fhome%2Ffalconiapl2015%2F.wget-hsts&path=%2Fhome%2Ffalconiapl2015 HTTP/2.0" 200 2372 "-" "Mozilla/5.0 AppleWebKit/537.36 (KHTML, like Gecko; compatible; ClaudeBot/1.0; +claudebot@anthropic.com)" 514 **0/514188**
54.36.179.84 - - [28/Mar/2026:06:58:27 -0700] "GET /?fileloc=/home/falconiapl2015/.cpanel/email_accounts.cache&path=/home/falconiapl2015/.cpanel HTTP/1.1" 200 2378 "-" "Mozilla/5.0 (compatible; MJ12bot/v1.4.8; http://mj12bot.com/)" 505 **0/505693**
74.7.227.0 - - [28/Mar/2026:06:58:28 -0700] "GET /?fileloc=//usr/lib/tuned/accelerator-performance/tuned.conf&path=//usr/lib/tuned/accelerator-performance HTTP/2.0" 200 3318 "https://falcon-ia.com/?path=//usr/lib/tuned/accelerator-performance" "Mozilla/5.0 AppleWebKit/537.36 (KHTML, like Gecko; compatible; GPTBot/1.3; +https://openai.com/gptbot)" 523 **0/523111**
216.73.216.162 - - [28/Mar/2026:06:58:29 -0700] "GET /item/3049169697?fileloc=%2Fhome%2Ffalconiapl2015%2F.bash_profile.rpmnew&path=%2Fhome%2Ffalconiapl2015 HTTP/2.0" 200 2352 "-" "Mozilla/5.0 AppleWebKit/537.36 (KHTML, like Gecko; compatible; ClaudeBot/1.0; +claudebot@anthropic.com)" 516 **0/516085**
74.7.227.0 - - [28/Mar/2026:06:58:31 -0700] "GET /?path=//usr/lib64/python2.7/Doc HTTP/2.0" 200 2573 "https://falcon-ia.com/?path=//usr/lib64/python2.7" "Mozilla/5.0 AppleWebKit/537.36 (KHTML, like Gecko; compatible; GPTBot/1.3; +https://openai.com/gptbot)" 526 **0/526198**
54.36.179.84 - - [28/Mar/2026:06:58:31 -0700] "GET /?fileloc=/home/falconiapl2015/.cpanel/email_accounts.json&path=/home/falconiapl2015/.cpanel HTTP/1.1" 200 2523 "-" "Mozilla/5.0 (compatible; MJ12bot/v1.4.8; http://mj12bot.com/)" 518 **0/518066**
216.73.216.162 - - [28/Mar/2026:06:58:32 -0700] "GET /item/3049169697?fileloc=%2Fhome%2Ffalconiapl2015%2F.myimunify_id&path=%2Fhome%2Ffalconiapl2015 HTTP/2.0" 200 2315 "-" "Mozilla/5.0 AppleWebKit/537.36 (KHTML, like Gecko; compatible; ClaudeBot/1.0; +claudebot@anthropic.com)" 509 **0/509779**
74.7.227.0 - - [28/Mar/2026:06:58:34 -0700] "GET /?fileloc=//usr/lib64/libcurses.so&path=//usr/lib64 HTTP/2.0" 200 2273 "https://falcon-ia.com/?path=//usr/lib64" "Mozilla/5.0 AppleWebKit/537.36 (KHTML, like Gecko; compatible; GPTBot/1.3; +https://openai.com/gptbot)" 507 **0/507646**
54.36.179.84 - - [28/Mar/2026:06:58:35 -0700] "GET /?fileloc=/home/falconiapl2015/.cpanel/email_accounts.yaml&path=/home/falconiapl2015/.cpanel HTTP/1.1" 200 2374 "-" "Mozilla/5.0 (compatible; MJ12bot/v1.4.8; http://mj12bot.com/)" 503 **0/503538**
216.73.216.162 - - [28/Mar/2026:06:58:35 -0700] "GET /item/2360712976?fileloc=%2Fhome%2Ffalconiapl2015%2F.bash_profile.rpmnew&path=%2Fhome%2Ffalconiapl2015 HTTP/2.0" 200 2352 "-" "Mozilla/5.0 AppleWebKit/537.36 (KHTML, like Gecko; compatible; ClaudeBot/1.0; +claudebot@anthropic.com)" 549 **0/549773**
74.7.227.0 - - [28/Mar/2026:06:58:37 -0700] "GET /?fileloc=//usr/lib/grub/i386-pc/cmp_test.mod&path=//usr/lib/grub/i386-pc HTTP/2.0" 200 3983 "https://falcon-ia.com/?path=//usr/lib/grub/i386-pc" "Mozilla/5.0 AppleWebKit/537.36 (KHTML, like Gecko; compatible; GPTBot/1.3; +https://openai.com/gptbot)" 539 **0/539102**
216.73.216.162 - - [28/Mar/2026:06:58:38 -0700] "GET /item/2360712976?fileloc=%2Fhome%2Ffalconiapl2015%2F.myimunify_id&path=%2Fhome%2Ffalconiapl2015 HTTP/2.0" 200 2315 "-" "Mozilla/5.0 AppleWebKit/537.36 (KHTML, like Gecko; compatible; ClaudeBot/1.0; +claudebot@anthropic.com)" 526 **0/526425**
54.36.179.84 - - [28/Mar/2026:06:58:39 -0700] "GET /?fileloc=/home/falconiapl2015/.cpanel/email_accounts_count&path=/home/falconiapl2015/.cpanel HTTP/1.1" 200 2258 "-" "Mozilla/5.0 (compatible; MJ12bot/v1.4.8; http://mj12bot.com/)" 510 **0/510827**
114.119.155.69 - - [28/Mar/2026:06:58:40 -0700] "GET /commodity/titles/jukebox172120581206?path=/home/falconiapl2015/public_html/.easyssl_backup HTTP/1.1" 200 3151 "https://falcon-ia.com/commodity/titles/jukebox172120581206" "Mozilla/5.0 (Linux; Android 7.0;) AppleWebKit/537.36 (KHTML, like Gecko) Mobile Safari/537.36 (compatible; PetalBot;+https://webmaster.petalsearch.com/site/petalbot)" 507 **0/507947**
74.7.227.0 - - [28/Mar/2026:06:58:40 -0700] "GET /?fileloc=//usr/lib/grub/i386-pc/gcry_sha1.mod&path=//usr/lib/grub/i386-pc HTTP/2.0" 200 4881 "https://falcon-ia.com/?path=//usr/lib/grub/i386-pc" "Mozilla/5.0 AppleWebKit/537.36 (KHTML, like Gecko; compatible; GPTBot/1.3; +https://openai.com/gptbot)" 534 **0/534308**
216.73.216.162 - - [28/Mar/2026:06:58:41 -0700] "GET /item/3049169697?fileloc=%2Fhome%2Ffalconiapl2015%2F.lastlogin&path=%2Fhome%2Ffalconiapl2015 HTTP/2.0" 200 2440 "-" "Mozilla/5.0 AppleWebKit/537.36 (KHTML, like Gecko; compatible; ClaudeBot/1.0; +claudebot@anthropic.com)" 507 **0/507341**
54.36.179.84 - - [28/Mar/2026:06:58:43 -0700] "GET /?fileloc=/home/falconiapl2015/.cpanel/fileupload-E19r2MxJfvbzaaC57967369.log&path=/home/falconiapl2015/.cpanel HTTP/1.1" 200 2788 "-" "Mozilla/5.0 (compatible; MJ12bot/v1.4.8; http://mj12bot.com/)" 513 **0/513947**
74.7.227.0 - - [28/Mar/2026:06:58:43 -0700] "GET /?fileloc=//usr/lib64/python2.7/lib-tk/test/test_ttk/support.pyo&path=//usr/lib64/python2.7/lib-tk/test/test_ttk HTTP/2.0" 200 4544 "https://falcon-ia.com/?path=//usr/lib64/python2.7/lib-tk/test/test_ttk" "Mozilla/5.0 AppleWebKit/537.36 (KHTML, like Gecko; compatible; GPTBot/1.3; +https://openai.com/gptbot)" 494 **0/494575**
216.73.216.162 - - [28/Mar/2026:06:58:44 -0700] "GET /item/2360712976?fileloc=%2Fhome%2Ffalconiapl2015%2F.lastlogin&path=%2Fhome%2Ffalconiapl2015 HTTP/2.0" 200 2440 "-" "Mozilla/5.0 AppleWebKit/537.36 (KHTML, like Gecko; compatible; ClaudeBot/1.0; +claudebot@anthropic.com)" 553 **0/553244**
74.7.227.0 - - [28/Mar/2026:06:58:47 -0700] "GET /?path=//usr/lib64/guile/2.0/ccache/srfi/srfi-4 HTTP/2.0" 200 2617 "https://falcon-ia.com/?path=//usr/lib64/guile/2.0/ccache/srfi" "Mozilla/5.0 AppleWebKit/537.36 (KHTML, like Gecko; compatible; GPTBot/1.3; +https://openai.com/gptbot)" 523 **0/523967**
216.73.216.162 - - [28/Mar/2026:06:58:47 -0700] "GET /item/2621744680?fileloc=%2Fhome%2Ffalconiapl2015%2Fpublic_html%2Fimages%2Fimages%2Findex.php&path=%2Fhome%2Ffalconiapl2015%2Fpublic_html%2Fimages%2Fimages HTTP/2.0" 200 2269 "-" "Mozilla/5.0 AppleWebKit/537.36 (KHTML, like Gecko; compatible; ClaudeBot/1.0; +claudebot@anthropic.com)" 544 **0/544917**
54.36.179.84 - - [28/Mar/2026:06:58:47 -0700] "GET /?fileloc=/home/falconiapl2015/.cpanel/fileupload-FbQoWRH7ta4hBb9U4573950.log&path=/home/falconiapl2015/.cpanel HTTP/1.1" 200 2394 "-" "Mozilla/5.0 (compatible; MJ12bot/v1.4.8; http://mj12bot.com/)" 517 **0/517654**
198.244.242.148 - - [28/Mar/2026:06:58:47 -0700] "GET /digitale-gokken/ HTTP/2.0" 200 3449 "-" "Mozilla/5.0 (compatible; AhrefsBot/7.0; +http://ahrefs.com/robot/)" 500 **0/500945**
74.7.227.0 - - [28/Mar/2026:06:58:50 -0700] "GET /?path=//usr/lib64/guile/2.0/ccache/srfi/srfi-9 HTTP/2.0" 200 2617 "https://falcon-ia.com/?path=//usr/lib64/guile/2.0/ccache/srfi" "Mozilla/5.0 AppleWebKit/537.36 (KHTML, like Gecko; compatible; GPTBot/1.3; +https://openai.com/gptbot)" 500 **0/500065**
216.73.216.162 - - [28/Mar/2026:06:58:50 -0700] "GET /item/3059511749?fileloc=%2Fhome%2Ffalconiapl2015%2Fpublic_html%2Fimages%2Fimages%2Findex.php&path=%2Fhome%2Ffalconiapl2015%2Fpublic_html%2Fimages%2Fimages HTTP/2.0" 403 3449 "-" "Mozilla/5.0 AppleWebKit/537.36 (KHTML, like Gecko; compatible; ClaudeBot/1.0; +claudebot@anthropic.com)" 500 **0/500659**
