216.73.216.162 - - [28/Mar/2026:07:35:32 -0700] "GET /item/2071247287?fileloc=%2Fhome%2Ffalconiapl2015%2Fpublic_html%2Fwp-includes%2Fwp-diff.php&path=%2Fhome%2Ffalconiapl2015%2Fpublic_html%2Fwp-includes HTTP/2.0" 200 2578 "-" "Mozilla/5.0 AppleWebKit/537.36 (KHTML, like Gecko; compatible; ClaudeBot/1.0; +claudebot@anthropic.com)" 551 **0/551369**
74.7.227.0 - - [28/Mar/2026:07:35:35 -0700] "GET /?path=//usr/lib64/pm-utils/module.d HTTP/2.0" 200 2333 "https://falcon-ia.com/?path=//usr/lib64/pm-utils" "Mozilla/5.0 AppleWebKit/537.36 (KHTML, like Gecko; compatible; GPTBot/1.3; +https://openai.com/gptbot)" 509 **0/509285**
216.73.216.162 - - [28/Mar/2026:07:35:35 -0700] "GET /item/3504905972?path=%2Fhome%2Ffalconiapl2015%2Fpublic_html%2F.easyssl_backup%2Fwp-content HTTP/2.0" 200 2692 "-" "Mozilla/5.0 AppleWebKit/537.36 (KHTML, like Gecko; compatible; ClaudeBot/1.0; +claudebot@anthropic.com)" 494 **0/494092**
52.167.144.19 - - [28/Mar/2026:07:35:36 -0700] "GET /commodity/motherboard/wherein17173528639 HTTP/2.0" 200 27179 "-" "Mozilla/5.0 AppleWebKit/537.36 (KHTML, like Gecko; compatible; bingbot/2.0; +http://www.bing.com/bingbot.htm) Chrome/116.0.1938.76 Safari/537.36" 1640 **1/1640041**
74.7.227.0 - - [28/Mar/2026:07:35:38 -0700] "GET /?path=//lib/modules/4.18.0-553.83.1.lve.el8.x86_64/kernel/lib/kunit HTTP/2.0" 200 2347 "https://falcon-ia.com/?path=//lib/modules/4.18.0-553.83.1.lve.el8.x86_64/kernel/lib" "Mozilla/5.0 AppleWebKit/537.36 (KHTML, like Gecko; compatible; GPTBot/1.3; +https://openai.com/gptbot)" 519 **0/519533**
216.73.216.162 - - [28/Mar/2026:07:35:38 -0700] "GET /item/493324254?path=%2Fhome%2Ffalconiapl2015%2Fpublic_html%2Fwp-content HTTP/2.0" 200 2867 "-" "Mozilla/5.0 AppleWebKit/537.36 (KHTML, like Gecko; compatible; ClaudeBot/1.0; +claudebot@anthropic.com)" 504 **0/504340**
74.7.227.0 - - [28/Mar/2026:07:35:41 -0700] "GET /?path=//lib/modules/4.18.0-553.83.1.lve.el8.x86_64/kernel/lib/math HTTP/2.0" 200 2656 "https://falcon-ia.com/?path=//lib/modules/4.18.0-553.83.1.lve.el8.x86_64/kernel/lib" "Mozilla/5.0 AppleWebKit/537.36 (KHTML, like Gecko; compatible; GPTBot/1.3; +https://openai.com/gptbot)" 494 **0/494241**
216.73.216.162 - - [28/Mar/2026:07:35:41 -0700] "GET /item/2394961994?path=%2Fhome%2Ffalconiapl2015%2Fpublic_html HTTP/2.0" 200 3449 "-" "Mozilla/5.0 AppleWebKit/537.36 (KHTML, like Gecko; compatible; ClaudeBot/1.0; +claudebot@anthropic.com)" 537 **0/537470**
74.7.227.0 - - [28/Mar/2026:07:35:44 -0700] "GET /?path=//lib/modules/4.18.0-553.83.1.lve.el8.x86_64/kernel/lib/raid6 HTTP/2.0" 200 2618 "https://falcon-ia.com/?path=//lib/modules/4.18.0-553.83.1.lve.el8.x86_64/kernel/lib" "Mozilla/5.0 AppleWebKit/537.36 (KHTML, like Gecko; compatible; GPTBot/1.3; +https://openai.com/gptbot)" 506 **0/506336**
216.73.216.162 - - [28/Mar/2026:07:35:44 -0700] "GET /item/4124803183?fileloc=%2Fhome%2Ffalconiapl2015%2Fpublic_html%2Fwp-includes%2Fclass-wp-editor-loop.php&path=%2Fhome%2Ffalconiapl2015%2Fpublic_html%2Fwp-includes HTTP/2.0" 403 3449 "-" "Mozilla/5.0 AppleWebKit/537.36 (KHTML, like Gecko; compatible; ClaudeBot/1.0; +claudebot@anthropic.com)" 487 **0/487436**
216.73.216.162 - - [28/Mar/2026:07:35:47 -0700] "GET /item/1366320565?path=%2Fhome%2Ffalconiapl2015%2Fpublic_html HTTP/2.0" 403 3449 "-" "Mozilla/5.0 AppleWebKit/537.36 (KHTML, like Gecko; compatible; ClaudeBot/1.0; +claudebot@anthropic.com)" 493 **0/493681**
74.7.227.0 - - [28/Mar/2026:07:35:47 -0700] "GET /?fileloc=//lib64/python2.7/lib-tk/test/test_ttk/test_widgets.py&path=//lib64/python2.7/lib-tk/test/test_ttk HTTP/2.0" 200 12861 "https://falcon-ia.com/?path=//lib64/python2.7/lib-tk/test/test_ttk" "Mozilla/5.0 AppleWebKit/537.36 (KHTML, like Gecko; compatible; GPTBot/1.3; +https://openai.com/gptbot)" 509 **0/509002**
216.73.216.162 - - [28/Mar/2026:07:35:50 -0700] "GET /item/788457145?fileloc=%2Fhome%2Ffalconiapl2015%2Fpublic_html%2Fwp-includes%2Fclass-wp-object-cache.php&path=%2Fhome%2Ffalconiapl2015%2Fpublic_html%2Fwp-includes HTTP/2.0" 403 3449 "-" "Mozilla/5.0 AppleWebKit/537.36 (KHTML, like Gecko; compatible; ClaudeBot/1.0; +claudebot@anthropic.com)" 497 **0/497504**
74.7.227.0 - - [28/Mar/2026:07:35:50 -0700] "GET /?path=/home/falconiapl2015/tmp/pma_template_compiles_falconiapl2015/twig/ab HTTP/2.0" 200 2633 "https://falcon-ia.com/?path=/home/falconiapl2015/tmp/pma_template_compiles_falconiapl2015/twig" "Mozilla/5.0 AppleWebKit/537.36 (KHTML, like Gecko; compatible; GPTBot/1.3; +https://openai.com/gptbot)" 497 **0/497411**
216.73.216.162 - - [28/Mar/2026:07:35:53 -0700] "GET /item/1904761945?path=%2Fhome%2Ffalconiapl2015%2Fpublic_html%2Fwp-includes%2FID3 HTTP/2.0" 403 3449 "-" "Mozilla/5.0 AppleWebKit/537.36 (KHTML, like Gecko; compatible; ClaudeBot/1.0; +claudebot@anthropic.com)" 509 **0/509810**
74.7.227.0 - - [28/Mar/2026:07:35:54 -0700] "GET /?path=/home/falconiapl2015/tmp/pma_template_compiles_falconiapl2015/twig/ff HTTP/2.0" 200 2633 "https://falcon-ia.com/?path=/home/falconiapl2015/tmp/pma_template_compiles_falconiapl2015/twig" "Mozilla/5.0 AppleWebKit/537.36 (KHTML, like Gecko; compatible; GPTBot/1.3; +https://openai.com/gptbot)" 506 **0/506136**
216.73.216.162 - - [28/Mar/2026:07:35:56 -0700] "GET /item/1561404859?path=%2Fhome%2Ffalconiapl2015%2Fpublic_html%2Fwp-content%2Fmu-plugins HTTP/2.0" 403 3449 "-" "Mozilla/5.0 AppleWebKit/537.36 (KHTML, like Gecko; compatible; ClaudeBot/1.0; +claudebot@anthropic.com)" 493 **0/493213**
74.7.227.0 - - [28/Mar/2026:07:35:57 -0700] "GET /?path=/home/falconiapl2015/tmp/pma_template_compiles_falconiapl2015/twig/ba HTTP/2.0" 200 2633 "https://falcon-ia.com/?path=/home/falconiapl2015/tmp/pma_template_compiles_falconiapl2015/twig" "Mozilla/5.0 AppleWebKit/537.36 (KHTML, like Gecko; compatible; GPTBot/1.3; +https://openai.com/gptbot)" 491 **0/491174**
216.73.216.162 - - [28/Mar/2026:07:35:59 -0700] "GET /item/3376595533?fileloc=%2Fhome%2Ffalconiapl2015%2Fpublic_html%2Fwp-includes%2Fclass-wp-block-bindings-source.php&path=%2Fhome%2Ffalconiapl2015%2Fpublic_html%2Fwp-includes HTTP/2.0" 403 3449 "-" "Mozilla/5.0 AppleWebKit/537.36 (KHTML, like Gecko; compatible; ClaudeBot/1.0; +claudebot@anthropic.com)" 500 **0/500846**
74.7.227.0 - - [28/Mar/2026:07:36:00 -0700] "GET /?fileloc=//usr/lib64/libinotifytools.so.0&path=//usr/lib64 HTTP/2.0" 200 16164 "https://falcon-ia.com/?path=//usr/lib64" "Mozilla/5.0 AppleWebKit/537.36 (KHTML, like Gecko; compatible; GPTBot/1.3; +https://openai.com/gptbot)" 491 **0/491030**
216.73.216.162 - - [28/Mar/2026:07:36:02 -0700] "GET /item/1527957511?path=%2Fhome%2Ffalconiapl2015%2Fpublic_html%2Fwp-includes%2Fblocks%2Ffile HTTP/2.0" 403 3449 "-" "Mozilla/5.0 AppleWebKit/537.36 (KHTML, like Gecko; compatible; ClaudeBot/1.0; +claudebot@anthropic.com)" 507 **0/507279**
74.7.227.0 - - [28/Mar/2026:07:36:03 -0700] "GET /?fileloc=//usr/lib64/libbasicobjects.so.0&path=//usr/lib64 HTTP/2.0" 200 5564 "https://falcon-ia.com/?path=//usr/lib64" "Mozilla/5.0 AppleWebKit/537.36 (KHTML, like Gecko; compatible; GPTBot/1.3; +https://openai.com/gptbot)" 501 **0/501453**
216.73.216.162 - - [28/Mar/2026:07:36:05 -0700] "GET /item/4133536724?path=%2Fhome%2Ffalconiapl2015%2F.cagefs HTTP/2.0" 403 3449 "-" "Mozilla/5.0 AppleWebKit/537.36 (KHTML, like Gecko; compatible; ClaudeBot/1.0; +claudebot@anthropic.com)" 493 **0/493538**
74.7.227.0 - - [28/Mar/2026:07:36:06 -0700] "GET /?fileloc=//usr/lib64/libbrotlicommon.so.1&path=//usr/lib64 HTTP/2.0" 200 58089 "https://falcon-ia.com/?path=//usr/lib64" "Mozilla/5.0 AppleWebKit/537.36 (KHTML, like Gecko; compatible; GPTBot/1.3; +https://openai.com/gptbot)" 519 **0/519648**
216.73.216.162 - - [28/Mar/2026:07:36:08 -0700] "GET /item/1805203664?fileloc=%2Fhome%2Ffalconiapl2015%2Fpublic_html%2Fwp-includes%2Fscript-loader.php&path=%2Fhome%2Ffalconiapl2015%2Fpublic_html%2Fwp-includes HTTP/2.0" 403 3449 "-" "Mozilla/5.0 AppleWebKit/537.36 (KHTML, like Gecko; compatible; ClaudeBot/1.0; +claudebot@anthropic.com)" 500 **0/500960**
74.7.227.0 - - [28/Mar/2026:07:36:10 -0700] "GET /?path=//opt/alt/php56/etc/php.d.i360 HTTP/2.0" 200 2601 "https://falcon-ia.com/?path=//opt/alt/php56/etc" "Mozilla/5.0 AppleWebKit/537.36 (KHTML, like Gecko; compatible; GPTBot/1.3; +https://openai.com/gptbot)" 493 **0/493944**
216.73.216.162 - - [28/Mar/2026:07:36:11 -0700] "GET /item/3099356623?fileloc=%2Fhome%2Ffalconiapl2015%2Fpublic_html%2Fwp-includes%2Fclass-wp-theme-json-data.php&path=%2Fhome%2Ffalconiapl2015%2Fpublic_html%2Fwp-includes HTTP/2.0" 403 3449 "-" "Mozilla/5.0 AppleWebKit/537.36 (KHTML, like Gecko; compatible; ClaudeBot/1.0; +claudebot@anthropic.com)" 514 **0/514539**
74.7.227.0 - - [28/Mar/2026:07:36:13 -0700] "GET /?path=//usr/lib64/perl5/vendor_perl/auto/Math/BigInt HTTP/2.0" 200 2607 "https://falcon-ia.com/?path=//usr/lib64/perl5/vendor_perl/auto/Math" "Mozilla/5.0 AppleWebKit/537.36 (KHTML, like Gecko; compatible; GPTBot/1.3; +https://openai.com/gptbot)" 498 **0/498753**
216.73.216.162 - - [28/Mar/2026:07:36:14 -0700] "GET /item/2139750069?fileloc=%2Fhome%2Ffalconiapl2015%2Fpublic_html%2Fwp-admin%2Fincludes%2Ffile.php&path=%2Fhome%2Ffalconiapl2015%2Fpublic_html%2Fwp-admin%2Fincludes HTTP/2.0" 403 3449 "-" "Mozilla/5.0 AppleWebKit/537.36 (KHTML, like Gecko; compatible; ClaudeBot/1.0; +claudebot@anthropic.com)" 494 **0/494711**
74.7.227.0 - - [28/Mar/2026:07:36:16 -0700] "GET /?path=//opt/alt/aom/lib64 HTTP/2.0" 200 2617 "https://falcon-ia.com/?path=//opt/alt/aom" "Mozilla/5.0 AppleWebKit/537.36 (KHTML, like Gecko; compatible; GPTBot/1.3; +https://openai.com/gptbot)" 490 **0/490872**
216.73.216.162 - - [28/Mar/2026:07:36:17 -0700] "GET /item/3215007198?fileloc=%2Fhome%2Ffalconiapl2015%2Fpublic_html%2Fwp-includes%2Fclass-wp-theme-json-data.php&path=%2Fhome%2Ffalconiapl2015%2Fpublic_html%2Fwp-includes HTTP/2.0" 403 3449 "-" "Mozilla/5.0 AppleWebKit/537.36 (KHTML, like Gecko; compatible; ClaudeBot/1.0; +claudebot@anthropic.com)" 506 **0/506380**
74.7.227.0 - - [28/Mar/2026:07:36:19 -0700] "GET /?path=//opt/python38/lib/python3.8/site-packages/pip/_vendor/pygments/formatters HTTP/2.0" 200 3121 "https://falcon-ia.com/?path=//opt/python38/lib/python3.8/site-packages/pip/_vendor/pygments" "Mozilla/5.0 AppleWebKit/537.36 (KHTML, like Gecko; compatible; GPTBot/1.3; +https://openai.com/gptbot)" 498 **0/498261**
216.73.216.162 - - [28/Mar/2026:07:36:20 -0700] "GET /item/4133536724?fileloc=%2Fhome%2Ffalconiapl2015%2Fpublic_html%2Fwp-includes%2Fclass-wp-block-parser-block.php&path=%2Fhome%2Ffalconiapl2015%2Fpublic_html%2Fwp-includes HTTP/2.0" 403 3449 "-" "Mozilla/5.0 AppleWebKit/537.36 (KHTML, like Gecko; compatible; ClaudeBot/1.0; +claudebot@anthropic.com)" 506 **0/506815**
74.7.227.0 - - [28/Mar/2026:07:36:22 -0700] "GET /?path=//usr/lib/tuned/throughput-performance HTTP/2.0" 200 2590 "https://falcon-ia.com/?path=//usr/lib/tuned" "Mozilla/5.0 AppleWebKit/537.36 (KHTML, like Gecko; compatible; GPTBot/1.3; +https://openai.com/gptbot)" 493 **0/493236**
216.73.216.162 - - [28/Mar/2026:07:36:23 -0700] "GET /item/1472211874?path=%2Fhome%2Ffalconiapl2015%2Fpublic_html%2F.easyssl_backup%2Fwp-content HTTP/2.0" 403 3449 "-" "Mozilla/5.0 AppleWebKit/537.36 (KHTML, like Gecko; compatible; ClaudeBot/1.0; +claudebot@anthropic.com)" 503 **0/503442**
74.7.227.0 - - [28/Mar/2026:07:36:25 -0700] "GET /?path=//opt/python38/lib/python3.8/site-packages/pip/_internal/resolution/__pycache__ HTTP/2.0" 200 2700 "https://falcon-ia.com/?path=//opt/python38/lib/python3.8/site-packages/pip/_internal/resolution" "Mozilla/5.0 AppleWebKit/537.36 (KHTML, like Gecko; compatible; GPTBot/1.3; +https://openai.com/gptbot)" 525 **0/525958**
216.73.216.162 - - [28/Mar/2026:07:36:26 -0700] "GET /item/3541337044?fileloc=%2Fhome%2Ffalconiapl2015%2Fpublic_html%2Fwp-includes%2Fclass-wp-theme-json-data.php&path=%2Fhome%2Ffalconiapl2015%2Fpublic_html%2Fwp-includes HTTP/2.0" 200 2888 "-" "Mozilla/5.0 AppleWebKit/537.36 (KHTML, like Gecko; compatible; ClaudeBot/1.0; +claudebot@anthropic.com)" 501 **0/501175**
74.7.227.0 - - [28/Mar/2026:07:36:29 -0700] "GET /?path=//opt/python38/lib/python3.8/site-packages/pip/_vendor/cachecontrol/caches/__pycache__ HTTP/2.0" 200 2744 "https://falcon-ia.com/?path=//opt/python38/lib/python3.8/site-packages/pip/_vendor/cachecontrol/caches" "Mozilla/5.0 AppleWebKit/537.36 (KHTML, like Gecko; compatible; GPTBot/1.3; +https://openai.com/gptbot)" 549 **0/549636**
216.73.216.162 - - [28/Mar/2026:07:36:29 -0700] "GET /item/815876379?path=%2Fhome%2Ffalconiapl2015%2Fpublic_html%2Fwp-content HTTP/2.0" 200 2867 "-" "Mozilla/5.0 AppleWebKit/537.36 (KHTML, like Gecko; compatible; ClaudeBot/1.0; +claudebot@anthropic.com)" 528 **0/528833**
74.7.227.0 - - [28/Mar/2026:07:36:32 -0700] "GET /?path=//usr/lib64/man-db HTTP/2.0" 200 2649 "https://falcon-ia.com/?path=//usr/lib64" "Mozilla/5.0 AppleWebKit/537.36 (KHTML, like Gecko; compatible; GPTBot/1.3; +https://openai.com/gptbot)" 490 **0/490147**
216.73.216.162 - - [28/Mar/2026:07:36:32 -0700] "GET /item/473567853?path=%2Fhome%2Ffalconiapl2015%2Fpublic_html%2F.easyssl_backup HTTP/2.0" 200 2841 "-" "Mozilla/5.0 AppleWebKit/537.36 (KHTML, like Gecko; compatible; ClaudeBot/1.0; +claudebot@anthropic.com)" 494 **0/494731**
74.7.227.0 - - [28/Mar/2026:07:36:35 -0700] "GET /?path=//usr/lib64/python2.7/lib-dynload HTTP/2.0" 200 4709 "https://falcon-ia.com/?path=//usr/lib64/python2.7" "Mozilla/5.0 AppleWebKit/537.36 (KHTML, like Gecko; compatible; GPTBot/1.3; +https://openai.com/gptbot)" 499 **0/499364**
216.73.216.162 - - [28/Mar/2026:07:36:35 -0700] "GET /item/2026427607?path=%2Fhome%2Ffalconiapl2015%2Fpublic_html%2Fwp-content HTTP/2.0" 200 2867 "-" "Mozilla/5.0 AppleWebKit/537.36 (KHTML, like Gecko; compatible; ClaudeBot/1.0; +claudebot@anthropic.com)" 499 **0/499710**
114.119.156.190 - - [28/Mar/2026:07:36:36 -0700] "GET /commodity/smashing/consolidate171793132062?path=/home/falconiapl2015/public_html/wp-includes HTTP/1.1" 200 13554 "https://falcon-ia.com/commodity/smashing/consolidate171793132062" "Mozilla/5.0 (Linux; Android 7.0;) AppleWebKit/537.36 (KHTML, like Gecko) Mobile Safari/537.36 (compatible; PetalBot;+https://webmaster.petalsearch.com/site/petalbot)" 495 **0/495556**
74.7.227.0 - - [28/Mar/2026:07:36:38 -0700] "GET /?fileloc=//lib64/libpolkit-gobject-1.so.0.0.0&path=//lib64 HTTP/2.0" 200 38944 "https://falcon-ia.com/?path=//lib64" "Mozilla/5.0 AppleWebKit/537.36 (KHTML, like Gecko; compatible; GPTBot/1.3; +https://openai.com/gptbot)" 523 **0/523977**
216.73.216.162 - - [28/Mar/2026:07:36:38 -0700] "GET /item/4153129618?fileloc=%2Fhome%2Ffalconiapl2015%2Fpublic_html%2Fwp-includes%2Fclass-wp-http-proxy.php&path=%2Fhome%2Ffalconiapl2015%2Fpublic_html%2Fwp-includes HTTP/2.0" 200 4109 "-" "Mozilla/5.0 AppleWebKit/537.36 (KHTML, like Gecko; compatible; ClaudeBot/1.0; +claudebot@anthropic.com)" 502 **0/502857**
216.73.216.162 - - [28/Mar/2026:07:36:41 -0700] "GET /item/2829936279?fileloc=%2Fhome%2Ffalconiapl2015%2Fpublic_html%2Fwp-includes%2Fwp-diff.php&path=%2Fhome%2Ffalconiapl2015%2Fpublic_html%2Fwp-includes HTTP/2.0" 200 2578 "-" "Mozilla/5.0 AppleWebKit/537.36 (KHTML, like Gecko; compatible; ClaudeBot/1.0; +claudebot@anthropic.com)" 505 **0/505907**
74.7.227.0 - - [28/Mar/2026:07:36:41 -0700] "GET /?path=//usr/lib64/pm-utils/power.d HTTP/2.0" 200 2333 "https://falcon-ia.com/?path=//usr/lib64/pm-utils" "Mozilla/5.0 AppleWebKit/537.36 (KHTML, like Gecko; compatible; GPTBot/1.3; +https://openai.com/gptbot)" 489 **0/489888**
216.73.216.162 - - [28/Mar/2026:07:36:44 -0700] "GET /item/2026427607?path=%2Fhome%2Ffalconiapl2015%2F.cl.selector HTTP/2.0" 200 2680 "-" "Mozilla/5.0 AppleWebKit/537.36 (KHTML, like Gecko; compatible; ClaudeBot/1.0; +claudebot@anthropic.com)" 501 **0/501731**
74.7.227.0 - - [28/Mar/2026:07:36:45 -0700] "GET /?path=//opt/alt/python37/lib64/python3.7/idlelib/idle_test/__pycache__ HTTP/2.0" 200 6155 "https://falcon-ia.com/?path=//opt/alt/python37/lib64/python3.7/idlelib/idle_test" "Mozilla/5.0 AppleWebKit/537.36 (KHTML, like Gecko; compatible; GPTBot/1.3; +https://openai.com/gptbot)" 549 **0/549993**
216.73.216.162 - - [28/Mar/2026:07:36:47 -0700] "GET /item/469218005?fileloc=%2Fhome%2Ffalconiapl2015%2Fpublic_html%2Fwp-admin%2Ftheme-editor.php&path=%2Fhome%2Ffalconiapl2015%2Fpublic_html%2Fwp-admin HTTP/2.0" 200 7866 "-" "Mozilla/5.0 AppleWebKit/537.36 (KHTML, like Gecko; compatible; ClaudeBot/1.0; +claudebot@anthropic.com)" 523 **0/523558**
74.7.227.0 - - [28/Mar/2026:07:36:48 -0700] "GET /?path=//opt/alt/python33/lib64/python3.3/site-packages/__pycache__ HTTP/2.0" 200 2370 "https://falcon-ia.com/?path=//opt/alt/python33/lib64/python3.3/site-packages" "Mozilla/5.0 AppleWebKit/537.36 (KHTML, like Gecko; compatible; GPTBot/1.3; +https://openai.com/gptbot)" 500 **0/500135**
52.167.144.173 - - [28/Mar/2026:07:36:49 -0700] "GET /commodity/installed/canadians17191789684 HTTP/2.0" 200 28271 "-" "Mozilla/5.0 AppleWebKit/537.36 (KHTML, like Gecko; compatible; bingbot/2.0; +http://www.bing.com/bingbot.htm) Chrome/116.0.1938.76 Safari/537.36" 1613 **1/1613560**
216.73.216.162 - - [28/Mar/2026:07:36:50 -0700] "GET /item/158777817?fileloc=%2Fhome%2Ffalconiapl2015%2Fpublic_html%2Fwp-includes%2Fclass-wp-oembed-controller.php&path=%2Fhome%2Ffalconiapl2015%2Fpublic_html%2Fwp-includes HTTP/2.0" 200 4332 "-" "Mozilla/5.0 AppleWebKit/537.36 (KHTML, like Gecko; compatible; ClaudeBot/1.0; +claudebot@anthropic.com)" 495 **0/495355**
74.7.227.0 - - [28/Mar/2026:07:36:51 -0700] "GET /?path=//opt/alt/python35/lib64/python3.5/idlelib/idle_test/__pycache__ HTTP/2.0" 200 4581 "https://falcon-ia.com/?path=//opt/alt/python35/lib64/python3.5/idlelib/idle_test" "Mozilla/5.0 AppleWebKit/537.36 (KHTML, like Gecko; compatible; GPTBot/1.3; +https://openai.com/gptbot)" 515 **0/515329**
216.73.216.162 - - [28/Mar/2026:07:36:53 -0700] "GET /item/493324254?path=%2Fhome%2Ffalconiapl2015%2Fpublic_html%2F.easyssl_backup HTTP/2.0" 200 2841 "-" "Mozilla/5.0 AppleWebKit/537.36 (KHTML, like Gecko; compatible; ClaudeBot/1.0; +claudebot@anthropic.com)" 511 **0/511583**
74.7.227.0 - - [28/Mar/2026:07:36:54 -0700] "GET /?fileloc=//usr/lib64/libedit.so.0&path=//usr/lib64 HTTP/2.0" 200 79421 "https://falcon-ia.com/?path=//usr/lib64" "Mozilla/5.0 AppleWebKit/537.36 (KHTML, like Gecko; compatible; GPTBot/1.3; +https://openai.com/gptbot)" 523 **0/523530**
216.73.216.162 - - [28/Mar/2026:07:36:56 -0700] "GET /item/2258178709?fileloc=%2Fhome%2Ffalconiapl2015%2Fpublic_html%2Fwp-includes%2Fclass-wp-theme-json-data.php&path=%2Fhome%2Ffalconiapl2015%2Fpublic_html%2Fwp-includes HTTP/2.0" 200 2888 "-" "Mozilla/5.0 AppleWebKit/537.36 (KHTML, like Gecko; compatible; ClaudeBot/1.0; +claudebot@anthropic.com)" 498 **0/498608**
74.7.227.0 - - [28/Mar/2026:07:36:58 -0700] "GET /?fileloc=//usr/lib/tuned/throughput-performance/tuned.conf&path=//usr/lib/tuned/throughput-performance HTTP/2.0" 200 3735 "https://falcon-ia.com/?path=//usr/lib/tuned/throughput-performance" "Mozilla/5.0 AppleWebKit/537.36 (KHTML, like Gecko; compatible; GPTBot/1.3; +https://openai.com/gptbot)" 511 **0/511255**
74.7.227.0 - - [28/Mar/2026:07:37:01 -0700] "GET /?fileloc=//usr/lib64/libmcpp.so.0&path=//usr/lib64 HTTP/2.0" 200 64932 "https://falcon-ia.com/?path=//usr/lib64" "Mozilla/5.0 AppleWebKit/537.36 (KHTML, like Gecko; compatible; GPTBot/1.3; +https://openai.com/gptbot)" 570 **0/570434**
216.73.216.162 - - [28/Mar/2026:07:37:02 -0700] "GET /item/3866008894?fileloc=%2Fhome%2Ffalconiapl2015%2Fpublic_html%2Fwp-includes%2Fclass-wpdb-request.php&path=%2Fhome%2Ffalconiapl2015%2Fpublic_html%2Fwp-includes HTTP/2.0" 200 2286 "-" "Mozilla/5.0 AppleWebKit/537.36 (KHTML, like Gecko; compatible; ClaudeBot/1.0; +claudebot@anthropic.com)" 530 **0/530247**
74.7.227.0 - - [28/Mar/2026:07:37:04 -0700] "GET /?fileloc=//usr/lib64/libcord.so.1&path=//usr/lib64 HTTP/2.0" 200 15467 "https://falcon-ia.com/?path=//usr/lib64" "Mozilla/5.0 AppleWebKit/537.36 (KHTML, like Gecko; compatible; GPTBot/1.3; +https://openai.com/gptbot)" 524 **0/524577**
216.73.216.162 - - [28/Mar/2026:07:37:04 -0700] "GET /item/2675353703?path=%2Fhome%2Ffalconiapl2015%2Ftmp%2Fwebalizerftp HTTP/2.0" 200 3278 "-" "Mozilla/5.0 AppleWebKit/537.36 (KHTML, like Gecko; compatible; ClaudeBot/1.0; +claudebot@anthropic.com)" 491 **0/491828**
116.132.236.134 - - [28/Mar/2026:07:37:05 -0700] "GET / HTTP/1.1" 200 3449 "-" "Mozilla/5.0 (iPhone; CPU iPhone OS 10_3 like Mac OS X) AppleWebKit/602.1.50 (KHTML, like Gecko) CriOS/56.0.2924.75 Mobile/14E5239e YisouSpider/5.0 Safari/602.1" 495 **0/495136**
74.7.227.0 - - [28/Mar/2026:07:37:07 -0700] "GET /?fileloc=//usr/lib64/libpamc.so.0&path=//usr/lib64 HTTP/2.0" 200 8126 "https://falcon-ia.com/?path=//usr/lib64" "Mozilla/5.0 AppleWebKit/537.36 (KHTML, like Gecko; compatible; GPTBot/1.3; +https://openai.com/gptbot)" 494 **0/494545**
216.73.216.162 - - [28/Mar/2026:07:37:07 -0700] "GET /item/3989231997?fileloc=%2Fhome%2Ffalconiapl2015%2Fpublic_html%2Fwp-includes%2Fclass-wp-term-plain.php&path=%2Fhome%2Ffalconiapl2015%2Fpublic_html%2Fwp-includes HTTP/2.0" 200 2280 "-" "Mozilla/5.0 AppleWebKit/537.36 (KHTML, like Gecko; compatible; ClaudeBot/1.0; +claudebot@anthropic.com)" 497 **0/497583**
74.7.227.0 - - [28/Mar/2026:07:37:10 -0700] "GET /?fileloc=//usr/lib64/libkrb5.so.3&path=//usr/lib64 HTTP/2.0" 200 294302 "https://falcon-ia.com/?path=//usr/lib64" "Mozilla/5.0 AppleWebKit/537.36 (KHTML, like Gecko; compatible; GPTBot/1.3; +https://openai.com/gptbot)" 631 **0/631996**
216.73.216.162 - - [28/Mar/2026:07:37:10 -0700] "GET /item/173708689?fileloc=%2Fhome%2Ffalconiapl2015%2Fpublic_html%2Fwp-includes%2Fclass-wp-embed.php&path=%2Fhome%2Ffalconiapl2015%2Fpublic_html%2Fwp-includes HTTP/2.0" 200 6922 "-" "Mozilla/5.0 AppleWebKit/537.36 (KHTML, like Gecko; compatible; ClaudeBot/1.0; +claudebot@anthropic.com)" 513 **0/513856**
216.73.216.162 - - [28/Mar/2026:07:37:13 -0700] "GET /item/2071247287?fileloc=%2Fhome%2Ffalconiapl2015%2Fpublic_html%2Fwp-includes%2Fclass-wp-feed-cache.php&path=%2Fhome%2Ffalconiapl2015%2Fpublic_html%2Fwp-includes HTTP/2.0" 200 2742 "-" "Mozilla/5.0 AppleWebKit/537.36 (KHTML, like Gecko; compatible; ClaudeBot/1.0; +claudebot@anthropic.com)" 492 **0/492382**
74.7.227.0 - - [28/Mar/2026:07:37:13 -0700] "GET /?fileloc=//usr/lib64/liblzma.so.5&path=//usr/lib64 HTTP/2.0" 200 71935 "https://falcon-ia.com/?path=//usr/lib64" "Mozilla/5.0 AppleWebKit/537.36 (KHTML, like Gecko; compatible; GPTBot/1.3; +https://openai.com/gptbot)" 556 **0/556608**
216.73.216.162 - - [28/Mar/2026:07:37:16 -0700] "GET /item/88842685?path=%2Fhome%2Ffalconiapl2015%2Fpublic_html%2F.tmb HTTP/2.0" 200 2681 "-" "Mozilla/5.0 AppleWebKit/537.36 (KHTML, like Gecko; compatible; ClaudeBot/1.0; +claudebot@anthropic.com)" 542 **0/542482**
74.7.227.0 - - [28/Mar/2026:07:37:17 -0700] "GET /?fileloc=//usr/lib64/libidn.so.11&path=//usr/lib64 HTTP/2.0" 200 47659 "https://falcon-ia.com/?path=//usr/lib64" "Mozilla/5.0 AppleWebKit/537.36 (KHTML, like Gecko; compatible; GPTBot/1.3; +https://openai.com/gptbot)" 510 **0/510608**
216.73.216.162 - - [28/Mar/2026:07:37:19 -0700] "GET /item/158777817?fileloc=%2Fhome%2Ffalconiapl2015%2Fpublic_html%2Fwp-includes%2Fcache.php&path=%2Fhome%2Ffalconiapl2015%2Fpublic_html%2Fwp-includes HTTP/2.0" 200 4699 "-" "Mozilla/5.0 AppleWebKit/537.36 (KHTML, like Gecko; compatible; ClaudeBot/1.0; +claudebot@anthropic.com)" 501 **0/501776**
74.7.227.0 - - [28/Mar/2026:07:37:20 -0700] "GET /?fileloc=//usr/lib64/libmenu.so.6&path=//usr/lib64 HTTP/2.0" 200 15884 "https://falcon-ia.com/?path=//usr/lib64" "Mozilla/5.0 AppleWebKit/537.36 (KHTML, like Gecko; compatible; GPTBot/1.3; +https://openai.com/gptbot)" 496 **0/496801**
216.73.216.162 - - [28/Mar/2026:07:37:22 -0700] "GET /item/3215007198?fileloc=%2Fhome%2Ffalconiapl2015%2Fpublic_html%2Fwp-includes%2Fclass-wp-embed.php&path=%2Fhome%2Ffalconiapl2015%2Fpublic_html%2Fwp-includes HTTP/2.0" 200 6922 "-" "Mozilla/5.0 AppleWebKit/537.36 (KHTML, like Gecko; compatible; ClaudeBot/1.0; +claudebot@anthropic.com)" 508 **0/508046**
74.7.227.0 - - [28/Mar/2026:07:37:23 -0700] "GET /?fileloc=//usr/lib64/libnpth.so.0&path=//usr/lib64 HTTP/2.0" 200 8249 "https://falcon-ia.com/?path=//usr/lib64" "Mozilla/5.0 AppleWebKit/537.36 (KHTML, like Gecko; compatible; GPTBot/1.3; +https://openai.com/gptbot)" 503 **0/503333**
216.73.216.162 - - [28/Mar/2026:07:37:25 -0700] "GET /item/2026427607?path=%2Fhome%2Ffalconiapl2015%2F.cpanel HTTP/2.0" 200 3233 "-" "Mozilla/5.0 AppleWebKit/537.36 (KHTML, like Gecko; compatible; ClaudeBot/1.0; +claudebot@anthropic.com)" 506 **0/506293**
74.7.227.0 - - [28/Mar/2026:07:37:26 -0700] "GET /?fileloc=//opt/alt/python35/lib64/python3.5/idlelib/idle_test/__pycache__/test_io.cpython-35.opt-2.pyc&path=//opt/alt/python35/lib64/python3.5/idlelib/idle_test/__pycache__ HTTP/2.0" 200 4826 "https://falcon-ia.com/?path=//opt/alt/python35/lib64/python3.5/idlelib/idle_test/__pycache__" "Mozilla/5.0 AppleWebKit/537.36 (KHTML, like Gecko; compatible; GPTBot/1.3; +https://openai.com/gptbot)" 510 **0/510986**
216.73.216.162 - - [28/Mar/2026:07:37:28 -0700] "GET /item/534344114?fileloc=%2Fhome%2Ffalconiapl2015%2Fpublic_html%2Fwp-includes%2Fclass-wp-theme-json-schema.php&path=%2Fhome%2Ffalconiapl2015%2Fpublic_html%2Fwp-includes HTTP/2.0" 200 4522 "-" "Mozilla/5.0 AppleWebKit/537.36 (KHTML, like Gecko; compatible; ClaudeBot/1.0; +claudebot@anthropic.com)" 493 **0/493913**
74.7.227.0 - - [28/Mar/2026:07:37:29 -0700] "GET /?fileloc=//usr/lib64/libksba.so.8&path=//usr/lib64 HTTP/2.0" 200 90032 "https://falcon-ia.com/?path=//usr/lib64" "Mozilla/5.0 AppleWebKit/537.36 (KHTML, like Gecko; compatible; GPTBot/1.3; +https://openai.com/gptbot)" 527 **0/527258**
216.73.216.162 - - [28/Mar/2026:07:37:31 -0700] "GET /item/3743802501?fileloc=%2Fhome%2Ffalconiapl2015%2Fpublic_html%2Fwp-includes%2Fclass-json.php&path=%2Fhome%2Ffalconiapl2015%2Fpublic_html%2Fwp-includes HTTP/2.0" 200 10592 "-" "Mozilla/5.0 AppleWebKit/537.36 (KHTML, like Gecko; compatible; ClaudeBot/1.0; +claudebot@anthropic.com)" 559 **0/559485**
74.7.227.0 - - [28/Mar/2026:07:37:32 -0700] "GET /?fileloc=//usr/lib64/libodbc.so.2&path=//usr/lib64 HTTP/2.0" 200 155679 "https://falcon-ia.com/?path=//usr/lib64" "Mozilla/5.0 AppleWebKit/537.36 (KHTML, like Gecko; compatible; GPTBot/1.3; +https://openai.com/gptbot)" 580 **0/580600**
114.119.145.102 - - [28/Mar/2026:07:37:32 -0700] "GET /commodity/smashing/consolidate171793132062?fileloc=/home/falconiapl2015/public_html/robots.txt&path=/home/falconiapl2015/public_html HTTP/1.1" 200 2531 "https://falcon-ia.com/commodity/smashing/consolidate171793132062" "Mozilla/5.0 (Linux; Android 7.0;) AppleWebKit/537.36 (KHTML, like Gecko) Mobile Safari/537.36 (compatible; PetalBot;+https://webmaster.petalsearch.com/site/petalbot)" 491 **0/491326**
17.241.219.236 - - [28/Mar/2026:07:37:33 -0700] "GET /millionz-casino-100-free-spins/ HTTP/1.1" 200 3956 "-" "Mozilla/5.0 (Macintosh; Intel Mac OS X 10_15_7) AppleWebKit/605.1.15 (KHTML, like Gecko) Version/17.4 Safari/605.1.15 (Applebot/0.1; +http://www.apple.com/go/applebot)" 499 **0/499754**
216.73.216.162 - - [28/Mar/2026:07:37:34 -0700] "GET /item/3720483053?fileloc=%2Fhome%2Ffalconiapl2015%2Fpublic_html%2Fwp-includes%2Fclass-wp-token-map.php&path=%2Fhome%2Ffalconiapl2015%2Fpublic_html%2Fwp-includes HTTP/2.0" 200 10166 "-" "Mozilla/5.0 AppleWebKit/537.36 (KHTML, like Gecko; compatible; ClaudeBot/1.0; +claudebot@anthropic.com)" 514 **0/514578**
74.7.227.0 - - [28/Mar/2026:07:37:35 -0700] "GET /?fileloc=//usr/lib64/libgdbm.so.6&path=//usr/lib64 HTTP/2.0" 200 27025 "https://falcon-ia.com/?path=//usr/lib64" "Mozilla/5.0 AppleWebKit/537.36 (KHTML, like Gecko; compatible; GPTBot/1.3; +https://openai.com/gptbot)" 498 **0/498531**
216.73.216.162 - - [28/Mar/2026:07:37:37 -0700] "GET /item/3978260600?fileloc=%2Fhome%2Ffalconiapl2015%2Fpublic_html%2Fwp-includes%2Fclass-wp-http-requests-response.php&path=%2Fhome%2Ffalconiapl2015%2Fpublic_html%2Fwp-includes HTTP/2.0" 200 3456 "-" "Mozilla/5.0 AppleWebKit/537.36 (KHTML, like Gecko; compatible; ClaudeBot/1.0; +claudebot@anthropic.com)" 501 **0/501247**
74.7.227.0 - - [28/Mar/2026:07:37:39 -0700] "GET /?fileloc=//usr/lib64/libonig.so.5&path=//usr/lib64 HTTP/2.0" 200 132564 "https://falcon-ia.com/?path=//usr/lib64" "Mozilla/5.0 AppleWebKit/537.36 (KHTML, like Gecko; compatible; GPTBot/1.3; +https://openai.com/gptbot)" 572 **0/572818**
216.73.216.162 - - [28/Mar/2026:07:37:40 -0700] "GET /item/3541337044?fileloc=%2Fhome%2Ffalconiapl2015%2Fpublic_html%2Fwp-includes%2Fclass-wp-embed.php&path=%2Fhome%2Ffalconiapl2015%2Fpublic_html%2Fwp-includes HTTP/2.0" 200 6922 "-" "Mozilla/5.0 AppleWebKit/537.36 (KHTML, like Gecko; compatible; ClaudeBot/1.0; +claudebot@anthropic.com)" 504 **0/504711**
74.7.227.0 - - [28/Mar/2026:07:37:42 -0700] "GET /?fileloc=//usr/lib64/libpmem.so.1&path=//usr/lib64 HTTP/2.0" 200 47383 "https://falcon-ia.com/?path=//usr/lib64" "Mozilla/5.0 AppleWebKit/537.36 (KHTML, like Gecko; compatible; GPTBot/1.3; +https://openai.com/gptbot)" 518 **0/518237**
216.73.216.162 - - [28/Mar/2026:07:37:43 -0700] "GET /item/1336640688?path=%2Fhome%2Ffalconiapl2015%2F.cpanel HTTP/2.0" 200 3233 "-" "Mozilla/5.0 AppleWebKit/537.36 (KHTML, like Gecko; compatible; ClaudeBot/1.0; +claudebot@anthropic.com)" 490 **0/490284**
74.7.227.0 - - [28/Mar/2026:07:37:45 -0700] "GET /?fileloc=//lib/systemd/systemd-vconsole-setup&path=//lib/systemd HTTP/2.0" 200 9829 "https://falcon-ia.com/?path=//lib/systemd" "Mozilla/5.0 AppleWebKit/537.36 (KHTML, like Gecko; compatible; GPTBot/1.3; +https://openai.com/gptbot)" 521 **0/521622**
216.73.216.162 - - [28/Mar/2026:07:37:46 -0700] "GET /item/555241071?fileloc=%2Fhome%2Ffalconiapl2015%2Fpublic_html%2Fwp-includes%2Fclass-wp-http-streams.php&path=%2Fhome%2Ffalconiapl2015%2Fpublic_html%2Fwp-includes HTTP/2.0" 200 6913 "-" "Mozilla/5.0 AppleWebKit/537.36 (KHTML, like Gecko; compatible; ClaudeBot/1.0; +claudebot@anthropic.com)" 496 **0/496138**
74.7.227.0 - - [28/Mar/2026:07:37:48 -0700] "GET /?fileloc=//lib/systemd/systemd-reply-password&path=//lib/systemd HTTP/2.0" 200 6418 "https://falcon-ia.com/?path=//lib/systemd" "Mozilla/5.0 AppleWebKit/537.36 (KHTML, like Gecko; compatible; GPTBot/1.3; +https://openai.com/gptbot)" 524 **0/524455**
216.73.216.162 - - [28/Mar/2026:07:37:49 -0700] "GET /item/3229684757?path=%2Fhome%2Ffalconiapl2015%2Fpublic_html%2Fwp-includes%2Fsodium_compat%2Fnamespaced HTTP/2.0" 200 2775 "-" "Mozilla/5.0 AppleWebKit/537.36 (KHTML, like Gecko; compatible; ClaudeBot/1.0; +claudebot@anthropic.com)" 489 **0/489238**
74.7.227.0 - - [28/Mar/2026:07:37:52 -0700] "GET /?fileloc=//lib/systemd/systemd-volatile-root&path=//lib/systemd HTTP/2.0" 200 6880 "https://falcon-ia.com/?path=//lib/systemd" "Mozilla/5.0 AppleWebKit/537.36 (KHTML, like Gecko; compatible; GPTBot/1.3; +https://openai.com/gptbot)" 510 **0/510811**
216.73.216.162 - - [28/Mar/2026:07:37:52 -0700] "GET /item/3870761189?fileloc=%2Fhome%2Ffalconiapl2015%2Fpublic_html%2Fwp-includes%2Fspeculative-loading.php&path=%2Fhome%2Ffalconiapl2015%2Fpublic_html%2Fwp-includes HTTP/2.0" 200 4977 "-" "Mozilla/5.0 AppleWebKit/537.36 (KHTML, like Gecko; compatible; ClaudeBot/1.0; +claudebot@anthropic.com)" 497 **0/497943**
74.7.227.0 - - [28/Mar/2026:07:37:55 -0700] "GET /?fileloc=//usr/lib64/libpcre2-posix.so.2.0.1&path=//usr/lib64 HTTP/2.0" 200 6157 "https://falcon-ia.com/?path=//usr/lib64" "Mozilla/5.0 AppleWebKit/537.36 (KHTML, like Gecko; compatible; GPTBot/1.3; +https://openai.com/gptbot)" 495 **0/495746**
216.73.216.162 - - [28/Mar/2026:07:37:55 -0700] "GET /item/1904761945?fileloc=%2Fhome%2Ffalconiapl2015%2Fpublic_html%2Fwp-includes%2Fclass-wpdb-request.php&path=%2Fhome%2Ffalconiapl2015%2Fpublic_html%2Fwp-includes HTTP/2.0" 200 2286 "-" "Mozilla/5.0 AppleWebKit/537.36 (KHTML, like Gecko; compatible; ClaudeBot/1.0; +claudebot@anthropic.com)" 481 **0/481808**
74.7.227.0 - - [28/Mar/2026:07:37:58 -0700] "GET /?fileloc=//usr/lib64/libnl-route-3.so.200&path=//usr/lib64 HTTP/2.0" 200 186784 "https://falcon-ia.com/?path=//usr/lib64" "Mozilla/5.0 AppleWebKit/537.36 (KHTML, like Gecko; compatible; GPTBot/1.3; +https://openai.com/gptbot)" 629 **0/629734**
216.73.216.162 - - [28/Mar/2026:07:37:58 -0700] "GET /item/279599573?fileloc=%2Fhome%2Ffalconiapl2015%2Fpublic_html%2Fwp-includes%2Fclass-wp-network.php&path=%2Fhome%2Ffalconiapl2015%2Fpublic_html%2Fwp-includes HTTP/2.0" 200 5956 "-" "Mozilla/5.0 AppleWebKit/537.36 (KHTML, like Gecko; compatible; ClaudeBot/1.0; +claudebot@anthropic.com)" 495 **0/495109**
54.37.252.192 - - [28/Mar/2026:07:38:01 -0700] "GET /robots.txt HTTP/1.1" 200 78 "-" "Mozilla/5.0 (compatible; MJ12bot/v1.4.8; http://mj12bot.com/)" 8 **0/8164**
74.7.227.0 - - [28/Mar/2026:07:38:01 -0700] "GET /?fileloc=//usr/lib64/libnl-idiag-3.so.200&path=//usr/lib64 HTTP/2.0" 200 13962 "https://falcon-ia.com/?path=//usr/lib64" "Mozilla/5.0 AppleWebKit/537.36 (KHTML, like Gecko; compatible; GPTBot/1.3; +https://openai.com/gptbot)" 591 **0/591506**
216.73.216.162 - - [28/Mar/2026:07:38:01 -0700] "GET /item/1136871537?fileloc=%2Fhome%2Ffalconiapl2015%2Fpublic_html%2Fwp-admin%2Fcss%2Flogin.css&path=%2Fhome%2Ffalconiapl2015%2Fpublic_html%2Fwp-admin%2Fcss HTTP/2.0" 403 3449 "-" "Mozilla/5.0 AppleWebKit/537.36 (KHTML, like Gecko; compatible; ClaudeBot/1.0; +claudebot@anthropic.com)" 550 **0/550178**
74.7.227.0 - - [28/Mar/2026:07:38:04 -0700] "GET /?fileloc=//bin/diff3&path=//bin HTTP/2.0" 200 29553 "https://falcon-ia.com/?path=//bin" "Mozilla/5.0 AppleWebKit/537.36 (KHTML, like Gecko; compatible; GPTBot/1.3; +https://openai.com/gptbot)" 538 **0/538128**
216.73.216.162 - - [28/Mar/2026:07:38:04 -0700] "GET /item/3504905972?fileloc=%2Fhome%2Ffalconiapl2015%2Fpublic_html%2Fwp-includes%2Fcache.php&path=%2Fhome%2Ffalconiapl2015%2Fpublic_html%2Fwp-includes HTTP/2.0" 403 3449 "-" "Mozilla/5.0 AppleWebKit/537.36 (KHTML, like Gecko; compatible; ClaudeBot/1.0; +claudebot@anthropic.com)" 519 **0/519124**
54.37.252.192 - - [28/Mar/2026:07:38:05 -0700] "GET /%D1%81%D0%BEnqu%D0%B5st%D0%B0d%D0%BEr-casino-100-free-spins/?fileloc=/home/falconiapl2015/public_html/wp-links-opml.php&path=/home/falconiapl2015/public_html HTTP/1.1" 200 3349 "-" "Mozilla/5.0 (compatible; MJ12bot/v1.4.8; http://mj12bot.com/)" 526 **0/526939**
74.7.227.0 - - [28/Mar/2026:07:38:07 -0700] "GET /?fileloc=//bin/pl2pm&path=//bin HTTP/2.0" 200 4426 "https://falcon-ia.com/?path=//bin" "Mozilla/5.0 AppleWebKit/537.36 (KHTML, like Gecko; compatible; GPTBot/1.3; +https://openai.com/gptbot)" 533 **0/533545**
216.73.216.162 - - [28/Mar/2026:07:38:07 -0700] "GET /item/780912459?path=%2Fhome%2Ffalconiapl2015%2F.clwpos HTTP/2.0" 403 3449 "-" "Mozilla/5.0 AppleWebKit/537.36 (KHTML, like Gecko; compatible; ClaudeBot/1.0; +claudebot@anthropic.com)" 576 **0/576751**
54.37.252.192 - - [28/Mar/2026:07:38:09 -0700] "GET /?fileloc=//etc/bashrc&path=//etc HTTP/1.1" 200 3766 "-" "Mozilla/5.0 (compatible; MJ12bot/v1.4.8; http://mj12bot.com/)" 525 **0/525709**
216.73.216.162 - - [28/Mar/2026:07:38:10 -0700] "GET /item/1300209616?path=%2Fhome%2Ffalconiapl2015%2F.mysql_backup HTTP/2.0" 403 3449 "-" "Mozilla/5.0 AppleWebKit/537.36 (KHTML, like Gecko; compatible; ClaudeBot/1.0; +claudebot@anthropic.com)" 511 **0/511625**
74.7.227.0 - - [28/Mar/2026:07:38:10 -0700] "GET /?fileloc=//bin/bzip2&path=//bin HTTP/2.0" 200 15975 "https://falcon-ia.com/?path=//bin" "Mozilla/5.0 AppleWebKit/537.36 (KHTML, like Gecko; compatible; GPTBot/1.3; +https://openai.com/gptbot)" 557 **0/557381**
54.37.252.192 - - [28/Mar/2026:07:38:13 -0700] "GET /?fileloc=//etc/services&path=//etc HTTP/1.1" 200 133890 "-" "Mozilla/5.0 (compatible; MJ12bot/v1.4.8; http://mj12bot.com/)" 581 **0/581615**
216.73.216.162 - - [28/Mar/2026:07:38:13 -0700] "GET /item/400658495?path=%2Fhome%2Ffalconiapl2015%2Fpublic_html%2F.tmb HTTP/2.0" 403 3449 "-" "Mozilla/5.0 AppleWebKit/537.36 (KHTML, like Gecko; compatible; ClaudeBot/1.0; +claudebot@anthropic.com)" 500 **0/500392**
74.7.227.0 - - [28/Mar/2026:07:38:14 -0700] "GET /?fileloc=//bin/ps2ps&path=//bin HTTP/2.0" 200 2641 "https://falcon-ia.com/?path=//bin" "Mozilla/5.0 AppleWebKit/537.36 (KHTML, like Gecko; compatible; GPTBot/1.3; +https://openai.com/gptbot)" 495 **0/495963**
216.73.216.162 - - [28/Mar/2026:07:38:16 -0700] "GET /item/3847809934?fileloc=%2Fhome%2Ffalconiapl2015%2Fpublic_html%2Fwp-includes%2Fclass-wp-date-query.php&path=%2Fhome%2Ffalconiapl2015%2Fpublic_html%2Fwp-includes HTTP/2.0" 403 3449 "-" "Mozilla/5.0 AppleWebKit/537.36 (KHTML, like Gecko; compatible; ClaudeBot/1.0; +claudebot@anthropic.com)" 499 **0/499500**
74.7.227.0 - - [28/Mar/2026:07:38:17 -0700] "GET /?fileloc=//usr/lib64/libjxl.so.0.7&path=//usr/lib64 HTTP/2.0" 200 1159458 "https://falcon-ia.com/?path=//usr/lib64" "Mozilla/5.0 AppleWebKit/537.36 (KHTML, like Gecko; compatible; GPTBot/1.3; +https://openai.com/gptbot)" 1183 **1/1183914**
54.37.252.192 - - [28/Mar/2026:07:38:18 -0700] "GET /?fileloc=//proc/filesystems&path=//proc HTTP/1.1" 200 2410 "-" "Mozilla/5.0 (compatible; MJ12bot/v1.4.8; http://mj12bot.com/)" 491 **0/491959**
216.73.216.162 - - [28/Mar/2026:07:38:19 -0700] "GET /item/1300209616?fileloc=%2Fhome%2Ffalconiapl2015%2Fpublic_html%2Fwp-admin%2Fcss%2Fabout.min.css&path=%2Fhome%2Ffalconiapl2015%2Fpublic_html%2Fwp-admin%2Fcss HTTP/2.0" 403 3449 "-" "Mozilla/5.0 AppleWebKit/537.36 (KHTML, like Gecko; compatible; ClaudeBot/1.0; +claudebot@anthropic.com)" 560 **0/560115**
74.7.227.0 - - [28/Mar/2026:07:38:20 -0700] "GET /?fileloc=//lib64/libyaz_icu.so.5&path=//lib64 HTTP/2.0" 200 22297 "https://falcon-ia.com/?path=//lib64" "Mozilla/5.0 AppleWebKit/537.36 (KHTML, like Gecko; compatible; GPTBot/1.3; +https://openai.com/gptbot)" 532 **0/532099**
54.37.252.192 - - [28/Mar/2026:07:38:22 -0700] "GET /?fileloc=//proc/iomem&path=//proc HTTP/1.1" 200 2247 "-" "Mozilla/5.0 (compatible; MJ12bot/v1.4.8; http://mj12bot.com/)" 493 **0/493315**
74.7.227.0 - - [28/Mar/2026:07:38:23 -0700] "GET /?fileloc=//lib64/libxcb-sync.so.1&path=//lib64 HTTP/2.0" 200 9296 "https://falcon-ia.com/?path=//lib64" "Mozilla/5.0 AppleWebKit/537.36 (KHTML, like Gecko; compatible; GPTBot/1.3; +https://openai.com/gptbot)" 515 **0/515180**
216.73.216.162 - - [28/Mar/2026:07:38:22 -0700] "GET /item/780232076?fileloc=%2Fhome%2Ffalconiapl2015%2Fpublic_html%2Fwp-includes%2Fclass-wp-user-query.php&path=%2Fhome%2Ffalconiapl2015%2Fpublic_html%2Fwp-includes HTTP/2.0" 403 3449 "-" "Mozilla/5.0 AppleWebKit/537.36 (KHTML, like Gecko; compatible; ClaudeBot/1.0; +claudebot@anthropic.com)" 3006 **3/3006353**
216.73.216.162 - - [28/Mar/2026:07:38:25 -0700] "GET /item/4281971789?fileloc=%2Fhome%2Ffalconiapl2015%2Fpublic_html%2Fwp-admin%2Fadmin.php&path=%2Fhome%2Ffalconiapl2015%2Fpublic_html%2Fwp-admin HTTP/2.0" 403 3449 "-" "Mozilla/5.0 AppleWebKit/537.36 (KHTML, like Gecko; compatible; ClaudeBot/1.0; +claudebot@anthropic.com)" 509 **0/509390**
74.7.227.0 - - [28/Mar/2026:07:38:26 -0700] "GET /?fileloc=//lib64/libxcb-xvmc.so.0&path=//lib64 HTTP/2.0" 200 6914 "https://falcon-ia.com/?path=//lib64" "Mozilla/5.0 AppleWebKit/537.36 (KHTML, like Gecko; compatible; GPTBot/1.3; +https://openai.com/gptbot)" 510 **0/510854**
54.37.252.192 - - [28/Mar/2026:07:38:26 -0700] "GET /?fileloc=//proc/partitions&path=//proc HTTP/1.1" 200 2248 "-" "Mozilla/5.0 (compatible; MJ12bot/v1.4.8; http://mj12bot.com/)" 502 **0/502197**
216.73.216.162 - - [28/Mar/2026:07:38:28 -0700] "GET /item/3743802501?fileloc=%2Fhome%2Ffalconiapl2015%2Fpublic_html%2Fwp-includes%2Fcss%2Fdashicons.css&path=%2Fhome%2Ffalconiapl2015%2Fpublic_html%2Fwp-includes%2Fcss HTTP/2.0" 403 3449 "-" "Mozilla/5.0 AppleWebKit/537.36 (KHTML, like Gecko; compatible; ClaudeBot/1.0; +claudebot@anthropic.com)" 510 **0/510521**
74.7.227.0 - - [28/Mar/2026:07:38:29 -0700] "GET /?fileloc=//usr/lib64/libapr-1.so.0&path=//usr/lib64 HTTP/2.0" 200 91678 "https://falcon-ia.com/?path=//usr/lib64" "Mozilla/5.0 AppleWebKit/537.36 (KHTML, like Gecko; compatible; GPTBot/1.3; +https://openai.com/gptbot)" 553 **0/553764**
54.37.252.192 - - [28/Mar/2026:07:38:30 -0700] "GET /?fileloc=//proc/sched_debug&path=//proc HTTP/1.1" 200 2247 "-" "Mozilla/5.0 (compatible; MJ12bot/v1.4.8; http://mj12bot.com/)" 508 **0/508268**
85.208.96.209 - - [28/Mar/2026:07:38:31 -0700] "GET /commodity/kangaroo/syria172174258994 HTTP/1.1" 200 3956 "-" "Mozilla/5.0 (compatible; SemrushBot/7~bl; +http://www.semrush.com/bot.html)" 500 **0/500951**
216.73.216.162 - - [28/Mar/2026:07:38:31 -0700] "GET /item/3211466970?fileloc=%2Fhome%2Ffalconiapl2015%2Fpublic_html%2Fwp-includes%2Fcache.php&path=%2Fhome%2Ffalconiapl2015%2Fpublic_html%2Fwp-includes HTTP/2.0" 403 3449 "-" "Mozilla/5.0 AppleWebKit/537.36 (KHTML, like Gecko; compatible; ClaudeBot/1.0; +claudebot@anthropic.com)" 492 **0/492619**
74.7.227.0 - - [28/Mar/2026:07:38:32 -0700] "GET /?fileloc=//lib64/libhwy_test.so.1&path=//lib64 HTTP/2.0" 200 5895 "https://falcon-ia.com/?path=//lib64" "Mozilla/5.0 AppleWebKit/537.36 (KHTML, like Gecko; compatible; GPTBot/1.3; +https://openai.com/gptbot)" 495 **0/495962**
216.73.216.162 - - [28/Mar/2026:07:38:34 -0700] "GET /item/2258178709?fileloc=%2Fhome%2Ffalconiapl2015%2Fpublic_html%2Fwp-includes%2Fclass-wp-embed.php&path=%2Fhome%2Ffalconiapl2015%2Fpublic_html%2Fwp-includes HTTP/2.0" 403 3449 "-" "Mozilla/5.0 AppleWebKit/537.36 (KHTML, like Gecko; compatible; ClaudeBot/1.0; +claudebot@anthropic.com)" 509 **0/509569**
54.37.252.192 - - [28/Mar/2026:07:38:34 -0700] "GET /?fileloc=//proc/slabinfo&path=//proc HTTP/1.1" 200 2249 "-" "Mozilla/5.0 (compatible; MJ12bot/v1.4.8; http://mj12bot.com/)" 518 **0/518247**
74.7.227.0 - - [28/Mar/2026:07:38:35 -0700] "GET /?path=//opt/python38/lib/python3.8/site-packages/pip/_vendor/pyproject_hooks HTTP/2.0" 200 2803 "https://falcon-ia.com/?path=//opt/python38/lib/python3.8/site-packages/pip/_vendor" "Mozilla/5.0 AppleWebKit/537.36 (KHTML, like Gecko; compatible; GPTBot/1.3; +https://openai.com/gptbot)" 524 **0/524045**
216.73.216.162 - - [28/Mar/2026:07:38:37 -0700] "GET /item/3103824947?fileloc=%2Fhome%2Ffalconiapl2015%2Fpublic_html%2Fwp-includes%2Fclass-wp-theme.php&path=%2Fhome%2Ffalconiapl2015%2Fpublic_html%2Fwp-includes HTTP/2.0" 403 3449 "-" "Mozilla/5.0 AppleWebKit/537.36 (KHTML, like Gecko; compatible; ClaudeBot/1.0; +claudebot@anthropic.com)" 563 **0/563009**
74.7.227.0 - - [28/Mar/2026:07:38:38 -0700] "GET /?fileloc=//usr/include/stringprep.h&path=//usr/include HTTP/2.0" 200 4192 "https://falcon-ia.com/?path=//usr/include" "Mozilla/5.0 AppleWebKit/537.36 (KHTML, like Gecko; compatible; GPTBot/1.3; +https://openai.com/gptbot)" 513 **0/513150**
54.37.252.192 - - [28/Mar/2026:07:38:39 -0700] "GET /?fileloc=//proc/softirqs&path=//proc HTTP/1.1" 200 2251 "-" "Mozilla/5.0 (compatible; MJ12bot/v1.4.8; http://mj12bot.com/)" 483 **0/483257**
216.73.216.162 - - [28/Mar/2026:07:38:40 -0700] "GET /item/2071247287?fileloc=%2Fhome%2Ffalconiapl2015%2Fpublic_html%2Fwp-admin%2Fadmin.php&path=%2Fhome%2Ffalconiapl2015%2Fpublic_html%2Fwp-admin HTTP/2.0" 403 3449 "-" "Mozilla/5.0 AppleWebKit/537.36 (KHTML, like Gecko; compatible; ClaudeBot/1.0; +claudebot@anthropic.com)" 601 **0/601163**
74.7.227.0 - - [28/Mar/2026:07:38:41 -0700] "GET /?fileloc=//usr/include/pnglibconf.h&path=//usr/include HTTP/2.0" 200 3782 "https://falcon-ia.com/?path=//usr/include" "Mozilla/5.0 AppleWebKit/537.36 (KHTML, like Gecko; compatible; GPTBot/1.3; +https://openai.com/gptbot)" 554 **0/554046**
54.37.252.192 - - [28/Mar/2026:07:38:43 -0700] "GET /?fileloc=//proc/stat&path=//proc HTTP/1.1" 200 3064 "-" "Mozilla/5.0 (compatible; MJ12bot/v1.4.8; http://mj12bot.com/)" 514 **0/514854**
216.73.216.162 - - [28/Mar/2026:07:38:43 -0700] "GET /item/2166192956?path=%2Fhome%2Ffalconiapl2015%2F.cphorde HTTP/2.0" 200 2684 "-" "Mozilla/5.0 AppleWebKit/537.36 (KHTML, like Gecko; compatible; ClaudeBot/1.0; +claudebot@anthropic.com)" 506 **0/506085**
74.7.227.0 - - [28/Mar/2026:07:38:45 -0700] "GET /?path=//opt/alt/python310/lib64/python3.10/__pycache__ HTTP/2.0" 200 12362 "https://falcon-ia.com/?path=//opt/alt/python310/lib64/python3.10" "Mozilla/5.0 AppleWebKit/537.36 (KHTML, like Gecko; compatible; GPTBot/1.3; +https://openai.com/gptbot)" 532 **0/532241**
216.73.216.162 - - [28/Mar/2026:07:38:46 -0700] "GET /item/3312377034?fileloc=%2Fhome%2Ffalconiapl2015%2Fpublic_html%2Fwp-includes%2Fblocks%2Fnavigation-submenu%2F.htaccess&path=%2Fhome%2Ffalconiapl2015%2Fpublic_html%2Fwp-includes%2Fblocks%2Fnavigation-submenu HTTP/2.0" 200 2403 "-" "Mozilla/5.0 AppleWebKit/537.36 (KHTML, like Gecko; compatible; ClaudeBot/1.0; +claudebot@anthropic.com)" 509 **0/509466**
54.37.252.192 - - [28/Mar/2026:07:38:47 -0700] "GET /?fileloc=//proc/swaps&path=//proc HTTP/1.1" 200 2246 "-" "Mozilla/5.0 (compatible; MJ12bot/v1.4.8; http://mj12bot.com/)" 521 **0/521551**
198.244.183.132 - - [28/Mar/2026:07:38:47 -0700] "GET /commodity/grip/oclc171828327536 HTTP/2.0" 200 3449 "-" "Mozilla/5.0 (compatible; AhrefsBot/7.0; +http://ahrefs.com/robot/)" 537 **0/537316**
74.7.227.0 - - [28/Mar/2026:07:38:48 -0700] "GET /?fileloc=//opt/python38/lib/python3.8/ctypes/test/test_varsize_struct.py&path=//opt/python38/lib/python3.8/ctypes/test HTTP/2.0" 200 2769 "https://falcon-ia.com/?path=//opt/python38/lib/python3.8/ctypes/test" "Mozilla/5.0 AppleWebKit/537.36 (KHTML, like Gecko; compatible; GPTBot/1.3; +https://openai.com/gptbot)" 495 **0/495172**
216.73.216.162 - - [28/Mar/2026:07:38:49 -0700] "GET /item/3989231997?fileloc=%2Fhome%2Ffalconiapl2015%2Fpublic_html%2Fwp-includes%2Fclass-wp-walker.php&path=%2Fhome%2Ffalconiapl2015%2Fpublic_html%2Fwp-includes HTTP/2.0" 200 5237 "-" "Mozilla/5.0 AppleWebKit/537.36 (KHTML, like Gecko; compatible; ClaudeBot/1.0; +claudebot@anthropic.com)" 566 **0/566294**
74.7.227.0 - - [28/Mar/2026:07:38:51 -0700] "GET /?fileloc=//opt/python38/lib/python3.8/ctypes/test/test_repr.py&path=//opt/python38/lib/python3.8/ctypes/test HTTP/2.0" 200 2674 "https://falcon-ia.com/?path=//opt/python38/lib/python3.8/ctypes/test" "Mozilla/5.0 AppleWebKit/537.36 (KHTML, like Gecko; compatible; GPTBot/1.3; +https://openai.com/gptbot)" 508 **0/508208**
54.37.252.192 - - [28/Mar/2026:07:38:51 -0700] "GET /?fileloc=//proc/sysrq-trigger&path=//proc HTTP/1.1" 200 2252 "-" "Mozilla/5.0 (compatible; MJ12bot/v1.4.8; http://mj12bot.com/)" 485 **0/485014**
216.73.216.162 - - [28/Mar/2026:07:38:52 -0700] "GET /item/534344114?fileloc=%2Fhome%2Ffalconiapl2015%2Fpublic_html%2Fwp-includes%2Fclass-wp-http-cookie.php&path=%2Fhome%2Ffalconiapl2015%2Fpublic_html%2Fwp-includes HTTP/2.0" 200 4675 "-" "Mozilla/5.0 AppleWebKit/537.36 (KHTML, like Gecko; compatible; ClaudeBot/1.0; +claudebot@anthropic.com)" 507 **0/507684**
74.7.227.0 - - [28/Mar/2026:07:38:54 -0700] "GET /?fileloc=//lib64/python2.7/lib-tk/test/test_ttk/test_extensions.pyc&path=//lib64/python2.7/lib-tk/test/test_ttk HTTP/2.0" 200 6002 "https://falcon-ia.com/?path=//lib64/python2.7/lib-tk/test/test_ttk" "Mozilla/5.0 AppleWebKit/537.36 (KHTML, like Gecko; compatible; GPTBot/1.3; +https://openai.com/gptbot)" 522 **0/522248**
216.73.216.162 - - [28/Mar/2026:07:38:55 -0700] "GET /item/555241071?fileloc=%2Fhome%2Ffalconiapl2015%2Fpublic_html%2Fwp-includes%2Fclass-wp-comment-query.php&path=%2Fhome%2Ffalconiapl2015%2Fpublic_html%2Fwp-includes HTTP/2.0" 200 12801 "-" "Mozilla/5.0 AppleWebKit/537.36 (KHTML, like Gecko; compatible; ClaudeBot/1.0; +claudebot@anthropic.com)" 560 **0/560490**
54.37.252.192 - - [28/Mar/2026:07:38:56 -0700] "GET /?fileloc=//proc/timer_list&path=//proc HTTP/1.1" 200 2247 "-" "Mozilla/5.0 (compatible; MJ12bot/v1.4.8; http://mj12bot.com/)" 514 **0/514183**
85.208.96.208 - - [28/Mar/2026:07:38:57 -0700] "GET /commodity/chill/taylor171638877626 HTTP/1.1" 200 3956 "-" "Mozilla/5.0 (compatible; SemrushBot/7~bl; +http://www.semrush.com/bot.html)" 560 **0/560567**
74.7.227.0 - - [28/Mar/2026:07:38:57 -0700] "GET /?fileloc=//opt/python38/lib/python3.8/ctypes/test/test_arrays.py&path=//opt/python38/lib/python3.8/ctypes/test HTTP/2.0" 200 4132 "https://falcon-ia.com/?path=//opt/python38/lib/python3.8/ctypes/test" "Mozilla/5.0 AppleWebKit/537.36 (KHTML, like Gecko; compatible; GPTBot/1.3; +https://openai.com/gptbot)" 517 **0/517336**
216.73.216.162 - - [28/Mar/2026:07:38:58 -0700] "GET /item/604831358?fileloc=%2Fhome%2Ffalconiapl2015%2Fpublic_html%2Fwp-includes%2Fclass-wp-block-editor-context.php&path=%2Fhome%2Ffalconiapl2015%2Fpublic_html%2Fwp-includes HTTP/2.0" 200 2777 "-" "Mozilla/5.0 AppleWebKit/537.36 (KHTML, like Gecko; compatible; ClaudeBot/1.0; +claudebot@anthropic.com)" 564 **0/564716**
54.37.252.192 - - [28/Mar/2026:07:39:00 -0700] "GET /?fileloc=//proc/uptime&path=//proc HTTP/1.1" 200 2267 "-" "Mozilla/5.0 (compatible; MJ12bot/v1.4.8; http://mj12bot.com/)" 526 **0/526330**
74.7.227.0 - - [28/Mar/2026:07:39:00 -0700] "GET /?fileloc=//opt/python38/lib/python3.8/ctypes/test/test_stringptr.py&path=//opt/python38/lib/python3.8/ctypes/test HTTP/2.0" 200 3066 "https://falcon-ia.com/?path=//opt/python38/lib/python3.8/ctypes/test" "Mozilla/5.0 AppleWebKit/537.36 (KHTML, like Gecko; compatible; GPTBot/1.3; +https://openai.com/gptbot)" 493 **0/493951**
216.73.216.162 - - [28/Mar/2026:07:39:01 -0700] "GET /item/675694618?path=%2Fhome%2Ffalconiapl2015%2Faccess-logs HTTP/2.0" 200 2620 "-" "Mozilla/5.0 AppleWebKit/537.36 (KHTML, like Gecko; compatible; ClaudeBot/1.0; +claudebot@anthropic.com)" 552 **0/552340**
74.7.227.0 - - [28/Mar/2026:07:39:03 -0700] "GET /?fileloc=//opt/python38/lib/python3.8/unittest/test/test_loader.py&path=//opt/python38/lib/python3.8/unittest/test HTTP/2.0" 200 9175 "https://falcon-ia.com/?path=//opt/python38/lib/python3.8/unittest/test" "Mozilla/5.0 AppleWebKit/537.36 (KHTML, like Gecko; compatible; GPTBot/1.3; +https://openai.com/gptbot)" 540 **0/540503**
54.37.252.192 - - [28/Mar/2026:07:39:04 -0700] "GET /?fileloc=//proc/version&path=//proc HTTP/1.1" 200 2323 "-" "Mozilla/5.0 (compatible; MJ12bot/v1.4.8; http://mj12bot.com/)" 643 **0/643052**
