216.73.216.162 - - [28/Mar/2026:06:44:16 -0700] "GET /item/2571990870?fileloc=%2Fhome%2Ffalconiapl2015%2Fpublic_html%2Fwp-includes%2Ftheme-templates.php&path=%2Fhome%2Ffalconiapl2015%2Fpublic_html%2Fwp-includes HTTP/2.0" 200 4519 "-" "Mozilla/5.0 AppleWebKit/537.36 (KHTML, like Gecko; compatible; ClaudeBot/1.0; +claudebot@anthropic.com)" 509 **0/509208**
185.191.171.10 - - [28/Mar/2026:06:44:17 -0700] "GET /commodity/neighbor/cashmere17215673491 HTTP/1.1" 200 3956 "-" "Mozilla/5.0 (compatible; SemrushBot/7~bl; +http://www.semrush.com/bot.html)" 486 **0/486923**
74.7.227.0 - - [28/Mar/2026:06:44:18 -0700] "GET /?fileloc=//usr/bin/addr2line&path=//usr/bin HTTP/2.0" 200 13611 "https://falcon-ia.com/?path=//usr/bin" "Mozilla/5.0 AppleWebKit/537.36 (KHTML, like Gecko; compatible; GPTBot/1.3; +https://openai.com/gptbot)" 502 **0/502102**
216.73.216.162 - - [28/Mar/2026:06:44:19 -0700] "GET /item/2472432589?fileloc=%2Fhome%2Ffalconiapl2015%2Fpublic_html%2Fwp-includes%2Fnav-menu-template.php&path=%2Fhome%2Ffalconiapl2015%2Fpublic_html%2Fwp-includes HTTP/2.0" 200 8469 "-" "Mozilla/5.0 AppleWebKit/537.36 (KHTML, like Gecko; compatible; ClaudeBot/1.0; +claudebot@anthropic.com)" 501 **0/501804**
74.7.227.0 - - [28/Mar/2026:06:44:21 -0700] "GET /?path=//usr/lib/grub HTTP/2.0" 200 2556 "https://falcon-ia.com/?path=//usr/lib" "Mozilla/5.0 AppleWebKit/537.36 (KHTML, like Gecko; compatible; GPTBot/1.3; +https://openai.com/gptbot)" 509 **0/509727**
216.73.216.162 - - [28/Mar/2026:06:44:22 -0700] "GET /item/1383015292?fileloc=%2Fhome%2Ffalconiapl2015%2Fpublic_html%2Fwp-includes%2Fclass-wp-customize-nav-menus.php&path=%2Fhome%2Ffalconiapl2015%2Fpublic_html%2Fwp-includes HTTP/2.0" 200 16711 "-" "Mozilla/5.0 AppleWebKit/537.36 (KHTML, like Gecko; compatible; ClaudeBot/1.0; +claudebot@anthropic.com)" 514 **0/514331**
185.191.171.10 - - [28/Mar/2026:06:44:22 -0700] "GET /commodity/postings/flare17181315776 HTTP/1.1" 200 3956 "-" "Mozilla/5.0 (compatible; SemrushBot/7~bl; +http://www.semrush.com/bot.html)" 498 **0/498687**
74.7.227.0 - - [28/Mar/2026:06:44:24 -0700] "GET /?fileloc=//usr/bin/dircolors&path=//usr/bin HTTP/2.0" 200 20039 "https://falcon-ia.com/?path=//usr/bin" "Mozilla/5.0 AppleWebKit/537.36 (KHTML, like Gecko; compatible; GPTBot/1.3; +https://openai.com/gptbot)" 513 **0/513669**
216.73.216.162 - - [28/Mar/2026:06:44:25 -0700] "GET /item/3422829155?fileloc=%2Fhome%2Ffalconiapl2015%2Fpublic_html%2Fwp-includes%2Fpost-thumbnail-template.php&path=%2Fhome%2Ffalconiapl2015%2Fpublic_html%2Fwp-includes HTTP/2.0" 200 4522 "-" "Mozilla/5.0 AppleWebKit/537.36 (KHTML, like Gecko; compatible; ClaudeBot/1.0; +claudebot@anthropic.com)" 522 **0/522465**
85.208.96.207 - - [28/Mar/2026:06:44:27 -0700] "GET /commodity/primarily/consist171712499991 HTTP/1.1" 200 3956 "-" "Mozilla/5.0 (compatible; SemrushBot/7~bl; +http://www.semrush.com/bot.html)" 497 **0/497796**
74.7.227.0 - - [28/Mar/2026:06:44:27 -0700] "GET /?fileloc=//usr/bin/infotocap&path=//usr/bin HTTP/2.0" 200 34310 "https://falcon-ia.com/?path=//usr/bin" "Mozilla/5.0 AppleWebKit/537.36 (KHTML, like Gecko; compatible; GPTBot/1.3; +https://openai.com/gptbot)" 516 **0/516878**
216.73.216.162 - - [28/Mar/2026:06:44:28 -0700] "GET /item/3690692042?fileloc=%2Fhome%2Ffalconiapl2015%2Fpublic_html%2Fxmlrpc.php&path=%2Fhome%2Ffalconiapl2015%2Fpublic_html HTTP/2.0" 200 3646 "-" "Mozilla/5.0 AppleWebKit/537.36 (KHTML, like Gecko; compatible; ClaudeBot/1.0; +claudebot@anthropic.com)" 502 **0/502418**
74.7.227.0 - - [28/Mar/2026:06:44:31 -0700] "GET /?fileloc=//usr/bin/captoinfo&path=//usr/bin HTTP/2.0" 200 34309 "https://falcon-ia.com/?path=//usr/bin" "Mozilla/5.0 AppleWebKit/537.36 (KHTML, like Gecko; compatible; GPTBot/1.3; +https://openai.com/gptbot)" 511 **0/511790**
216.73.216.162 - - [28/Mar/2026:06:44:31 -0700] "GET /item/3913940939?fileloc=%2Fhome%2Ffalconiapl2015%2Fpublic_html%2Fwp-includes%2Frevisions.php&path=%2Fhome%2Ffalconiapl2015%2Fpublic_html%2Fwp-includes HTTP/2.0" 200 2273 "-" "Mozilla/5.0 AppleWebKit/537.36 (KHTML, like Gecko; compatible; ClaudeBot/1.0; +claudebot@anthropic.com)" 500 **0/500183**
85.208.96.210 - - [28/Mar/2026:06:44:32 -0700] "GET /commodity/museums/widespread17208443196 HTTP/1.1" 200 3956 "-" "Mozilla/5.0 (compatible; SemrushBot/7~bl; +http://www.semrush.com/bot.html)" 489 **0/489543**
114.119.155.69 - - [28/Mar/2026:06:44:32 -0700] "GET /portfolio-category/technology HTTP/1.1" 200 3956 "-" "Mozilla/5.0 (Linux; Android 7.0;) AppleWebKit/537.36 (KHTML, like Gecko) Mobile Safari/537.36 (compatible; PetalBot;+https://webmaster.petalsearch.com/site/petalbot)" 509 **0/509431**
74.7.227.0 - - [28/Mar/2026:06:44:34 -0700] "GET /?fileloc=//usr/bin/gcov-dump&path=//usr/bin HTTP/2.0" 200 248580 "https://falcon-ia.com/?path=//usr/bin" "Mozilla/5.0 AppleWebKit/537.36 (KHTML, like Gecko; compatible; GPTBot/1.3; +https://openai.com/gptbot)" 625 **0/625665**
216.73.216.162 - - [28/Mar/2026:06:44:34 -0700] "GET /item/2395768410?fileloc=%2Fhome%2Ffalconiapl2015%2Fpublic_html%2Fwp-includes%2Fclass-wp-phpmailer.php&path=%2Fhome%2Ffalconiapl2015%2Fpublic_html%2Fwp-includes HTTP/2.0" 200 3552 "-" "Mozilla/5.0 AppleWebKit/537.36 (KHTML, like Gecko; compatible; ClaudeBot/1.0; +claudebot@anthropic.com)" 528 **0/528727**
51.89.129.34 - - [28/Mar/2026:06:44:35 -0700] "GET /commodity/blow/less171985165140 HTTP/2.0" 200 3449 "-" "Mozilla/5.0 (compatible; AhrefsBot/7.0; +http://ahrefs.com/robot/)" 536 **0/536567**
74.7.227.0 - - [28/Mar/2026:06:44:37 -0700] "GET /?fileloc=//usr/bin/geoiplookup6&path=//usr/bin HTTP/2.0" 200 6832 "https://falcon-ia.com/?path=//usr/bin" "Mozilla/5.0 AppleWebKit/537.36 (KHTML, like Gecko; compatible; GPTBot/1.3; +https://openai.com/gptbot)" 511 **0/511945**
216.73.216.162 - - [28/Mar/2026:06:44:37 -0700] "GET /item/2360712976?fileloc=%2Fhome%2Ffalconiapl2015%2Fpublic_html%2Fwp-includes%2Fcategory.php&path=%2Fhome%2Ffalconiapl2015%2Fpublic_html%2Fwp-includes HTTP/2.0" 200 5760 "-" "Mozilla/5.0 AppleWebKit/537.36 (KHTML, like Gecko; compatible; ClaudeBot/1.0; +claudebot@anthropic.com)" 493 **0/493239**
185.191.171.10 - - [28/Mar/2026:06:44:38 -0700] "GET /commodity/involves/about171623904487 HTTP/1.1" 200 3956 "-" "Mozilla/5.0 (compatible; SemrushBot/7~bl; +http://www.semrush.com/bot.html)" 505 **0/505322**
74.7.227.0 - - [28/Mar/2026:06:44:40 -0700] "GET /?fileloc=//usr/bin/bzip2recover&path=//usr/bin HTTP/2.0" 200 7598 "https://falcon-ia.com/?path=//usr/bin" "Mozilla/5.0 AppleWebKit/537.36 (KHTML, like Gecko; compatible; GPTBot/1.3; +https://openai.com/gptbot)" 509 **0/509855**
216.73.216.162 - - [28/Mar/2026:06:44:40 -0700] "GET /item/993311315?path=%2Fhome%2Ffalconiapl2015%2Fpublic_html%2Fimages HTTP/2.0" 200 2688 "-" "Mozilla/5.0 AppleWebKit/537.36 (KHTML, like Gecko; compatible; ClaudeBot/1.0; +claudebot@anthropic.com)" 523 **0/523142**
74.7.227.0 - - [28/Mar/2026:06:44:43 -0700] "GET /?path=//usr/lib/rpm HTTP/2.0" 200 3143 "https://falcon-ia.com/?path=//usr/lib" "Mozilla/5.0 AppleWebKit/537.36 (KHTML, like Gecko; compatible; GPTBot/1.3; +https://openai.com/gptbot)" 504 **0/504420**
185.191.171.2 - - [28/Mar/2026:06:44:43 -0700] "GET /commodity/institutional/radius171848974847 HTTP/1.1" 200 3956 "-" "Mozilla/5.0 (compatible; SemrushBot/7~bl; +http://www.semrush.com/bot.html)" 486 **0/486666**
216.73.216.162 - - [28/Mar/2026:06:44:43 -0700] "GET /item/2070301?path=%2Fhome%2Ffalconiapl2015%2Fpublic_html%2F.well-known HTTP/2.0" 200 2658 "-" "Mozilla/5.0 AppleWebKit/537.36 (KHTML, like Gecko; compatible; ClaudeBot/1.0; +claudebot@anthropic.com)" 530 **0/530831**
74.7.227.0 - - [28/Mar/2026:06:44:46 -0700] "GET /?path=//usr/lib/kbd HTTP/2.0" 200 2628 "https://falcon-ia.com/?path=//usr/lib" "Mozilla/5.0 AppleWebKit/537.36 (KHTML, like Gecko; compatible; GPTBot/1.3; +https://openai.com/gptbot)" 507 **0/507536**
216.73.216.162 - - [28/Mar/2026:06:44:46 -0700] "GET /item/3043368794?fileloc=%2Fhome%2Ffalconiapl2015%2Fpublic_html%2Fwp-includes%2Fauthor-template.php&path=%2Fhome%2Ffalconiapl2015%2Fpublic_html%2Fwp-includes HTTP/2.0" 200 7420 "-" "Mozilla/5.0 AppleWebKit/537.36 (KHTML, like Gecko; compatible; ClaudeBot/1.0; +claudebot@anthropic.com)" 496 **0/496941**
85.208.96.195 - - [28/Mar/2026:06:44:48 -0700] "GET /commodity/interruption/init171816261381 HTTP/1.1" 200 3956 "-" "Mozilla/5.0 (compatible; SemrushBot/7~bl; +http://www.semrush.com/bot.html)" 501 **0/501548**
216.73.216.162 - - [28/Mar/2026:06:44:49 -0700] "GET /item/3198071407?fileloc=%2Fhome%2Ffalconiapl2015%2Fpublic_html%2Fwp-admin%2Foptions-general.php&path=%2Fhome%2Ffalconiapl2015%2Fpublic_html%2Fwp-admin HTTP/2.0" 200 8791 "-" "Mozilla/5.0 AppleWebKit/537.36 (KHTML, like Gecko; compatible; ClaudeBot/1.0; +claudebot@anthropic.com)" 499 **0/499434**
74.7.227.0 - - [28/Mar/2026:06:44:49 -0700] "GET /?path=//usr/lib/gcc HTTP/2.0" 200 2564 "https://falcon-ia.com/?path=//usr/lib" "Mozilla/5.0 AppleWebKit/537.36 (KHTML, like Gecko; compatible; GPTBot/1.3; +https://openai.com/gptbot)" 508 **0/508988**
216.73.216.162 - - [28/Mar/2026:06:44:52 -0700] "GET /item/2806985401?fileloc=%2Fhome%2Ffalconiapl2015%2Fpublic_html%2Fwp-admin%2Fnav-menus.php&path=%2Fhome%2Ffalconiapl2015%2Fpublic_html%2Fwp-admin HTTP/2.0" 200 13252 "-" "Mozilla/5.0 AppleWebKit/537.36 (KHTML, like Gecko; compatible; ClaudeBot/1.0; +claudebot@anthropic.com)" 507 **0/507527**
85.208.96.207 - - [28/Mar/2026:06:44:52 -0700] "GET /commodity/carr/eyed171852053690 HTTP/1.1" 200 3956 "-" "Mozilla/5.0 (compatible; SemrushBot/7~bl; +http://www.semrush.com/bot.html)" 534 **0/534812**
74.7.227.0 - - [28/Mar/2026:06:44:52 -0700] "GET /?fileloc=//usr/bin/flex++&path=//usr/bin HTTP/2.0" 200 2258 "https://falcon-ia.com/?path=//usr/bin" "Mozilla/5.0 AppleWebKit/537.36 (KHTML, like Gecko; compatible; GPTBot/1.3; +https://openai.com/gptbot)" 502 **0/502175**
216.73.216.162 - - [28/Mar/2026:06:44:55 -0700] "GET /item/3422829155?fileloc=%2Fhome%2Ffalconiapl2015%2Fpublic_html%2Fwp-includes%2Frewrite.php&path=%2Fhome%2Ffalconiapl2015%2Fpublic_html%2Fwp-includes HTTP/2.0" 200 8090 "-" "Mozilla/5.0 AppleWebKit/537.36 (KHTML, like Gecko; compatible; ClaudeBot/1.0; +claudebot@anthropic.com)" 512 **0/512314**
74.7.227.0 - - [28/Mar/2026:06:44:56 -0700] "GET /?fileloc=//usr/bin/libnetcfg&path=//usr/bin HTTP/2.0" 200 7186 "https://falcon-ia.com/?path=//usr/bin" "Mozilla/5.0 AppleWebKit/537.36 (KHTML, like Gecko; compatible; GPTBot/1.3; +https://openai.com/gptbot)" 504 **0/504624**
185.191.171.9 - - [28/Mar/2026:06:44:57 -0700] "GET /commodity/determined/predictions172114759666 HTTP/1.1" 200 3956 "-" "Mozilla/5.0 (compatible; SemrushBot/7~bl; +http://www.semrush.com/bot.html)" 497 **0/497067**
216.73.216.162 - - [28/Mar/2026:06:44:58 -0700] "GET /item/1167330413?path=%2Fhome%2Ffalconiapl2015%2Fpublic_html%2Fimages HTTP/2.0" 403 3449 "-" "Mozilla/5.0 AppleWebKit/537.36 (KHTML, like Gecko; compatible; ClaudeBot/1.0; +claudebot@anthropic.com)" 529 **0/529008**
74.7.227.0 - - [28/Mar/2026:06:44:59 -0700] "GET /?fileloc=//usr/bin/localedef&path=//usr/bin HTTP/2.0" 200 110748 "https://falcon-ia.com/?path=//usr/bin" "Mozilla/5.0 AppleWebKit/537.36 (KHTML, like Gecko; compatible; GPTBot/1.3; +https://openai.com/gptbot)" 544 **0/544874**
216.73.216.162 - - [28/Mar/2026:06:45:01 -0700] "GET /item/98037709?fileloc=%2Fhome%2Ffalconiapl2015%2Fpublic_html%2Fwp-includes%2Fms-blogs.php&path=%2Fhome%2Ffalconiapl2015%2Fpublic_html%2Fwp-includes HTTP/2.0" 403 3449 "-" "Mozilla/5.0 AppleWebKit/537.36 (KHTML, like Gecko; compatible; ClaudeBot/1.0; +claudebot@anthropic.com)" 596 **0/596517**
74.7.227.0 - - [28/Mar/2026:06:45:02 -0700] "GET /?fileloc=//usr/bin/instmodsh&path=//usr/bin HTTP/2.0" 200 3537 "https://falcon-ia.com/?path=//usr/bin" "Mozilla/5.0 AppleWebKit/537.36 (KHTML, like Gecko; compatible; GPTBot/1.3; +https://openai.com/gptbot)" 604 **0/604480**
85.208.96.210 - - [28/Mar/2026:06:45:03 -0700] "GET /commodity/adrenaline/shortcuts171910581332 HTTP/1.1" 200 3956 "-" "Mozilla/5.0 (compatible; SemrushBot/7~bl; +http://www.semrush.com/bot.html)" 540 **0/540527**
216.73.216.162 - - [28/Mar/2026:06:45:04 -0700] "GET /item/4254451754?fileloc=%2Fhome%2Ffalconiapl2015%2Fpublic_html%2Fwp-includes%2Frss.php&path=%2Fhome%2Ffalconiapl2015%2Fpublic_html%2Fwp-includes HTTP/2.0" 403 3449 "-" "Mozilla/5.0 AppleWebKit/537.36 (KHTML, like Gecko; compatible; ClaudeBot/1.0; +claudebot@anthropic.com)" 546 **0/546210**
74.7.227.0 - - [28/Mar/2026:06:45:05 -0700] "GET /?fileloc=//usr/bin/composite&path=//usr/bin HTTP/2.0" 200 5440 "https://falcon-ia.com/?path=//usr/bin" "Mozilla/5.0 AppleWebKit/537.36 (KHTML, like Gecko; compatible; GPTBot/1.3; +https://openai.com/gptbot)" 538 **0/538512**
216.73.216.162 - - [28/Mar/2026:06:45:07 -0700] "GET /item/2668545403?fileloc=%2Fhome%2Ffalconiapl2015%2Fpublic_html%2Fwp-includes%2Frobots-template.php&path=%2Fhome%2Ffalconiapl2015%2Fpublic_html%2Fwp-includes HTTP/2.0" 403 3449 "-" "Mozilla/5.0 AppleWebKit/537.36 (KHTML, like Gecko; compatible; ClaudeBot/1.0; +claudebot@anthropic.com)" 513 **0/513846**
185.191.171.6 - - [28/Mar/2026:06:45:08 -0700] "GET /commodity/forwards/dispensing171721744046 HTTP/1.1" 200 3956 "-" "Mozilla/5.0 (compatible; SemrushBot/7~bl; +http://www.semrush.com/bot.html)" 565 **0/565679**
74.7.227.0 - - [28/Mar/2026:06:45:08 -0700] "GET /?fileloc=//usr/bin/podselect&path=//usr/bin HTTP/2.0" 200 3428 "https://falcon-ia.com/?path=//usr/bin" "Mozilla/5.0 AppleWebKit/537.36 (KHTML, like Gecko; compatible; GPTBot/1.3; +https://openai.com/gptbot)" 552 **0/552682**
216.73.216.162 - - [28/Mar/2026:06:45:10 -0700] "GET /item/3544149475?fileloc=%2Fhome%2Ffalconiapl2015%2Fpublic_html%2Fwp-includes%2Fclass-wp-site.php&path=%2Fhome%2Ffalconiapl2015%2Fpublic_html%2Fwp-includes HTTP/2.0" 403 3449 "-" "Mozilla/5.0 AppleWebKit/537.36 (KHTML, like Gecko; compatible; ClaudeBot/1.0; +claudebot@anthropic.com)" 558 **0/558371**
74.7.227.0 - - [28/Mar/2026:06:45:12 -0700] "GET /?fileloc=//usr/bin/c99&path=//usr/bin HTTP/2.0" 200 2411 "https://falcon-ia.com/?path=//usr/bin" "Mozilla/5.0 AppleWebKit/537.36 (KHTML, like Gecko; compatible; GPTBot/1.3; +https://openai.com/gptbot)" 517 **0/517005**
85.208.96.212 - - [28/Mar/2026:06:45:12 -0700] "GET /commodity/trivium/atkinson171721701198 HTTP/1.1" 200 3956 "-" "Mozilla/5.0 (compatible; SemrushBot/7~bl; +http://www.semrush.com/bot.html)" 560 **0/560008**
216.73.216.162 - - [28/Mar/2026:06:45:13 -0700] "GET /item/505266654?fileloc=%2Fhome%2Ffalconiapl2015%2Fpublic_html%2Fwp-admin%2Foptions.php&path=%2Fhome%2Ffalconiapl2015%2Fpublic_html%2Fwp-admin HTTP/2.0" 403 3449 "-" "Mozilla/5.0 AppleWebKit/537.36 (KHTML, like Gecko; compatible; ClaudeBot/1.0; +claudebot@anthropic.com)" 548 **0/548324**
74.7.227.0 - - [28/Mar/2026:06:45:15 -0700] "GET /?path=//usr/lib/sse2 HTTP/2.0" 200 2316 "https://falcon-ia.com/?path=//usr/lib" "Mozilla/5.0 AppleWebKit/537.36 (KHTML, like Gecko; compatible; GPTBot/1.3; +https://openai.com/gptbot)" 519 **0/519559**
216.73.216.162 - - [28/Mar/2026:06:45:16 -0700] "GET /item/2395768410?fileloc=%2Fhome%2Ffalconiapl2015%2Fpublic_html%2Fwp-includes%2Fnav-menu.php&path=%2Fhome%2Ffalconiapl2015%2Fpublic_html%2Fwp-includes HTTP/2.0" 403 3449 "-" "Mozilla/5.0 AppleWebKit/537.36 (KHTML, like Gecko; compatible; ClaudeBot/1.0; +claudebot@anthropic.com)" 510 **0/510545**
85.208.96.210 - - [28/Mar/2026:06:45:18 -0700] "GET /commodity/documentary/snack172011104629 HTTP/1.1" 200 3956 "-" "Mozilla/5.0 (compatible; SemrushBot/7~bl; +http://www.semrush.com/bot.html)" 511 **0/511592**
74.7.227.0 - - [28/Mar/2026:06:45:18 -0700] "GET /?path=//lib/rpm/redhat HTTP/2.0" 200 3085 "https://falcon-ia.com/?path=//lib/rpm" "Mozilla/5.0 AppleWebKit/537.36 (KHTML, like Gecko; compatible; GPTBot/1.3; +https://openai.com/gptbot)" 499 **0/499344**
216.73.216.162 - - [28/Mar/2026:06:45:19 -0700] "GET /item/1166118298?path=%2Fhome%2Ffalconiapl2015%2Fpublic_html%2F.tmb HTTP/2.0" 403 3449 "-" "Mozilla/5.0 AppleWebKit/537.36 (KHTML, like Gecko; compatible; ClaudeBot/1.0; +claudebot@anthropic.com)" 501 **0/501259**
74.7.227.0 - - [28/Mar/2026:06:45:21 -0700] "GET /?path=//usr/lib/dracut HTTP/2.0" 200 2897 "https://falcon-ia.com/?path=//usr/lib" "Mozilla/5.0 AppleWebKit/537.36 (KHTML, like Gecko; compatible; GPTBot/1.3; +https://openai.com/gptbot)" 528 **0/528535**
185.191.171.13 - - [28/Mar/2026:06:45:23 -0700] "GET /commodity/linguistics/nobody172114735105 HTTP/1.1" 200 3956 "-" "Mozilla/5.0 (compatible; SemrushBot/7~bl; +http://www.semrush.com/bot.html)" 518 **0/518436**
74.7.227.0 - - [28/Mar/2026:06:45:24 -0700] "GET /?fileloc=//usr/bin/c89&path=//usr/bin HTTP/2.0" 200 2419 "https://falcon-ia.com/?path=//usr/bin" "Mozilla/5.0 AppleWebKit/537.36 (KHTML, like Gecko; compatible; GPTBot/1.3; +https://openai.com/gptbot)" 492 **0/492656**
216.73.216.162 - - [28/Mar/2026:06:45:24 -0700] "GET /item/71142289?fileloc=%2Fhome%2Ffalconiapl2015%2Fpublic_html%2Fwp-comments-post.php&path=%2Fhome%2Ffalconiapl2015%2Fpublic_html HTTP/2.0" 403 3449 "-" "Mozilla/5.0 AppleWebKit/537.36 (KHTML, like Gecko; compatible; ClaudeBot/1.0; +claudebot@anthropic.com)" 505 **0/505388**
216.73.216.162 - - [28/Mar/2026:06:45:26 -0700] "GET /item/4254451754?fileloc=%2Fhome%2Ffalconiapl2015%2Fpublic_html%2Fwp-includes%2Ftemplate-canvas.php&path=%2Fhome%2Ffalconiapl2015%2Fpublic_html%2Fwp-includes HTTP/2.0" 403 3449 "-" "Mozilla/5.0 AppleWebKit/537.36 (KHTML, like Gecko; compatible; ClaudeBot/1.0; +claudebot@anthropic.com)" 503 **0/503613**
74.7.227.0 - - [28/Mar/2026:06:45:27 -0700] "GET /?fileloc=//usr/bin/mysqlimport&path=//usr/bin HTTP/2.0" 200 622189 "https://falcon-ia.com/?path=//usr/bin" "Mozilla/5.0 AppleWebKit/537.36 (KHTML, like Gecko; compatible; GPTBot/1.3; +https://openai.com/gptbot)" 837 **0/837902**
85.208.96.212 - - [28/Mar/2026:06:45:28 -0700] "GET /commodity/outsourcing/confident171781454626 HTTP/1.1" 200 3956 "-" "Mozilla/5.0 (compatible; SemrushBot/7~bl; +http://www.semrush.com/bot.html)" 491 **0/491116**
216.73.216.162 - - [28/Mar/2026:06:45:29 -0700] "GET /item/3043368794?fileloc=%2Fhome%2Ffalconiapl2015%2Fpublic_html%2Fwp-includes%2Fclass-wp-ajax-response.php&path=%2Fhome%2Ffalconiapl2015%2Fpublic_html%2Fwp-includes HTTP/2.0" 403 3449 "-" "Mozilla/5.0 AppleWebKit/537.36 (KHTML, like Gecko; compatible; ClaudeBot/1.0; +claudebot@anthropic.com)" 541 **0/541293**
74.7.227.0 - - [28/Mar/2026:06:45:30 -0700] "GET /?fileloc=//usr/bin/mysqlaccess&path=//usr/bin HTTP/2.0" 200 27311 "https://falcon-ia.com/?path=//usr/bin" "Mozilla/5.0 AppleWebKit/537.36 (KHTML, like Gecko; compatible; GPTBot/1.3; +https://openai.com/gptbot)" 510 **0/510464**
216.73.216.162 - - [28/Mar/2026:06:45:32 -0700] "GET /item/3448918175?fileloc=%2Fhome%2Ffalconiapl2015%2Fpublic_html%2Fwp-includes%2Fdeprecated.php&path=%2Fhome%2Ffalconiapl2015%2Fpublic_html%2Fwp-includes HTTP/2.0" 403 3449 "-" "Mozilla/5.0 AppleWebKit/537.36 (KHTML, like Gecko; compatible; ClaudeBot/1.0; +claudebot@anthropic.com)" 503 **0/503699**
185.191.171.8 - - [28/Mar/2026:06:45:33 -0700] "GET /commodity/gambia/parliament172156667427 HTTP/1.1" 200 3956 "-" "Mozilla/5.0 (compatible; SemrushBot/7~bl; +http://www.semrush.com/bot.html)" 491 **0/491783**
74.7.227.0 - - [28/Mar/2026:06:45:34 -0700] "GET /?fileloc=//usr/bin/mariadb-plugin&path=//usr/bin HTTP/2.0" 200 534593 "https://falcon-ia.com/?path=//usr/bin" "Mozilla/5.0 AppleWebKit/537.36 (KHTML, like Gecko; compatible; GPTBot/1.3; +https://openai.com/gptbot)" 879 **0/879846**
216.73.216.162 - - [28/Mar/2026:06:45:35 -0700] "GET /item/3695237939?fileloc=%2Fhome%2Ffalconiapl2015%2Fpublic_html%2Fwp-includes%2Flocale.php&path=%2Fhome%2Ffalconiapl2015%2Fpublic_html%2Fwp-includes HTTP/2.0" 403 3449 "-" "Mozilla/5.0 AppleWebKit/537.36 (KHTML, like Gecko; compatible; ClaudeBot/1.0; +claudebot@anthropic.com)" 504 **0/504891**
74.7.227.0 - - [28/Mar/2026:06:45:37 -0700] "GET /?fileloc=//usr/bin/mysqlbinlog&path=//usr/bin HTTP/2.0" 200 738008 "https://falcon-ia.com/?path=//usr/bin" "Mozilla/5.0 AppleWebKit/537.36 (KHTML, like Gecko; compatible; GPTBot/1.3; +https://openai.com/gptbot)" 884 **0/884830**
185.191.171.5 - - [28/Mar/2026:06:45:38 -0700] "GET /commodity/incentives/obstruction17184395773 HTTP/1.1" 200 3956 "-" "Mozilla/5.0 (compatible; SemrushBot/7~bl; +http://www.semrush.com/bot.html)" 485 **0/485929**
216.73.216.162 - - [28/Mar/2026:06:45:38 -0700] "GET /item/3162610274?fileloc=%2Fhome%2Ffalconiapl2015%2Fpublic_html%2Fwp-includes%2Fclass-walker-page.php&path=%2Fhome%2Ffalconiapl2015%2Fpublic_html%2Fwp-includes HTTP/2.0" 200 4278 "-" "Mozilla/5.0 AppleWebKit/537.36 (KHTML, like Gecko; compatible; ClaudeBot/1.0; +claudebot@anthropic.com)" 496 **0/496349**
74.7.227.0 - - [28/Mar/2026:06:45:40 -0700] "GET /?fileloc=//usr/bin/xmlcatalog&path=//usr/bin HTTP/2.0" 200 9165 "https://falcon-ia.com/?path=//usr/bin" "Mozilla/5.0 AppleWebKit/537.36 (KHTML, like Gecko; compatible; GPTBot/1.3; +https://openai.com/gptbot)" 509 **0/509952**
216.73.216.162 - - [28/Mar/2026:06:45:41 -0700] "GET /item/2814968326?path=%2Fhome%2Ffalconiapl2015%2Fpublic_html%2F.well-known HTTP/2.0" 200 2658 "-" "Mozilla/5.0 AppleWebKit/537.36 (KHTML, like Gecko; compatible; ClaudeBot/1.0; +claudebot@anthropic.com)" 496 **0/496672**
185.191.171.10 - - [28/Mar/2026:06:45:42 -0700] "GET /commodity/jacuzzi/filmmakers171813171054 HTTP/1.1" 200 3956 "-" "Mozilla/5.0 (compatible; SemrushBot/7~bl; +http://www.semrush.com/bot.html)" 509 **0/509027**
74.7.227.0 - - [28/Mar/2026:06:45:43 -0700] "GET /?fileloc=//usr/bin/mariadb-access&path=//usr/bin HTTP/2.0" 200 27313 "https://falcon-ia.com/?path=//usr/bin" "Mozilla/5.0 AppleWebKit/537.36 (KHTML, like Gecko; compatible; GPTBot/1.3; +https://openai.com/gptbot)" 520 **0/520677**
216.73.216.162 - - [28/Mar/2026:06:45:44 -0700] "GET /item/3199447013?fileloc=%2Fhome%2Ffalconiapl2015%2Fpublic_html%2Fwp-comments-post.php&path=%2Fhome%2Ffalconiapl2015%2Fpublic_html HTTP/2.0" 200 3279 "-" "Mozilla/5.0 AppleWebKit/537.36 (KHTML, like Gecko; compatible; ClaudeBot/1.0; +claudebot@anthropic.com)" 510 **0/510434**
185.191.171.1 - - [28/Mar/2026:06:45:47 -0700] "GET /commodity/intrusion/incomes171822239765 HTTP/1.1" 200 3956 "-" "Mozilla/5.0 (compatible; SemrushBot/7~bl; +http://www.semrush.com/bot.html)" 496 **0/496077**
216.73.216.162 - - [28/Mar/2026:06:45:47 -0700] "GET /item/684889642?path=%2Fhome%2Ffalconiapl2015%2Fpublic_html%2Fwp-content%2Fthemes%2Ftwentytwentyfour HTTP/2.0" 200 2967 "-" "Mozilla/5.0 AppleWebKit/537.36 (KHTML, like Gecko; compatible; ClaudeBot/1.0; +claudebot@anthropic.com)" 504 **0/504352**
74.7.227.0 - - [28/Mar/2026:06:45:46 -0700] "GET /?fileloc=//usr/bin/podchecker&path=//usr/bin HTTP/2.0" 200 3875 "https://falcon-ia.com/?path=//usr/bin" "Mozilla/5.0 AppleWebKit/537.36 (KHTML, like Gecko; compatible; GPTBot/1.3; +https://openai.com/gptbot)" 3184 **3/3184190**
74.7.227.0 - - [28/Mar/2026:06:45:49 -0700] "GET /?fileloc=//usr/bin/libtoolize&path=//usr/bin HTTP/2.0" 200 35011 "https://falcon-ia.com/?path=//usr/bin" "Mozilla/5.0 AppleWebKit/537.36 (KHTML, like Gecko; compatible; GPTBot/1.3; +https://openai.com/gptbot)" 506 **0/506845**
216.73.216.162 - - [28/Mar/2026:06:45:50 -0700] "GET /item/446481343?fileloc=%2Fhome%2Ffalconiapl2015%2Fpublic_html%2Fxmlrpc.php&path=%2Fhome%2Ffalconiapl2015%2Fpublic_html HTTP/2.0" 200 3646 "-" "Mozilla/5.0 AppleWebKit/537.36 (KHTML, like Gecko; compatible; ClaudeBot/1.0; +claudebot@anthropic.com)" 496 **0/496506**
85.208.96.212 - - [28/Mar/2026:06:45:52 -0700] "GET /commodity/temperature/confess17181397477 HTTP/1.1" 200 3956 "-" "Mozilla/5.0 (compatible; SemrushBot/7~bl; +http://www.semrush.com/bot.html)" 479 **0/479108**
74.7.227.0 - - [28/Mar/2026:06:45:52 -0700] "GET /?fileloc=//lib/rpm/redhat/redhat-annobin-select-annobin-built-plugin&path=//lib/rpm/redhat HTTP/2.0" 200 2338 "https://falcon-ia.com/?path=//lib/rpm/redhat" "Mozilla/5.0 AppleWebKit/537.36 (KHTML, like Gecko; compatible; GPTBot/1.3; +https://openai.com/gptbot)" 491 **0/491361**
216.73.216.162 - - [28/Mar/2026:06:45:55 -0700] "GET /item/3043368794?fileloc=%2Fhome%2Ffalconiapl2015%2Fpublic_html%2Fwp-includes%2Fupdate.php&path=%2Fhome%2Ffalconiapl2015%2Fpublic_html%2Fwp-includes HTTP/2.0" 200 10836 "-" "Mozilla/5.0 AppleWebKit/537.36 (KHTML, like Gecko; compatible; ClaudeBot/1.0; +claudebot@anthropic.com)" 515 **0/515483**
74.7.227.0 - - [28/Mar/2026:06:45:55 -0700] "GET /?fileloc=//usr/lib/dracut/dracut-initramfs-restore&path=//usr/lib/dracut HTTP/2.0" 200 2997 "https://falcon-ia.com/?path=//usr/lib/dracut" "Mozilla/5.0 AppleWebKit/537.36 (KHTML, like Gecko; compatible; GPTBot/1.3; +https://openai.com/gptbot)" 491 **0/491558**
185.191.171.8 - - [28/Mar/2026:06:45:56 -0700] "GET /commodity/tones/inflammatory17187227618 HTTP/1.1" 200 3956 "-" "Mozilla/5.0 (compatible; SemrushBot/7~bl; +http://www.semrush.com/bot.html)" 509 **0/509812**
216.73.216.162 - - [28/Mar/2026:06:45:57 -0700] "GET /item/3611603697?fileloc=%2Fhome%2Ffalconiapl2015%2Fpublic_html%2Fwp-includes%2Fclass-wp-block-template.php&path=%2Fhome%2Ffalconiapl2015%2Fpublic_html%2Fwp-includes HTTP/2.0" 200 2805 "-" "Mozilla/5.0 AppleWebKit/537.36 (KHTML, like Gecko; compatible; ClaudeBot/1.0; +claudebot@anthropic.com)" 484 **0/484917**
74.7.227.0 - - [28/Mar/2026:06:45:59 -0700] "GET /?fileloc=//lib/rpm/redhat/redhat-annobin-select-gcc-built-plugin&path=//lib/rpm/redhat HTTP/2.0" 200 2341 "https://falcon-ia.com/?path=//lib/rpm/redhat" "Mozilla/5.0 AppleWebKit/537.36 (KHTML, like Gecko; compatible; GPTBot/1.3; +https://openai.com/gptbot)" 523 **0/523195**
216.73.216.162 - - [28/Mar/2026:06:46:00 -0700] "GET /item/3422829155?fileloc=%2Fhome%2Ffalconiapl2015%2Fpublic_html%2Fwp-includes%2Fformatting.php&path=%2Fhome%2Ffalconiapl2015%2Fpublic_html%2Fwp-includes HTTP/2.0" 200 61910 "-" "Mozilla/5.0 AppleWebKit/537.36 (KHTML, like Gecko; compatible; ClaudeBot/1.0; +claudebot@anthropic.com)" 559 **0/559317**
85.208.96.204 - - [28/Mar/2026:06:46:01 -0700] "GET /commodity/sew/chew172011250501 HTTP/1.1" 200 3956 "-" "Mozilla/5.0 (compatible; SemrushBot/7~bl; +http://www.semrush.com/bot.html)" 555 **0/555057**
74.7.227.0 - - [28/Mar/2026:06:46:02 -0700] "GET /?fileloc=//usr/bin/selectorctl&path=//usr/bin HTTP/2.0" 200 4545 "https://falcon-ia.com/?path=//usr/bin" "Mozilla/5.0 AppleWebKit/537.36 (KHTML, like Gecko; compatible; GPTBot/1.3; +https://openai.com/gptbot)" 541 **0/541540**
216.73.216.162 - - [28/Mar/2026:06:46:03 -0700] "GET /item/2472432589?fileloc=%2Fhome%2Ffalconiapl2015%2Fpublic_html%2Fwp-includes%2Fms-functions.php&path=%2Fhome%2Ffalconiapl2015%2Fpublic_html%2Fwp-includes HTTP/2.0" 200 21692 "-" "Mozilla/5.0 AppleWebKit/537.36 (KHTML, like Gecko; compatible; ClaudeBot/1.0; +claudebot@anthropic.com)" 526 **0/526223**
114.119.136.15 - - [28/Mar/2026:06:46:04 -0700] "GET /commodity/yards/affected171913914100?path=/home/falconiapl2015/public_html/.tmb HTTP/1.1" 200 2938 "https://falcon-ia.com/commodity/yards/affected171913914100" "Mozilla/5.0 (Linux; Android 7.0;) AppleWebKit/537.36 (KHTML, like Gecko) Mobile Safari/537.36 (compatible; PetalBot;+https://webmaster.petalsearch.com/site/petalbot)" 498 **0/498694**
74.7.227.0 - - [28/Mar/2026:06:46:05 -0700] "GET /?fileloc=//usr/bin/dnstap-read&path=//usr/bin HTTP/2.0" 200 8223 "https://falcon-ia.com/?path=//usr/bin" "Mozilla/5.0 AppleWebKit/537.36 (KHTML, like Gecko; compatible; GPTBot/1.3; +https://openai.com/gptbot)" 500 **0/500108**
216.73.216.162 - - [28/Mar/2026:06:46:06 -0700] "GET /item/4070019142?path=%2Fhome%2Ffalconiapl2015%2F.subaccounts HTTP/2.0" 200 2570 "-" "Mozilla/5.0 AppleWebKit/537.36 (KHTML, like Gecko; compatible; ClaudeBot/1.0; +claudebot@anthropic.com)" 482 **0/482158**
185.191.171.15 - - [28/Mar/2026:06:46:07 -0700] "GET /commodity/behold/manipulated171937595299 HTTP/1.1" 200 3956 "-" "Mozilla/5.0 (compatible; SemrushBot/7~bl; +http://www.semrush.com/bot.html)" 488 **0/488182**
74.7.227.0 - - [28/Mar/2026:06:46:08 -0700] "GET /?fileloc=//usr/bin/autoupdate&path=//usr/bin HTTP/2.0" 200 13396 "https://falcon-ia.com/?path=//usr/bin" "Mozilla/5.0 AppleWebKit/537.36 (KHTML, like Gecko; compatible; GPTBot/1.3; +https://openai.com/gptbot)" 532 **0/532829**
216.73.216.162 - - [28/Mar/2026:06:46:09 -0700] "GET /item/266687625?fileloc=%2Fhome%2Ffalconiapl2015%2Fpublic_html%2Fwp-includes%2Fms-network.php&path=%2Fhome%2Ffalconiapl2015%2Fpublic_html%2Fwp-includes HTTP/2.0" 200 3600 "-" "Mozilla/5.0 AppleWebKit/537.36 (KHTML, like Gecko; compatible; ClaudeBot/1.0; +claudebot@anthropic.com)" 495 **0/495340**
74.7.227.0 - - [28/Mar/2026:06:46:11 -0700] "GET /?fileloc=//usr/bin/geoiplookup&path=//usr/bin HTTP/2.0" 200 7871 "https://falcon-ia.com/?path=//usr/bin" "Mozilla/5.0 AppleWebKit/537.36 (KHTML, like Gecko; compatible; GPTBot/1.3; +https://openai.com/gptbot)" 526 **0/526049**
185.191.171.18 - - [28/Mar/2026:06:46:11 -0700] "GET /commodity/researched/relationships17173960083 HTTP/1.1" 200 3956 "-" "Mozilla/5.0 (compatible; SemrushBot/7~bl; +http://www.semrush.com/bot.html)" 488 **0/488156**
216.73.216.162 - - [28/Mar/2026:06:46:12 -0700] "GET /item/2936633988?fileloc=%2Fhome%2Ffalconiapl2015%2Fpublic_html%2Fwp-admin%2Fms-upgrade-network.php&path=%2Fhome%2Ffalconiapl2015%2Fpublic_html%2Fwp-admin HTTP/2.0" 200 2411 "-" "Mozilla/5.0 AppleWebKit/537.36 (KHTML, like Gecko; compatible; ClaudeBot/1.0; +claudebot@anthropic.com)" 510 **0/510099**
74.7.227.0 - - [28/Mar/2026:06:46:14 -0700] "GET /?fileloc=//usr/bin/autoreconf&path=//usr/bin HTTP/2.0" 200 9379 "https://falcon-ia.com/?path=//usr/bin" "Mozilla/5.0 AppleWebKit/537.36 (KHTML, like Gecko; compatible; GPTBot/1.3; +https://openai.com/gptbot)" 499 **0/499259**
216.73.216.162 - - [28/Mar/2026:06:46:15 -0700] "GET /item/2395768410?fileloc=%2Fhome%2Ffalconiapl2015%2Fpublic_html%2Fwp-includes%2Fclass-wp-block.php&path=%2Fhome%2Ffalconiapl2015%2Fpublic_html%2Fwp-includes HTTP/2.0" 200 8759 "-" "Mozilla/5.0 AppleWebKit/537.36 (KHTML, like Gecko; compatible; ClaudeBot/1.0; +claudebot@anthropic.com)" 495 **0/495308**
185.191.171.11 - - [28/Mar/2026:06:46:17 -0700] "GET /commodity/mag/iv171627064822 HTTP/1.1" 200 3956 "-" "Mozilla/5.0 (compatible; SemrushBot/7~bl; +http://www.semrush.com/bot.html)" 499 **0/499152**
74.7.227.0 - - [28/Mar/2026:06:46:17 -0700] "GET /?fileloc=//usr/bin/perlthanks&path=//usr/bin HTTP/2.0" 200 18097 "https://falcon-ia.com/?path=//usr/bin" "Mozilla/5.0 AppleWebKit/537.36 (KHTML, like Gecko; compatible; GPTBot/1.3; +https://openai.com/gptbot)" 513 **0/513869**
216.73.216.162 - - [28/Mar/2026:06:46:18 -0700] "GET /item/1072221220?fileloc=%2Fhome%2Ffalconiapl2015%2Fpublic_html%2Fwp-admin%2Fwidgets.php&path=%2Fhome%2Ffalconiapl2015%2Fpublic_html%2Fwp-admin HTTP/2.0" 200 2785 "-" "Mozilla/5.0 AppleWebKit/537.36 (KHTML, like Gecko; compatible; ClaudeBot/1.0; +claudebot@anthropic.com)" 567 **0/567689**
74.7.227.0 - - [28/Mar/2026:06:46:20 -0700] "GET /?fileloc=//usr/bin/autoheader&path=//usr/bin HTTP/2.0" 200 5726 "https://falcon-ia.com/?path=//usr/bin" "Mozilla/5.0 AppleWebKit/537.36 (KHTML, like Gecko; compatible; GPTBot/1.3; +https://openai.com/gptbot)" 510 **0/510749**
216.73.216.162 - - [28/Mar/2026:06:46:21 -0700] "GET /item/3422829155?fileloc=%2Fhome%2Ffalconiapl2015%2Fpublic_html%2Fwp-includes%2Fversion.php&path=%2Fhome%2Ffalconiapl2015%2Fpublic_html%2Fwp-includes HTTP/2.0" 200 2672 "-" "Mozilla/5.0 AppleWebKit/537.36 (KHTML, like Gecko; compatible; ClaudeBot/1.0; +claudebot@anthropic.com)" 508 **0/508735**
185.191.171.16 - - [28/Mar/2026:06:46:22 -0700] "GET /commodity/acdbline/certifications172144664211 HTTP/1.1" 200 3956 "-" "Mozilla/5.0 (compatible; SemrushBot/7~bl; +http://www.semrush.com/bot.html)" 513 **0/513619**
74.7.227.0 - - [28/Mar/2026:06:46:24 -0700] "GET /?fileloc=//usr/bin/ghostscript&path=//usr/bin HTTP/2.0" 200 5712 "https://falcon-ia.com/?path=//usr/bin" "Mozilla/5.0 AppleWebKit/537.36 (KHTML, like Gecko; compatible; GPTBot/1.3; +https://openai.com/gptbot)" 501 **0/501564**
216.73.216.162 - - [28/Mar/2026:06:46:24 -0700] "GET /item/1166118298?fileloc=%2Fhome%2Ffalconiapl2015%2Fpublic_html%2Fwp-includes%2Fclass-wp-query.php&path=%2Fhome%2Ffalconiapl2015%2Fpublic_html%2Fwp-includes HTTP/2.0" 200 33689 "-" "Mozilla/5.0 AppleWebKit/537.36 (KHTML, like Gecko; compatible; ClaudeBot/1.0; +claudebot@anthropic.com)" 526 **0/526390**
74.7.227.0 - - [28/Mar/2026:06:46:27 -0700] "GET /?fileloc=//usr/bin/m4&path=//usr/bin HTTP/2.0" 200 70494 "https://falcon-ia.com/?path=//usr/bin" "Mozilla/5.0 AppleWebKit/537.36 (KHTML, like Gecko; compatible; GPTBot/1.3; +https://openai.com/gptbot)" 529 **0/529307**
216.73.216.162 - - [28/Mar/2026:06:46:27 -0700] "GET /item/505266654?fileloc=%2Fhome%2Ffalconiapl2015%2Fpublic_html%2Fwp-admin%2Fedit-form-advanced.php&path=%2Fhome%2Ffalconiapl2015%2Fpublic_html%2Fwp-admin HTTP/2.0" 200 11053 "-" "Mozilla/5.0 AppleWebKit/537.36 (KHTML, like Gecko; compatible; ClaudeBot/1.0; +claudebot@anthropic.com)" 530 **0/530810**
85.208.96.195 - - [28/Mar/2026:06:46:27 -0700] "GET /commodity/precautions/antibody171928610407 HTTP/1.1" 200 3956 "-" "Mozilla/5.0 (compatible; SemrushBot/7~bl; +http://www.semrush.com/bot.html)" 481 **0/481300**
74.7.227.0 - - [28/Mar/2026:06:46:30 -0700] "GET /?fileloc=//usr/bin/g++&path=//usr/bin HTTP/2.0" 200 2257 "https://falcon-ia.com/?path=//usr/bin" "Mozilla/5.0 AppleWebKit/537.36 (KHTML, like Gecko; compatible; GPTBot/1.3; +https://openai.com/gptbot)" 523 **0/523745**
216.73.216.162 - - [28/Mar/2026:06:46:30 -0700] "GET /item/3838488875?fileloc=%2Fhome%2Ffalconiapl2015%2Fpublic_html%2Fwp-admin%2Fwidgets-form.php&path=%2Fhome%2Ffalconiapl2015%2Fpublic_html%2Fwp-admin HTTP/2.0" 200 8179 "-" "Mozilla/5.0 AppleWebKit/537.36 (KHTML, like Gecko; compatible; ClaudeBot/1.0; +claudebot@anthropic.com)" 571 **0/571894**
85.208.96.208 - - [28/Mar/2026:06:46:32 -0700] "GET /gratis-spin/ HTTP/1.1" 200 3956 "-" "Mozilla/5.0 (compatible; SemrushBot/7~bl; +http://www.semrush.com/bot.html)" 506 **0/506238**
216.73.216.162 - - [28/Mar/2026:06:46:33 -0700] "GET /item/3014510250?fileloc=%2Fhome%2Ffalconiapl2015%2Fpublic_html%2Fwp-includes%2Fcss%2Fclassic-themes.css&path=%2Fhome%2Ffalconiapl2015%2Fpublic_html%2Fwp-includes%2Fcss HTTP/2.0" 200 2624 "-" "Mozilla/5.0 AppleWebKit/537.36 (KHTML, like Gecko; compatible; ClaudeBot/1.0; +claudebot@anthropic.com)" 546 **0/546026**
216.73.216.162 - - [28/Mar/2026:06:46:36 -0700] "GET /item/3861971846?fileloc=%2Fhome%2Ffalconiapl2015%2Fpublic_html%2Fwp-admin%2Fcomment.php&path=%2Fhome%2Ffalconiapl2015%2Fpublic_html%2Fwp-admin HTTP/2.0" 200 5527 "-" "Mozilla/5.0 AppleWebKit/537.36 (KHTML, like Gecko; compatible; ClaudeBot/1.0; +claudebot@anthropic.com)" 508 **0/508651**
185.191.171.8 - - [28/Mar/2026:06:46:37 -0700] "GET /commodity/cottage/prospectus171715583314 HTTP/1.1" 200 3956 "-" "Mozilla/5.0 (compatible; SemrushBot/7~bl; +http://www.semrush.com/bot.html)" 508 **0/508601**
74.7.227.0 - - [28/Mar/2026:06:46:33 -0700] "GET /?fileloc=//usr/bin/mariadb-embedded&path=//usr/bin HTTP/2.0" 200 5990511 "https://falcon-ia.com/?path=//usr/bin" "Mozilla/5.0 AppleWebKit/537.36 (KHTML, like Gecko; compatible; GPTBot/1.3; +https://openai.com/gptbot)" 4955 **4/4955622**
74.7.227.0 - - [28/Mar/2026:06:46:39 -0700] "GET /?fileloc=//lib/rpm/pythondistdeps.py&path=//lib/rpm HTTP/2.0" 200 5074 "https://falcon-ia.com/?path=//lib/rpm" "Mozilla/5.0 AppleWebKit/537.36 (KHTML, like Gecko; compatible; GPTBot/1.3; +https://openai.com/gptbot)" 516 **0/516859**
216.73.216.162 - - [28/Mar/2026:06:46:39 -0700] "GET /item/3544149475?fileloc=%2Fhome%2Ffalconiapl2015%2Fpublic_html%2Fwp-includes%2Fclass-wp-application-passwords.php&path=%2Fhome%2Ffalconiapl2015%2Fpublic_html%2Fwp-includes HTTP/2.0" 200 5414 "-" "Mozilla/5.0 AppleWebKit/537.36 (KHTML, like Gecko; compatible; ClaudeBot/1.0; +claudebot@anthropic.com)" 510 **0/510292**
74.7.227.0 - - [28/Mar/2026:06:46:42 -0700] "GET /?path=//usr/lib/dracut/dracut.conf.d HTTP/2.0" 200 2735 "https://falcon-ia.com/?path=//usr/lib/dracut" "Mozilla/5.0 AppleWebKit/537.36 (KHTML, like Gecko; compatible; GPTBot/1.3; +https://openai.com/gptbot)" 497 **0/497223**
216.73.216.162 - - [28/Mar/2026:06:46:42 -0700] "GET /item/1911094548?path=%2Fhome%2Ffalconiapl2015%2F.cagefs%2Fvar HTTP/2.0" 200 2687 "-" "Mozilla/5.0 AppleWebKit/537.36 (KHTML, like Gecko; compatible; ClaudeBot/1.0; +claudebot@anthropic.com)" 532 **0/532013**
74.7.227.0 - - [28/Mar/2026:06:46:45 -0700] "GET /?fileloc=//usr/bin/msql2mysql&path=//usr/bin HTTP/2.0" 200 2947 "https://falcon-ia.com/?path=//usr/bin" "Mozilla/5.0 AppleWebKit/537.36 (KHTML, like Gecko; compatible; GPTBot/1.3; +https://openai.com/gptbot)" 531 **0/531679**
216.73.216.162 - - [28/Mar/2026:06:46:45 -0700] "GET /item/3448918175?fileloc=%2Fhome%2Ffalconiapl2015%2Fpublic_html%2Fwp-includes%2Fclass-wp-date-query.php&path=%2Fhome%2Ffalconiapl2015%2Fpublic_html%2Fwp-includes HTTP/2.0" 200 10893 "-" "Mozilla/5.0 AppleWebKit/537.36 (KHTML, like Gecko; compatible; ClaudeBot/1.0; +claudebot@anthropic.com)" 515 **0/515271**
74.7.227.0 - - [28/Mar/2026:06:46:48 -0700] "GET /?fileloc=//usr/bin/python2.7&path=//usr/bin HTTP/2.0" 200 5187 "https://falcon-ia.com/?path=//usr/bin" "Mozilla/5.0 AppleWebKit/537.36 (KHTML, like Gecko; compatible; GPTBot/1.3; +https://openai.com/gptbot)" 502 **0/502907**
216.73.216.162 - - [28/Mar/2026:06:46:48 -0700] "GET /item/1002342832?fileloc=%2Fhome%2Ffalconiapl2015%2Fpublic_html%2Fwp-includes%2Fuser.php&path=%2Fhome%2Ffalconiapl2015%2Fpublic_html%2Fwp-includes HTTP/2.0" 200 38259 "-" "Mozilla/5.0 AppleWebKit/537.36 (KHTML, like Gecko; compatible; ClaudeBot/1.0; +claudebot@anthropic.com)" 519 **0/519523**
216.73.216.162 - - [28/Mar/2026:06:46:51 -0700] "GET /item/266687625?fileloc=%2Fhome%2Ffalconiapl2015%2Fpublic_html%2Fwp-includes%2Fupdate.php&path=%2Fhome%2Ffalconiapl2015%2Fpublic_html%2Fwp-includes HTTP/2.0" 200 10836 "-" "Mozilla/5.0 AppleWebKit/537.36 (KHTML, like Gecko; compatible; ClaudeBot/1.0; +claudebot@anthropic.com)" 528 **0/528142**
74.7.227.0 - - [28/Mar/2026:06:46:51 -0700] "GET /?fileloc=//usr/bin/python3.6&path=//usr/bin HTTP/2.0" 200 5763 "https://falcon-ia.com/?path=//usr/bin" "Mozilla/5.0 AppleWebKit/537.36 (KHTML, like Gecko; compatible; GPTBot/1.3; +https://openai.com/gptbot)" 526 **0/526498**
216.73.216.162 - - [28/Mar/2026:06:46:54 -0700] "GET /item/2472432589?fileloc=%2Fhome%2Ffalconiapl2015%2Fpublic_html%2Fwp-includes%2Fadmin-bar.php&path=%2Fhome%2Ffalconiapl2015%2Fpublic_html%2Fwp-includes HTTP/2.0" 200 10596 "-" "Mozilla/5.0 AppleWebKit/537.36 (KHTML, like Gecko; compatible; ClaudeBot/1.0; +claudebot@anthropic.com)" 549 **0/549538**
74.7.227.0 - - [28/Mar/2026:06:46:54 -0700] "GET /?fileloc=//usr/bin/sha512sum&path=//usr/bin HTTP/2.0" 200 19376 "https://falcon-ia.com/?path=//usr/bin" "Mozilla/5.0 AppleWebKit/537.36 (KHTML, like Gecko; compatible; GPTBot/1.3; +https://openai.com/gptbot)" 549 **0/549672**
216.73.216.162 - - [28/Mar/2026:06:46:57 -0700] "GET /item/2825735740?fileloc=%2Fhome%2Ffalconiapl2015%2Fpublic_html%2Fwp-includes%2Fdefault-constants.php&path=%2Fhome%2Ffalconiapl2015%2Fpublic_html%2Fwp-includes HTTP/2.0" 200 5185 "-" "Mozilla/5.0 AppleWebKit/537.36 (KHTML, like Gecko; compatible; ClaudeBot/1.0; +claudebot@anthropic.com)" 518 **0/518979**
74.7.227.0 - - [28/Mar/2026:06:46:58 -0700] "GET /?fileloc=//usr/bin/sha256sum&path=//usr/bin HTTP/2.0" 200 19318 "https://falcon-ia.com/?path=//usr/bin" "Mozilla/5.0 AppleWebKit/537.36 (KHTML, like Gecko; compatible; GPTBot/1.3; +https://openai.com/gptbot)" 535 **0/535265**
216.73.216.162 - - [28/Mar/2026:06:47:00 -0700] "GET /item/26947190?path=%2Fhome%2Ffalconiapl2015%2Fpublic_html%2Fimages HTTP/2.0" 200 2688 "-" "Mozilla/5.0 AppleWebKit/537.36 (KHTML, like Gecko; compatible; ClaudeBot/1.0; +claudebot@anthropic.com)" 503 **0/503446**
74.7.227.0 - - [28/Mar/2026:06:47:01 -0700] "GET /?fileloc=//usr/bin/sha384sum&path=//usr/bin HTTP/2.0" 200 19412 "https://falcon-ia.com/?path=//usr/bin" "Mozilla/5.0 AppleWebKit/537.36 (KHTML, like Gecko; compatible; GPTBot/1.3; +https://openai.com/gptbot)" 536 **0/536058**
74.7.227.0 - - [28/Mar/2026:06:47:04 -0700] "GET /?fileloc=//usr/bin/mariadb-waitpid&path=//usr/bin HTTP/2.0" 200 528702 "https://falcon-ia.com/?path=//usr/bin" "Mozilla/5.0 AppleWebKit/537.36 (KHTML, like Gecko; compatible; GPTBot/1.3; +https://openai.com/gptbot)" 843 **0/843247**
216.73.216.162 - - [28/Mar/2026:06:47:03 -0700] "GET /item/3661790623?fileloc=%2Fhome%2Ffalconiapl2015%2Fpublic_html%2Fwp-admin%2Fcss%2Flogin-rtl.css&path=%2Fhome%2Ffalconiapl2015%2Fpublic_html%2Fwp-admin%2Fcss HTTP/2.0" 200 4526 "-" "Mozilla/5.0 AppleWebKit/537.36 (KHTML, like Gecko; compatible; ClaudeBot/1.0; +claudebot@anthropic.com)" 2993 **2/2993223**
216.73.216.162 - - [28/Mar/2026:06:47:06 -0700] "GET /item/3544149475?fileloc=%2Fhome%2Ffalconiapl2015%2Fpublic_html%2Fwp-includes%2Futf8.php&path=%2Fhome%2Ffalconiapl2015%2Fpublic_html%2Fwp-includes HTTP/2.0" 200 4732 "-" "Mozilla/5.0 AppleWebKit/537.36 (KHTML, like Gecko; compatible; ClaudeBot/1.0; +claudebot@anthropic.com)" 513 **0/513181**
74.7.227.0 - - [28/Mar/2026:06:47:07 -0700] "GET /?fileloc=//usr/lib64/libodbccr.so.2&path=//usr/lib64 HTTP/2.0" 200 16194 "https://falcon-ia.com/?path=//usr/lib64" "Mozilla/5.0 AppleWebKit/537.36 (KHTML, like Gecko; compatible; GPTBot/1.3; +https://openai.com/gptbot)" 507 **0/507804**
74.7.227.0 - - [28/Mar/2026:06:47:10 -0700] "GET /?fileloc=//usr/lib64/libipset.so.13&path=//usr/lib64 HTTP/2.0" 200 47252 "https://falcon-ia.com/?path=//usr/lib64" "Mozilla/5.0 AppleWebKit/537.36 (KHTML, like Gecko; compatible; GPTBot/1.3; +https://openai.com/gptbot)" 571 **0/571320**
216.73.216.162 - - [28/Mar/2026:06:47:11 -0700] "GET /item/3049169697?fileloc=%2Fhome%2Ffalconiapl2015%2Fpublic_html%2Fwp-includes%2Fplugin.php&path=%2Fhome%2Ffalconiapl2015%2Fpublic_html%2Fwp-includes HTTP/2.0" 200 9346 "-" "Mozilla/5.0 AppleWebKit/537.36 (KHTML, like Gecko; compatible; ClaudeBot/1.0; +claudebot@anthropic.com)" 538 **0/538588**
74.7.227.0 - - [28/Mar/2026:06:47:13 -0700] "GET /?fileloc=//usr/lib64/libcgraph.so.6&path=//usr/lib64 HTTP/2.0" 200 40045 "https://falcon-ia.com/?path=//usr/lib64" "Mozilla/5.0 AppleWebKit/537.36 (KHTML, like Gecko; compatible; GPTBot/1.3; +https://openai.com/gptbot)" 527 **0/527087**
216.73.216.162 - - [28/Mar/2026:06:47:13 -0700] "GET /item/3658802151?path=%2Fhome%2Ffalconiapl2015%2Fpublic_html HTTP/2.0" 403 3449 "-" "Mozilla/5.0 AppleWebKit/537.36 (KHTML, like Gecko; compatible; ClaudeBot/1.0; +claudebot@anthropic.com)" 520 **0/520803**
74.7.227.0 - - [28/Mar/2026:06:47:16 -0700] "GET /?fileloc=//usr/lib64/libtiffxx.so.5&path=//usr/lib64 HTTP/2.0" 200 6595 "https://falcon-ia.com/?path=//usr/lib64" "Mozilla/5.0 AppleWebKit/537.36 (KHTML, like Gecko; compatible; GPTBot/1.3; +https://openai.com/gptbot)" 515 **0/515226**
216.73.216.162 - - [28/Mar/2026:06:47:16 -0700] "GET /item/1754018823?path=%2Fhome%2Ffalconiapl2015%2Fpublic_html HTTP/2.0" 403 3449 "-" "Mozilla/5.0 AppleWebKit/537.36 (KHTML, like Gecko; compatible; ClaudeBot/1.0; +claudebot@anthropic.com)" 485 **0/485729**
114.119.156.190 - - [28/Mar/2026:06:47:19 -0700] "GET /commodity/whilst/timezone172123663047?fileloc=/home/falconiapl2015/public_html/wp-signup.php&path=/home/falconiapl2015/public_html HTTP/1.1" 200 10716 "https://falcon-ia.com/commodity/whilst/timezone172123663047" "Mozilla/5.0 (Linux; Android 7.0;) AppleWebKit/537.36 (KHTML, like Gecko) Mobile Safari/537.36 (compatible; PetalBot;+https://webmaster.petalsearch.com/site/petalbot)" 503 **0/503026**
216.73.216.162 - - [28/Mar/2026:06:47:19 -0700] "GET /item/1481361490?fileloc=%2Fhome%2Ffalconiapl2015%2Fpublic_html%2Fwp-includes%2Fclass-wp-customize-setting.php&path=%2Fhome%2Ffalconiapl2015%2Fpublic_html%2Fwp-includes HTTP/2.0" 403 3449 "-" "Mozilla/5.0 AppleWebKit/537.36 (KHTML, like Gecko; compatible; ClaudeBot/1.0; +claudebot@anthropic.com)" 494 **0/494948**
74.7.227.0 - - [28/Mar/2026:06:47:19 -0700] "GET /?fileloc=//usr/lib64/libext2fs.so.2&path=//usr/lib64 HTTP/2.0" 200 172399 "https://falcon-ia.com/?path=//usr/lib64" "Mozilla/5.0 AppleWebKit/537.36 (KHTML, like Gecko; compatible; GPTBot/1.3; +https://openai.com/gptbot)" 591 **0/591002**
216.73.216.162 - - [28/Mar/2026:06:47:22 -0700] "GET /item/2000384027?fileloc=%2Fhome%2Ffalconiapl2015%2Fpublic_html%2Fwp-includes%2Fclass-oembed.php&path=%2Fhome%2Ffalconiapl2015%2Fpublic_html%2Fwp-includes HTTP/2.0" 403 3449 "-" "Mozilla/5.0 AppleWebKit/537.36 (KHTML, like Gecko; compatible; ClaudeBot/1.0; +claudebot@anthropic.com)" 492 **0/492833**
74.7.227.0 - - [28/Mar/2026:06:47:23 -0700] "GET /?fileloc=//usr/lib64/libdatrie.so.1&path=//usr/lib64 HTTP/2.0" 200 14538 "https://falcon-ia.com/?path=//usr/lib64" "Mozilla/5.0 AppleWebKit/537.36 (KHTML, like Gecko; compatible; GPTBot/1.3; +https://openai.com/gptbot)" 500 **0/500946**
216.73.216.162 - - [28/Mar/2026:06:47:25 -0700] "GET /item/4154893473?fileloc=%2Fhome%2Ffalconiapl2015%2Fpublic_html%2Fwp-admin%2Fcustom-background.php&path=%2Fhome%2Ffalconiapl2015%2Fpublic_html%2Fwp-admin HTTP/2.0" 403 3449 "-" "Mozilla/5.0 AppleWebKit/537.36 (KHTML, like Gecko; compatible; ClaudeBot/1.0; +claudebot@anthropic.com)" 492 **0/492285**
74.7.227.0 - - [28/Mar/2026:06:47:26 -0700] "GET /?fileloc=//usr/lib64/libmcrypt.so.4&path=//usr/lib64 HTTP/2.0" 200 64981 "https://falcon-ia.com/?path=//usr/lib64" "Mozilla/5.0 AppleWebKit/537.36 (KHTML, like Gecko; compatible; GPTBot/1.3; +https://openai.com/gptbot)" 528 **0/528997**
216.73.216.162 - - [28/Mar/2026:06:47:28 -0700] "GET /item/2360712976?fileloc=%2Fhome%2Ffalconiapl2015%2Fpublic_html%2Fwp-includes%2Fplugin.php&path=%2Fhome%2Ffalconiapl2015%2Fpublic_html%2Fwp-includes HTTP/2.0" 403 3449 "-" "Mozilla/5.0 AppleWebKit/537.36 (KHTML, like Gecko; compatible; ClaudeBot/1.0; +claudebot@anthropic.com)" 498 **0/498008**
74.7.227.0 - - [28/Mar/2026:06:47:29 -0700] "GET /?fileloc=//usr/lib64/libfreebl3.chk&path=//usr/lib64 HTTP/2.0" 200 2373 "https://falcon-ia.com/?path=//usr/lib64" "Mozilla/5.0 AppleWebKit/537.36 (KHTML, like Gecko; compatible; GPTBot/1.3; +https://openai.com/gptbot)" 514 **0/514861**
74.7.227.0 - - [28/Mar/2026:06:47:32 -0700] "GET /?fileloc=//usr/lib64/libnftnl.so.11&path=//usr/lib64 HTTP/2.0" 200 68831 "https://falcon-ia.com/?path=//usr/lib64" "Mozilla/5.0 AppleWebKit/537.36 (KHTML, like Gecko; compatible; GPTBot/1.3; +https://openai.com/gptbot)" 519 **0/519302**
74.7.227.0 - - [28/Mar/2026:06:47:35 -0700] "GET /?fileloc=//usr/lib64/libassuan.so.0&path=//usr/lib64 HTTP/2.0" 200 34264 "https://falcon-ia.com/?path=//usr/lib64" "Mozilla/5.0 AppleWebKit/537.36 (KHTML, like Gecko; compatible; GPTBot/1.3; +https://openai.com/gptbot)" 526 **0/526043**
216.73.216.162 - - [28/Mar/2026:06:47:36 -0700] "GET /item/4039807140?path=%2Fhome%2Ffalconiapl2015%2Fpublic_html%2Fwp-includes%2Fcustomize HTTP/2.0" 403 3449 "-" "Mozilla/5.0 AppleWebKit/537.36 (KHTML, like Gecko; compatible; ClaudeBot/1.0; +claudebot@anthropic.com)" 525 **0/525624**
216.73.216.162 - - [28/Mar/2026:06:47:38 -0700] "GET /item/2006064466?path=%2Fhome%2Ffalconiapl2015%2Fpublic_html%2Fwp-content%2Fplugins%2Flsvls HTTP/2.0" 403 3449 "-" "Mozilla/5.0 AppleWebKit/537.36 (KHTML, like Gecko; compatible; ClaudeBot/1.0; +claudebot@anthropic.com)" 517 **0/517359**
74.7.227.0 - - [28/Mar/2026:06:47:39 -0700] "GET /?fileloc=//usr/lib64/librecode.so.0&path=//usr/lib64 HTTP/2.0" 200 499076 "https://falcon-ia.com/?path=//usr/lib64" "Mozilla/5.0 AppleWebKit/537.36 (KHTML, like Gecko; compatible; GPTBot/1.3; +https://openai.com/gptbot)" 775 **0/775214**
216.73.216.162 - - [28/Mar/2026:06:47:41 -0700] "GET /item/1865322786?path=%2Fhome%2Ffalconiapl2015%2Fpublic_html%2Fwp-admin HTTP/2.0" 403 3449 "-" "Mozilla/5.0 AppleWebKit/537.36 (KHTML, like Gecko; compatible; ClaudeBot/1.0; +claudebot@anthropic.com)" 497 **0/497652**
74.7.227.0 - - [28/Mar/2026:06:47:42 -0700] "GET /?fileloc=//usr/lib64/libpanelw.so.6&path=//usr/lib64 HTTP/2.0" 200 7306 "https://falcon-ia.com/?path=//usr/lib64" "Mozilla/5.0 AppleWebKit/537.36 (KHTML, like Gecko; compatible; GPTBot/1.3; +https://openai.com/gptbot)" 513 **0/513214**
216.73.216.162 - - [28/Mar/2026:06:47:44 -0700] "GET /item/35270743?path=%2Fhome%2Ffalconiapl2015%2Fpublic_html%2Fwp-includes HTTP/2.0" 403 3449 "-" "Mozilla/5.0 AppleWebKit/537.36 (KHTML, like Gecko; compatible; ClaudeBot/1.0; +claudebot@anthropic.com)" 500 **0/500345**
74.7.227.0 - - [28/Mar/2026:06:47:45 -0700] "GET /?fileloc=//usr/lib64/libatomic.so.1&path=//usr/lib64 HTTP/2.0" 200 11699 "https://falcon-ia.com/?path=//usr/lib64" "Mozilla/5.0 AppleWebKit/537.36 (KHTML, like Gecko; compatible; GPTBot/1.3; +https://openai.com/gptbot)" 496 **0/496943**
216.73.216.162 - - [28/Mar/2026:06:47:47 -0700] "GET /item/3743802501?path=%2Fhome%2Ffalconiapl2015%2Fpublic_html%2Fwp-includes%2Fblocks HTTP/2.0" 403 3449 "-" "Mozilla/5.0 AppleWebKit/537.36 (KHTML, like Gecko; compatible; ClaudeBot/1.0; +claudebot@anthropic.com)" 511 **0/511138**
74.7.227.0 - - [28/Mar/2026:06:47:48 -0700] "GET /?fileloc=//lib/systemd/systemd-hibernate-resume&path=//lib/systemd HTTP/2.0" 200 6262 "https://falcon-ia.com/?path=//lib/systemd" "Mozilla/5.0 AppleWebKit/537.36 (KHTML, like Gecko; compatible; GPTBot/1.3; +https://openai.com/gptbot)" 526 **0/526892**
216.73.216.162 - - [28/Mar/2026:06:47:50 -0700] "GET /item/2829936279?path=%2Fhome%2Ffalconiapl2015%2Fpublic_html%2Fwp-includes%2Fcustomize HTTP/2.0" 403 3449 "-" "Mozilla/5.0 AppleWebKit/537.36 (KHTML, like Gecko; compatible; ClaudeBot/1.0; +claudebot@anthropic.com)" 499 **0/499731**
74.7.227.0 - - [28/Mar/2026:06:47:52 -0700] "GET /?path=//usr/lib64/python2.7/Tools HTTP/2.0" 200 2660 "https://falcon-ia.com/?path=//usr/lib64/python2.7" "Mozilla/5.0 AppleWebKit/537.36 (KHTML, like Gecko; compatible; GPTBot/1.3; +https://openai.com/gptbot)" 504 **0/504572**
216.73.216.162 - - [28/Mar/2026:06:47:53 -0700] "GET /item/2026427607?fileloc=%2F%2Flib64%2Flibtalloc.so.2&path=%2F%2Flib64 HTTP/2.0" 200 32551 "-" "Mozilla/5.0 AppleWebKit/537.36 (KHTML, like Gecko; compatible; ClaudeBot/1.0; +claudebot@anthropic.com)" 521 **0/521580**
