216.73.216.162 - - [28/Mar/2026:07:20:20 -0700] "GET /item/2255190269?fileloc=%2Fhome%2Ffalconiapl2015%2Fpublic_html%2Fgbmfx.php&path=%2Fhome%2Ffalconiapl2015%2Fpublic_html HTTP/2.0" 200 5547 "-" "Mozilla/5.0 AppleWebKit/537.36 (KHTML, like Gecko; compatible; ClaudeBot/1.0; +claudebot@anthropic.com)" 552 **0/552500**
74.7.227.0 - - [28/Mar/2026:07:20:22 -0700] "GET /?path=//lib/modules/4.18.0-553.83.1.lve.el8.x86_64/kernel/fs/ceph HTTP/2.0" 200 2614 "https://falcon-ia.com/?path=//lib/modules/4.18.0-553.83.1.lve.el8.x86_64/kernel/fs" "Mozilla/5.0 AppleWebKit/537.36 (KHTML, like Gecko; compatible; GPTBot/1.3; +https://openai.com/gptbot)" 533 **0/533532**
216.73.216.162 - - [28/Mar/2026:07:20:23 -0700] "GET /item/778087510?fileloc=%2Fhome%2Ffalconiapl2015%2Fpublic_html%2Fgbmfx.php&path=%2Fhome%2Ffalconiapl2015%2Fpublic_html HTTP/2.0" 200 5547 "-" "Mozilla/5.0 AppleWebKit/537.36 (KHTML, like Gecko; compatible; ClaudeBot/1.0; +claudebot@anthropic.com)" 558 **0/558898**
216.73.216.162 - - [28/Mar/2026:07:20:26 -0700] "GET /item/2016831848?fileloc=%2Fhome%2Ffalconiapl2015%2Fpublic_html%2Ferror_log&path=%2Fhome%2Ffalconiapl2015%2Fpublic_html HTTP/2.0" 200 2398 "-" "Mozilla/5.0 AppleWebKit/537.36 (KHTML, like Gecko; compatible; ClaudeBot/1.0; +claudebot@anthropic.com)" 493 **0/493732**
74.7.227.0 - - [28/Mar/2026:07:20:26 -0700] "GET /?path=//lib/modules/4.18.0-553.83.1.lve.el8.x86_64/kernel/fs/udf HTTP/2.0" 200 2612 "https://falcon-ia.com/?path=//lib/modules/4.18.0-553.83.1.lve.el8.x86_64/kernel/fs" "Mozilla/5.0 AppleWebKit/537.36 (KHTML, like Gecko; compatible; GPTBot/1.3; +https://openai.com/gptbot)" 531 **0/531275**
216.73.216.162 - - [28/Mar/2026:07:20:29 -0700] "GET /item/2011865337?path=%2Fhome%2Ffalconiapl2015%2Fpublic_html%2F.well-known%2Facme-challenge HTTP/2.0" 200 2790 "-" "Mozilla/5.0 AppleWebKit/537.36 (KHTML, like Gecko; compatible; ClaudeBot/1.0; +claudebot@anthropic.com)" 518 **0/518141**
74.7.227.0 - - [28/Mar/2026:07:20:29 -0700] "GET /?fileloc=//lib/modules/4.18.0-553.83.1.lve.el8.x86_64/kernel/fs/pstore/ramoops.ko.xz&path=//lib/modules/4.18.0-553.83.1.lve.el8.x86_64/kernel/fs/pstore HTTP/2.0" 200 12828 "https://falcon-ia.com/?path=//lib/modules/4.18.0-553.83.1.lve.el8.x86_64/kernel/fs/pstore" "Mozilla/5.0 AppleWebKit/537.36 (KHTML, like Gecko; compatible; GPTBot/1.3; +https://openai.com/gptbot)" 544 **0/544614**
216.73.216.162 - - [28/Mar/2026:07:20:32 -0700] "GET /item/1281013150?fileloc=%2Fhome%2Ffalconiapl2015%2Fpublic_html%2Fwp-blog-header.php&path=%2Fhome%2Ffalconiapl2015%2Fpublic_html HTTP/2.0" 200 2447 "-" "Mozilla/5.0 AppleWebKit/537.36 (KHTML, like Gecko; compatible; ClaudeBot/1.0; +claudebot@anthropic.com)" 502 **0/502537**
74.7.227.0 - - [28/Mar/2026:07:20:32 -0700] "GET /?path=//lib/modules/4.18.0-553.83.1.lve.el8.x86_64/kernel/fs/dlm HTTP/2.0" 200 2612 "https://falcon-ia.com/?path=//lib/modules/4.18.0-553.83.1.lve.el8.x86_64/kernel/fs" "Mozilla/5.0 AppleWebKit/537.36 (KHTML, like Gecko; compatible; GPTBot/1.3; +https://openai.com/gptbot)" 488 **0/488148**
216.73.216.162 - - [28/Mar/2026:07:20:35 -0700] "GET /item/71948705?fileloc=%2Fhome%2Ffalconiapl2015%2Fpublic_html%2Fwp-signup.php&path=%2Fhome%2Ffalconiapl2015%2Fpublic_html HTTP/2.0" 200 10251 "-" "Mozilla/5.0 AppleWebKit/537.36 (KHTML, like Gecko; compatible; ClaudeBot/1.0; +claudebot@anthropic.com)" 535 **0/535390**
74.7.227.0 - - [28/Mar/2026:07:20:35 -0700] "GET /?path=//lib/modules/4.18.0-553.83.1.lve.el8.x86_64/kernel/sound/firewire HTTP/2.0" 200 2914 "https://falcon-ia.com/?path=//lib/modules/4.18.0-553.83.1.lve.el8.x86_64/kernel/sound" "Mozilla/5.0 AppleWebKit/537.36 (KHTML, like Gecko; compatible; GPTBot/1.3; +https://openai.com/gptbot)" 549 **0/549396**
216.73.216.162 - - [28/Mar/2026:07:20:38 -0700] "GET /item/2866919107?fileloc=%2Fhome%2Ffalconiapl2015%2Fpublic_html%2Findex.php&path=%2Fhome%2Ffalconiapl2015%2Fpublic_html HTTP/2.0" 200 10878 "-" "Mozilla/5.0 AppleWebKit/537.36 (KHTML, like Gecko; compatible; ClaudeBot/1.0; +claudebot@anthropic.com)" 556 **0/556924**
74.7.227.0 - - [28/Mar/2026:07:20:38 -0700] "GET /?path=//lib/modules/4.18.0-553.83.1.lve.el8.x86_64/kernel/sound/i2c HTTP/2.0" 200 2719 "https://falcon-ia.com/?path=//lib/modules/4.18.0-553.83.1.lve.el8.x86_64/kernel/sound" "Mozilla/5.0 AppleWebKit/537.36 (KHTML, like Gecko; compatible; GPTBot/1.3; +https://openai.com/gptbot)" 529 **0/529142**
216.73.216.162 - - [28/Mar/2026:07:20:41 -0700] "GET /item/837233096?fileloc=%2Fhome%2Ffalconiapl2015%2Fpublic_html%2Fwp-links-opml.php&path=%2Fhome%2Ffalconiapl2015%2Fpublic_html HTTP/2.0" 200 3349 "-" "Mozilla/5.0 AppleWebKit/537.36 (KHTML, like Gecko; compatible; ClaudeBot/1.0; +claudebot@anthropic.com)" 507 **0/507228**
74.7.227.0 - - [28/Mar/2026:07:20:42 -0700] "GET /?path=//lib/modules/4.18.0-553.83.1.lve.el8.x86_64/kernel/sound/pci HTTP/2.0" 200 3539 "https://falcon-ia.com/?path=//lib/modules/4.18.0-553.83.1.lve.el8.x86_64/kernel/sound" "Mozilla/5.0 AppleWebKit/537.36 (KHTML, like Gecko; compatible; GPTBot/1.3; +https://openai.com/gptbot)" 503 **0/503909**
74.7.227.0 - - [28/Mar/2026:07:20:45 -0700] "GET /?path=//lib/modules/4.18.0-553.83.1.lve.el8.x86_64/kernel/sound/core HTTP/2.0" 200 2936 "https://falcon-ia.com/?path=//lib/modules/4.18.0-553.83.1.lve.el8.x86_64/kernel/sound" "Mozilla/5.0 AppleWebKit/537.36 (KHTML, like Gecko; compatible; GPTBot/1.3; +https://openai.com/gptbot)" 502 **0/502750**
216.73.216.162 - - [28/Mar/2026:07:20:45 -0700] "GET /item/3651816748?fileloc=%2Fhome%2Ffalconiapl2015%2Fpublic_html%2Fwp-includes%2Fimages%2Fadmin-bar-sprite.png&path=%2Fhome%2Ffalconiapl2015%2Fpublic_html%2Fwp-includes%2Fimages HTTP/2.0" 200 4634 "-" "Mozilla/5.0 AppleWebKit/537.36 (KHTML, like Gecko; compatible; ClaudeBot/1.0; +claudebot@anthropic.com)" 548 **0/548811**
216.73.216.162 - - [28/Mar/2026:07:20:47 -0700] "GET /item/1362283549?fileloc=%2Fhome%2Ffalconiapl2015%2Fpublic_html%2Frobots.txt&path=%2Fhome%2Ffalconiapl2015%2Fpublic_html HTTP/2.0" 200 2301 "-" "Mozilla/5.0 AppleWebKit/537.36 (KHTML, like Gecko; compatible; ClaudeBot/1.0; +claudebot@anthropic.com)" 494 **0/494314**
74.7.227.0 - - [28/Mar/2026:07:20:48 -0700] "GET /?path=//lib/modules/4.18.0-553.83.1.lve.el8.x86_64/kernel/sound/x86 HTTP/2.0" 200 2625 "https://falcon-ia.com/?path=//lib/modules/4.18.0-553.83.1.lve.el8.x86_64/kernel/sound" "Mozilla/5.0 AppleWebKit/537.36 (KHTML, like Gecko; compatible; GPTBot/1.3; +https://openai.com/gptbot)" 573 **0/573033**
216.73.216.162 - - [28/Mar/2026:07:20:50 -0700] "GET /item/946327045?fileloc=%2Fhome%2Ffalconiapl2015%2F.cpanel%2Femail_accounts.json&path=%2Fhome%2Ffalconiapl2015%2F.cpanel HTTP/2.0" 200 2523 "-" "Mozilla/5.0 AppleWebKit/537.36 (KHTML, like Gecko; compatible; ClaudeBot/1.0; +claudebot@anthropic.com)" 497 **0/497697**
74.7.227.0 - - [28/Mar/2026:07:20:51 -0700] "GET /?path=//lib/modules/4.18.0-553.83.1.lve.el8.x86_64/kernel/arch/x86 HTTP/2.0" 200 2694 "https://falcon-ia.com/?path=//lib/modules/4.18.0-553.83.1.lve.el8.x86_64/kernel/arch" "Mozilla/5.0 AppleWebKit/537.36 (KHTML, like Gecko; compatible; GPTBot/1.3; +https://openai.com/gptbot)" 501 **0/501050**
216.73.216.162 - - [28/Mar/2026:07:20:53 -0700] "GET /item/832644308?fileloc=%2Fhome%2Ffalconiapl2015%2Fpublic_html%2Fimages%2F.htaccess&path=%2Fhome%2Ffalconiapl2015%2Fpublic_html%2Fimages HTTP/2.0" 200 2368 "-" "Mozilla/5.0 AppleWebKit/537.36 (KHTML, like Gecko; compatible; ClaudeBot/1.0; +claudebot@anthropic.com)" 500 **0/500707**
74.7.227.0 - - [28/Mar/2026:07:20:54 -0700] "GET /?path=//lib/modules/4.18.0-553.83.1.lve.el8.x86_64/kernel/sound/soc HTTP/2.0" 200 2797 "https://falcon-ia.com/?path=//lib/modules/4.18.0-553.83.1.lve.el8.x86_64/kernel/sound" "Mozilla/5.0 AppleWebKit/537.36 (KHTML, like Gecko; compatible; GPTBot/1.3; +https://openai.com/gptbot)" 533 **0/533804**
216.73.216.162 - - [28/Mar/2026:07:20:56 -0700] "GET /item/2825735740?fileloc=%2Fhome%2Ffalconiapl2015%2Fpublic_html%2Frobots.txt&path=%2Fhome%2Ffalconiapl2015%2Fpublic_html HTTP/2.0" 200 2301 "-" "Mozilla/5.0 AppleWebKit/537.36 (KHTML, like Gecko; compatible; ClaudeBot/1.0; +claudebot@anthropic.com)" 514 **0/514902**
74.7.227.0 - - [28/Mar/2026:07:20:57 -0700] "GET /?path=//lib/modules/4.18.0-553.83.1.lve.el8.x86_64/kernel/sound/hda HTTP/2.0" 200 2762 "https://falcon-ia.com/?path=//lib/modules/4.18.0-553.83.1.lve.el8.x86_64/kernel/sound" "Mozilla/5.0 AppleWebKit/537.36 (KHTML, like Gecko; compatible; GPTBot/1.3; +https://openai.com/gptbot)" 510 **0/510240**
114.119.141.9 - - [28/Mar/2026:07:20:59 -0700] "GET /commodity/specific/multilateral17194833885?path=/home HTTP/1.1" 200 2772 "https://falcon-ia.com/commodity/specific/multilateral17194833885" "Mozilla/5.0 (Linux; Android 7.0;) AppleWebKit/537.36 (KHTML, like Gecko) Mobile Safari/537.36 (compatible; PetalBot;+https://webmaster.petalsearch.com/site/petalbot)" 510 **0/510899**
216.73.216.162 - - [28/Mar/2026:07:20:59 -0700] "GET /item/3888829794?fileloc=%2Fhome%2Ffalconiapl2015%2Fpublic_html%2Fwp-includes%2Fimages%2Fxit-2x.gif&path=%2Fhome%2Ffalconiapl2015%2Fpublic_html%2Fwp-includes%2Fimages HTTP/2.0" 200 2803 "-" "Mozilla/5.0 AppleWebKit/537.36 (KHTML, like Gecko; compatible; ClaudeBot/1.0; +claudebot@anthropic.com)" 517 **0/517335**
74.7.227.0 - - [28/Mar/2026:07:21:00 -0700] "GET /?path=//lib/modules/4.18.0-553.83.1.lve.el8.x86_64/kernel/sound/xen HTTP/2.0" 200 2622 "https://falcon-ia.com/?path=//lib/modules/4.18.0-553.83.1.lve.el8.x86_64/kernel/sound" "Mozilla/5.0 AppleWebKit/537.36 (KHTML, like Gecko; compatible; GPTBot/1.3; +https://openai.com/gptbot)" 516 **0/516183**
216.73.216.162 - - [28/Mar/2026:07:21:02 -0700] "GET /item/3049169697?fileloc=%2Fhome%2Ffalconiapl2015%2Fpublic_html%2Fimages%2F.htaccess&path=%2Fhome%2Ffalconiapl2015%2Fpublic_html%2Fimages HTTP/2.0" 200 2368 "-" "Mozilla/5.0 AppleWebKit/537.36 (KHTML, like Gecko; compatible; ClaudeBot/1.0; +claudebot@anthropic.com)" 595 **0/595201**
40.77.167.16 - - [28/Mar/2026:07:21:01 -0700] "GET /commodity/settlements/knowledgebase171799454739 HTTP/2.0" 200 26044 "-" "Mozilla/5.0 AppleWebKit/537.36 (KHTML, like Gecko; compatible; bingbot/2.0; +http://www.bing.com/bingbot.htm) Chrome/116.0.1938.76 Safari/537.36" 1830 **1/1830162**
74.7.227.0 - - [28/Mar/2026:07:21:03 -0700] "GET /?path=//lib/modules/4.18.0-553.83.1.lve.el8.x86_64/kernel/sound/usb HTTP/2.0" 200 2890 "https://falcon-ia.com/?path=//lib/modules/4.18.0-553.83.1.lve.el8.x86_64/kernel/sound" "Mozilla/5.0 AppleWebKit/537.36 (KHTML, like Gecko; compatible; GPTBot/1.3; +https://openai.com/gptbot)" 507 **0/507008**
216.73.216.162 - - [28/Mar/2026:07:21:05 -0700] "GET /item/832480801?fileloc=%2Fhome%2Ffalconiapl2015%2Fpublic_html%2Frobots.txt&path=%2Fhome%2Ffalconiapl2015%2Fpublic_html HTTP/2.0" 200 2301 "-" "Mozilla/5.0 AppleWebKit/537.36 (KHTML, like Gecko; compatible; ClaudeBot/1.0; +claudebot@anthropic.com)" 511 **0/511341**
74.7.227.0 - - [28/Mar/2026:07:21:07 -0700] "GET /?path=//lib/modules/4.18.0-553.83.1.lve.el8.x86_64/kernel/fs/xfs HTTP/2.0" 200 2612 "https://falcon-ia.com/?path=//lib/modules/4.18.0-553.83.1.lve.el8.x86_64/kernel/fs" "Mozilla/5.0 AppleWebKit/537.36 (KHTML, like Gecko; compatible; GPTBot/1.3; +https://openai.com/gptbot)" 501 **0/501253**
216.73.216.162 - - [28/Mar/2026:07:21:08 -0700] "GET /item/2557278946?fileloc=%2Fhome%2Ffalconiapl2015%2F.cpanel%2Fducache&path=%2Fhome%2Ffalconiapl2015%2F.cpanel HTTP/2.0" 200 3014 "-" "Mozilla/5.0 AppleWebKit/537.36 (KHTML, like Gecko; compatible; ClaudeBot/1.0; +claudebot@anthropic.com)" 523 **0/523992**
74.7.227.0 - - [28/Mar/2026:07:21:10 -0700] "GET /?fileloc=//lib/dracut/dracut-initramfs-restore&path=//lib/dracut HTTP/2.0" 200 2991 "https://falcon-ia.com/?path=//lib/dracut" "Mozilla/5.0 AppleWebKit/537.36 (KHTML, like Gecko; compatible; GPTBot/1.3; +https://openai.com/gptbot)" 550 **0/550245**
216.73.216.162 - - [28/Mar/2026:07:21:11 -0700] "GET /item/266687625?fileloc=%2Fhome%2Ffalconiapl2015%2Fpublic_html%2Frobots.txt&path=%2Fhome%2Ffalconiapl2015%2Fpublic_html HTTP/2.0" 200 2301 "-" "Mozilla/5.0 AppleWebKit/537.36 (KHTML, like Gecko; compatible; ClaudeBot/1.0; +claudebot@anthropic.com)" 497 **0/497996**
74.7.227.0 - - [28/Mar/2026:07:21:13 -0700] "GET /?path=//lib/modules/4.18.0-553.104.1.lve.el8.x86_64/kernel/arch HTTP/2.0" 200 2583 "https://falcon-ia.com/?path=//lib/modules/4.18.0-553.104.1.lve.el8.x86_64/kernel" "Mozilla/5.0 AppleWebKit/537.36 (KHTML, like Gecko; compatible; GPTBot/1.3; +https://openai.com/gptbot)" 551 **0/551711**
216.73.216.162 - - [28/Mar/2026:07:21:14 -0700] "GET /item/2571990870?fileloc=%2Fhome%2Ffalconiapl2015%2Fpublic_html%2Frobots.txt&path=%2Fhome%2Ffalconiapl2015%2Fpublic_html HTTP/2.0" 200 2301 "-" "Mozilla/5.0 AppleWebKit/537.36 (KHTML, like Gecko; compatible; ClaudeBot/1.0; +claudebot@anthropic.com)" 479 **0/479626**
52.167.144.159 - - [28/Mar/2026:07:21:13 -0700] "GET /t%C3%BCrkiye-de-en-iyi-3-yabanc%C4%B1-yasal-g%C3%BCvenli-web-casino/ HTTP/2.0" 200 24941 "-" "Mozilla/5.0 AppleWebKit/537.36 (KHTML, like Gecko; compatible; bingbot/2.0; +http://www.bing.com/bingbot.htm) Chrome/116.0.1938.76 Safari/537.36" 1591 **1/1591980**
74.7.227.0 - - [28/Mar/2026:07:21:16 -0700] "GET /?path=//lib/modules/4.18.0-553.83.1.lve.el8.x86_64/kernel/sound/pci/mixart HTTP/2.0" 200 2632 "https://falcon-ia.com/?path=//lib/modules/4.18.0-553.83.1.lve.el8.x86_64/kernel/sound/pci" "Mozilla/5.0 AppleWebKit/537.36 (KHTML, like Gecko; compatible; GPTBot/1.3; +https://openai.com/gptbot)" 544 **0/544723**
216.73.216.162 - - [28/Mar/2026:07:21:17 -0700] "GET /item/3472237623?fileloc=%2Fhome%2Ffalconiapl2015%2Fpublic_html%2Fimages%2F.htaccess&path=%2Fhome%2Ffalconiapl2015%2Fpublic_html%2Fimages HTTP/2.0" 200 2368 "-" "Mozilla/5.0 AppleWebKit/537.36 (KHTML, like Gecko; compatible; ClaudeBot/1.0; +claudebot@anthropic.com)" 495 **0/495202**
74.7.227.0 - - [28/Mar/2026:07:21:19 -0700] "GET /?path=//lib/modules/4.18.0-553.83.1.lve.el8.x86_64/kernel/sound/pci/pcxhr HTTP/2.0" 200 2633 "https://falcon-ia.com/?path=//lib/modules/4.18.0-553.83.1.lve.el8.x86_64/kernel/sound/pci" "Mozilla/5.0 AppleWebKit/537.36 (KHTML, like Gecko; compatible; GPTBot/1.3; +https://openai.com/gptbot)" 492 **0/492109**
216.73.216.162 - - [28/Mar/2026:07:21:20 -0700] "GET /item/574924238?fileloc=%2Fhome%2Ffalconiapl2015%2Fpublic_html%2Frobots.txt&path=%2Fhome%2Ffalconiapl2015%2Fpublic_html HTTP/2.0" 200 2301 "-" "Mozilla/5.0 AppleWebKit/537.36 (KHTML, like Gecko; compatible; ClaudeBot/1.0; +claudebot@anthropic.com)" 518 **0/518870**
74.7.227.0 - - [28/Mar/2026:07:21:22 -0700] "GET /?path=//lib/modules/4.18.0-553.83.1.lve.el8.x86_64/kernel/sound/pci/oxygen HTTP/2.0" 200 2693 "https://falcon-ia.com/?path=//lib/modules/4.18.0-553.83.1.lve.el8.x86_64/kernel/sound/pci" "Mozilla/5.0 AppleWebKit/537.36 (KHTML, like Gecko; compatible; GPTBot/1.3; +https://openai.com/gptbot)" 503 **0/503186**
216.73.216.162 - - [28/Mar/2026:07:21:23 -0700] "GET /item/1979975446?fileloc=%2Fhome%2Ffalconiapl2015%2F.cpanel%2Femail_accounts.json&path=%2Fhome%2Ffalconiapl2015%2F.cpanel HTTP/2.0" 200 2523 "-" "Mozilla/5.0 AppleWebKit/537.36 (KHTML, like Gecko; compatible; ClaudeBot/1.0; +claudebot@anthropic.com)" 512 **0/512268**
74.7.227.0 - - [28/Mar/2026:07:21:25 -0700] "GET /?path=//lib/modules/4.18.0-553.83.1.lve.el8.x86_64/kernel/sound/pci/ctxfi HTTP/2.0" 200 2632 "https://falcon-ia.com/?path=//lib/modules/4.18.0-553.83.1.lve.el8.x86_64/kernel/sound/pci" "Mozilla/5.0 AppleWebKit/537.36 (KHTML, like Gecko; compatible; GPTBot/1.3; +https://openai.com/gptbot)" 523 **0/523584**
216.73.216.162 - - [28/Mar/2026:07:21:26 -0700] "GET /item/3948353480?fileloc=%2Fhome%2Ffalconiapl2015%2F.mysql_backup%2Ffalconia.sql.gz&path=%2Fhome%2Ffalconiapl2015%2F.mysql_backup HTTP/2.0" 200 1693158 "-" "Mozilla/5.0 AppleWebKit/537.36 (KHTML, like Gecko; compatible; ClaudeBot/1.0; +claudebot@anthropic.com)" 1472 **1/1472481**
74.7.227.0 - - [28/Mar/2026:07:21:29 -0700] "GET /?path=//lib/modules/4.18.0-553.83.1.lve.el8.x86_64/kernel/sound/soc/intel HTTP/2.0" 200 2744 "https://falcon-ia.com/?path=//lib/modules/4.18.0-553.83.1.lve.el8.x86_64/kernel/sound/soc" "Mozilla/5.0 AppleWebKit/537.36 (KHTML, like Gecko; compatible; GPTBot/1.3; +https://openai.com/gptbot)" 493 **0/493526**
216.73.216.162 - - [28/Mar/2026:07:21:29 -0700] "GET /item/1002342832?fileloc=%2Fhome%2Ffalconiapl2015%2Fpublic_html%2Frobots.txt&path=%2Fhome%2Ffalconiapl2015%2Fpublic_html HTTP/2.0" 200 2301 "-" "Mozilla/5.0 AppleWebKit/537.36 (KHTML, like Gecko; compatible; ClaudeBot/1.0; +claudebot@anthropic.com)" 489 **0/489732**
74.7.227.0 - - [28/Mar/2026:07:21:32 -0700] "GET /?path=//lib/modules/4.18.0-553.83.1.lve.el8.x86_64/kernel/sound/pci/asihpi HTTP/2.0" 200 2632 "https://falcon-ia.com/?path=//lib/modules/4.18.0-553.83.1.lve.el8.x86_64/kernel/sound/pci" "Mozilla/5.0 AppleWebKit/537.36 (KHTML, like Gecko; compatible; GPTBot/1.3; +https://openai.com/gptbot)" 530 **0/530366**
216.73.216.162 - - [28/Mar/2026:07:21:32 -0700] "GET /item/1665553619?fileloc=%2Fhome%2Ffalconiapl2015%2Fpublic_html%2Fwp-content%2Fthemes%2Ftwentytwentyfour%2F.htaccess&path=%2Fhome%2Ffalconiapl2015%2Fpublic_html%2Fwp-content%2Fthemes%2Ftwentytwentyfour HTTP/2.0" 200 2400 "-" "Mozilla/5.0 AppleWebKit/537.36 (KHTML, like Gecko; compatible; ClaudeBot/1.0; +claudebot@anthropic.com)" 509 **0/509841**
216.73.216.162 - - [28/Mar/2026:07:21:35 -0700] "GET /item/553469037?fileloc=%2Fhome%2Ffalconiapl2015%2Fpublic_html%2Frobots.txt&path=%2Fhome%2Ffalconiapl2015%2Fpublic_html HTTP/2.0" 403 3449 "-" "Mozilla/5.0 AppleWebKit/537.36 (KHTML, like Gecko; compatible; ClaudeBot/1.0; +claudebot@anthropic.com)" 499 **0/499726**
74.7.227.0 - - [28/Mar/2026:07:21:35 -0700] "GET /?path=//lib/modules/4.18.0-553.83.1.lve.el8.x86_64/kernel/sound/soc/codecs HTTP/2.0" 200 4199 "https://falcon-ia.com/?path=//lib/modules/4.18.0-553.83.1.lve.el8.x86_64/kernel/sound/soc" "Mozilla/5.0 AppleWebKit/537.36 (KHTML, like Gecko; compatible; GPTBot/1.3; +https://openai.com/gptbot)" 540 **0/540329**
216.73.216.162 - - [28/Mar/2026:07:21:38 -0700] "GET /item/3967331030?fileloc=%2Fhome%2Ffalconiapl2015%2Fpublic_html%2Frobots.txt&path=%2Fhome%2Ffalconiapl2015%2Fpublic_html HTTP/2.0" 403 3449 "-" "Mozilla/5.0 AppleWebKit/537.36 (KHTML, like Gecko; compatible; ClaudeBot/1.0; +claudebot@anthropic.com)" 495 **0/495355**
74.7.227.0 - - [28/Mar/2026:07:21:38 -0700] "GET /?path=//lib/modules/4.18.0-553.83.1.lve.el8.x86_64/kernel/sound/usb/caiaq HTTP/2.0" 200 2632 "https://falcon-ia.com/?path=//lib/modules/4.18.0-553.83.1.lve.el8.x86_64/kernel/sound/usb" "Mozilla/5.0 AppleWebKit/537.36 (KHTML, like Gecko; compatible; GPTBot/1.3; +https://openai.com/gptbot)" 500 **0/500432**
216.73.216.162 - - [28/Mar/2026:07:21:41 -0700] "GET /item/3695237939?fileloc=%2Fhome%2Ffalconiapl2015%2Fpublic_html%2Fwp-includes%2Fimages%2Frss-2x.png&path=%2Fhome%2Ffalconiapl2015%2Fpublic_html%2Fwp-includes%2Fimages HTTP/2.0" 403 3449 "-" "Mozilla/5.0 AppleWebKit/537.36 (KHTML, like Gecko; compatible; ClaudeBot/1.0; +claudebot@anthropic.com)" 499 **0/499748**
74.7.227.0 - - [28/Mar/2026:07:21:42 -0700] "GET /?path=//lib/modules/4.18.0-553.83.1.lve.el8.x86_64/kernel/sound/usb/hiface HTTP/2.0" 200 2632 "https://falcon-ia.com/?path=//lib/modules/4.18.0-553.83.1.lve.el8.x86_64/kernel/sound/usb" "Mozilla/5.0 AppleWebKit/537.36 (KHTML, like Gecko; compatible; GPTBot/1.3; +https://openai.com/gptbot)" 516 **0/516700**
216.73.216.162 - - [28/Mar/2026:07:21:44 -0700] "GET /item/701783622?fileloc=%2Fhome%2Ffalconiapl2015%2Fpublic_html%2Frobots.txt&path=%2Fhome%2Ffalconiapl2015%2Fpublic_html HTTP/2.0" 403 3449 "-" "Mozilla/5.0 AppleWebKit/537.36 (KHTML, like Gecko; compatible; ClaudeBot/1.0; +claudebot@anthropic.com)" 507 **0/507094**
74.7.227.0 - - [28/Mar/2026:07:21:45 -0700] "GET /?path=//lib/modules/4.18.0-553.83.1.lve.el8.x86_64/kernel/sound/soc/sof HTTP/2.0" 200 2879 "https://falcon-ia.com/?path=//lib/modules/4.18.0-553.83.1.lve.el8.x86_64/kernel/sound/soc" "Mozilla/5.0 AppleWebKit/537.36 (KHTML, like Gecko; compatible; GPTBot/1.3; +https://openai.com/gptbot)" 506 **0/506397**
216.73.216.162 - - [28/Mar/2026:07:21:47 -0700] "GET /item/563223996?fileloc=%2Fhome%2Ffalconiapl2015%2Fpublic_html%2Frobots.txt&path=%2Fhome%2Ffalconiapl2015%2Fpublic_html HTTP/2.0" 403 3449 "-" "Mozilla/5.0 AppleWebKit/537.36 (KHTML, like Gecko; compatible; ClaudeBot/1.0; +claudebot@anthropic.com)" 494 **0/494163**
74.7.227.0 - - [28/Mar/2026:07:21:48 -0700] "GET /?path=//lib/modules/4.18.0-553.83.1.lve.el8.x86_64/kernel/sound/usb/misc HTTP/2.0" 200 2630 "https://falcon-ia.com/?path=//lib/modules/4.18.0-553.83.1.lve.el8.x86_64/kernel/sound/usb" "Mozilla/5.0 AppleWebKit/537.36 (KHTML, like Gecko; compatible; GPTBot/1.3; +https://openai.com/gptbot)" 514 **0/514130**
216.73.216.162 - - [28/Mar/2026:07:21:50 -0700] "GET /item/2100494080?fileloc=%2Fhome%2Ffalconiapl2015%2Fpublic_html%2Frobots.txt&path=%2Fhome%2Ffalconiapl2015%2Fpublic_html HTTP/2.0" 403 3449 "-" "Mozilla/5.0 AppleWebKit/537.36 (KHTML, like Gecko; compatible; ClaudeBot/1.0; +claudebot@anthropic.com)" 504 **0/504865**
74.7.227.0 - - [28/Mar/2026:07:21:51 -0700] "GET /?path=//lib/modules/4.18.0-553.83.1.lve.el8.x86_64/kernel/sound/pci/trident HTTP/2.0" 200 2633 "https://falcon-ia.com/?path=//lib/modules/4.18.0-553.83.1.lve.el8.x86_64/kernel/sound/pci" "Mozilla/5.0 AppleWebKit/537.36 (KHTML, like Gecko; compatible; GPTBot/1.3; +https://openai.com/gptbot)" 492 **0/492722**
216.73.216.162 - - [28/Mar/2026:07:21:53 -0700] "GET /item/2400520737?fileloc=%2Fhome%2Ffalconiapl2015%2Fpublic_html%2Flicense.txt&path=%2Fhome%2Ffalconiapl2015%2Fpublic_html HTTP/2.0" 403 3449 "-" "Mozilla/5.0 AppleWebKit/537.36 (KHTML, like Gecko; compatible; ClaudeBot/1.0; +claudebot@anthropic.com)" 511 **0/511876**
74.7.227.0 - - [28/Mar/2026:07:21:54 -0700] "GET /?path=//lib/modules/4.18.0-553.83.1.lve.el8.x86_64/kernel/sound/soc/amd HTTP/2.0" 200 2756 "https://falcon-ia.com/?path=//lib/modules/4.18.0-553.83.1.lve.el8.x86_64/kernel/sound/soc" "Mozilla/5.0 AppleWebKit/537.36 (KHTML, like Gecko; compatible; GPTBot/1.3; +https://openai.com/gptbot)" 493 **0/493574**
216.73.216.162 - - [28/Mar/2026:07:21:56 -0700] "GET /item/2557278946?fileloc=%2Fhome%2Ffalconiapl2015%2Fnew%2Fwp-blog-header.php&path=%2Fhome%2Ffalconiapl2015%2Fnew HTTP/2.0" 403 3449 "-" "Mozilla/5.0 AppleWebKit/537.36 (KHTML, like Gecko; compatible; ClaudeBot/1.0; +claudebot@anthropic.com)" 503 **0/503784**
74.7.227.0 - - [28/Mar/2026:07:21:57 -0700] "GET /?path=//lib/modules/4.18.0-553.83.1.lve.el8.x86_64/kernel/arch/x86/kvm HTTP/2.0" 200 2691 "https://falcon-ia.com/?path=//lib/modules/4.18.0-553.83.1.lve.el8.x86_64/kernel/arch/x86" "Mozilla/5.0 AppleWebKit/537.36 (KHTML, like Gecko; compatible; GPTBot/1.3; +https://openai.com/gptbot)" 483 **0/483421**
74.7.227.0 - - [28/Mar/2026:07:22:00 -0700] "GET /?path=//lib/modules/4.18.0-553.104.1.lve.el8.x86_64/kernel/arch/x86 HTTP/2.0" 200 2692 "https://falcon-ia.com/?path=//lib/modules/4.18.0-553.104.1.lve.el8.x86_64/kernel/arch" "Mozilla/5.0 AppleWebKit/537.36 (KHTML, like Gecko; compatible; GPTBot/1.3; +https://openai.com/gptbot)" 528 **0/528356**
216.73.216.162 - - [28/Mar/2026:07:22:02 -0700] "GET /item/3847809934?fileloc=%2Fhome%2Ffalconiapl2015%2Fpublic_html%2Fwp-includes%2Fhttps-migration.php&path=%2Fhome%2Ffalconiapl2015%2Fpublic_html%2Fwp-includes HTTP/2.0" 403 3449 "-" "Mozilla/5.0 AppleWebKit/537.36 (KHTML, like Gecko; compatible; ClaudeBot/1.0; +claudebot@anthropic.com)" 566 **0/566750**
74.7.227.0 - - [28/Mar/2026:07:22:04 -0700] "GET /?path=//lib/modules/4.18.0-553.83.1.lve.el8.x86_64/kernel/sound/soc/intel/common HTTP/2.0" 200 2716 "https://falcon-ia.com/?path=//lib/modules/4.18.0-553.83.1.lve.el8.x86_64/kernel/sound/soc/intel" "Mozilla/5.0 AppleWebKit/537.36 (KHTML, like Gecko; compatible; GPTBot/1.3; +https://openai.com/gptbot)" 496 **0/496389**
216.73.216.162 - - [28/Mar/2026:07:22:04 -0700] "GET /item/839592255?fileloc=%2Fhome%2Ffalconiapl2015%2Fpublic_html%2Fwp-includes%2Fhttps-migration.php&path=%2Fhome%2Ffalconiapl2015%2Fpublic_html%2Fwp-includes HTTP/2.0" 403 3449 "-" "Mozilla/5.0 AppleWebKit/537.36 (KHTML, like Gecko; compatible; ClaudeBot/1.0; +claudebot@anthropic.com)" 524 **0/524454**
74.7.227.0 - - [28/Mar/2026:07:22:07 -0700] "GET /?path=//lib/modules/4.18.0-553.83.1.lve.el8.x86_64/kernel/sound/soc/intel/boards HTTP/2.0" 200 3887 "https://falcon-ia.com/?path=//lib/modules/4.18.0-553.83.1.lve.el8.x86_64/kernel/sound/soc/intel" "Mozilla/5.0 AppleWebKit/537.36 (KHTML, like Gecko; compatible; GPTBot/1.3; +https://openai.com/gptbot)" 543 **0/543826**
216.73.216.162 - - [28/Mar/2026:07:22:07 -0700] "GET /item/2393749895?fileloc=%2Fhome%2Ffalconiapl2015%2Fpublic_html%2Fwp-includes%2Fhttps-migration.php&path=%2Fhome%2Ffalconiapl2015%2Fpublic_html%2Fwp-includes HTTP/2.0" 403 3449 "-" "Mozilla/5.0 AppleWebKit/537.36 (KHTML, like Gecko; compatible; ClaudeBot/1.0; +claudebot@anthropic.com)" 521 **0/521361**
74.7.227.0 - - [28/Mar/2026:07:22:10 -0700] "GET /?path=//lib/modules/4.18.0-553.83.1.lve.el8.x86_64/kernel/sound/soc/intel/catpt HTTP/2.0" 200 2644 "https://falcon-ia.com/?path=//lib/modules/4.18.0-553.83.1.lve.el8.x86_64/kernel/sound/soc/intel" "Mozilla/5.0 AppleWebKit/537.36 (KHTML, like Gecko; compatible; GPTBot/1.3; +https://openai.com/gptbot)" 597 **0/597405**
216.73.216.162 - - [28/Mar/2026:07:22:10 -0700] "GET /item/5590457?fileloc=%2Fhome%2Ffalconiapl2015%2Fpublic_html%2Fwp-includes%2Fhttps-detection.php&path=%2Fhome%2Ffalconiapl2015%2Fpublic_html%2Fwp-includes HTTP/2.0" 403 3449 "-" "Mozilla/5.0 AppleWebKit/537.36 (KHTML, like Gecko; compatible; ClaudeBot/1.0; +claudebot@anthropic.com)" 549 **0/549726**
74.7.227.0 - - [28/Mar/2026:07:22:13 -0700] "GET /?path=//lib/modules/4.18.0-553.83.1.lve.el8.x86_64/kernel/sound/soc/intel/atom HTTP/2.0" 200 2728 "https://falcon-ia.com/?path=//lib/modules/4.18.0-553.83.1.lve.el8.x86_64/kernel/sound/soc/intel" "Mozilla/5.0 AppleWebKit/537.36 (KHTML, like Gecko; compatible; GPTBot/1.3; +https://openai.com/gptbot)" 580 **0/580879**
216.73.216.162 - - [28/Mar/2026:07:22:13 -0700] "GET /item/2392537796?fileloc=%2Fhome%2Ffalconiapl2015%2Fpublic_html%2Fwp-includes%2Fhttps-migration.php&path=%2Fhome%2Ffalconiapl2015%2Fpublic_html%2Fwp-includes HTTP/2.0" 403 3449 "-" "Mozilla/5.0 AppleWebKit/537.36 (KHTML, like Gecko; compatible; ClaudeBot/1.0; +claudebot@anthropic.com)" 514 **0/514930**
114.119.143.130 - - [28/Mar/2026:07:22:15 -0700] "GET /commodity/soy/ud17191795514 HTTP/1.1" 200 3956 "https://falcon-ia.com/sitemap_94.xml" "Mozilla/5.0 (Linux; Android 7.0;) AppleWebKit/537.36 (KHTML, like Gecko) Mobile Safari/537.36 (compatible; PetalBot;+https://webmaster.petalsearch.com/site/petalbot)" 536 **0/536107**
74.7.227.0 - - [28/Mar/2026:07:22:16 -0700] "GET /?path=//lib/modules/4.18.0-553.83.1.lve.el8.x86_64/kernel/sound/soc/intel/avs HTTP/2.0" 200 2644 "https://falcon-ia.com/?path=//lib/modules/4.18.0-553.83.1.lve.el8.x86_64/kernel/sound/soc/intel" "Mozilla/5.0 AppleWebKit/537.36 (KHTML, like Gecko; compatible; GPTBot/1.3; +https://openai.com/gptbot)" 506 **0/506955**
216.73.216.162 - - [28/Mar/2026:07:22:16 -0700] "GET /item/205359608?path=%2Fhome%2Ffalconiapl2015%2Fpublic_html%2Fwp-includes%2Finteractivity-api HTTP/2.0" 200 2707 "-" "Mozilla/5.0 AppleWebKit/537.36 (KHTML, like Gecko; compatible; ClaudeBot/1.0; +claudebot@anthropic.com)" 510 **0/510896**
74.7.227.0 - - [28/Mar/2026:07:22:19 -0700] "GET /?path=//lib/modules/4.18.0-553.83.1.lve.el8.x86_64/kernel/sound/soc/sof/amd HTTP/2.0" 200 2716 "https://falcon-ia.com/?path=//lib/modules/4.18.0-553.83.1.lve.el8.x86_64/kernel/sound/soc/sof" "Mozilla/5.0 AppleWebKit/537.36 (KHTML, like Gecko; compatible; GPTBot/1.3; +https://openai.com/gptbot)" 502 **0/502195**
216.73.216.162 - - [28/Mar/2026:07:22:19 -0700] "GET /item/5590457?path=%2Fhome%2Ffalconiapl2015%2Fpublic_html%2Fwp-includes%2Finteractivity-api HTTP/2.0" 200 2707 "-" "Mozilla/5.0 AppleWebKit/537.36 (KHTML, like Gecko; compatible; ClaudeBot/1.0; +claudebot@anthropic.com)" 509 **0/509506**
216.73.216.162 - - [28/Mar/2026:07:22:22 -0700] "GET /item/3117425212 HTTP/2.0" 200 3449 "-" "Mozilla/5.0 AppleWebKit/537.36 (KHTML, like Gecko; compatible; ClaudeBot/1.0; +claudebot@anthropic.com)" 494 **0/494400**
74.7.227.0 - - [28/Mar/2026:07:22:23 -0700] "GET /?path=//lib/modules/4.18.0-553.83.1.lve.el8.x86_64/kernel/sound/soc/sof/xtensa HTTP/2.0" 200 2647 "https://falcon-ia.com/?path=//lib/modules/4.18.0-553.83.1.lve.el8.x86_64/kernel/sound/soc/sof" "Mozilla/5.0 AppleWebKit/537.36 (KHTML, like Gecko; compatible; GPTBot/1.3; +https://openai.com/gptbot)" 490 **0/490052**
216.73.216.162 - - [28/Mar/2026:07:22:25 -0700] "GET /item/3666747588 HTTP/2.0" 200 3449 "-" "Mozilla/5.0 AppleWebKit/537.36 (KHTML, like Gecko; compatible; ClaudeBot/1.0; +claudebot@anthropic.com)" 528 **0/528415**
74.7.227.0 - - [28/Mar/2026:07:22:26 -0700] "GET /?path=//lib/modules/4.18.0-553.83.1.lve.el8.x86_64/kernel/sound/soc/sof/intel HTTP/2.0" 200 2957 "https://falcon-ia.com/?path=//lib/modules/4.18.0-553.83.1.lve.el8.x86_64/kernel/sound/soc/sof" "Mozilla/5.0 AppleWebKit/537.36 (KHTML, like Gecko; compatible; GPTBot/1.3; +https://openai.com/gptbot)" 539 **0/539120**
216.73.216.162 - - [28/Mar/2026:07:22:28 -0700] "GET /item/1581184111 HTTP/2.0" 200 3449 "-" "Mozilla/5.0 AppleWebKit/537.36 (KHTML, like Gecko; compatible; ClaudeBot/1.0; +claudebot@anthropic.com)" 493 **0/493377**
52.167.144.202 - - [28/Mar/2026:07:22:27 -0700] "GET /commodity/sour/saws172020064343 HTTP/2.0" 200 27557 "-" "Mozilla/5.0 AppleWebKit/537.36 (KHTML, like Gecko; compatible; bingbot/2.0; +http://www.bing.com/bingbot.htm) Chrome/116.0.1938.76 Safari/537.36" 1723 **1/1723622**
74.7.227.0 - - [28/Mar/2026:07:22:29 -0700] "GET /?path=//lib/modules/4.18.0-553.83.1.lve.el8.x86_64/kernel/sound/soc/amd/yc HTTP/2.0" 200 2721 "https://falcon-ia.com/?path=//lib/modules/4.18.0-553.83.1.lve.el8.x86_64/kernel/sound/soc/amd" "Mozilla/5.0 AppleWebKit/537.36 (KHTML, like Gecko; compatible; GPTBot/1.3; +https://openai.com/gptbot)" 504 **0/504324**
216.73.216.162 - - [28/Mar/2026:07:22:31 -0700] "GET /item/1493106747 HTTP/2.0" 200 3449 "-" "Mozilla/5.0 AppleWebKit/537.36 (KHTML, like Gecko; compatible; ClaudeBot/1.0; +claudebot@anthropic.com)" 495 **0/495477**
74.7.227.0 - - [28/Mar/2026:07:22:32 -0700] "GET /?path=//lib/modules/4.18.0-553.83.1.lve.el8.x86_64/kernel/sound/soc/amd/renoir HTTP/2.0" 200 2720 "https://falcon-ia.com/?path=//lib/modules/4.18.0-553.83.1.lve.el8.x86_64/kernel/sound/soc/amd" "Mozilla/5.0 AppleWebKit/537.36 (KHTML, like Gecko; compatible; GPTBot/1.3; +https://openai.com/gptbot)" 492 **0/492977**
216.73.216.162 - - [28/Mar/2026:07:22:34 -0700] "GET /item/2529179345 HTTP/2.0" 200 3449 "-" "Mozilla/5.0 AppleWebKit/537.36 (KHTML, like Gecko; compatible; ClaudeBot/1.0; +claudebot@anthropic.com)" 531 **0/531234**
74.7.227.0 - - [28/Mar/2026:07:22:35 -0700] "GET /?path=//lib/modules/4.18.0-553.104.1.lve.el8.x86_64/kernel/arch/x86/kvm HTTP/2.0" 200 2688 "https://falcon-ia.com/?path=//lib/modules/4.18.0-553.104.1.lve.el8.x86_64/kernel/arch/x86" "Mozilla/5.0 AppleWebKit/537.36 (KHTML, like Gecko; compatible; GPTBot/1.3; +https://openai.com/gptbot)" 518 **0/518208**
216.73.216.162 - - [28/Mar/2026:07:22:37 -0700] "GET /item/3740262305 HTTP/2.0" 200 3449 "-" "Mozilla/5.0 AppleWebKit/537.36 (KHTML, like Gecko; compatible; ClaudeBot/1.0; +claudebot@anthropic.com)" 512 **0/512505**
74.7.227.0 - - [28/Mar/2026:07:22:38 -0700] "GET /?path=//lib/modules/4.18.0-553.83.1.lve.el8.x86_64/kernel/sound/soc/amd/vangogh HTTP/2.0" 200 2760 "https://falcon-ia.com/?path=//lib/modules/4.18.0-553.83.1.lve.el8.x86_64/kernel/sound/soc/amd" "Mozilla/5.0 AppleWebKit/537.36 (KHTML, like Gecko; compatible; GPTBot/1.3; +https://openai.com/gptbot)" 596 **0/596987**
216.73.216.162 - - [28/Mar/2026:07:22:40 -0700] "GET /item/3616172445 HTTP/2.0" 200 3449 "-" "Mozilla/5.0 AppleWebKit/537.36 (KHTML, like Gecko; compatible; ClaudeBot/1.0; +claudebot@anthropic.com)" 496 **0/496930**
74.7.227.0 - - [28/Mar/2026:07:22:41 -0700] "GET /?path=//lib/modules/4.18.0-553.104.1.lve.el8.x86_64/kernel/fs/dlm HTTP/2.0" 200 2611 "https://falcon-ia.com/?path=//lib/modules/4.18.0-553.104.1.lve.el8.x86_64/kernel/fs" "Mozilla/5.0 AppleWebKit/537.36 (KHTML, like Gecko; compatible; GPTBot/1.3; +https://openai.com/gptbot)" 526 **0/526799**
216.73.216.162 - - [28/Mar/2026:07:22:43 -0700] "GET /item/1659192813 HTTP/2.0" 200 3449 "-" "Mozilla/5.0 AppleWebKit/537.36 (KHTML, like Gecko; compatible; ClaudeBot/1.0; +claudebot@anthropic.com)" 542 **0/542826**
74.7.227.0 - - [28/Mar/2026:07:22:44 -0700] "GET /?path=//lib/modules/4.18.0-553.104.1.lve.el8.x86_64/kernel/fs/xfs HTTP/2.0" 200 2612 "https://falcon-ia.com/?path=//lib/modules/4.18.0-553.104.1.lve.el8.x86_64/kernel/fs" "Mozilla/5.0 AppleWebKit/537.36 (KHTML, like Gecko; compatible; GPTBot/1.3; +https://openai.com/gptbot)" 505 **0/505551**
216.73.216.162 - - [28/Mar/2026:07:22:46 -0700] "GET /item/2675721896 HTTP/2.0" 200 3449 "-" "Mozilla/5.0 AppleWebKit/537.36 (KHTML, like Gecko; compatible; ClaudeBot/1.0; +claudebot@anthropic.com)" 497 **0/497247**
74.7.227.0 - - [28/Mar/2026:07:22:47 -0700] "GET /?path=//lib/modules/4.18.0-553.83.1.lve.el8.x86_64/kernel/sound/soc/intel/atom/sst HTTP/2.0" 200 2690 "https://falcon-ia.com/?path=//lib/modules/4.18.0-553.83.1.lve.el8.x86_64/kernel/sound/soc/intel/atom" "Mozilla/5.0 AppleWebKit/537.36 (KHTML, like Gecko; compatible; GPTBot/1.3; +https://openai.com/gptbot)" 497 **0/497247**
216.73.216.162 - - [28/Mar/2026:07:22:49 -0700] "GET /item/2257334803 HTTP/2.0" 200 3449 "-" "Mozilla/5.0 AppleWebKit/537.36 (KHTML, like Gecko; compatible; ClaudeBot/1.0; +claudebot@anthropic.com)" 511 **0/511144**
74.7.227.0 - - [28/Mar/2026:07:22:50 -0700] "GET /?path=//lib/modules/4.18.0-553.104.1.lve.el8.x86_64/kernel/fs/udf HTTP/2.0" 200 2612 "https://falcon-ia.com/?path=//lib/modules/4.18.0-553.104.1.lve.el8.x86_64/kernel/fs" "Mozilla/5.0 AppleWebKit/537.36 (KHTML, like Gecko; compatible; GPTBot/1.3; +https://openai.com/gptbot)" 486 **0/486519**
216.73.216.162 - - [28/Mar/2026:07:22:52 -0700] "GET /item/3139696084 HTTP/2.0" 200 3449 "-" "Mozilla/5.0 AppleWebKit/537.36 (KHTML, like Gecko; compatible; ClaudeBot/1.0; +claudebot@anthropic.com)" 488 **0/488710**
74.7.227.0 - - [28/Mar/2026:07:22:54 -0700] "GET /?path=//lib/modules/4.18.0-553.94.1.lve.el8.x86_64/kernel/fs/ext4 HTTP/2.0" 200 2611 "https://falcon-ia.com/?path=//lib/modules/4.18.0-553.94.1.lve.el8.x86_64/kernel/fs" "Mozilla/5.0 AppleWebKit/537.36 (KHTML, like Gecko; compatible; GPTBot/1.3; +https://openai.com/gptbot)" 522 **0/522337**
74.7.227.0 - - [28/Mar/2026:07:22:57 -0700] "GET /?path=//lib/modules/4.18.0-553.104.1.lve.el8.x86_64/kernel/fs/nfs HTTP/2.0" 200 2799 "https://falcon-ia.com/?path=//lib/modules/4.18.0-553.104.1.lve.el8.x86_64/kernel/fs" "Mozilla/5.0 AppleWebKit/537.36 (KHTML, like Gecko; compatible; GPTBot/1.3; +https://openai.com/gptbot)" 500 **0/500141**
216.73.216.162 - - [28/Mar/2026:07:22:55 -0700] "GET /item/3117588735 HTTP/2.0" 200 3449 "-" "Mozilla/5.0 AppleWebKit/537.36 (KHTML, like Gecko; compatible; ClaudeBot/1.0; +claudebot@anthropic.com)" 3002 **3/3002520**
216.73.216.162 - - [28/Mar/2026:07:22:58 -0700] "GET /item/2313103700 HTTP/2.0" 200 3449 "-" "Mozilla/5.0 AppleWebKit/537.36 (KHTML, like Gecko; compatible; ClaudeBot/1.0; +claudebot@anthropic.com)" 538 **0/538620**
74.7.227.0 - - [28/Mar/2026:07:23:00 -0700] "GET /?fileloc=//lib/modules/4.18.0-553.83.1.lve.el8.x86_64/kernel/sound/soc/sof/intel/snd-sof-pci-intel-mtl.ko.xz&path=//lib/modules/4.18.0-553.83.1.lve.el8.x86_64/kernel/sound/soc/sof/intel HTTP/2.0" 200 4424 "https://falcon-ia.com/?path=//lib/modules/4.18.0-553.83.1.lve.el8.x86_64/kernel/sound/soc/sof/intel" "Mozilla/5.0 AppleWebKit/537.36 (KHTML, like Gecko; compatible; GPTBot/1.3; +https://openai.com/gptbot)" 545 **0/545165**
216.73.216.162 - - [28/Mar/2026:07:23:01 -0700] "GET /item/3327839606 HTTP/2.0" 200 3449 "-" "Mozilla/5.0 AppleWebKit/537.36 (KHTML, like Gecko; compatible; ClaudeBot/1.0; +claudebot@anthropic.com)" 546 **0/546725**
74.7.227.0 - - [28/Mar/2026:07:23:03 -0700] "GET /?path=//lib/modules/4.18.0-553.104.1.lve.el8.x86_64/kernel/virt HTTP/2.0" 200 2582 "https://falcon-ia.com/?path=//lib/modules/4.18.0-553.104.1.lve.el8.x86_64/kernel" "Mozilla/5.0 AppleWebKit/537.36 (KHTML, like Gecko; compatible; GPTBot/1.3; +https://openai.com/gptbot)" 556 **0/556731**
216.73.216.162 - - [28/Mar/2026:07:23:04 -0700] "GET /item/3776719415 HTTP/2.0" 200 3449 "-" "Mozilla/5.0 AppleWebKit/537.36 (KHTML, like Gecko; compatible; ClaudeBot/1.0; +claudebot@anthropic.com)" 514 **0/514620**
74.7.227.0 - - [28/Mar/2026:07:23:06 -0700] "GET /?path=//lib/modules/4.18.0-553.104.1.lve.el8.x86_64/kernel/fs/nls HTTP/2.0" 200 3604 "https://falcon-ia.com/?path=//lib/modules/4.18.0-553.104.1.lve.el8.x86_64/kernel/fs" "Mozilla/5.0 AppleWebKit/537.36 (KHTML, like Gecko; compatible; GPTBot/1.3; +https://openai.com/gptbot)" 513 **0/513949**
216.73.216.162 - - [28/Mar/2026:07:23:07 -0700] "GET /item/1567737446 HTTP/2.0" 200 3449 "-" "Mozilla/5.0 AppleWebKit/537.36 (KHTML, like Gecko; compatible; ClaudeBot/1.0; +claudebot@anthropic.com)" 517 **0/517728**
74.7.227.0 - - [28/Mar/2026:07:23:09 -0700] "GET /?path=//lib/modules/4.18.0-553.104.1.lve.el8.x86_64/kernel/fs/fat HTTP/2.0" 200 2672 "https://falcon-ia.com/?path=//lib/modules/4.18.0-553.104.1.lve.el8.x86_64/kernel/fs" "Mozilla/5.0 AppleWebKit/537.36 (KHTML, like Gecko; compatible; GPTBot/1.3; +https://openai.com/gptbot)" 492 **0/492224**
216.73.216.162 - - [28/Mar/2026:07:23:10 -0700] "GET /item/3329051705 HTTP/2.0" 200 3449 "-" "Mozilla/5.0 AppleWebKit/537.36 (KHTML, like Gecko; compatible; ClaudeBot/1.0; +claudebot@anthropic.com)" 501 **0/501069**
74.7.227.0 - - [28/Mar/2026:07:23:13 -0700] "GET /?path=//usr/lib64/python3.6/test/support HTTP/2.0" 200 2744 "https://falcon-ia.com/?path=//usr/lib64/python3.6/test" "Mozilla/5.0 AppleWebKit/537.36 (KHTML, like Gecko; compatible; GPTBot/1.3; +https://openai.com/gptbot)" 610 **0/610654**
216.73.216.162 - - [28/Mar/2026:07:23:13 -0700] "GET /item/2032760226 HTTP/2.0" 200 3449 "-" "Mozilla/5.0 AppleWebKit/537.36 (KHTML, like Gecko; compatible; ClaudeBot/1.0; +claudebot@anthropic.com)" 505 **0/505148**
74.7.227.0 - - [28/Mar/2026:07:23:16 -0700] "GET /?path=//usr/lib64/python2.7/test/support HTTP/2.0" 200 2744 "https://falcon-ia.com/?path=//usr/lib64/python2.7/test" "Mozilla/5.0 AppleWebKit/537.36 (KHTML, like Gecko; compatible; GPTBot/1.3; +https://openai.com/gptbot)" 509 **0/509756**
216.73.216.162 - - [28/Mar/2026:07:23:16 -0700] "GET /item/2747398011 HTTP/2.0" 200 3449 "-" "Mozilla/5.0 AppleWebKit/537.36 (KHTML, like Gecko; compatible; ClaudeBot/1.0; +claudebot@anthropic.com)" 492 **0/492394**
74.7.227.0 - - [28/Mar/2026:07:23:19 -0700] "GET /?fileloc=//bin/mariadb-admin&path=//bin HTTP/2.0" 200 630494 "https://falcon-ia.com/?path=//bin" "Mozilla/5.0 AppleWebKit/537.36 (KHTML, like Gecko; compatible; GPTBot/1.3; +https://openai.com/gptbot)" 884 **0/884432**
216.73.216.162 - - [28/Mar/2026:07:23:19 -0700] "GET /item/3173143416 HTTP/2.0" 200 3449 "-" "Mozilla/5.0 AppleWebKit/537.36 (KHTML, like Gecko; compatible; ClaudeBot/1.0; +claudebot@anthropic.com)" 491 **0/491996**
74.7.227.0 - - [28/Mar/2026:07:23:22 -0700] "GET /?path=//usr/lib64/libdnf HTTP/2.0" 200 2556 "https://falcon-ia.com/?path=//usr/lib64" "Mozilla/5.0 AppleWebKit/537.36 (KHTML, like Gecko; compatible; GPTBot/1.3; +https://openai.com/gptbot)" 505 **0/505567**
216.73.216.162 - - [28/Mar/2026:07:23:22 -0700] "GET /item/2898970777 HTTP/2.0" 200 3449 "-" "Mozilla/5.0 AppleWebKit/537.36 (KHTML, like Gecko; compatible; ClaudeBot/1.0; +claudebot@anthropic.com)" 539 **0/539957**
74.7.227.0 - - [28/Mar/2026:07:23:25 -0700] "GET /?path=//usr/lib64/python3.6/venv/scripts HTTP/2.0" 200 2613 "https://falcon-ia.com/?path=//usr/lib64/python3.6/venv" "Mozilla/5.0 AppleWebKit/537.36 (KHTML, like Gecko; compatible; GPTBot/1.3; +https://openai.com/gptbot)" 496 **0/496575**
216.73.216.162 - - [28/Mar/2026:07:23:25 -0700] "GET /item/3626939827 HTTP/2.0" 200 3449 "-" "Mozilla/5.0 AppleWebKit/537.36 (KHTML, like Gecko; compatible; ClaudeBot/1.0; +claudebot@anthropic.com)" 489 **0/489687**
216.73.216.162 - - [28/Mar/2026:07:23:28 -0700] "GET /item/1345352081 HTTP/2.0" 200 3449 "-" "Mozilla/5.0 AppleWebKit/537.36 (KHTML, like Gecko; compatible; ClaudeBot/1.0; +claudebot@anthropic.com)" 489 **0/489906**
74.7.227.0 - - [28/Mar/2026:07:23:28 -0700] "GET /?fileloc=//usr/lib64/libssl.so&path=//usr/lib64 HTTP/2.0" 200 202218 "https://falcon-ia.com/?path=//usr/lib64" "Mozilla/5.0 AppleWebKit/537.36 (KHTML, like Gecko; compatible; GPTBot/1.3; +https://openai.com/gptbot)" 633 **0/633018**
74.7.227.0 - - [28/Mar/2026:07:23:32 -0700] "GET /?path=//lib/modules/4.18.0-553.104.1.lve.el8.x86_64/kernel/mm HTTP/2.0" 200 2613 "https://falcon-ia.com/?path=//lib/modules/4.18.0-553.104.1.lve.el8.x86_64/kernel" "Mozilla/5.0 AppleWebKit/537.36 (KHTML, like Gecko; compatible; GPTBot/1.3; +https://openai.com/gptbot)" 500 **0/500920**
216.73.216.162 - - [28/Mar/2026:07:23:33 -0700] "GET /item/2394961994?fileloc=%2Fhome%2Ffalconiapl2015%2Fpublic_html%2Fwp-content%2Fthemes%2Ftwentytwentyfour%2Fscreenshot.png&path=%2Fhome%2Ffalconiapl2015%2Fpublic_html%2Fwp-content%2Fthemes%2Ftwentytwentyfour HTTP/2.0" 200 790025 "-" "Mozilla/5.0 AppleWebKit/537.36 (KHTML, like Gecko; compatible; ClaudeBot/1.0; +claudebot@anthropic.com)" 1476 **1/1476336**
74.7.227.0 - - [28/Mar/2026:07:23:35 -0700] "GET /?fileloc=//usr/bin/fc-conflist&path=//usr/bin HTTP/2.0" 200 6007 "https://falcon-ia.com/?path=//usr/bin" "Mozilla/5.0 AppleWebKit/537.36 (KHTML, like Gecko; compatible; GPTBot/1.3; +https://openai.com/gptbot)" 581 **0/581545**
216.73.216.162 - - [28/Mar/2026:07:23:35 -0700] "GET /item/1143665591?fileloc=%2Fhome%2Ffalconiapl2015%2F.bash_profile.rpmnew&path=%2Fhome%2Ffalconiapl2015 HTTP/2.0" 200 2352 "-" "Mozilla/5.0 AppleWebKit/537.36 (KHTML, like Gecko; compatible; ClaudeBot/1.0; +claudebot@anthropic.com)" 519 **0/519732**
74.7.227.0 - - [28/Mar/2026:07:23:38 -0700] "GET /?fileloc=//lib/udev/mtd_probe&path=//lib/udev HTTP/2.0" 200 6494 "https://falcon-ia.com/?path=//lib/udev" "Mozilla/5.0 AppleWebKit/537.36 (KHTML, like Gecko; compatible; GPTBot/1.3; +https://openai.com/gptbot)" 527 **0/527742**
216.73.216.162 - - [28/Mar/2026:07:23:38 -0700] "GET /item/547136434?fileloc=%2Fhome%2Ffalconiapl2015%2Fpublic_html%2Fwp-admin%2Fimages%2Ficons32.png&path=%2Fhome%2Ffalconiapl2015%2Fpublic_html%2Fwp-admin%2Fimages HTTP/2.0" 200 8811 "-" "Mozilla/5.0 AppleWebKit/537.36 (KHTML, like Gecko; compatible; ClaudeBot/1.0; +claudebot@anthropic.com)" 547 **0/547430**
216.73.216.162 - - [28/Mar/2026:07:23:41 -0700] "GET /item/1833898685?fileloc=%2Fhome%2Ffalconiapl2015%2Fpublic_html%2Fwp-includes%2Fimages%2Fw-logo-blue-white-bg.png&path=%2Fhome%2Ffalconiapl2015%2Fpublic_html%2Fwp-includes%2Fimages HTTP/2.0" 200 6031 "-" "Mozilla/5.0 AppleWebKit/537.36 (KHTML, like Gecko; compatible; ClaudeBot/1.0; +claudebot@anthropic.com)" 506 **0/506747**
74.7.227.0 - - [28/Mar/2026:07:23:41 -0700] "GET /?fileloc=//usr/bin/prezip-bin&path=//usr/bin HTTP/2.0" 200 6448 "https://falcon-ia.com/?path=//usr/bin" "Mozilla/5.0 AppleWebKit/537.36 (KHTML, like Gecko; compatible; GPTBot/1.3; +https://openai.com/gptbot)" 541 **0/541976**
216.73.216.162 - - [28/Mar/2026:07:23:44 -0700] "GET /item/1143665591?fileloc=%2Fhome%2Ffalconiapl2015%2F.myimunify_id&path=%2Fhome%2Ffalconiapl2015 HTTP/2.0" 200 2315 "-" "Mozilla/5.0 AppleWebKit/537.36 (KHTML, like Gecko; compatible; ClaudeBot/1.0; +claudebot@anthropic.com)" 540 **0/540724**
74.7.227.0 - - [28/Mar/2026:07:23:44 -0700] "GET /?fileloc=//usr/bin/scl_source&path=//usr/bin HTTP/2.0" 200 3001 "https://falcon-ia.com/?path=//usr/bin" "Mozilla/5.0 AppleWebKit/537.36 (KHTML, like Gecko; compatible; GPTBot/1.3; +https://openai.com/gptbot)" 528 **0/528544**
216.73.216.162 - - [28/Mar/2026:07:23:47 -0700] "GET /item/2371642546?fileloc=%2Fhome%2Ffalconiapl2015%2F.lastlogin&path=%2Fhome%2Ffalconiapl2015 HTTP/2.0" 200 2440 "-" "Mozilla/5.0 AppleWebKit/537.36 (KHTML, like Gecko; compatible; ClaudeBot/1.0; +claudebot@anthropic.com)" 500 **0/500959**
74.7.227.0 - - [28/Mar/2026:07:23:48 -0700] "GET /?fileloc=//usr/lib64/python3.6/test/support/testresult.py&path=//usr/lib64/python3.6/test/support HTTP/2.0" 200 4173 "https://falcon-ia.com/?path=//usr/lib64/python3.6/test/support" "Mozilla/5.0 AppleWebKit/537.36 (KHTML, like Gecko; compatible; GPTBot/1.3; +https://openai.com/gptbot)" 527 **0/527363**
216.73.216.162 - - [28/Mar/2026:07:23:50 -0700] "GET /item/1887989693?fileloc=%2Fhome%2Ffalconiapl2015%2Fpublic_html%2Fwp-admin%2Fimages%2Farrows-2x.png&path=%2Fhome%2Ffalconiapl2015%2Fpublic_html%2Fwp-admin%2Fimages HTTP/2.0" 403 3449 "-" "Mozilla/5.0 AppleWebKit/537.36 (KHTML, like Gecko; compatible; ClaudeBot/1.0; +claudebot@anthropic.com)" 525 **0/525650**
74.7.227.0 - - [28/Mar/2026:07:23:51 -0700] "GET /?fileloc=//usr/lib64/python3.6/test/support/script_helper.py&path=//usr/lib64/python3.6/test/support HTTP/2.0" 200 5658 "https://falcon-ia.com/?path=//usr/lib64/python3.6/test/support" "Mozilla/5.0 AppleWebKit/537.36 (KHTML, like Gecko; compatible; GPTBot/1.3; +https://openai.com/gptbot)" 538 **0/538978**
40.77.167.16 - - [28/Mar/2026:07:23:52 -0700] "GET /slot-oyunlari-kazanmak-i%C3%A7in-taktikler/ HTTP/2.0" 200 24914 "-" "Mozilla/5.0 AppleWebKit/537.36 (KHTML, like Gecko; compatible; bingbot/2.0; +http://www.bing.com/bingbot.htm) Chrome/116.0.1938.76 Safari/537.36" 1607 **1/1607728**
216.73.216.162 - - [28/Mar/2026:07:23:53 -0700] "GET /item/1895166186?fileloc=%2Fhome%2Ffalconiapl2015%2F.cpanel%2Fdatastore%2F_Cpanel%3A%3AQuota.pm__falconiapl2015&path=%2Fhome%2Ffalconiapl2015%2F.cpanel%2Fdatastore HTTP/2.0" 403 3449 "-" "Mozilla/5.0 AppleWebKit/537.36 (KHTML, like Gecko; compatible; ClaudeBot/1.0; +claudebot@anthropic.com)" 504 **0/504847**
114.119.143.130 - - [28/Mar/2026:07:23:54 -0700] "GET /commodity/soup/luis17184025924?fileloc=/home/falconiapl2015/public_html/wp-blog-header.php&path=/home/falconiapl2015/public_html HTTP/1.1" 200 2688 "https://falcon-ia.com/commodity/soup/luis17184025924" "Mozilla/5.0 (Linux; Android 7.0;) AppleWebKit/537.36 (KHTML, like Gecko) Mobile Safari/537.36 (compatible; PetalBot;+https://webmaster.petalsearch.com/site/petalbot)" 505 **0/505938**
74.7.227.0 - - [28/Mar/2026:07:23:54 -0700] "GET /?fileloc=//usr/lib64/python3.6/test/support/__init__.py&path=//usr/lib64/python3.6/test/support HTTP/2.0" 200 32463 "https://falcon-ia.com/?path=//usr/lib64/python3.6/test/support" "Mozilla/5.0 AppleWebKit/537.36 (KHTML, like Gecko; compatible; GPTBot/1.3; +https://openai.com/gptbot)" 525 **0/525776**
216.73.216.162 - - [28/Mar/2026:07:23:56 -0700] "GET /item/2405933391?fileloc=%2Fhome%2Ffalconiapl2015%2F.zshrc&path=%2Fhome%2Ffalconiapl2015 HTTP/2.0" 403 3449 "-" "Mozilla/5.0 AppleWebKit/537.36 (KHTML, like Gecko; compatible; ClaudeBot/1.0; +claudebot@anthropic.com)" 507 **0/507755**
74.7.227.0 - - [28/Mar/2026:07:23:57 -0700] "GET /?fileloc=//usr/lib64/python2.7/test/support/script_helper.pyo&path=//usr/lib64/python2.7/test/support HTTP/2.0" 200 4670 "https://falcon-ia.com/?path=//usr/lib64/python2.7/test/support" "Mozilla/5.0 AppleWebKit/537.36 (KHTML, like Gecko; compatible; GPTBot/1.3; +https://openai.com/gptbot)" 514 **0/514637**
216.73.216.162 - - [28/Mar/2026:07:23:59 -0700] "GET /item/735910960?fileloc=%2Fhome%2Ffalconiapl2015%2F.lastlogin&path=%2Fhome%2Ffalconiapl2015 HTTP/2.0" 403 3449 "-" "Mozilla/5.0 AppleWebKit/537.36 (KHTML, like Gecko; compatible; ClaudeBot/1.0; +claudebot@anthropic.com)" 499 **0/499124**
74.7.227.0 - - [28/Mar/2026:07:24:00 -0700] "GET /?fileloc=//usr/lib64/python2.7/test/support/script_helper.pyc&path=//usr/lib64/python2.7/test/support HTTP/2.0" 200 4661 "https://falcon-ia.com/?path=//usr/lib64/python2.7/test/support" "Mozilla/5.0 AppleWebKit/537.36 (KHTML, like Gecko; compatible; GPTBot/1.3; +https://openai.com/gptbot)" 545 **0/545705**
216.73.216.162 - - [28/Mar/2026:07:24:02 -0700] "GET /item/1543075150?fileloc=%2Fhome%2Ffalconiapl2015%2F.cache%2F.734ae9c6ac41e57803c9c841a9a213fa401aa319a&path=%2Fhome%2Ffalconiapl2015%2F.cache HTTP/2.0" 403 3449 "-" "Mozilla/5.0 AppleWebKit/537.36 (KHTML, like Gecko; compatible; ClaudeBot/1.0; +claudebot@anthropic.com)" 532 **0/532056**
74.7.227.0 - - [28/Mar/2026:07:24:03 -0700] "GET /?fileloc=//usr/lib64/python2.7/test/support/script_helper.py&path=//usr/lib64/python2.7/test/support HTTP/2.0" 200 3988 "https://falcon-ia.com/?path=//usr/lib64/python2.7/test/support" "Mozilla/5.0 AppleWebKit/537.36 (KHTML, like Gecko; compatible; GPTBot/1.3; +https://openai.com/gptbot)" 527 **0/527936**
216.73.216.162 - - [28/Mar/2026:07:24:05 -0700] "GET /item/3229684757?fileloc=%2Fhome%2Ffalconiapl2015%2Fpublic_html%2Fwp-admin%2Fimages%2Ficons32-vs.png&path=%2Fhome%2Ffalconiapl2015%2Fpublic_html%2Fwp-admin%2Fimages HTTP/2.0" 403 3449 "-" "Mozilla/5.0 AppleWebKit/537.36 (KHTML, like Gecko; compatible; ClaudeBot/1.0; +claudebot@anthropic.com)" 504 **0/504210**
74.7.227.0 - - [28/Mar/2026:07:24:06 -0700] "GET /?fileloc=//usr/lib64/python2.7/test/support/__init__.py&path=//usr/lib64/python2.7/test/support HTTP/2.0" 200 25361 "https://falcon-ia.com/?path=//usr/lib64/python2.7/test/support" "Mozilla/5.0 AppleWebKit/537.36 (KHTML, like Gecko; compatible; GPTBot/1.3; +https://openai.com/gptbot)" 521 **0/521279**
216.73.216.162 - - [28/Mar/2026:07:24:08 -0700] "GET /item/3229684757?fileloc=%2Fhome%2Ffalconiapl2015%2Fpublic_html%2Fwp-admin%2Fimages%2Fw-logo-blue.png&path=%2Fhome%2Ffalconiapl2015%2Fpublic_html%2Fwp-admin%2Fimages HTTP/2.0" 403 3449 "-" "Mozilla/5.0 AppleWebKit/537.36 (KHTML, like Gecko; compatible; ClaudeBot/1.0; +claudebot@anthropic.com)" 511 **0/511161**
