74.7.227.0 - - [28/Mar/2026:07:09:05 -0700] "GET /?path=//lib/firmware/4.18.0-553.94.1.lve.el8.x86_64/intel-ucode HTTP/2.0" 200 2337 "https://falcon-ia.com/?path=//lib/firmware/4.18.0-553.94.1.lve.el8.x86_64" "Mozilla/5.0 AppleWebKit/537.36 (KHTML, like Gecko; compatible; GPTBot/1.3; +https://openai.com/gptbot)" 654 **0/654710**
216.73.216.162 - - [28/Mar/2026:07:09:08 -0700] "GET /item/2797267930?fileloc=%2Fhome%2Ffalconiapl2015%2Fpublic_html%2Fwp-includes%2Fbookmark-template.php&path=%2Fhome%2Ffalconiapl2015%2Fpublic_html%2Fwp-includes HTTP/2.0" 200 5497 "-" "Mozilla/5.0 AppleWebKit/537.36 (KHTML, like Gecko; compatible; ClaudeBot/1.0; +claudebot@anthropic.com)" 510 **0/510605**
74.7.227.0 - - [28/Mar/2026:07:09:08 -0700] "GET /?path=//lib/modules/4.18.0-553.83.1.lve.el8.x86_64/kernel/fs/cifs HTTP/2.0" 200 2615 "https://falcon-ia.com/?path=//lib/modules/4.18.0-553.83.1.lve.el8.x86_64/kernel/fs" "Mozilla/5.0 AppleWebKit/537.36 (KHTML, like Gecko; compatible; GPTBot/1.3; +https://openai.com/gptbot)" 516 **0/516944**
216.73.216.162 - - [28/Mar/2026:07:09:11 -0700] "GET /item/2642274973?fileloc=%2Fhome%2Ffalconiapl2015%2Fpublic_html%2Fwp-admin%2Fupgrade.php&path=%2Fhome%2Ffalconiapl2015%2Fpublic_html%2Fwp-admin HTTP/2.0" 200 4281 "-" "Mozilla/5.0 AppleWebKit/537.36 (KHTML, like Gecko; compatible; ClaudeBot/1.0; +claudebot@anthropic.com)" 539 **0/539212**
74.7.227.0 - - [28/Mar/2026:07:09:12 -0700] "GET /?path=//lib/firmware/4.18.0-553.83.1.lve.el8.x86_64/intel-ucode HTTP/2.0" 200 2340 "https://falcon-ia.com/?path=//lib/firmware/4.18.0-553.83.1.lve.el8.x86_64" "Mozilla/5.0 AppleWebKit/537.36 (KHTML, like Gecko; compatible; GPTBot/1.3; +https://openai.com/gptbot)" 554 **0/554499**
216.73.216.162 - - [28/Mar/2026:07:09:14 -0700] "GET /item/1413085935?fileloc=%2Fhome%2Ffalconiapl2015%2Fpublic_html%2Fwp-includes%2Fregistration.php&path=%2Fhome%2Ffalconiapl2015%2Fpublic_html%2Fwp-includes HTTP/2.0" 200 2402 "-" "Mozilla/5.0 AppleWebKit/537.36 (KHTML, like Gecko; compatible; ClaudeBot/1.0; +claudebot@anthropic.com)" 508 **0/508284**
74.7.227.0 - - [28/Mar/2026:07:09:15 -0700] "GET /?path=//usr/lib64/python3.6/ctypes/__pycache__ HTTP/2.0" 200 2875 "https://falcon-ia.com/?path=//usr/lib64/python3.6/ctypes" "Mozilla/5.0 AppleWebKit/537.36 (KHTML, like Gecko; compatible; GPTBot/1.3; +https://openai.com/gptbot)" 527 **0/527161**
216.73.216.162 - - [28/Mar/2026:07:09:17 -0700] "GET /item/47454239?fileloc=%2Fhome%2Ffalconiapl2015%2Fpublic_html%2Fwp-includes%2Fclass-wp-session-tokens.php&path=%2Fhome%2Ffalconiapl2015%2Fpublic_html%2Fwp-includes HTTP/2.0" 200 4078 "-" "Mozilla/5.0 AppleWebKit/537.36 (KHTML, like Gecko; compatible; ClaudeBot/1.0; +claudebot@anthropic.com)" 506 **0/506252**
74.7.227.0 - - [28/Mar/2026:07:09:18 -0700] "GET /?fileloc=//lib/modules/4.18.0-553.94.1.lve.el8.x86_64/kernel/sound/soc/intel/boards/snd-soc-bdw-rt286.ko.xz&path=//lib/modules/4.18.0-553.94.1.lve.el8.x86_64/kernel/sound/soc/intel/boards HTTP/2.0" 200 5909 "https://falcon-ia.com/?path=//lib/modules/4.18.0-553.94.1.lve.el8.x86_64/kernel/sound/soc/intel/boards" "Mozilla/5.0 AppleWebKit/537.36 (KHTML, like Gecko; compatible; GPTBot/1.3; +https://openai.com/gptbot)" 539 **0/539272**
216.73.216.162 - - [28/Mar/2026:07:09:20 -0700] "GET /item/329567976?fileloc=%2Fhome%2Ffalconiapl2015%2Fpublic_html%2Fwp-includes%2Fclass-wp-duotone.php&path=%2Fhome%2Ffalconiapl2015%2Fpublic_html%2Fwp-includes HTTP/2.0" 200 11494 "-" "Mozilla/5.0 AppleWebKit/537.36 (KHTML, like Gecko; compatible; ClaudeBot/1.0; +claudebot@anthropic.com)" 494 **0/494676**
74.7.227.0 - - [28/Mar/2026:07:09:21 -0700] "GET /?fileloc=//lib/modules/4.18.0-553.94.1.lve.el8.x86_64/kernel/sound/soc/intel/boards/snd-soc-sst-cht-bsw-rt5672.ko.xz&path=//lib/modules/4.18.0-553.94.1.lve.el8.x86_64/kernel/sound/soc/intel/boards HTTP/2.0" 200 7895 "https://falcon-ia.com/?path=//lib/modules/4.18.0-553.94.1.lve.el8.x86_64/kernel/sound/soc/intel/boards" "Mozilla/5.0 AppleWebKit/537.36 (KHTML, like Gecko; compatible; GPTBot/1.3; +https://openai.com/gptbot)" 498 **0/498323**
216.73.216.162 - - [28/Mar/2026:07:09:23 -0700] "GET /item/329567976?fileloc=%2Fhome%2Ffalconiapl2015%2Fpublic_html%2Fwp-includes%2Fkses.php&path=%2Fhome%2Ffalconiapl2015%2Fpublic_html%2Fwp-includes HTTP/2.0" 200 23200 "-" "Mozilla/5.0 AppleWebKit/537.36 (KHTML, like Gecko; compatible; ClaudeBot/1.0; +claudebot@anthropic.com)" 531 **0/531977**
74.7.227.0 - - [28/Mar/2026:07:09:25 -0700] "GET /?fileloc=//usr/include/gshadow.h&path=//usr/include HTTP/2.0" 200 3387 "https://falcon-ia.com/?path=//usr/include" "Mozilla/5.0 AppleWebKit/537.36 (KHTML, like Gecko; compatible; GPTBot/1.3; +https://openai.com/gptbot)" 499 **0/499093**
216.73.216.162 - - [28/Mar/2026:07:09:26 -0700] "GET /item/4260416164?fileloc=%2Fhome%2Ffalconiapl2015%2Fpublic_html%2Fwp-admin%2Foptions-reading.php&path=%2Fhome%2Ffalconiapl2015%2Fpublic_html%2Fwp-admin HTTP/2.0" 200 5303 "-" "Mozilla/5.0 AppleWebKit/537.36 (KHTML, like Gecko; compatible; ClaudeBot/1.0; +claudebot@anthropic.com)" 495 **0/495518**
74.7.227.0 - - [28/Mar/2026:07:09:28 -0700] "GET /?path=//lib/firmware/r128 HTTP/2.0" 200 2572 "https://falcon-ia.com/?path=//lib/firmware" "Mozilla/5.0 AppleWebKit/537.36 (KHTML, like Gecko; compatible; GPTBot/1.3; +https://openai.com/gptbot)" 519 **0/519313**
216.73.216.162 - - [28/Mar/2026:07:09:29 -0700] "GET /item/3893796305?fileloc=%2Fhome%2Ffalconiapl2015%2Fpublic_html%2Fwp-admin%2Fabout.php&path=%2Fhome%2Ffalconiapl2015%2Fpublic_html%2Fwp-admin HTTP/2.0" 200 7056 "-" "Mozilla/5.0 AppleWebKit/537.36 (KHTML, like Gecko; compatible; ClaudeBot/1.0; +claudebot@anthropic.com)" 500 **0/500035**
74.7.227.0 - - [28/Mar/2026:07:09:31 -0700] "GET /?path=//lib/modules/4.18.0-553.94.1.lve.el8.x86_64/kernel/sound/soc/amd/yc HTTP/2.0" 200 2715 "https://falcon-ia.com/?path=//lib/modules/4.18.0-553.94.1.lve.el8.x86_64/kernel/sound/soc/amd" "Mozilla/5.0 AppleWebKit/537.36 (KHTML, like Gecko; compatible; GPTBot/1.3; +https://openai.com/gptbot)" 518 **0/518401**
216.73.216.162 - - [28/Mar/2026:07:09:32 -0700] "GET /item/1413085935?fileloc=%2Fhome%2Ffalconiapl2015%2Fpublic_html%2Fwp-includes%2Fbookmark-template.php&path=%2Fhome%2Ffalconiapl2015%2Fpublic_html%2Fwp-includes HTTP/2.0" 200 5497 "-" "Mozilla/5.0 AppleWebKit/537.36 (KHTML, like Gecko; compatible; ClaudeBot/1.0; +claudebot@anthropic.com)" 499 **0/499633**
74.7.227.0 - - [28/Mar/2026:07:09:34 -0700] "GET /?path=//lib/modules/4.18.0-553.94.1.lve.el8.x86_64/kernel/sound/soc/sof/amd HTTP/2.0" 200 2707 "https://falcon-ia.com/?path=//lib/modules/4.18.0-553.94.1.lve.el8.x86_64/kernel/sound/soc/sof" "Mozilla/5.0 AppleWebKit/537.36 (KHTML, like Gecko; compatible; GPTBot/1.3; +https://openai.com/gptbot)" 564 **0/564285**
216.73.216.162 - - [28/Mar/2026:07:09:35 -0700] "GET /item/2006064466?fileloc=%2Fhome%2Ffalconiapl2015%2Fpublic_html%2Fwp-includes%2Fcapabilities-ajax.php&path=%2Fhome%2Ffalconiapl2015%2Fpublic_html%2Fwp-includes HTTP/2.0" 200 2287 "-" "Mozilla/5.0 AppleWebKit/537.36 (KHTML, like Gecko; compatible; ClaudeBot/1.0; +claudebot@anthropic.com)" 539 **0/539545**
74.7.227.0 - - [28/Mar/2026:07:09:37 -0700] "GET /?fileloc=//lib/modules/4.18.0-553.94.1.lve.el8.x86_64/kernel/sound/pci/hda/snd-hda-codec-via.ko.xz&path=//lib/modules/4.18.0-553.94.1.lve.el8.x86_64/kernel/sound/pci/hda HTTP/2.0" 200 9770 "https://falcon-ia.com/?path=//lib/modules/4.18.0-553.94.1.lve.el8.x86_64/kernel/sound/pci/hda" "Mozilla/5.0 AppleWebKit/537.36 (KHTML, like Gecko; compatible; GPTBot/1.3; +https://openai.com/gptbot)" 500 **0/500210**
216.73.216.162 - - [28/Mar/2026:07:09:38 -0700] "GET /item/3314517277?fileloc=%2Fhome%2Ffalconiapl2015%2Fpublic_html%2Fwp-includes%2Fblocks%2Fvideo.php&path=%2Fhome%2Ffalconiapl2015%2Fpublic_html%2Fwp-includes%2Fblocks HTTP/2.0" 200 3341 "-" "Mozilla/5.0 AppleWebKit/537.36 (KHTML, like Gecko; compatible; ClaudeBot/1.0; +claudebot@anthropic.com)" 500 **0/500667**
74.7.227.0 - - [28/Mar/2026:07:09:40 -0700] "GET /?path=//usr/lib64/apache2 HTTP/2.0" 200 2557 "https://falcon-ia.com/?path=//usr/lib64" "Mozilla/5.0 AppleWebKit/537.36 (KHTML, like Gecko; compatible; GPTBot/1.3; +https://openai.com/gptbot)" 504 **0/504392**
216.73.216.162 - - [28/Mar/2026:07:09:41 -0700] "GET /item/47454239?fileloc=%2Fhome%2Ffalconiapl2015%2Fpublic_html%2Fwp-includes%2Ferror_log&path=%2Fhome%2Ffalconiapl2015%2Fpublic_html%2Fwp-includes HTTP/2.0" 200 2548 "-" "Mozilla/5.0 AppleWebKit/537.36 (KHTML, like Gecko; compatible; ClaudeBot/1.0; +claudebot@anthropic.com)" 512 **0/512164**
114.119.156.190 - - [28/Mar/2026:07:09:42 -0700] "GET /commodity/stamping/gem171928490232?fileloc=/home/falconiapl2015/public_html/wp-mail.php&path=/home/falconiapl2015/public_html HTTP/1.1" 200 5583 "https://falcon-ia.com/commodity/stamping/gem171928490232" "Mozilla/5.0 (Linux; Android 7.0;) AppleWebKit/537.36 (KHTML, like Gecko) Mobile Safari/537.36 (compatible; PetalBot;+https://webmaster.petalsearch.com/site/petalbot)" 497 **0/497280**
74.7.227.0 - - [28/Mar/2026:07:09:44 -0700] "GET /?path=//lib/firmware/i915 HTTP/2.0" 200 5461 "https://falcon-ia.com/?path=//lib/firmware" "Mozilla/5.0 AppleWebKit/537.36 (KHTML, like Gecko; compatible; GPTBot/1.3; +https://openai.com/gptbot)" 508 **0/508231**
216.73.216.162 - - [28/Mar/2026:07:09:44 -0700] "GET /item/2006064466?fileloc=%2Fhome%2Ffalconiapl2015%2Fpublic_html%2Fwp-includes%2Flink-template.php&path=%2Fhome%2Ffalconiapl2015%2Fpublic_html%2Fwp-includes HTTP/2.0" 200 29625 "-" "Mozilla/5.0 AppleWebKit/537.36 (KHTML, like Gecko; compatible; ClaudeBot/1.0; +claudebot@anthropic.com)" 519 **0/519282**
74.7.227.0 - - [28/Mar/2026:07:09:47 -0700] "GET /?path=//lib/modules/4.18.0-553.94.1.lve.el8.x86_64/kernel/fs/gfs2 HTTP/2.0" 200 2611 "https://falcon-ia.com/?path=//lib/modules/4.18.0-553.94.1.lve.el8.x86_64/kernel/fs" "Mozilla/5.0 AppleWebKit/537.36 (KHTML, like Gecko; compatible; GPTBot/1.3; +https://openai.com/gptbot)" 486 **0/486612**
216.73.216.162 - - [28/Mar/2026:07:09:47 -0700] "GET /item/2006064466?fileloc=%2Fhome%2Ffalconiapl2015%2Fpublic_html%2Fwp-includes%2Ftaxonomy.php&path=%2Fhome%2Ffalconiapl2015%2Fpublic_html%2Fwp-includes HTTP/2.0" 200 39060 "-" "Mozilla/5.0 AppleWebKit/537.36 (KHTML, like Gecko; compatible; ClaudeBot/1.0; +claudebot@anthropic.com)" 518 **0/518805**
74.7.227.0 - - [28/Mar/2026:07:09:50 -0700] "GET /?path=//lib/modules/4.18.0-553.94.1.lve.el8.x86_64/kernel/fs/jbd2 HTTP/2.0" 200 2610 "https://falcon-ia.com/?path=//lib/modules/4.18.0-553.94.1.lve.el8.x86_64/kernel/fs" "Mozilla/5.0 AppleWebKit/537.36 (KHTML, like Gecko; compatible; GPTBot/1.3; +https://openai.com/gptbot)" 506 **0/506538**
216.73.216.162 - - [28/Mar/2026:07:09:50 -0700] "GET /item/2812949811?fileloc=%2Fhome%2Ffalconiapl2015%2Fpublic_html%2Fwp-includes%2Fblocks%2Fvideo.php&path=%2Fhome%2Ffalconiapl2015%2Fpublic_html%2Fwp-includes%2Fblocks HTTP/2.0" 200 3341 "-" "Mozilla/5.0 AppleWebKit/537.36 (KHTML, like Gecko; compatible; ClaudeBot/1.0; +claudebot@anthropic.com)" 500 **0/500385**
216.73.216.162 - - [28/Mar/2026:07:09:53 -0700] "GET /item/715786366?fileloc=%2Fhome%2Ffalconiapl2015%2Fpublic_html%2Fwp-includes%2Fsitemaps%2Fclass-wp-sitemaps-provider.php&path=%2Fhome%2Ffalconiapl2015%2Fpublic_html%2Fwp-includes%2Fsitemaps HTTP/2.0" 200 3662 "-" "Mozilla/5.0 AppleWebKit/537.36 (KHTML, like Gecko; compatible; ClaudeBot/1.0; +claudebot@anthropic.com)" 522 **0/522412**
74.7.227.0 - - [28/Mar/2026:07:09:53 -0700] "GET /?path=//usr/lib64/python3.12/importlib/__pycache__ HTTP/2.0" 200 3194 "https://falcon-ia.com/?path=//usr/lib64/python3.12/importlib" "Mozilla/5.0 AppleWebKit/537.36 (KHTML, like Gecko; compatible; GPTBot/1.3; +https://openai.com/gptbot)" 509 **0/509079**
216.73.216.162 - - [28/Mar/2026:07:09:56 -0700] "GET /item/2006064466?fileloc=%2Fhome%2Ffalconiapl2015%2Fpublic_html%2Fwp-includes%2Fpost-formats.php&path=%2Fhome%2Ffalconiapl2015%2Fpublic_html%2Fwp-includes HTTP/2.0" 200 4130 "-" "Mozilla/5.0 AppleWebKit/537.36 (KHTML, like Gecko; compatible; ClaudeBot/1.0; +claudebot@anthropic.com)" 497 **0/497509**
74.7.227.0 - - [28/Mar/2026:07:09:56 -0700] "GET /?path=//lib/modules/4.18.0-553.94.1.lve.el8.x86_64/kernel/sound/soc/intel/atom HTTP/2.0" 200 2724 "https://falcon-ia.com/?path=//lib/modules/4.18.0-553.94.1.lve.el8.x86_64/kernel/sound/soc/intel" "Mozilla/5.0 AppleWebKit/537.36 (KHTML, like Gecko; compatible; GPTBot/1.3; +https://openai.com/gptbot)" 505 **0/505828**
216.73.216.162 - - [28/Mar/2026:07:09:59 -0700] "GET /item/701783622?fileloc=%2Fhome%2Ffalconiapl2015%2Fpublic_html%2Fwp-admin%2Foptions-general.php&path=%2Fhome%2Ffalconiapl2015%2Fpublic_html%2Fwp-admin HTTP/2.0" 200 8791 "-" "Mozilla/5.0 AppleWebKit/537.36 (KHTML, like Gecko; compatible; ClaudeBot/1.0; +claudebot@anthropic.com)" 504 **0/504192**
74.7.227.0 - - [28/Mar/2026:07:09:59 -0700] "GET /?path=//lib/modules/4.18.0-553.94.1.lve.el8.x86_64/kernel/sound/soc/intel/catpt HTTP/2.0" 200 2641 "https://falcon-ia.com/?path=//lib/modules/4.18.0-553.94.1.lve.el8.x86_64/kernel/sound/soc/intel" "Mozilla/5.0 AppleWebKit/537.36 (KHTML, like Gecko; compatible; GPTBot/1.3; +https://openai.com/gptbot)" 507 **0/507392**
216.73.216.162 - - [28/Mar/2026:07:10:02 -0700] "GET /item/555241071?fileloc=%2Fhome%2Ffalconiapl2015%2Fpublic_html%2Fwp-includes%2Fblocks%2Flegacy-widget.php&path=%2Fhome%2Ffalconiapl2015%2Fpublic_html%2Fwp-includes%2Fblocks HTTP/2.0" 200 3733 "-" "Mozilla/5.0 AppleWebKit/537.36 (KHTML, like Gecko; compatible; ClaudeBot/1.0; +claudebot@anthropic.com)" 664 **0/664320**
74.7.227.0 - - [28/Mar/2026:07:10:02 -0700] "GET /?path=//lib/modules/4.18.0-553.94.1.lve.el8.x86_64/kernel/sound/soc/sof/xtensa HTTP/2.0" 200 2644 "https://falcon-ia.com/?path=//lib/modules/4.18.0-553.94.1.lve.el8.x86_64/kernel/sound/soc/sof" "Mozilla/5.0 AppleWebKit/537.36 (KHTML, like Gecko; compatible; GPTBot/1.3; +https://openai.com/gptbot)" 640 **0/640365**
216.73.216.162 - - [28/Mar/2026:07:10:05 -0700] "GET /item/3695237939?fileloc=%2Fhome%2Ffalconiapl2015%2Fpublic_html%2Fwp-admin%2Findex.php&path=%2Fhome%2Ffalconiapl2015%2Fpublic_html%2Fwp-admin HTTP/2.0" 200 5191 "-" "Mozilla/5.0 AppleWebKit/537.36 (KHTML, like Gecko; compatible; ClaudeBot/1.0; +claudebot@anthropic.com)" 584 **0/584527**
74.7.227.0 - - [28/Mar/2026:07:10:06 -0700] "GET /?path=//lib/modules/4.18.0-553.94.1.lve.el8.x86_64/kernel/sound/soc/sof/intel HTTP/2.0" 200 2956 "https://falcon-ia.com/?path=//lib/modules/4.18.0-553.94.1.lve.el8.x86_64/kernel/sound/soc/sof" "Mozilla/5.0 AppleWebKit/537.36 (KHTML, like Gecko; compatible; GPTBot/1.3; +https://openai.com/gptbot)" 545 **0/545913**
74.7.227.0 - - [28/Mar/2026:07:10:09 -0700] "GET /?path=//lib/modules/4.18.0-553.94.1.lve.el8.x86_64/kernel/sound/soc/amd/renoir HTTP/2.0" 200 2716 "https://falcon-ia.com/?path=//lib/modules/4.18.0-553.94.1.lve.el8.x86_64/kernel/sound/soc/amd" "Mozilla/5.0 AppleWebKit/537.36 (KHTML, like Gecko; compatible; GPTBot/1.3; +https://openai.com/gptbot)" 553 **0/553704**
216.73.216.162 - - [28/Mar/2026:07:10:09 -0700] "GET /item/835469241?path=%2Fhome%2Ffalconiapl2015%2Fpublic_html%2F.easyssl_backup HTTP/2.0" 403 3449 "-" "Mozilla/5.0 AppleWebKit/537.36 (KHTML, like Gecko; compatible; ClaudeBot/1.0; +claudebot@anthropic.com)" 539 **0/539718**
216.73.216.162 - - [28/Mar/2026:07:10:11 -0700] "GET /item/173708689?fileloc=%2Fhome%2Ffalconiapl2015%2Fpublic_html%2Fwp-includes%2Fclass-wp-block-parser-frame.php&path=%2Fhome%2Ffalconiapl2015%2Fpublic_html%2Fwp-includes HTTP/2.0" 403 3449 "-" "Mozilla/5.0 AppleWebKit/537.36 (KHTML, like Gecko; compatible; ClaudeBot/1.0; +claudebot@anthropic.com)" 508 **0/508727**
74.7.227.0 - - [28/Mar/2026:07:10:12 -0700] "GET /?path=//lib/modules/4.18.0-553.94.1.lve.el8.x86_64/kernel/sound/soc/intel/avs HTTP/2.0" 200 2640 "https://falcon-ia.com/?path=//lib/modules/4.18.0-553.94.1.lve.el8.x86_64/kernel/sound/soc/intel" "Mozilla/5.0 AppleWebKit/537.36 (KHTML, like Gecko; compatible; GPTBot/1.3; +https://openai.com/gptbot)" 506 **0/506876**
216.73.216.162 - - [28/Mar/2026:07:10:14 -0700] "GET /item/2836828833?path=%2Fhome%2Ffalconiapl2015%2F.mysql_backup HTTP/2.0" 403 3449 "-" "Mozilla/5.0 AppleWebKit/537.36 (KHTML, like Gecko; compatible; ClaudeBot/1.0; +claudebot@anthropic.com)" 532 **0/532956**
74.7.227.0 - - [28/Mar/2026:07:10:15 -0700] "GET /?path=//lib/modules/4.18.0-553.94.1.lve.el8.x86_64/kernel/sound/soc/amd/vangogh HTTP/2.0" 200 2755 "https://falcon-ia.com/?path=//lib/modules/4.18.0-553.94.1.lve.el8.x86_64/kernel/sound/soc/amd" "Mozilla/5.0 AppleWebKit/537.36 (KHTML, like Gecko; compatible; GPTBot/1.3; +https://openai.com/gptbot)" 513 **0/513640**
216.73.216.162 - - [28/Mar/2026:07:10:17 -0700] "GET /item/1908398258?fileloc=%2Fhome%2Ffalconiapl2015%2Fpublic_html%2Fwp-includes%2Fclass-wp-block-template.php&path=%2Fhome%2Ffalconiapl2015%2Fpublic_html%2Fwp-includes HTTP/2.0" 403 3449 "-" "Mozilla/5.0 AppleWebKit/537.36 (KHTML, like Gecko; compatible; ClaudeBot/1.0; +claudebot@anthropic.com)" 511 **0/511240**
74.7.227.0 - - [28/Mar/2026:07:10:18 -0700] "GET /?fileloc=//lib/firmware/i915/icl_guc_32.0.3.bin&path=//lib/firmware/i915 HTTP/2.0" 200 100652 "https://falcon-ia.com/?path=//lib/firmware/i915" "Mozilla/5.0 AppleWebKit/537.36 (KHTML, like Gecko; compatible; GPTBot/1.3; +https://openai.com/gptbot)" 569 **0/569432**
216.73.216.162 - - [28/Mar/2026:07:10:20 -0700] "GET /item/1392896286?fileloc=%2Fhome%2Ffalconiapl2015%2Fpublic_html%2Fwp-admin%2Ftheme-editor.php&path=%2Fhome%2Ffalconiapl2015%2Fpublic_html%2Fwp-admin HTTP/2.0" 403 3449 "-" "Mozilla/5.0 AppleWebKit/537.36 (KHTML, like Gecko; compatible; ClaudeBot/1.0; +claudebot@anthropic.com)" 585 **0/585981**
74.7.227.0 - - [28/Mar/2026:07:10:21 -0700] "GET /?fileloc=//lib/firmware/i915/mtl_dmc_ver2_10.bin&path=//lib/firmware/i915 HTTP/2.0" 200 13416 "https://falcon-ia.com/?path=//lib/firmware/i915" "Mozilla/5.0 AppleWebKit/537.36 (KHTML, like Gecko; compatible; GPTBot/1.3; +https://openai.com/gptbot)" 515 **0/515573**
216.73.216.162 - - [28/Mar/2026:07:10:23 -0700] "GET /item/3045145167?fileloc=%2Fhome%2Ffalconiapl2015%2Fpublic_html%2Fwp-includes%2Fclass-pop3.php&path=%2Fhome%2Ffalconiapl2015%2Fpublic_html%2Fwp-includes HTTP/2.0" 403 3449 "-" "Mozilla/5.0 AppleWebKit/537.36 (KHTML, like Gecko; compatible; ClaudeBot/1.0; +claudebot@anthropic.com)" 517 **0/517929**
74.7.227.0 - - [28/Mar/2026:07:10:24 -0700] "GET /?path=//lib/firmware/inside-secure/eip197_minifw HTTP/2.0" 200 2629 "https://falcon-ia.com/?path=//lib/firmware/inside-secure" "Mozilla/5.0 AppleWebKit/537.36 (KHTML, like Gecko; compatible; GPTBot/1.3; +https://openai.com/gptbot)" 530 **0/530344**
216.73.216.162 - - [28/Mar/2026:07:10:26 -0700] "GET /item/3092343621?fileloc=%2Fhome%2Ffalconiapl2015%2Fpublic_html%2Fwp-includes%2Fwp-diff.php&path=%2Fhome%2Ffalconiapl2015%2Fpublic_html%2Fwp-includes HTTP/2.0" 403 3449 "-" "Mozilla/5.0 AppleWebKit/537.36 (KHTML, like Gecko; compatible; ClaudeBot/1.0; +claudebot@anthropic.com)" 526 **0/526235**
74.7.227.0 - - [28/Mar/2026:07:10:28 -0700] "GET /?path=//usr/lib64/guile/2.0/ccache/language/ecmascript HTTP/2.0" 200 2862 "https://falcon-ia.com/?path=//usr/lib64/guile/2.0/ccache/language" "Mozilla/5.0 AppleWebKit/537.36 (KHTML, like Gecko; compatible; GPTBot/1.3; +https://openai.com/gptbot)" 568 **0/568972**
216.73.216.162 - - [28/Mar/2026:07:10:29 -0700] "GET /item/3743802501?fileloc=%2Fhome%2Ffalconiapl2015%2Fpublic_html%2Fwp-includes%2Fclass-wp-theme-json.php&path=%2Fhome%2Ffalconiapl2015%2Fpublic_html%2Fwp-includes HTTP/2.0" 403 3449 "-" "Mozilla/5.0 AppleWebKit/537.36 (KHTML, like Gecko; compatible; ClaudeBot/1.0; +claudebot@anthropic.com)" 539 **0/539683**
74.7.227.0 - - [28/Mar/2026:07:10:31 -0700] "GET /?path=//lib/modules/4.18.0-553.94.1.lve.el8.x86_64/kernel/sound/soc/intel/atom/sst HTTP/2.0" 200 2688 "https://falcon-ia.com/?path=//lib/modules/4.18.0-553.94.1.lve.el8.x86_64/kernel/sound/soc/intel/atom" "Mozilla/5.0 AppleWebKit/537.36 (KHTML, like Gecko; compatible; GPTBot/1.3; +https://openai.com/gptbot)" 514 **0/514737**
216.73.216.162 - - [28/Mar/2026:07:10:32 -0700] "GET /item/3989231997?fileloc=%2Fhome%2Ffalconiapl2015%2Fpublic_html%2Fwp-includes%2Fclass-wp-http-requests-hooks.php&path=%2Fhome%2Ffalconiapl2015%2Fpublic_html%2Fwp-includes HTTP/2.0" 403 3449 "-" "Mozilla/5.0 AppleWebKit/537.36 (KHTML, like Gecko; compatible; ClaudeBot/1.0; +claudebot@anthropic.com)" 490 **0/490534**
74.7.227.0 - - [28/Mar/2026:07:10:34 -0700] "GET /?fileloc=//usr/lib/rpm/kabi.sh&path=//usr/lib/rpm HTTP/2.0" 200 2554 "https://falcon-ia.com/?path=//usr/lib/rpm" "Mozilla/5.0 AppleWebKit/537.36 (KHTML, like Gecko; compatible; GPTBot/1.3; +https://openai.com/gptbot)" 500 **0/500990**
216.73.216.162 - - [28/Mar/2026:07:10:35 -0700] "GET /item/3893428112?fileloc=%2Fhome%2Ffalconiapl2015%2Fpublic_html%2Fwp-includes%2Ftheme-compat%2Fembed-content.php&path=%2Fhome%2Ffalconiapl2015%2Fpublic_html%2Fwp-includes%2Ftheme-compat HTTP/2.0" 403 3449 "-" "Mozilla/5.0 AppleWebKit/537.36 (KHTML, like Gecko; compatible; ClaudeBot/1.0; +claudebot@anthropic.com)" 503 **0/503321**
74.7.227.0 - - [28/Mar/2026:07:10:37 -0700] "GET /?fileloc=//usr/lib/rpm/rpm.log&path=//usr/lib/rpm HTTP/2.0" 200 2303 "https://falcon-ia.com/?path=//usr/lib/rpm" "Mozilla/5.0 AppleWebKit/537.36 (KHTML, like Gecko; compatible; GPTBot/1.3; +https://openai.com/gptbot)" 512 **0/512290**
216.73.216.162 - - [28/Mar/2026:07:10:38 -0700] "GET /item/173708689?fileloc=%2Fhome%2Ffalconiapl2015%2Fpublic_html%2Fwp-includes%2Ftheme-compat%2Fheader.php&path=%2Fhome%2Ffalconiapl2015%2Fpublic_html%2Fwp-includes%2Ftheme-compat HTTP/2.0" 403 3449 "-" "Mozilla/5.0 AppleWebKit/537.36 (KHTML, like Gecko; compatible; ClaudeBot/1.0; +claudebot@anthropic.com)" 496 **0/496784**
74.7.227.0 - - [28/Mar/2026:07:10:40 -0700] "GET /?fileloc=//usr/lib/rpm/rpm.daily&path=//usr/lib/rpm HTTP/2.0" 200 2444 "https://falcon-ia.com/?path=//usr/lib/rpm" "Mozilla/5.0 AppleWebKit/537.36 (KHTML, like Gecko; compatible; GPTBot/1.3; +https://openai.com/gptbot)" 533 **0/533359**
74.7.227.0 - - [28/Mar/2026:07:10:43 -0700] "GET /?fileloc=//lib/modules/4.18.0-553.94.1.lve.el8.x86_64/kernel/sound/soc/amd/renoir/snd-rn-pci-acp3x.ko.xz&path=//lib/modules/4.18.0-553.94.1.lve.el8.x86_64/kernel/sound/soc/amd/renoir HTTP/2.0" 200 6822 "https://falcon-ia.com/?path=//lib/modules/4.18.0-553.94.1.lve.el8.x86_64/kernel/sound/soc/amd/renoir" "Mozilla/5.0 AppleWebKit/537.36 (KHTML, like Gecko; compatible; GPTBot/1.3; +https://openai.com/gptbot)" 524 **0/524210**
216.73.216.162 - - [28/Mar/2026:07:10:41 -0700] "GET /item/4124803183?fileloc=%2Fhome%2Ffalconiapl2015%2Fpublic_html%2Fwp-includes%2Fclass-wp-xmlrpc-server.php&path=%2Fhome%2Ffalconiapl2015%2Fpublic_html%2Fwp-includes HTTP/2.0" 403 3449 "-" "Mozilla/5.0 AppleWebKit/537.36 (KHTML, like Gecko; compatible; ClaudeBot/1.0; +claudebot@anthropic.com)" 2999 **2/2999010**
216.73.216.162 - - [28/Mar/2026:07:10:44 -0700] "GET /item/47454239?fileloc=%2Fhome%2Ffalconiapl2015%2Fpublic_html%2Fwp-includes%2Fplugin.php&path=%2Fhome%2Ffalconiapl2015%2Fpublic_html%2Fwp-includes HTTP/2.0" 403 3449 "-" "Mozilla/5.0 AppleWebKit/537.36 (KHTML, like Gecko; compatible; ClaudeBot/1.0; +claudebot@anthropic.com)" 516 **0/516572**
74.7.227.0 - - [28/Mar/2026:07:10:46 -0700] "GET /?path=//usr/include/python3.12 HTTP/2.0" 200 2588 "https://falcon-ia.com/?path=//usr/include" "Mozilla/5.0 AppleWebKit/537.36 (KHTML, like Gecko; compatible; GPTBot/1.3; +https://openai.com/gptbot)" 498 **0/498092**
216.73.216.162 - - [28/Mar/2026:07:10:47 -0700] "GET /item/1781702381?fileloc=%2Fhome%2Ffalconiapl2015%2Fpublic_html%2Fwp-includes%2Fclass-wp-url-pattern-prefixer.php&path=%2Fhome%2Ffalconiapl2015%2Fpublic_html%2Fwp-includes HTTP/2.0" 403 3449 "-" "Mozilla/5.0 AppleWebKit/537.36 (KHTML, like Gecko; compatible; ClaudeBot/1.0; +claudebot@anthropic.com)" 549 **0/549865**
74.7.227.0 - - [28/Mar/2026:07:10:49 -0700] "GET /?path=//usr/lib64/bind9-export HTTP/2.0" 200 2803 "https://falcon-ia.com/?path=//usr/lib64" "Mozilla/5.0 AppleWebKit/537.36 (KHTML, like Gecko; compatible; GPTBot/1.3; +https://openai.com/gptbot)" 492 **0/492557**
216.73.216.162 - - [28/Mar/2026:07:10:50 -0700] "GET /item/103008920?fileloc=%2Fhome%2Ffalconiapl2015%2Fpublic_html%2Fwp-includes%2Fclass-wp-theme-json-resolver.php&path=%2Fhome%2Ffalconiapl2015%2Fpublic_html%2Fwp-includes HTTP/2.0" 200 10687 "-" "Mozilla/5.0 AppleWebKit/537.36 (KHTML, like Gecko; compatible; ClaudeBot/1.0; +claudebot@anthropic.com)" 520 **0/520256**
74.7.227.0 - - [28/Mar/2026:07:10:53 -0700] "GET /?fileloc=//lib/icinga2/prepare-dirs&path=//lib/icinga2 HTTP/2.0" 200 2793 "https://falcon-ia.com/?path=//lib/icinga2" "Mozilla/5.0 AppleWebKit/537.36 (KHTML, like Gecko; compatible; GPTBot/1.3; +https://openai.com/gptbot)" 514 **0/514451**
216.73.216.162 - - [28/Mar/2026:07:10:53 -0700] "GET /item/2006064466?fileloc=%2Fhome%2Ffalconiapl2015%2Fpublic_html%2Fwp-includes%2Fclass-wp-theme-json.php&path=%2Fhome%2Ffalconiapl2015%2Fpublic_html%2Fwp-includes HTTP/2.0" 200 38062 "-" "Mozilla/5.0 AppleWebKit/537.36 (KHTML, like Gecko; compatible; ClaudeBot/1.0; +claudebot@anthropic.com)" 509 **0/509290**
74.7.227.0 - - [28/Mar/2026:07:10:56 -0700] "GET /?path=//usr/lib64/python3.6/__pycache__ HTTP/2.0" 200 12164 "https://falcon-ia.com/?path=//usr/lib64/python3.6" "Mozilla/5.0 AppleWebKit/537.36 (KHTML, like Gecko; compatible; GPTBot/1.3; +https://openai.com/gptbot)" 532 **0/532448**
216.73.216.162 - - [28/Mar/2026:07:10:56 -0700] "GET /item/3535924390?path=%2Fhome%2Ffalconiapl2015%2Fpublic_html HTTP/2.0" 200 3449 "-" "Mozilla/5.0 AppleWebKit/537.36 (KHTML, like Gecko; compatible; ClaudeBot/1.0; +claudebot@anthropic.com)" 503 **0/503606**
74.7.227.0 - - [28/Mar/2026:07:10:59 -0700] "GET /?fileloc=//usr/bin/[&path=//usr/bin HTTP/2.0" 200 23481 "https://falcon-ia.com/?path=//usr/bin" "Mozilla/5.0 AppleWebKit/537.36 (KHTML, like Gecko; compatible; GPTBot/1.3; +https://openai.com/gptbot)" 539 **0/539395**
216.73.216.162 - - [28/Mar/2026:07:10:59 -0700] "GET /item/788457145?path=%2Fhome%2Ffalconiapl2015%2F.trash HTTP/2.0" 200 2721 "-" "Mozilla/5.0 AppleWebKit/537.36 (KHTML, like Gecko; compatible; ClaudeBot/1.0; +claudebot@anthropic.com)" 541 **0/541682**
74.7.227.0 - - [28/Mar/2026:07:11:02 -0700] "GET /?path=//lib/locale/en_GB.iso885915/LC_MESSAGES HTTP/2.0" 200 2608 "https://falcon-ia.com/?path=//lib/locale/en_GB.iso885915" "Mozilla/5.0 AppleWebKit/537.36 (KHTML, like Gecko; compatible; GPTBot/1.3; +https://openai.com/gptbot)" 537 **0/537388**
216.73.216.162 - - [28/Mar/2026:07:11:02 -0700] "GET /item/3045145167?fileloc=%2Fhome%2Ffalconiapl2015%2Fpublic_html%2Fwp-includes%2Fpost-thumbnail-template.php&path=%2Fhome%2Ffalconiapl2015%2Fpublic_html%2Fwp-includes HTTP/2.0" 200 4522 "-" "Mozilla/5.0 AppleWebKit/537.36 (KHTML, like Gecko; compatible; ClaudeBot/1.0; +claudebot@anthropic.com)" 498 **0/498507**
216.73.216.162 - - [28/Mar/2026:07:11:05 -0700] "GET /item/3476806371?fileloc=%2Fhome%2Ffalconiapl2015%2Fpublic_html%2Fwp-includes%2Fcustomize%2Fclass-wp-customize-upload-control.php&path=%2Fhome%2Ffalconiapl2015%2Fpublic_html%2Fwp-includes%2Fcustomize HTTP/2.0" 200 2731 "-" "Mozilla/5.0 AppleWebKit/537.36 (KHTML, like Gecko; compatible; ClaudeBot/1.0; +claudebot@anthropic.com)" 530 **0/530569**
114.119.156.190 - - [28/Mar/2026:07:11:05 -0700] "GET /commodity/stamping/gem171928490232?fileloc=/home/falconiapl2015/public_html/gbmfx.php&path=/home/falconiapl2015/public_html HTTP/1.1" 200 5887 "https://falcon-ia.com/commodity/stamping/gem171928490232" "Mozilla/5.0 (Linux; Android 7.0;) AppleWebKit/537.36 (KHTML, like Gecko) Mobile Safari/537.36 (compatible; PetalBot;+https://webmaster.petalsearch.com/site/petalbot)" 526 **0/526194**
74.7.227.0 - - [28/Mar/2026:07:11:05 -0700] "GET /?fileloc=//usr/lib64/python2.7/test/script_helper.pyo&path=//usr/lib64/python2.7/test HTTP/2.0" 200 2404 "https://falcon-ia.com/?path=//usr/lib64/python2.7/test" "Mozilla/5.0 AppleWebKit/537.36 (KHTML, like Gecko; compatible; GPTBot/1.3; +https://openai.com/gptbot)" 492 **0/492848**
216.73.216.162 - - [28/Mar/2026:07:11:08 -0700] "GET /item/2405933391?path=%2Fhome%2Ffalconiapl2015%2Fmail HTTP/2.0" 200 3297 "-" "Mozilla/5.0 AppleWebKit/537.36 (KHTML, like Gecko; compatible; ClaudeBot/1.0; +claudebot@anthropic.com)" 519 **0/519200**
74.7.227.0 - - [28/Mar/2026:07:11:09 -0700] "GET /?fileloc=//usr/lib64/python2.7/test/script_helper.pyc&path=//usr/lib64/python2.7/test HTTP/2.0" 200 2404 "https://falcon-ia.com/?path=//usr/lib64/python2.7/test" "Mozilla/5.0 AppleWebKit/537.36 (KHTML, like Gecko; compatible; GPTBot/1.3; +https://openai.com/gptbot)" 504 **0/504109**
216.73.216.162 - - [28/Mar/2026:07:11:11 -0700] "GET /item/2122049673?path=%2Fhome%2Ffalconiapl2015%2Flogs HTTP/2.0" 200 2788 "-" "Mozilla/5.0 AppleWebKit/537.36 (KHTML, like Gecko; compatible; ClaudeBot/1.0; +claudebot@anthropic.com)" 522 **0/522419**
74.7.227.0 - - [28/Mar/2026:07:11:12 -0700] "GET /?fileloc=//usr/lib64/python2.7/test/script_helper.py&path=//usr/lib64/python2.7/test HTTP/2.0" 200 2308 "https://falcon-ia.com/?path=//usr/lib64/python2.7/test" "Mozilla/5.0 AppleWebKit/537.36 (KHTML, like Gecko; compatible; GPTBot/1.3; +https://openai.com/gptbot)" 541 **0/541241**
216.73.216.162 - - [28/Mar/2026:07:11:14 -0700] "GET /item/4281971789?fileloc=%2Fhome%2Ffalconiapl2015%2Fpublic_html%2Fwp-admin%2Ftheme-editor.php&path=%2Fhome%2Ffalconiapl2015%2Fpublic_html%2Fwp-admin HTTP/2.0" 200 7866 "-" "Mozilla/5.0 AppleWebKit/537.36 (KHTML, like Gecko; compatible; ClaudeBot/1.0; +claudebot@anthropic.com)" 504 **0/504734**
74.7.227.0 - - [28/Mar/2026:07:11:15 -0700] "GET /?path=//lib/modules/4.18.0-553.83.1.lve.el8.x86_64/kernel/drivers HTTP/2.0" 200 4043 "https://falcon-ia.com/?path=//lib/modules/4.18.0-553.83.1.lve.el8.x86_64/kernel" "Mozilla/5.0 AppleWebKit/537.36 (KHTML, like Gecko; compatible; GPTBot/1.3; +https://openai.com/gptbot)" 503 **0/503900**
216.73.216.162 - - [28/Mar/2026:07:11:17 -0700] "GET /item/3527941465?path=%2Fhome%2Ffalconiapl2015%2Fpublic_html HTTP/2.0" 200 3449 "-" "Mozilla/5.0 AppleWebKit/537.36 (KHTML, like Gecko; compatible; ClaudeBot/1.0; +claudebot@anthropic.com)" 541 **0/541598**
74.7.227.0 - - [28/Mar/2026:07:11:18 -0700] "GET /?fileloc=//lib/systemd/portablectl&path=//lib/systemd HTTP/2.0" 200 15433 "https://falcon-ia.com/?path=//lib/systemd" "Mozilla/5.0 AppleWebKit/537.36 (KHTML, like Gecko; compatible; GPTBot/1.3; +https://openai.com/gptbot)" 505 **0/505970**
216.73.216.162 - - [28/Mar/2026:07:11:20 -0700] "GET /item/835469241?path=%2Fhome%2Ffalconiapl2015%2Fpublic_html%2Fwp-content HTTP/2.0" 200 2867 "-" "Mozilla/5.0 AppleWebKit/537.36 (KHTML, like Gecko; compatible; ClaudeBot/1.0; +claudebot@anthropic.com)" 544 **0/544943**
74.7.227.0 - - [28/Mar/2026:07:11:21 -0700] "GET /?fileloc=//lib/systemd/systemd-fsck&path=//lib/systemd HTTP/2.0" 200 9816 "https://falcon-ia.com/?path=//lib/systemd" "Mozilla/5.0 AppleWebKit/537.36 (KHTML, like Gecko; compatible; GPTBot/1.3; +https://openai.com/gptbot)" 501 **0/501597**
74.7.227.0 - - [28/Mar/2026:07:11:24 -0700] "GET /?path=//usr/lib64/python3.6/curses/__pycache__ HTTP/2.0" 200 2935 "https://falcon-ia.com/?path=//usr/lib64/python3.6/curses" "Mozilla/5.0 AppleWebKit/537.36 (KHTML, like Gecko; compatible; GPTBot/1.3; +https://openai.com/gptbot)" 508 **0/508546**
216.73.216.162 - - [28/Mar/2026:07:11:27 -0700] "GET /item/2686933924?fileloc=%2Fhome%2Ffalconiapl2015%2Fpublic_html%2Fwp-admin%2Fplugins.php&path=%2Fhome%2Ffalconiapl2015%2Fpublic_html%2Fwp-admin HTTP/2.0" 200 9791 "-" "Mozilla/5.0 AppleWebKit/537.36 (KHTML, like Gecko; compatible; ClaudeBot/1.0; +claudebot@anthropic.com)" 505 **0/505648**
74.7.227.0 - - [28/Mar/2026:07:11:28 -0700] "GET /?fileloc=//usr/lib64/libpciaccess.so.0.11.1&path=//usr/lib64 HTTP/2.0" 200 17068 "https://falcon-ia.com/?path=//usr/lib64" "Mozilla/5.0 AppleWebKit/537.36 (KHTML, like Gecko; compatible; GPTBot/1.3; +https://openai.com/gptbot)" 519 **0/519401**
216.73.216.162 - - [28/Mar/2026:07:11:29 -0700] "GET /item/1416074375?fileloc=%2Fhome%2Ffalconiapl2015%2Fpublic_html%2Fwp-admin%2Fplugins.php&path=%2Fhome%2Ffalconiapl2015%2Fpublic_html%2Fwp-admin HTTP/2.0" 200 9791 "-" "Mozilla/5.0 AppleWebKit/537.36 (KHTML, like Gecko; compatible; ClaudeBot/1.0; +claudebot@anthropic.com)" 515 **0/515576**
74.7.227.0 - - [28/Mar/2026:07:11:31 -0700] "GET /?fileloc=//usr/lib64/python3.6/__pycache__/pickle.cpython-36.opt-1.pyc&path=//usr/lib64/python3.6/__pycache__ HTTP/2.0" 200 17773 "https://falcon-ia.com/?path=//usr/lib64/python3.6/__pycache__" "Mozilla/5.0 AppleWebKit/537.36 (KHTML, like Gecko; compatible; GPTBot/1.3; +https://openai.com/gptbot)" 517 **0/517795**
216.73.216.162 - - [28/Mar/2026:07:11:32 -0700] "GET /item/3598472049?fileloc=%2Fhome%2Ffalconiapl2015%2Fpublic_html%2Fwp-admin%2Fplugins.php&path=%2Fhome%2Ffalconiapl2015%2Fpublic_html%2Fwp-admin HTTP/2.0" 200 9791 "-" "Mozilla/5.0 AppleWebKit/537.36 (KHTML, like Gecko; compatible; ClaudeBot/1.0; +claudebot@anthropic.com)" 507 **0/507027**
74.7.227.0 - - [28/Mar/2026:07:11:34 -0700] "GET /?path=//usr/lib64/perl5/asm-generic HTTP/2.0" 200 2809 "https://falcon-ia.com/?path=//usr/lib64/perl5" "Mozilla/5.0 AppleWebKit/537.36 (KHTML, like Gecko; compatible; GPTBot/1.3; +https://openai.com/gptbot)" 519 **0/519245**
216.73.216.162 - - [28/Mar/2026:07:11:35 -0700] "GET /item/228492698?fileloc=%2Fhome%2Ffalconiapl2015%2Fpublic_html%2Fwp-admin%2Fadmin-post.php&path=%2Fhome%2Ffalconiapl2015%2Fpublic_html%2Fwp-admin HTTP/2.0" 200 2953 "-" "Mozilla/5.0 AppleWebKit/537.36 (KHTML, like Gecko; compatible; ClaudeBot/1.0; +claudebot@anthropic.com)" 505 **0/505194**
74.7.227.0 - - [28/Mar/2026:07:11:37 -0700] "GET /?path=//lib/modules/4.18.0-553.83.1.lve.el8.x86_64/kernel/fs/jbd2 HTTP/2.0" 200 2614 "https://falcon-ia.com/?path=//lib/modules/4.18.0-553.83.1.lve.el8.x86_64/kernel/fs" "Mozilla/5.0 AppleWebKit/537.36 (KHTML, like Gecko; compatible; GPTBot/1.3; +https://openai.com/gptbot)" 503 **0/503441**
216.73.216.162 - - [28/Mar/2026:07:11:38 -0700] "GET /item/2686933924?fileloc=%2Fhome%2Ffalconiapl2015%2Fpublic_html%2Fwp-admin%2Fadmin-header.php&path=%2Fhome%2Ffalconiapl2015%2Fpublic_html%2Fwp-admin HTTP/2.0" 200 5184 "-" "Mozilla/5.0 AppleWebKit/537.36 (KHTML, like Gecko; compatible; ClaudeBot/1.0; +claudebot@anthropic.com)" 504 **0/504577**
185.191.171.15 - - [28/Mar/2026:07:11:40 -0700] "GET /commodity/sweat/puts171982192407 HTTP/1.1" 200 3956 "-" "Mozilla/5.0 (compatible; SemrushBot/7~bl; +http://www.semrush.com/bot.html)" 522 **0/522990**
74.7.227.0 - - [28/Mar/2026:07:11:40 -0700] "GET /?path=//lib/modules/4.18.0-553.83.1.lve.el8.x86_64/kernel/fs/gfs2 HTTP/2.0" 200 2614 "https://falcon-ia.com/?path=//lib/modules/4.18.0-553.83.1.lve.el8.x86_64/kernel/fs" "Mozilla/5.0 AppleWebKit/537.36 (KHTML, like Gecko; compatible; GPTBot/1.3; +https://openai.com/gptbot)" 495 **0/495902**
216.73.216.162 - - [28/Mar/2026:07:11:41 -0700] "GET /item/1416074375?fileloc=%2Fhome%2Ffalconiapl2015%2Fpublic_html%2Fwp-admin%2Fadmin-header.php&path=%2Fhome%2Ffalconiapl2015%2Fpublic_html%2Fwp-admin HTTP/2.0" 200 5184 "-" "Mozilla/5.0 AppleWebKit/537.36 (KHTML, like Gecko; compatible; ClaudeBot/1.0; +claudebot@anthropic.com)" 501 **0/501275**
74.7.227.0 - - [28/Mar/2026:07:11:43 -0700] "GET /?path=//lib/firmware/ti HTTP/2.0" 200 2642 "https://falcon-ia.com/?path=//lib/firmware" "Mozilla/5.0 AppleWebKit/537.36 (KHTML, like Gecko; compatible; GPTBot/1.3; +https://openai.com/gptbot)" 552 **0/552214**
216.73.216.162 - - [28/Mar/2026:07:11:44 -0700] "GET /item/3598472049?fileloc=%2Fhome%2Ffalconiapl2015%2Fpublic_html%2Fwp-admin%2Fadmin-header.php&path=%2Fhome%2Ffalconiapl2015%2Fpublic_html%2Fwp-admin HTTP/2.0" 200 5184 "-" "Mozilla/5.0 AppleWebKit/537.36 (KHTML, like Gecko; compatible; ClaudeBot/1.0; +claudebot@anthropic.com)" 518 **0/518000**
74.7.227.0 - - [28/Mar/2026:07:11:47 -0700] "GET /?fileloc=//bin/at&path=//bin HTTP/2.0" 200 2876 "https://falcon-ia.com/?path=//bin" "Mozilla/5.0 AppleWebKit/537.36 (KHTML, like Gecko; compatible; GPTBot/1.3; +https://openai.com/gptbot)" 508 **0/508545**
216.73.216.162 - - [28/Mar/2026:07:11:47 -0700] "GET /item/1416074375?fileloc=%2Fhome%2Ffalconiapl2015%2Fpublic_html%2Fwp-admin%2Ftheme-editor.php&path=%2Fhome%2Ffalconiapl2015%2Fpublic_html%2Fwp-admin HTTP/2.0" 200 7866 "-" "Mozilla/5.0 AppleWebKit/537.36 (KHTML, like Gecko; compatible; ClaudeBot/1.0; +claudebot@anthropic.com)" 501 **0/501558**
185.191.171.1 - - [28/Mar/2026:07:11:48 -0700] "GET /commodity/wheat/implants172117502099 HTTP/1.1" 200 3956 "-" "Mozilla/5.0 (compatible; SemrushBot/7~bl; +http://www.semrush.com/bot.html)" 519 **0/519503**
74.7.227.0 - - [28/Mar/2026:07:11:50 -0700] "GET /?path=//lib/modules/4.18.0-553.83.1.lve.el8.x86_64/kernel/drivers/pcmcia HTTP/2.0" 200 2627 "https://falcon-ia.com/?path=//lib/modules/4.18.0-553.83.1.lve.el8.x86_64/kernel/drivers" "Mozilla/5.0 AppleWebKit/537.36 (KHTML, like Gecko; compatible; GPTBot/1.3; +https://openai.com/gptbot)" 507 **0/507132**
216.73.216.162 - - [28/Mar/2026:07:11:50 -0700] "GET /item/2686933924?fileloc=%2Fhome%2Ffalconiapl2015%2Fpublic_html%2Fwp-admin%2Ftheme-editor.php&path=%2Fhome%2Ffalconiapl2015%2Fpublic_html%2Fwp-admin HTTP/2.0" 200 7866 "-" "Mozilla/5.0 AppleWebKit/537.36 (KHTML, like Gecko; compatible; ClaudeBot/1.0; +claudebot@anthropic.com)" 504 **0/504182**
185.191.171.4 - - [28/Mar/2026:07:11:52 -0700] "GET /commodity/eaton/memorabilia171925787693 HTTP/1.1" 200 3956 "-" "Mozilla/5.0 (compatible; SemrushBot/7~bl; +http://www.semrush.com/bot.html)" 495 **0/495718**
74.7.227.0 - - [28/Mar/2026:07:11:53 -0700] "GET /?path=//lib/modules/4.18.0-553.83.1.lve.el8.x86_64/kernel/drivers/crypto HTTP/2.0" 200 2803 "https://falcon-ia.com/?path=//lib/modules/4.18.0-553.83.1.lve.el8.x86_64/kernel/drivers" "Mozilla/5.0 AppleWebKit/537.36 (KHTML, like Gecko; compatible; GPTBot/1.3; +https://openai.com/gptbot)" 509 **0/509859**
216.73.216.162 - - [28/Mar/2026:07:11:53 -0700] "GET /item/3598472049?fileloc=%2Fhome%2Ffalconiapl2015%2Fpublic_html%2Fwp-admin%2Ftheme-editor.php&path=%2Fhome%2Ffalconiapl2015%2Fpublic_html%2Fwp-admin HTTP/2.0" 200 7866 "-" "Mozilla/5.0 AppleWebKit/537.36 (KHTML, like Gecko; compatible; ClaudeBot/1.0; +claudebot@anthropic.com)" 499 **0/499592**
74.7.227.0 - - [28/Mar/2026:07:11:56 -0700] "GET /?path=//lib/modules/4.18.0-553.83.1.lve.el8.x86_64/kernel/drivers/nvdimm HTTP/2.0" 200 2745 "https://falcon-ia.com/?path=//lib/modules/4.18.0-553.83.1.lve.el8.x86_64/kernel/drivers" "Mozilla/5.0 AppleWebKit/537.36 (KHTML, like Gecko; compatible; GPTBot/1.3; +https://openai.com/gptbot)" 510 **0/510800**
216.73.216.162 - - [28/Mar/2026:07:11:56 -0700] "GET /item/228492698?fileloc=%2Fhome%2Ffalconiapl2015%2Fpublic_html%2Fwp-admin%2Fplugins.php&path=%2Fhome%2Ffalconiapl2015%2Fpublic_html%2Fwp-admin HTTP/2.0" 200 9791 "-" "Mozilla/5.0 AppleWebKit/537.36 (KHTML, like Gecko; compatible; ClaudeBot/1.0; +claudebot@anthropic.com)" 508 **0/508104**
85.208.96.209 - - [28/Mar/2026:07:11:57 -0700] "GET /commodity/muhammad/staining17179852213 HTTP/1.1" 200 3956 "-" "Mozilla/5.0 (compatible; SemrushBot/7~bl; +http://www.semrush.com/bot.html)" 632 **0/632855**
216.73.216.162 - - [28/Mar/2026:07:11:59 -0700] "GET /item/1294776906?path=%2Fhome%2Ffalconiapl2015%2F.cagefs HTTP/2.0" 200 2595 "-" "Mozilla/5.0 AppleWebKit/537.36 (KHTML, like Gecko; compatible; ClaudeBot/1.0; +claudebot@anthropic.com)" 532 **0/532353**
74.7.227.0 - - [28/Mar/2026:07:11:59 -0700] "GET /?path=//lib/modules/4.18.0-553.83.1.lve.el8.x86_64/kernel/drivers/target HTTP/2.0" 200 2844 "https://falcon-ia.com/?path=//lib/modules/4.18.0-553.83.1.lve.el8.x86_64/kernel/drivers" "Mozilla/5.0 AppleWebKit/537.36 (KHTML, like Gecko; compatible; GPTBot/1.3; +https://openai.com/gptbot)" 515 **0/515844**
216.73.216.162 - - [28/Mar/2026:07:12:02 -0700] "GET /item/228492698?fileloc=%2Fhome%2Ffalconiapl2015%2Fpublic_html%2Fwp-admin%2Fadmin-header.php&path=%2Fhome%2Ffalconiapl2015%2Fpublic_html%2Fwp-admin HTTP/2.0" 200 5184 "-" "Mozilla/5.0 AppleWebKit/537.36 (KHTML, like Gecko; compatible; ClaudeBot/1.0; +claudebot@anthropic.com)" 516 **0/516699**
74.7.227.0 - - [28/Mar/2026:07:12:02 -0700] "GET /?path=//lib/modules/4.18.0-553.83.1.lve.el8.x86_64/kernel/drivers/virtio HTTP/2.0" 200 2721 "https://falcon-ia.com/?path=//lib/modules/4.18.0-553.83.1.lve.el8.x86_64/kernel/drivers" "Mozilla/5.0 AppleWebKit/537.36 (KHTML, like Gecko; compatible; GPTBot/1.3; +https://openai.com/gptbot)" 506 **0/506428**
216.73.216.162 - - [28/Mar/2026:07:12:05 -0700] "GET /item/1294776906?path=%2Fhome%2Ffalconiapl2015%2F.htpasswds HTTP/2.0" 200 2312 "-" "Mozilla/5.0 AppleWebKit/537.36 (KHTML, like Gecko; compatible; ClaudeBot/1.0; +claudebot@anthropic.com)" 500 **0/500757**
74.7.227.0 - - [28/Mar/2026:07:12:06 -0700] "GET /?path=//lib/modules/4.18.0-553.83.1.lve.el8.x86_64/kernel/drivers/md HTTP/2.0" 200 3729 "https://falcon-ia.com/?path=//lib/modules/4.18.0-553.83.1.lve.el8.x86_64/kernel/drivers" "Mozilla/5.0 AppleWebKit/537.36 (KHTML, like Gecko; compatible; GPTBot/1.3; +https://openai.com/gptbot)" 503 **0/503454**
216.73.216.162 - - [28/Mar/2026:07:12:08 -0700] "GET /item/228492698?fileloc=%2Fhome%2Ffalconiapl2015%2Fpublic_html%2Fwp-admin%2Ftheme-editor.php&path=%2Fhome%2Ffalconiapl2015%2Fpublic_html%2Fwp-admin HTTP/2.0" 200 7866 "-" "Mozilla/5.0 AppleWebKit/537.36 (KHTML, like Gecko; compatible; ClaudeBot/1.0; +claudebot@anthropic.com)" 501 **0/501876**
74.7.227.0 - - [28/Mar/2026:07:12:09 -0700] "GET /?path=//lib/modules/4.18.0-553.83.1.lve.el8.x86_64/kernel/drivers/hv HTTP/2.0" 200 2691 "https://falcon-ia.com/?path=//lib/modules/4.18.0-553.83.1.lve.el8.x86_64/kernel/drivers" "Mozilla/5.0 AppleWebKit/537.36 (KHTML, like Gecko; compatible; GPTBot/1.3; +https://openai.com/gptbot)" 521 **0/521761**
216.73.216.162 - - [28/Mar/2026:07:12:11 -0700] "GET /item/2794843732?path=%2Fhome%2Ffalconiapl2015%2Fpublic_html%2Fwp-includes%2Fsitemaps%2Fproviders HTTP/2.0" 200 2731 "-" "Mozilla/5.0 AppleWebKit/537.36 (KHTML, like Gecko; compatible; ClaudeBot/1.0; +claudebot@anthropic.com)" 502 **0/502037**
74.7.227.0 - - [28/Mar/2026:07:12:12 -0700] "GET /?fileloc=//bin/cp&path=//bin HTTP/2.0" 200 61933 "https://falcon-ia.com/?path=//bin" "Mozilla/5.0 AppleWebKit/537.36 (KHTML, like Gecko; compatible; GPTBot/1.3; +https://openai.com/gptbot)" 584 **0/584775**
216.73.216.162 - - [28/Mar/2026:07:12:14 -0700] "GET /item/1294776906?path=%2Fhome%2Ffalconiapl2015%2Fnew HTTP/2.0" 200 3374 "-" "Mozilla/5.0 AppleWebKit/537.36 (KHTML, like Gecko; compatible; ClaudeBot/1.0; +claudebot@anthropic.com)" 504 **0/504403**
74.7.227.0 - - [28/Mar/2026:07:12:15 -0700] "GET /?fileloc=//bin/cc&path=//bin HTTP/2.0" 200 438840 "https://falcon-ia.com/?path=//bin" "Mozilla/5.0 AppleWebKit/537.36 (KHTML, like Gecko; compatible; GPTBot/1.3; +https://openai.com/gptbot)" 690 **0/690279**
216.73.216.162 - - [28/Mar/2026:07:12:17 -0700] "GET /item/4148929047?path=%2Fhome%2Ffalconiapl2015%2Fpublic_html%2Fwp-includes%2Fsitemaps%2Fproviders HTTP/2.0" 200 2731 "-" "Mozilla/5.0 AppleWebKit/537.36 (KHTML, like Gecko; compatible; ClaudeBot/1.0; +claudebot@anthropic.com)" 539 **0/539845**
74.7.227.0 - - [28/Mar/2026:07:12:18 -0700] "GET /?fileloc=//bin/nl&path=//bin HTTP/2.0" 200 18497 "https://falcon-ia.com/?path=//bin" "Mozilla/5.0 AppleWebKit/537.36 (KHTML, like Gecko; compatible; GPTBot/1.3; +https://openai.com/gptbot)" 515 **0/515945**
216.73.216.162 - - [28/Mar/2026:07:12:20 -0700] "GET /item/430338372?path=%2Fhome%2Ffalconiapl2015%2Fpublic_html%2Fwp-includes%2Fsitemaps%2Fproviders HTTP/2.0" 200 2731 "-" "Mozilla/5.0 AppleWebKit/537.36 (KHTML, like Gecko; compatible; ClaudeBot/1.0; +claudebot@anthropic.com)" 516 **0/516617**
74.7.227.0 - - [28/Mar/2026:07:12:21 -0700] "GET /?fileloc=//bin/ln&path=//bin HTTP/2.0" 200 30393 "https://falcon-ia.com/?path=//bin" "Mozilla/5.0 AppleWebKit/537.36 (KHTML, like Gecko; compatible; GPTBot/1.3; +https://openai.com/gptbot)" 494 **0/494550**
40.77.167.56 - - [28/Mar/2026:07:12:21 -0700] "GET /commodity/robots/memberlistmemberlist171721785046 HTTP/2.0" 200 25175 "-" "Mozilla/5.0 AppleWebKit/537.36 (KHTML, like Gecko; compatible; bingbot/2.0; +http://www.bing.com/bingbot.htm) Chrome/116.0.1938.76 Safari/537.36" 1600 **1/1600593**
74.7.227.0 - - [28/Mar/2026:07:12:24 -0700] "GET /?path=//usr/lib64/guile/2.0/ccache/language/tree-il HTTP/2.0" 200 2995 "https://falcon-ia.com/?path=//usr/lib64/guile/2.0/ccache/language" "Mozilla/5.0 AppleWebKit/537.36 (KHTML, like Gecko; compatible; GPTBot/1.3; +https://openai.com/gptbot)" 524 **0/524238**
74.7.227.0 - - [28/Mar/2026:07:12:28 -0700] "GET /?fileloc=//lib/modules/4.18.0-553.83.1.lve.el8.x86_64/kernel/drivers/crypto/padlock-sha.ko.xz&path=//lib/modules/4.18.0-553.83.1.lve.el8.x86_64/kernel/drivers/crypto HTTP/2.0" 200 6624 "https://falcon-ia.com/?path=//lib/modules/4.18.0-553.83.1.lve.el8.x86_64/kernel/drivers/crypto" "Mozilla/5.0 AppleWebKit/537.36 (KHTML, like Gecko; compatible; GPTBot/1.3; +https://openai.com/gptbot)" 528 **0/528904**
216.73.216.162 - - [28/Mar/2026:07:12:28 -0700] "GET /item/4189986004?path=%2Fhome%2Ffalconiapl2015%2Fpublic_ftp HTTP/2.0" 200 2552 "-" "Mozilla/5.0 AppleWebKit/537.36 (KHTML, like Gecko; compatible; ClaudeBot/1.0; +claudebot@anthropic.com)" 498 **0/498540**
216.73.216.162 - - [28/Mar/2026:07:12:30 -0700] "GET /item/946327045?fileloc=%2Fhome%2Ffalconiapl2015%2Fpublic_html%2Fwp-includes%2Fblock-patterns.php&path=%2Fhome%2Ffalconiapl2015%2Fpublic_html%2Fwp-includes HTTP/2.0" 403 3449 "-" "Mozilla/5.0 AppleWebKit/537.36 (KHTML, like Gecko; compatible; ClaudeBot/1.0; +claudebot@anthropic.com)" 501 **0/501823**
114.119.145.102 - - [28/Mar/2026:07:12:30 -0700] "GET /commodity/stacy/moderate17197960240?path=/home HTTP/1.1" 200 2772 "https://falcon-ia.com/commodity/stacy/moderate17197960240" "Mozilla/5.0 (Linux; Android 7.0;) AppleWebKit/537.36 (KHTML, like Gecko) Mobile Safari/537.36 (compatible; PetalBot;+https://webmaster.petalsearch.com/site/petalbot)" 484 **0/484169**
74.7.227.0 - - [28/Mar/2026:07:12:31 -0700] "GET /?path=//lib/modules/4.18.0-553.83.1.lve.el8.x86_64/kernel/drivers/crypto/qat HTTP/2.0" 200 2776 "https://falcon-ia.com/?path=//lib/modules/4.18.0-553.83.1.lve.el8.x86_64/kernel/drivers/crypto" "Mozilla/5.0 AppleWebKit/537.36 (KHTML, like Gecko; compatible; GPTBot/1.3; +https://openai.com/gptbot)" 505 **0/505806**
216.73.216.162 - - [28/Mar/2026:07:12:33 -0700] "GET /item/2006064466?fileloc=%2Fhome%2Ffalconiapl2015%2Fpublic_html%2Fwp-includes%2Fclass-wp-comment-query.php&path=%2Fhome%2Ffalconiapl2015%2Fpublic_html%2Fwp-includes HTTP/2.0" 403 3449 "-" "Mozilla/5.0 AppleWebKit/537.36 (KHTML, like Gecko; compatible; ClaudeBot/1.0; +claudebot@anthropic.com)" 499 **0/499050**
74.7.227.0 - - [28/Mar/2026:07:12:34 -0700] "GET /?path=//lib/modules/4.18.0-553.83.1.lve.el8.x86_64/kernel/drivers/crypto/ccp HTTP/2.0" 200 2661 "https://falcon-ia.com/?path=//lib/modules/4.18.0-553.83.1.lve.el8.x86_64/kernel/drivers/crypto" "Mozilla/5.0 AppleWebKit/537.36 (KHTML, like Gecko; compatible; GPTBot/1.3; +https://openai.com/gptbot)" 501 **0/501031**
216.73.216.162 - - [28/Mar/2026:07:12:36 -0700] "GET /item/1895166186?path=%2Fhome%2Ffalconiapl2015%2F.mysql_backup HTTP/2.0" 403 3449 "-" "Mozilla/5.0 AppleWebKit/537.36 (KHTML, like Gecko; compatible; ClaudeBot/1.0; +claudebot@anthropic.com)" 509 **0/509652**
74.7.227.0 - - [28/Mar/2026:07:12:37 -0700] "GET /?fileloc=//usr/bin/run-with-aspell&path=//usr/bin HTTP/2.0" 200 2308 "https://falcon-ia.com/?path=//usr/bin" "Mozilla/5.0 AppleWebKit/537.36 (KHTML, like Gecko; compatible; GPTBot/1.3; +https://openai.com/gptbot)" 498 **0/498485**
216.73.216.162 - - [28/Mar/2026:07:12:39 -0700] "GET /item/329567976?fileloc=%2Fhome%2Ffalconiapl2015%2Fpublic_html%2Fwp-includes%2Fclass-wp-post.php&path=%2Fhome%2Ffalconiapl2015%2Fpublic_html%2Fwp-includes HTTP/2.0" 403 3449 "-" "Mozilla/5.0 AppleWebKit/537.36 (KHTML, like Gecko; compatible; ClaudeBot/1.0; +claudebot@anthropic.com)" 498 **0/498662**
74.7.227.0 - - [28/Mar/2026:07:12:40 -0700] "GET /?fileloc=//usr/bin/mariadb-slap&path=//usr/bin HTTP/2.0" 200 632061 "https://falcon-ia.com/?path=//usr/bin" "Mozilla/5.0 AppleWebKit/537.36 (KHTML, like Gecko; compatible; GPTBot/1.3; +https://openai.com/gptbot)" 839 **0/839865**
216.73.216.162 - - [28/Mar/2026:07:12:42 -0700] "GET /item/1908398258?fileloc=%2Fhome%2Ffalconiapl2015%2Fpublic_html%2Fwp-includes%2Frobots-template.php&path=%2Fhome%2Ffalconiapl2015%2Fpublic_html%2Fwp-includes HTTP/2.0" 403 3449 "-" "Mozilla/5.0 AppleWebKit/537.36 (KHTML, like Gecko; compatible; ClaudeBot/1.0; +claudebot@anthropic.com)" 494 **0/494296**
74.7.227.0 - - [28/Mar/2026:07:12:43 -0700] "GET /?fileloc=//usr/bin/mariadb-dump&path=//usr/bin HTTP/2.0" 200 665279 "https://falcon-ia.com/?path=//usr/bin" "Mozilla/5.0 AppleWebKit/537.36 (KHTML, like Gecko; compatible; GPTBot/1.3; +https://openai.com/gptbot)" 842 **0/842768**
216.73.216.162 - - [28/Mar/2026:07:12:45 -0700] "GET /item/897916492?path=%2Fhome%2Ffalconiapl2015%2Fpublic_html%2Fwp-content%2Fupgrade HTTP/2.0" 403 3449 "-" "Mozilla/5.0 AppleWebKit/537.36 (KHTML, like Gecko; compatible; ClaudeBot/1.0; +claudebot@anthropic.com)" 487 **0/487812**
74.7.227.0 - - [28/Mar/2026:07:12:47 -0700] "GET /?fileloc=//usr/bin/ssh-keyscan&path=//usr/bin HTTP/2.0" 200 152989 "https://falcon-ia.com/?path=//usr/bin" "Mozilla/5.0 AppleWebKit/537.36 (KHTML, like Gecko; compatible; GPTBot/1.3; +https://openai.com/gptbot)" 557 **0/557570**
216.73.216.162 - - [28/Mar/2026:07:12:48 -0700] "GET /item/705621385?fileloc=%2Fhome%2Ffalconiapl2015%2Fpublic_html%2Fwp-includes%2Fclass-wp-speculation-rules.php&path=%2Fhome%2Ffalconiapl2015%2Fpublic_html%2Fwp-includes HTTP/2.0" 403 3449 "-" "Mozilla/5.0 AppleWebKit/537.36 (KHTML, like Gecko; compatible; ClaudeBot/1.0; +claudebot@anthropic.com)" 494 **0/494685**
