54.36.179.84 - - [28/Mar/2026:06:58:51 -0700] "GET /?fileloc=/home/falconiapl2015/.cpanel/fileupload-HqGmAaseVAdB5_z46710838.log&path=/home/falconiapl2015/.cpanel HTTP/1.1" 200 2393 "-" "Mozilla/5.0 (compatible; MJ12bot/v1.4.8; http://mj12bot.com/)" 501 **0/501662**
74.7.227.0 - - [28/Mar/2026:06:58:53 -0700] "GET /?fileloc=//usr/lib64/python2.7/lib-tk/test/test_ttk/support.pyc&path=//usr/lib64/python2.7/lib-tk/test/test_ttk HTTP/2.0" 200 4543 "https://falcon-ia.com/?path=//usr/lib64/python2.7/lib-tk/test/test_ttk" "Mozilla/5.0 AppleWebKit/537.36 (KHTML, like Gecko; compatible; GPTBot/1.3; +https://openai.com/gptbot)" 496 **0/496454**
216.73.216.162 - - [28/Mar/2026:06:58:53 -0700] "GET /item/3814382642?fileloc=%2Fhome%2Ffalconiapl2015%2Fpublic_html%2Fimages%2Fimages%2Findex.php&path=%2Fhome%2Ffalconiapl2015%2Fpublic_html%2Fimages%2Fimages HTTP/2.0" 403 3449 "-" "Mozilla/5.0 AppleWebKit/537.36 (KHTML, like Gecko; compatible; ClaudeBot/1.0; +claudebot@anthropic.com)" 497 **0/497738**
54.36.179.84 - - [28/Mar/2026:06:58:56 -0700] "GET /?fileloc=/home/falconiapl2015/.cpanel/fileupload-U5BrD2PY2_Voc2I12847690.log&path=/home/falconiapl2015/.cpanel HTTP/1.1" 200 2984 "-" "Mozilla/5.0 (compatible; MJ12bot/v1.4.8; http://mj12bot.com/)" 554 **0/554061**
52.167.144.222 - - [28/Mar/2026:06:58:55 -0700] "GET /commodity/slac/semiconductor17176902817 HTTP/2.0" 200 27259 "-" "Mozilla/5.0 AppleWebKit/537.36 (KHTML, like Gecko; compatible; bingbot/2.0; +http://www.bing.com/bingbot.htm) Chrome/116.0.1938.76 Safari/537.36" 1587 **1/1587036**
74.7.227.0 - - [28/Mar/2026:06:58:56 -0700] "GET /?path=//lib/gcc/x86_64-redhat-linux/8/32 HTTP/2.0" 200 3219 "https://falcon-ia.com/?path=//lib/gcc/x86_64-redhat-linux/8" "Mozilla/5.0 AppleWebKit/537.36 (KHTML, like Gecko; compatible; GPTBot/1.3; +https://openai.com/gptbot)" 490 **0/490254**
216.73.216.162 - - [28/Mar/2026:06:58:56 -0700] "GET /item/3049169697?fileloc=%2Fhome%2Ffalconiapl2015%2F.gemrc&path=%2Fhome%2Ffalconiapl2015 HTTP/2.0" 403 3449 "-" "Mozilla/5.0 AppleWebKit/537.36 (KHTML, like Gecko; compatible; ClaudeBot/1.0; +claudebot@anthropic.com)" 500 **0/500290**
216.73.216.162 - - [28/Mar/2026:06:58:59 -0700] "GET /item/2360712976?fileloc=%2Fhome%2Ffalconiapl2015%2F.gemrc&path=%2Fhome%2Ffalconiapl2015 HTTP/2.0" 403 3449 "-" "Mozilla/5.0 AppleWebKit/537.36 (KHTML, like Gecko; compatible; ClaudeBot/1.0; +claudebot@anthropic.com)" 536 **0/536231**
74.7.227.0 - - [28/Mar/2026:06:58:59 -0700] "GET /?path=//usr/lib64/guile/2.0/ccache/rnrs/io HTTP/2.0" 200 2650 "https://falcon-ia.com/?path=//usr/lib64/guile/2.0/ccache/rnrs" "Mozilla/5.0 AppleWebKit/537.36 (KHTML, like Gecko; compatible; GPTBot/1.3; +https://openai.com/gptbot)" 507 **0/507591**
54.36.179.84 - - [28/Mar/2026:06:59:00 -0700] "GET /?fileloc=/home/falconiapl2015/.cpanel/fileupload-mSxr6Q3lnOXh7J7w842152.log&path=/home/falconiapl2015/.cpanel HTTP/1.1" 200 2392 "-" "Mozilla/5.0 (compatible; MJ12bot/v1.4.8; http://mj12bot.com/)" 510 **0/510108**
74.7.227.0 - - [28/Mar/2026:06:59:02 -0700] "GET /?fileloc=//usr/lib64/python2.7/lib-tk/test/test_ttk/test_style.py&path=//usr/lib64/python2.7/lib-tk/test/test_ttk HTTP/2.0" 200 3092 "https://falcon-ia.com/?path=//usr/lib64/python2.7/lib-tk/test/test_ttk" "Mozilla/5.0 AppleWebKit/537.36 (KHTML, like Gecko; compatible; GPTBot/1.3; +https://openai.com/gptbot)" 515 **0/515756**
54.36.179.84 - - [28/Mar/2026:06:59:04 -0700] "GET /?fileloc=/home/falconiapl2015/.cpanel/nvdata.cache&path=/home/falconiapl2015/.cpanel HTTP/1.1" 200 2373 "-" "Mozilla/5.0 (compatible; MJ12bot/v1.4.8; http://mj12bot.com/)" 525 **0/525105**
216.73.216.162 - - [28/Mar/2026:06:59:02 -0700] "GET /item/3049169697?fileloc=%2Fhome%2Ffalconiapl2015%2F.md5sum&path=%2Fhome%2Ffalconiapl2015 HTTP/2.0" 403 3449 "-" "Mozilla/5.0 AppleWebKit/537.36 (KHTML, like Gecko; compatible; ClaudeBot/1.0; +claudebot@anthropic.com)" 3002 **3/3002390**
216.73.216.162 - - [28/Mar/2026:06:59:05 -0700] "GET /item/2360712976?fileloc=%2Fhome%2Ffalconiapl2015%2F.md5sum&path=%2Fhome%2Ffalconiapl2015 HTTP/2.0" 403 3449 "-" "Mozilla/5.0 AppleWebKit/537.36 (KHTML, like Gecko; compatible; ClaudeBot/1.0; +claudebot@anthropic.com)" 512 **0/512321**
74.7.227.0 - - [28/Mar/2026:06:59:06 -0700] "GET /?path=//usr/lib64/python2.7/Doc/tools HTTP/2.0" 200 2346 "https://falcon-ia.com/?path=//usr/lib64/python2.7/Doc" "Mozilla/5.0 AppleWebKit/537.36 (KHTML, like Gecko; compatible; GPTBot/1.3; +https://openai.com/gptbot)" 523 **0/523762**
54.36.179.84 - - [28/Mar/2026:06:59:08 -0700] "GET /?fileloc=/home/falconiapl2015/.cphorde/horde.log&path=/home/falconiapl2015/.cphorde HTTP/1.1" 200 2261 "-" "Mozilla/5.0 (compatible; MJ12bot/v1.4.8; http://mj12bot.com/)" 502 **0/502926**
216.73.216.162 - - [28/Mar/2026:06:59:08 -0700] "GET /item/3049169697?fileloc=%2Fhome%2Ffalconiapl2015%2F.spamassassinenable&path=%2Fhome%2Ffalconiapl2015 HTTP/2.0" 403 3449 "-" "Mozilla/5.0 AppleWebKit/537.36 (KHTML, like Gecko; compatible; ClaudeBot/1.0; +claudebot@anthropic.com)" 502 **0/502402**
74.7.227.0 - - [28/Mar/2026:06:59:09 -0700] "GET /?path=//usr/lib64/guile/2.0/ccache/rnrs/records HTTP/2.0" 200 2692 "https://falcon-ia.com/?path=//usr/lib64/guile/2.0/ccache/rnrs" "Mozilla/5.0 AppleWebKit/537.36 (KHTML, like Gecko; compatible; GPTBot/1.3; +https://openai.com/gptbot)" 510 **0/510134**
216.73.216.162 - - [28/Mar/2026:06:59:11 -0700] "GET /item/2360712976?fileloc=%2Fhome%2Ffalconiapl2015%2F.spamassassinenable&path=%2Fhome%2Ffalconiapl2015 HTTP/2.0" 403 3449 "-" "Mozilla/5.0 AppleWebKit/537.36 (KHTML, like Gecko; compatible; ClaudeBot/1.0; +claudebot@anthropic.com)" 503 **0/503073**
54.36.179.84 - - [28/Mar/2026:06:59:12 -0700] "GET /?fileloc=/home/falconiapl2015/.cphorde/horde.sqlite&path=/home/falconiapl2015/.cphorde HTTP/1.1" 200 19769 "-" "Mozilla/5.0 (compatible; MJ12bot/v1.4.8; http://mj12bot.com/)" 525 **0/525350**
216.73.216.162 - - [28/Mar/2026:06:59:14 -0700] "GET /item/3049169697?fileloc=%2Fhome%2Ffalconiapl2015%2F.bash_logout&path=%2Fhome%2Ffalconiapl2015 HTTP/2.0" 403 3449 "-" "Mozilla/5.0 AppleWebKit/537.36 (KHTML, like Gecko; compatible; ClaudeBot/1.0; +claudebot@anthropic.com)" 503 **0/503470**
74.7.227.0 - - [28/Mar/2026:06:59:12 -0700] "GET /?fileloc=//usr/lib64/libcriu.so&path=//usr/lib64 HTTP/2.0" 200 20656 "https://falcon-ia.com/?path=//usr/lib64" "Mozilla/5.0 AppleWebKit/537.36 (KHTML, like Gecko; compatible; GPTBot/1.3; +https://openai.com/gptbot)" 3261 **3/3261110**
74.7.227.0 - - [28/Mar/2026:06:59:15 -0700] "GET /?fileloc=//usr/lib64/libsepol.so&path=//usr/lib64 HTTP/2.0" 200 272277 "https://falcon-ia.com/?path=//usr/lib64" "Mozilla/5.0 AppleWebKit/537.36 (KHTML, like Gecko; compatible; GPTBot/1.3; +https://openai.com/gptbot)" 613 **0/613189**
216.73.216.162 - - [28/Mar/2026:06:59:17 -0700] "GET /item/2360712976?fileloc=%2Fhome%2Ffalconiapl2015%2F.bash_logout&path=%2Fhome%2Ffalconiapl2015 HTTP/2.0" 403 3449 "-" "Mozilla/5.0 AppleWebKit/537.36 (KHTML, like Gecko; compatible; ClaudeBot/1.0; +claudebot@anthropic.com)" 524 **0/524985**
74.7.227.0 - - [28/Mar/2026:06:59:18 -0700] "GET /?fileloc=//usr/lib64/libplc4.so&path=//usr/lib64 HTTP/2.0" 200 9971 "https://falcon-ia.com/?path=//usr/lib64" "Mozilla/5.0 AppleWebKit/537.36 (KHTML, like Gecko; compatible; GPTBot/1.3; +https://openai.com/gptbot)" 535 **0/535173**
54.36.179.84 - - [28/Mar/2026:06:59:16 -0700] "GET /?fileloc=/home/falconiapl2015/.mysql_backup/falcondb-new.sql.gz&path=/home/falconiapl2015/.mysql_backup HTTP/1.1" 200 6306215 "-" "Mozilla/5.0 (compatible; MJ12bot/v1.4.8; http://mj12bot.com/)" 3155 **3/3155880**
216.73.216.162 - - [28/Mar/2026:06:59:20 -0700] "GET /item/3049169697?fileloc=%2Fhome%2Ffalconiapl2015%2F.imunify_patch_id&path=%2Fhome%2Ffalconiapl2015 HTTP/2.0" 403 3449 "-" "Mozilla/5.0 AppleWebKit/537.36 (KHTML, like Gecko; compatible; ClaudeBot/1.0; +claudebot@anthropic.com)" 527 **0/527819**
74.7.227.0 - - [28/Mar/2026:06:59:22 -0700] "GET /?fileloc=//usr/lib64/libresolv.so&path=//usr/lib64 HTTP/2.0" 200 38930 "https://falcon-ia.com/?path=//usr/lib64" "Mozilla/5.0 AppleWebKit/537.36 (KHTML, like Gecko; compatible; GPTBot/1.3; +https://openai.com/gptbot)" 510 **0/510921**
216.73.216.162 - - [28/Mar/2026:06:59:23 -0700] "GET /item/2360712976?fileloc=%2Fhome%2Ffalconiapl2015%2F.imunify_patch_id&path=%2Fhome%2Ffalconiapl2015 HTTP/2.0" 403 3449 "-" "Mozilla/5.0 AppleWebKit/537.36 (KHTML, like Gecko; compatible; ClaudeBot/1.0; +claudebot@anthropic.com)" 501 **0/501026**
54.36.179.84 - - [28/Mar/2026:06:59:22 -0700] "GET /?fileloc=/home/falconiapl2015/.mysql_backup/falconia.sql.gz&path=/home/falconiapl2015/.mysql_backup HTTP/1.1" 200 1693158 "-" "Mozilla/5.0 (compatible; MJ12bot/v1.4.8; http://mj12bot.com/)" 1555 **1/1555802**
74.7.227.0 - - [28/Mar/2026:06:59:25 -0700] "GET /?fileloc=//usr/lib64/liblscapi.so&path=//usr/lib64 HTTP/2.0" 200 47274 "https://falcon-ia.com/?path=//usr/lib64" "Mozilla/5.0 AppleWebKit/537.36 (KHTML, like Gecko; compatible; GPTBot/1.3; +https://openai.com/gptbot)" 551 **0/551017**
216.73.216.162 - - [28/Mar/2026:06:59:26 -0700] "GET /item/3049169697?fileloc=%2Fhome%2Ffalconiapl2015%2Ferror_log&path=%2Fhome%2Ffalconiapl2015 HTTP/2.0" 403 3449 "-" "Mozilla/5.0 AppleWebKit/537.36 (KHTML, like Gecko; compatible; ClaudeBot/1.0; +claudebot@anthropic.com)" 499 **0/499810**
74.7.227.0 - - [28/Mar/2026:06:59:28 -0700] "GET /?fileloc=//usr/lib64/libperl.so&path=//usr/lib64 HTTP/2.0" 200 771939 "https://falcon-ia.com/?path=//usr/lib64" "Mozilla/5.0 AppleWebKit/537.36 (KHTML, like Gecko; compatible; GPTBot/1.3; +https://openai.com/gptbot)" 863 **0/863321**
54.36.179.84 - - [28/Mar/2026:06:59:28 -0700] "GET /?fileloc=/home/falconiapl2015/.mysql_backup/falconia01.sql.gz&path=/home/falconiapl2015/.mysql_backup HTTP/1.1" 200 2953 "-" "Mozilla/5.0 (compatible; MJ12bot/v1.4.8; http://mj12bot.com/)" 508 **0/508787**
216.73.216.162 - - [28/Mar/2026:06:59:29 -0700] "GET /item/2360712976?fileloc=%2Fhome%2Ffalconiapl2015%2Ferror_log&path=%2Fhome%2Ffalconiapl2015 HTTP/2.0" 403 3449 "-" "Mozilla/5.0 AppleWebKit/537.36 (KHTML, like Gecko; compatible; ClaudeBot/1.0; +claudebot@anthropic.com)" 514 **0/514574**
74.7.227.0 - - [28/Mar/2026:06:59:31 -0700] "GET /?fileloc=//usr/lib64/libbsock.so&path=//usr/lib64 HTTP/2.0" 200 12104 "https://falcon-ia.com/?path=//usr/lib64" "Mozilla/5.0 AppleWebKit/537.36 (KHTML, like Gecko; compatible; GPTBot/1.3; +https://openai.com/gptbot)" 508 **0/508567**
216.73.216.162 - - [28/Mar/2026:06:59:32 -0700] "GET /item/3049169697?fileloc=%2Fhome%2Ffalconiapl2015%2F.bash_profile&path=%2Fhome%2Ffalconiapl2015 HTTP/2.0" 200 2390 "-" "Mozilla/5.0 AppleWebKit/537.36 (KHTML, like Gecko; compatible; ClaudeBot/1.0; +claudebot@anthropic.com)" 515 **0/515164**
54.36.179.84 - - [28/Mar/2026:06:59:33 -0700] "GET /?fileloc=/home/falconiapl2015/.quarantine/hostingsecurity_scan-032726.txt&path=/home/falconiapl2015/.quarantine HTTP/1.1" 403 3449 "-" "Mozilla/5.0 (compatible; MJ12bot/v1.4.8; http://mj12bot.com/)" 488 **0/488761**
74.7.227.0 - - [28/Mar/2026:06:59:34 -0700] "GET /?fileloc=//usr/lib64/libplds4.so&path=//usr/lib64 HTTP/2.0" 200 8236 "https://falcon-ia.com/?path=//usr/lib64" "Mozilla/5.0 AppleWebKit/537.36 (KHTML, like Gecko; compatible; GPTBot/1.3; +https://openai.com/gptbot)" 508 **0/508883**
216.73.216.162 - - [28/Mar/2026:06:59:37 -0700] "GET /item/3522205649?fileloc=%2Fhome%2Ffalconiapl2015%2Fpublic_html%2Fwp-admin%2Fnav-menus.php&path=%2Fhome%2Ffalconiapl2015%2Fpublic_html%2Fwp-admin HTTP/2.0" 200 13252 "-" "Mozilla/5.0 AppleWebKit/537.36 (KHTML, like Gecko; compatible; ClaudeBot/1.0; +claudebot@anthropic.com)" 519 **0/519587**
74.7.227.0 - - [28/Mar/2026:06:59:37 -0700] "GET /?fileloc=//usr/lib64/libib_util.so&path=//usr/lib64 HTTP/2.0" 200 4638 "https://falcon-ia.com/?path=//usr/lib64" "Mozilla/5.0 AppleWebKit/537.36 (KHTML, like Gecko; compatible; GPTBot/1.3; +https://openai.com/gptbot)" 527 **0/527128**
54.36.179.84 - - [28/Mar/2026:06:59:38 -0700] "GET /?fileloc=/home/falconiapl2015/.quarantine/hostingsecurity_scan-112425.txt&path=/home/falconiapl2015/.quarantine HTTP/1.1" 403 3449 "-" "Mozilla/5.0 (compatible; MJ12bot/v1.4.8; http://mj12bot.com/)" 500 **0/500708**
216.73.216.162 - - [28/Mar/2026:06:59:39 -0700] "GET /item/946327045?fileloc=%2Fhome%2Ffalconiapl2015%2Fpublic_html%2Fwp-includes%2Fclass-wp-block-templates-registry.php&path=%2Fhome%2Ffalconiapl2015%2Fpublic_html%2Fwp-includes HTTP/2.0" 200 4013 "-" "Mozilla/5.0 AppleWebKit/537.36 (KHTML, like Gecko; compatible; ClaudeBot/1.0; +claudebot@anthropic.com)" 511 **0/511389**
74.7.227.0 - - [28/Mar/2026:06:59:41 -0700] "GET /?path=//usr/lib64/python3.6/lib-dynload HTTP/2.0" 200 4366 "https://falcon-ia.com/?path=//usr/lib64/python3.6" "Mozilla/5.0 AppleWebKit/537.36 (KHTML, like Gecko; compatible; GPTBot/1.3; +https://openai.com/gptbot)" 493 **0/493324**
216.73.216.162 - - [28/Mar/2026:06:59:42 -0700] "GET /item/2395768410?fileloc=%2Fhome%2Ffalconiapl2015%2Fpublic_html%2Fwp-includes%2Fmedia-template.php&path=%2Fhome%2Ffalconiapl2015%2Fpublic_html%2Fwp-includes HTTP/2.0" 200 14198 "-" "Mozilla/5.0 AppleWebKit/537.36 (KHTML, like Gecko; compatible; ClaudeBot/1.0; +claudebot@anthropic.com)" 502 **0/502429**
54.36.179.84 - - [28/Mar/2026:06:59:43 -0700] "GET /?fileloc=/home/falconiapl2015/.quarantine/hostingsecurity_scan-121325.txt&path=/home/falconiapl2015/.quarantine HTTP/1.1" 403 3449 "-" "Mozilla/5.0 (compatible; MJ12bot/v1.4.8; http://mj12bot.com/)" 494 **0/494866**
74.7.227.0 - - [28/Mar/2026:06:59:44 -0700] "GET /?path=//usr/include/et HTTP/2.0" 200 2573 "https://falcon-ia.com/?path=//usr/include" "Mozilla/5.0 AppleWebKit/537.36 (KHTML, like Gecko; compatible; GPTBot/1.3; +https://openai.com/gptbot)" 537 **0/537164**
216.73.216.162 - - [28/Mar/2026:06:59:45 -0700] "GET /item/3861971846?fileloc=%2Fhome%2Ffalconiapl2015%2Fpublic_html%2Fwp-admin%2Fms-themes.php&path=%2Fhome%2Ffalconiapl2015%2Fpublic_html%2Fwp-admin HTTP/2.0" 200 2407 "-" "Mozilla/5.0 AppleWebKit/537.36 (KHTML, like Gecko; compatible; ClaudeBot/1.0; +claudebot@anthropic.com)" 502 **0/502167**
74.7.227.0 - - [28/Mar/2026:06:59:47 -0700] "GET /?path=//usr/lib/kernel HTTP/2.0" 200 2556 "https://falcon-ia.com/?path=//usr/lib" "Mozilla/5.0 AppleWebKit/537.36 (KHTML, like Gecko; compatible; GPTBot/1.3; +https://openai.com/gptbot)" 501 **0/501968**
54.36.179.84 - - [28/Mar/2026:06:59:48 -0700] "GET /?fileloc=/home/falconiapl2015/.spamassassin/user_prefs&path=/home/falconiapl2015/.spamassassin HTTP/1.1" 200 3184 "-" "Mozilla/5.0 (compatible; MJ12bot/v1.4.8; http://mj12bot.com/)" 490 **0/490325**
216.73.216.162 - - [28/Mar/2026:06:59:48 -0700] "GET /item/2964295366?fileloc=%2Fhome%2Ffalconiapl2015%2Fpublic_html%2Fwp-mail.php&path=%2Fhome%2Ffalconiapl2015%2Fpublic_html HTTP/2.0" 200 5289 "-" "Mozilla/5.0 AppleWebKit/537.36 (KHTML, like Gecko; compatible; ClaudeBot/1.0; +claudebot@anthropic.com)" 484 **0/484398**
74.7.227.0 - - [28/Mar/2026:06:59:50 -0700] "GET /?path=//usr/lib/locale HTTP/2.0" 200 3484 "https://falcon-ia.com/?path=//usr/lib" "Mozilla/5.0 AppleWebKit/537.36 (KHTML, like Gecko; compatible; GPTBot/1.3; +https://openai.com/gptbot)" 518 **0/518405**
216.73.216.162 - - [28/Mar/2026:06:59:51 -0700] "GET /item/2173085478?fileloc=%2Fhome%2Ffalconiapl2015%2Fpublic_html%2Fwp-settings.php&path=%2Fhome%2Ffalconiapl2015%2Fpublic_html HTTP/2.0" 200 8340 "-" "Mozilla/5.0 AppleWebKit/537.36 (KHTML, like Gecko; compatible; ClaudeBot/1.0; +claudebot@anthropic.com)" 505 **0/505535**
54.36.179.84 - - [28/Mar/2026:06:59:53 -0700] "GET /?fileloc=/home/falconiapl2015/.subaccounts/storage.sqlite&path=/home/falconiapl2015/.subaccounts HTTP/1.1" 200 2622 "-" "Mozilla/5.0 (compatible; MJ12bot/v1.4.8; http://mj12bot.com/)" 503 **0/503593**
74.7.227.0 - - [28/Mar/2026:06:59:53 -0700] "GET /?path=//lib/debug/sbin HTTP/2.0" 200 2316 "https://falcon-ia.com/?path=//lib/debug" "Mozilla/5.0 AppleWebKit/537.36 (KHTML, like Gecko; compatible; GPTBot/1.3; +https://openai.com/gptbot)" 505 **0/505277**
216.73.216.162 - - [28/Mar/2026:06:59:54 -0700] "GET /item/2588297348?fileloc=%2Fhome%2Ffalconiapl2015%2Fpublic_html%2Fwp-admin%2Fms-themes.php&path=%2Fhome%2Ffalconiapl2015%2Fpublic_html%2Fwp-admin HTTP/2.0" 200 2407 "-" "Mozilla/5.0 AppleWebKit/537.36 (KHTML, like Gecko; compatible; ClaudeBot/1.0; +claudebot@anthropic.com)" 533 **0/533333**
74.7.227.0 - - [28/Mar/2026:06:59:56 -0700] "GET /?fileloc=//usr/bin/php&path=//usr/bin HTTP/2.0" 200 2674 "https://falcon-ia.com/?path=//usr/bin" "Mozilla/5.0 AppleWebKit/537.36 (KHTML, like Gecko; compatible; GPTBot/1.3; +https://openai.com/gptbot)" 496 **0/496596**
216.73.216.162 - - [28/Mar/2026:06:59:57 -0700] "GET /item/3814382642?fileloc=%2Fhome%2Ffalconiapl2015%2Fpublic_html%2Fxmlrpc.php&path=%2Fhome%2Ffalconiapl2015%2Fpublic_html HTTP/2.0" 200 3646 "-" "Mozilla/5.0 AppleWebKit/537.36 (KHTML, like Gecko; compatible; ClaudeBot/1.0; +claudebot@anthropic.com)" 524 **0/524453**
54.36.179.84 - - [28/Mar/2026:06:59:58 -0700] "GET /?fileloc=/home/falconiapl2015/.sucuriquarantine/.htaccess&path=/home/falconiapl2015/.sucuriquarantine HTTP/1.1" 200 2275 "-" "Mozilla/5.0 (compatible; MJ12bot/v1.4.8; http://mj12bot.com/)" 492 **0/492587**
74.7.227.0 - - [28/Mar/2026:07:00:00 -0700] "GET /?path=//usr/lib64/python3.6/email/__pycache__ HTTP/2.0" 200 3877 "https://falcon-ia.com/?path=//usr/lib64/python3.6/email" "Mozilla/5.0 AppleWebKit/537.36 (KHTML, like Gecko; compatible; GPTBot/1.3; +https://openai.com/gptbot)" 506 **0/506185**
216.73.216.162 - - [28/Mar/2026:07:00:00 -0700] "GET /item/926890768?fileloc=%2Fhome%2Ffalconiapl2015%2Fpublic_html%2Fwp-config-sample.php&path=%2Fhome%2Ffalconiapl2015%2Fpublic_html HTTP/2.0" 200 3461 "-" "Mozilla/5.0 AppleWebKit/537.36 (KHTML, like Gecko; compatible; ClaudeBot/1.0; +claudebot@anthropic.com)" 509 **0/509571**
54.36.179.84 - - [28/Mar/2026:07:00:03 -0700] "GET /?fileloc=/home/falconiapl2015/.sucuriquarantine/index.html&path=/home/falconiapl2015/.sucuriquarantine HTTP/1.1" 200 2264 "-" "Mozilla/5.0 (compatible; MJ12bot/v1.4.8; http://mj12bot.com/)" 602 **0/602902**
74.7.227.0 - - [28/Mar/2026:07:00:03 -0700] "GET /?path=//usr/lib64/python3.6/venv/__pycache__ HTTP/2.0" 200 2730 "https://falcon-ia.com/?path=//usr/lib64/python3.6/venv" "Mozilla/5.0 AppleWebKit/537.36 (KHTML, like Gecko; compatible; GPTBot/1.3; +https://openai.com/gptbot)" 630 **0/630994**
216.73.216.162 - - [28/Mar/2026:07:00:03 -0700] "GET /item/505266654?fileloc=%2Fhome%2Ffalconiapl2015%2Fpublic_html%2Fwp-comments-post.php&path=%2Fhome%2Ffalconiapl2015%2Fpublic_html HTTP/2.0" 200 3279 "-" "Mozilla/5.0 AppleWebKit/537.36 (KHTML, like Gecko; compatible; ClaudeBot/1.0; +claudebot@anthropic.com)" 686 **0/686961**
114.119.141.9 - - [28/Mar/2026:07:00:05 -0700] "GET /commodity/timeshare/cruiser171813183494 HTTP/1.1" 200 3956 "https://falcon-ia.com/sitemap_98.xml" "Mozilla/5.0 (Linux; Android 7.0;) AppleWebKit/537.36 (KHTML, like Gecko) Mobile Safari/537.36 (compatible; PetalBot;+https://webmaster.petalsearch.com/site/petalbot)" 583 **0/583229**
74.7.227.0 - - [28/Mar/2026:07:00:06 -0700] "GET /?fileloc=//usr/lib/rpm/rpm.supp&path=//usr/lib/rpm HTTP/2.0" 200 2520 "https://falcon-ia.com/?path=//usr/lib/rpm" "Mozilla/5.0 AppleWebKit/537.36 (KHTML, like Gecko; compatible; GPTBot/1.3; +https://openai.com/gptbot)" 588 **0/588245**
216.73.216.162 - - [28/Mar/2026:07:00:06 -0700] "GET /item/3913940939?fileloc=%2Fhome%2Ffalconiapl2015%2Fpublic_html%2Fwp-config-sample.php&path=%2Fhome%2Ffalconiapl2015%2Fpublic_html HTTP/2.0" 200 3461 "-" "Mozilla/5.0 AppleWebKit/537.36 (KHTML, like Gecko; compatible; ClaudeBot/1.0; +claudebot@anthropic.com)" 547 **0/547043**
54.36.179.84 - - [28/Mar/2026:07:00:08 -0700] "GET /?fileloc=/home/falconiapl2015/.sucuriquarantine/index.php&path=/home/falconiapl2015/.sucuriquarantine HTTP/1.1" 200 2265 "-" "Mozilla/5.0 (compatible; MJ12bot/v1.4.8; http://mj12bot.com/)" 570 **0/570889**
216.73.216.162 - - [28/Mar/2026:07:00:09 -0700] "GET /item/3163822357?path=%2Fhome%2Ffalconiapl2015%2Fpublic_html%2F.well-known HTTP/2.0" 200 2658 "-" "Mozilla/5.0 AppleWebKit/537.36 (KHTML, like Gecko; compatible; ClaudeBot/1.0; +claudebot@anthropic.com)" 532 **0/532592**
74.7.227.0 - - [28/Mar/2026:07:00:09 -0700] "GET /?fileloc=//usr/lib/rpm/macros&path=//usr/lib/rpm HTTP/2.0" 200 15743 "https://falcon-ia.com/?path=//usr/lib/rpm" "Mozilla/5.0 AppleWebKit/537.36 (KHTML, like Gecko; compatible; GPTBot/1.3; +https://openai.com/gptbot)" 595 **0/595650**
216.73.216.162 - - [28/Mar/2026:07:00:12 -0700] "GET /item/676906733?fileloc=%2Fhome%2Ffalconiapl2015%2Fpublic_html%2Fwp-load.php&path=%2Fhome%2Ffalconiapl2015%2Fpublic_html HTTP/2.0" 200 3855 "-" "Mozilla/5.0 AppleWebKit/537.36 (KHTML, like Gecko; compatible; ClaudeBot/1.0; +claudebot@anthropic.com)" 542 **0/542742**
74.7.227.0 - - [28/Mar/2026:07:00:12 -0700] "GET /?path=//usr/lib64/python2.7/wsgiref HTTP/2.0" 200 2970 "https://falcon-ia.com/?path=//usr/lib64/python2.7" "Mozilla/5.0 AppleWebKit/537.36 (KHTML, like Gecko; compatible; GPTBot/1.3; +https://openai.com/gptbot)" 519 **0/519487**
185.191.171.13 - - [28/Mar/2026:07:00:12 -0700] "GET /commodity/reynolds/comparable171916656613 HTTP/1.1" 200 3956 "-" "Mozilla/5.0 (compatible; SemrushBot/7~bl; +http://www.semrush.com/bot.html)" 517 **0/517236**
54.36.179.84 - - [28/Mar/2026:07:00:13 -0700] "GET /?fileloc=/home/falconiapl2015/.trash/.easyssl_backup.zip&path=/home/falconiapl2015/.trash HTTP/1.1" 403 3449 "-" "Mozilla/5.0 (compatible; MJ12bot/v1.4.8; http://mj12bot.com/)" 490 **0/490529**
216.73.216.162 - - [28/Mar/2026:07:00:15 -0700] "GET /item/2866919107?path=%2Fhome%2Ffalconiapl2015%2Fpublic_html%2F.well-known HTTP/2.0" 200 2658 "-" "Mozilla/5.0 AppleWebKit/537.36 (KHTML, like Gecko; compatible; ClaudeBot/1.0; +claudebot@anthropic.com)" 521 **0/521476**
74.7.227.0 - - [28/Mar/2026:07:00:15 -0700] "GET /?fileloc=//usr/lib64/python3.6/lib-dynload/_codecs_kr.cpython-36m-x86_64-linux-gnu.so&path=//usr/lib64/python3.6/lib-dynload HTTP/2.0" 200 52042 "https://falcon-ia.com/?path=//usr/lib64/python3.6/lib-dynload" "Mozilla/5.0 AppleWebKit/537.36 (KHTML, like Gecko; compatible; GPTBot/1.3; +https://openai.com/gptbot)" 575 **0/575636**
85.208.96.212 - - [28/Mar/2026:07:00:17 -0700] "GET /commodity/regard/washington171861080919 HTTP/1.1" 200 3956 "-" "Mozilla/5.0 (compatible; SemrushBot/7~bl; +http://www.semrush.com/bot.html)" 528 **0/528387**
54.36.179.84 - - [28/Mar/2026:07:00:18 -0700] "GET /?fileloc=/home/falconiapl2015/.trash/.trash_restore&path=/home/falconiapl2015/.trash HTTP/1.1" 403 3449 "-" "Mozilla/5.0 (compatible; MJ12bot/v1.4.8; http://mj12bot.com/)" 534 **0/534447**
216.73.216.162 - - [28/Mar/2026:07:00:18 -0700] "GET /item/4247844451?fileloc=%2Fhome%2Ffalconiapl2015%2Fpublic_html%2Fwp-config-sample.php&path=%2Fhome%2Ffalconiapl2015%2Fpublic_html HTTP/2.0" 200 3461 "-" "Mozilla/5.0 AppleWebKit/537.36 (KHTML, like Gecko; compatible; ClaudeBot/1.0; +claudebot@anthropic.com)" 495 **0/495479**
74.7.227.0 - - [28/Mar/2026:07:00:18 -0700] "GET /?fileloc=//usr/lib64/python2.7/test/test_support.pyc&path=//usr/lib64/python2.7/test HTTP/2.0" 200 2442 "https://falcon-ia.com/?path=//usr/lib64/python2.7/test" "Mozilla/5.0 AppleWebKit/537.36 (KHTML, like Gecko; compatible; GPTBot/1.3; +https://openai.com/gptbot)" 510 **0/510403**
40.77.167.132 - - [28/Mar/2026:07:00:20 -0700] "GET /casino-elite-casino-no-deposit-bonus/ HTTP/2.0" 200 26977 "-" "Mozilla/5.0 AppleWebKit/537.36 (KHTML, like Gecko; compatible; bingbot/2.0; +http://www.bing.com/bingbot.htm) Chrome/116.0.1938.76 Safari/537.36" 1636 **1/1636698**
216.73.216.162 - - [28/Mar/2026:07:00:21 -0700] "GET /item/1908398258?fileloc=%2Fhome%2Ffalconiapl2015%2Fpublic_html%2Fwp-admin%2Fjs%2Feditor-expand.min.js&path=%2Fhome%2Ffalconiapl2015%2Fpublic_html%2Fwp-admin%2Fjs HTTP/2.0" 200 6868 "-" "Mozilla/5.0 AppleWebKit/537.36 (KHTML, like Gecko; compatible; ClaudeBot/1.0; +claudebot@anthropic.com)" 573 **0/573582**
85.208.96.212 - - [28/Mar/2026:07:00:22 -0700] "GET /commodity/civilians/refunds171955694502 HTTP/1.1" 200 3956 "-" "Mozilla/5.0 (compatible; SemrushBot/7~bl; +http://www.semrush.com/bot.html)" 548 **0/548676**
74.7.227.0 - - [28/Mar/2026:07:00:22 -0700] "GET /?fileloc=//usr/lib64/python2.7/test/test_support.pyo&path=//usr/lib64/python2.7/test HTTP/2.0" 200 2442 "https://falcon-ia.com/?path=//usr/lib64/python2.7/test" "Mozilla/5.0 AppleWebKit/537.36 (KHTML, like Gecko; compatible; GPTBot/1.3; +https://openai.com/gptbot)" 528 **0/528536**
54.36.179.84 - - [28/Mar/2026:07:00:23 -0700] "GET /?fileloc=/home/falconiapl2015/.trash/nexgen-core.zip&path=/home/falconiapl2015/.trash HTTP/1.1" 403 3449 "-" "Mozilla/5.0 (compatible; MJ12bot/v1.4.8; http://mj12bot.com/)" 526 **0/526747**
216.73.216.162 - - [28/Mar/2026:07:00:24 -0700] "GET /item/4254451754?fileloc=%2Fhome%2Ffalconiapl2015%2Fpublic_html%2Fwp-includes%2Fclass-wp-paused-extensions-storage.php&path=%2Fhome%2Ffalconiapl2015%2Fpublic_html%2Fwp-includes HTTP/2.0" 200 3458 "-" "Mozilla/5.0 AppleWebKit/537.36 (KHTML, like Gecko; compatible; ClaudeBot/1.0; +claudebot@anthropic.com)" 547 **0/547320**
74.7.227.0 - - [28/Mar/2026:07:00:25 -0700] "GET /?path=//usr/lib/locale/en_US.iso885915 HTTP/2.0" 200 3001 "https://falcon-ia.com/?path=//usr/lib/locale" "Mozilla/5.0 AppleWebKit/537.36 (KHTML, like Gecko; compatible; GPTBot/1.3; +https://openai.com/gptbot)" 507 **0/507232**
216.73.216.162 - - [28/Mar/2026:07:00:27 -0700] "GET /item/3115444169?fileloc=%2Fhome%2Ffalconiapl2015%2Fpublic_html%2Fwp-content%2Fmu-plugins%2Fmu-plugin-68dbb6e90f2f6.php&path=%2Fhome%2Ffalconiapl2015%2Fpublic_html%2Fwp-content%2Fmu-plugins HTTP/2.0" 200 2294 "-" "Mozilla/5.0 AppleWebKit/537.36 (KHTML, like Gecko; compatible; ClaudeBot/1.0; +claudebot@anthropic.com)" 545 **0/545152**
54.36.179.84 - - [28/Mar/2026:07:00:27 -0700] "GET /?fileloc=/home/falconiapl2015/access-logs/falcon-ia.com&path=/home/falconiapl2015/access-logs HTTP/1.1" 200 4344 "-" "Mozilla/5.0 (compatible; MJ12bot/v1.4.8; http://mj12bot.com/)" 524 **0/524623**
74.7.227.0 - - [28/Mar/2026:07:00:28 -0700] "GET /?path=//usr/lib/locale/en_GB.iso885915 HTTP/2.0" 200 2999 "https://falcon-ia.com/?path=//usr/lib/locale" "Mozilla/5.0 AppleWebKit/537.36 (KHTML, like Gecko; compatible; GPTBot/1.3; +https://openai.com/gptbot)" 493 **0/493147**
216.73.216.162 - - [28/Mar/2026:07:00:30 -0700] "GET /item/1755394461?fileloc=%2Fhome%2Ffalconiapl2015%2Fpublic_html%2Fxmlrpc.php&path=%2Fhome%2Ffalconiapl2015%2Fpublic_html HTTP/2.0" 200 3646 "-" "Mozilla/5.0 AppleWebKit/537.36 (KHTML, like Gecko; compatible; ClaudeBot/1.0; +claudebot@anthropic.com)" 516 **0/516775**
74.7.227.0 - - [28/Mar/2026:07:00:31 -0700] "GET /?fileloc=//usr/lib64/python2.7/test/test_support.py&path=//usr/lib64/python2.7/test HTTP/2.0" 200 2321 "https://falcon-ia.com/?path=//usr/lib64/python2.7/test" "Mozilla/5.0 AppleWebKit/537.36 (KHTML, like Gecko; compatible; GPTBot/1.3; +https://openai.com/gptbot)" 491 **0/491995**
54.36.179.84 - - [28/Mar/2026:07:00:32 -0700] "GET /?fileloc=/home/falconiapl2015/access-logs/falcon-ia.com-ssl_log&path=/home/falconiapl2015/access-logs HTTP/1.1" 200 115159 "-" "Mozilla/5.0 (compatible; MJ12bot/v1.4.8; http://mj12bot.com/)" 601 **0/601665**
216.73.216.162 - - [28/Mar/2026:07:00:33 -0700] "GET /item/1979975446?fileloc=%2Fhome%2Ffalconiapl2015%2Fpublic_html%2Fwp-includes%2Fclass-wp-block-templates-registry.php&path=%2Fhome%2Ffalconiapl2015%2Fpublic_html%2Fwp-includes HTTP/2.0" 200 4013 "-" "Mozilla/5.0 AppleWebKit/537.36 (KHTML, like Gecko; compatible; ClaudeBot/1.0; +claudebot@anthropic.com)" 548 **0/548311**
74.7.227.0 - - [28/Mar/2026:07:00:34 -0700] "GET /?fileloc=//usr/lib64/python2.7/test/__init__.pyc&path=//usr/lib64/python2.7/test HTTP/2.0" 200 2366 "https://falcon-ia.com/?path=//usr/lib64/python2.7/test" "Mozilla/5.0 AppleWebKit/537.36 (KHTML, like Gecko; compatible; GPTBot/1.3; +https://openai.com/gptbot)" 486 **0/486354**
216.73.216.162 - - [28/Mar/2026:07:00:36 -0700] "GET /item/3932671615?path=%2Fhome%2Ffalconiapl2015%2Fpublic_html%2F.well-known HTTP/2.0" 200 2658 "-" "Mozilla/5.0 AppleWebKit/537.36 (KHTML, like Gecko; compatible; ClaudeBot/1.0; +claudebot@anthropic.com)" 495 **0/495636**
54.36.179.84 - - [28/Mar/2026:07:00:38 -0700] "GET /?fileloc=/home/falconiapl2015/cache/cache_03ccc987bb84ad942c7bdc1b37a1d5af&path=/home/falconiapl2015/cache HTTP/1.1" 200 2287 "-" "Mozilla/5.0 (compatible; MJ12bot/v1.4.8; http://mj12bot.com/)" 521 **0/521311**
74.7.227.0 - - [28/Mar/2026:07:00:38 -0700] "GET /?fileloc=//usr/lib64/python2.7/test/__init__.pyo&path=//usr/lib64/python2.7/test HTTP/2.0" 200 2366 "https://falcon-ia.com/?path=//usr/lib64/python2.7/test" "Mozilla/5.0 AppleWebKit/537.36 (KHTML, like Gecko; compatible; GPTBot/1.3; +https://openai.com/gptbot)" 554 **0/554924**
216.73.216.162 - - [28/Mar/2026:07:00:39 -0700] "GET /item/1842003306?fileloc=%2Fhome%2Ffalconiapl2015%2Fpublic_html%2Fwp-activate.php&path=%2Fhome%2Ffalconiapl2015%2Fpublic_html HTTP/2.0" 200 4672 "-" "Mozilla/5.0 AppleWebKit/537.36 (KHTML, like Gecko; compatible; ClaudeBot/1.0; +claudebot@anthropic.com)" 510 **0/510472**
74.7.227.0 - - [28/Mar/2026:07:00:41 -0700] "GET /?path=//usr/lib64/python2.7/Demo HTTP/2.0" 200 3122 "https://falcon-ia.com/?path=//usr/lib64/python2.7" "Mozilla/5.0 AppleWebKit/537.36 (KHTML, like Gecko; compatible; GPTBot/1.3; +https://openai.com/gptbot)" 505 **0/505739**
216.73.216.162 - - [28/Mar/2026:07:00:42 -0700] "GET /item/3544149475?fileloc=%2Fhome%2Ffalconiapl2015%2Fpublic_html%2Fwp-includes%2Fclass-wp-recovery-mode.php&path=%2Fhome%2Ffalconiapl2015%2Fpublic_html%2Fwp-includes HTTP/2.0" 200 5359 "-" "Mozilla/5.0 AppleWebKit/537.36 (KHTML, like Gecko; compatible; ClaudeBot/1.0; +claudebot@anthropic.com)" 521 **0/521798**
54.36.179.84 - - [28/Mar/2026:07:00:42 -0700] "GET /?fileloc=/home/falconiapl2015/cache/cache_0f1ff313f7d5dc65958843d70148d9f6&path=/home/falconiapl2015/cache HTTP/1.1" 200 2286 "-" "Mozilla/5.0 (compatible; MJ12bot/v1.4.8; http://mj12bot.com/)" 565 **0/565603**
74.7.227.0 - - [28/Mar/2026:07:00:44 -0700] "GET /?fileloc=//usr/lib/rpm/pythondistdeps.py&path=//usr/lib/rpm HTTP/2.0" 200 5080 "https://falcon-ia.com/?path=//usr/lib/rpm" "Mozilla/5.0 AppleWebKit/537.36 (KHTML, like Gecko; compatible; GPTBot/1.3; +https://openai.com/gptbot)" 511 **0/511072**
17.241.219.79 - - [28/Mar/2026:07:00:45 -0700] "GET /bingo-met-speelkaarten/ HTTP/1.1" 200 3956 "-" "Mozilla/5.0 (Macintosh; Intel Mac OS X 10_15_7) AppleWebKit/605.1.15 (KHTML, like Gecko) Version/17.4 Safari/605.1.15 (Applebot/0.1; +http://www.apple.com/go/applebot)" 512 **0/512394**
216.73.216.162 - - [28/Mar/2026:07:00:45 -0700] "GET /item/523536256?fileloc=%2Fhome%2Ffalconiapl2015%2Fpublic_html%2Fwp-settings.php&path=%2Fhome%2Ffalconiapl2015%2Fpublic_html HTTP/2.0" 200 8340 "-" "Mozilla/5.0 AppleWebKit/537.36 (KHTML, like Gecko; compatible; ClaudeBot/1.0; +claudebot@anthropic.com)" 532 **0/532061**
74.7.227.0 - - [28/Mar/2026:07:00:47 -0700] "GET /?fileloc=//lib/kdump/kdump-lib.sh&path=//lib/kdump HTTP/2.0" 200 12456 "https://falcon-ia.com/?path=//lib/kdump" "Mozilla/5.0 AppleWebKit/537.36 (KHTML, like Gecko; compatible; GPTBot/1.3; +https://openai.com/gptbot)" 525 **0/525385**
54.36.179.84 - - [28/Mar/2026:07:00:47 -0700] "GET /?fileloc=/home/falconiapl2015/cache/cache_11bed3504b31316642d8369b1d05b4ed&path=/home/falconiapl2015/cache HTTP/1.1" 200 2272 "-" "Mozilla/5.0 (compatible; MJ12bot/v1.4.8; http://mj12bot.com/)" 508 **0/508706**
216.73.216.162 - - [28/Mar/2026:07:00:48 -0700] "GET /item/3535924390?fileloc=%2Fhome%2Ffalconiapl2015%2Fpublic_html%2Fwp-admin%2Fmedia.php&path=%2Fhome%2Ffalconiapl2015%2Fpublic_html%2Fwp-admin HTTP/2.0" 200 2642 "-" "Mozilla/5.0 AppleWebKit/537.36 (KHTML, like Gecko; compatible; ClaudeBot/1.0; +claudebot@anthropic.com)" 500 **0/500788**
74.7.227.0 - - [28/Mar/2026:07:00:50 -0700] "GET /?fileloc=//lib/dracut/skipcpio&path=//lib/dracut HTTP/2.0" 200 5601 "https://falcon-ia.com/?path=//lib/dracut" "Mozilla/5.0 AppleWebKit/537.36 (KHTML, like Gecko; compatible; GPTBot/1.3; +https://openai.com/gptbot)" 520 **0/520132**
216.73.216.162 - - [28/Mar/2026:07:00:51 -0700] "GET /item/2825735740?fileloc=%2Fhome%2Ffalconiapl2015%2Fpublic_html%2Fwp-includes%2Fclass-wp-paused-extensions-storage.php&path=%2Fhome%2Ffalconiapl2015%2Fpublic_html%2Fwp-includes HTTP/2.0" 200 3458 "-" "Mozilla/5.0 AppleWebKit/537.36 (KHTML, like Gecko; compatible; ClaudeBot/1.0; +claudebot@anthropic.com)" 520 **0/520982**
40.77.167.132 - - [28/Mar/2026:07:00:50 -0700] "GET /exclusive-casino-100-free-spins/ HTTP/2.0" 200 27213 "-" "Mozilla/5.0 AppleWebKit/537.36 (KHTML, like Gecko; compatible; bingbot/2.0; +http://www.bing.com/bingbot.htm) Chrome/116.0.1938.76 Safari/537.36" 1634 **1/1634166**
54.36.179.84 - - [28/Mar/2026:07:00:52 -0700] "GET /?fileloc=/home/falconiapl2015/cache/cache_150839a9efdf699c0ff8f5f878f96813&path=/home/falconiapl2015/cache HTTP/1.1" 200 2275 "-" "Mozilla/5.0 (compatible; MJ12bot/v1.4.8; http://mj12bot.com/)" 502 **0/502375**
74.7.227.0 - - [28/Mar/2026:07:00:54 -0700] "GET /?fileloc=//bin/lftpget&path=//bin HTTP/2.0" 200 2884 "https://falcon-ia.com/?path=//bin" "Mozilla/5.0 AppleWebKit/537.36 (KHTML, like Gecko; compatible; GPTBot/1.3; +https://openai.com/gptbot)" 533 **0/533454**
216.73.216.162 - - [28/Mar/2026:07:00:54 -0700] "GET /item/3611603697?fileloc=%2Fhome%2Ffalconiapl2015%2Fpublic_html%2Fwp-includes%2Fclass-wp-recovery-mode.php&path=%2Fhome%2Ffalconiapl2015%2Fpublic_html%2Fwp-includes HTTP/2.0" 200 5359 "-" "Mozilla/5.0 AppleWebKit/537.36 (KHTML, like Gecko; compatible; ClaudeBot/1.0; +claudebot@anthropic.com)" 545 **0/545107**
54.36.179.84 - - [28/Mar/2026:07:00:57 -0700] "GET /?fileloc=/home/falconiapl2015/cache/cache_1de9ca47e122c246288f0552c3930cd4&path=/home/falconiapl2015/cache HTTP/1.1" 200 2273 "-" "Mozilla/5.0 (compatible; MJ12bot/v1.4.8; http://mj12bot.com/)" 539 **0/539599**
216.73.216.162 - - [28/Mar/2026:07:00:57 -0700] "GET /item/1281013150?fileloc=%2Fhome%2Ffalconiapl2015%2Fpublic_html%2Fwp-comments-post.php&path=%2Fhome%2Ffalconiapl2015%2Fpublic_html HTTP/2.0" 200 3279 "-" "Mozilla/5.0 AppleWebKit/537.36 (KHTML, like Gecko; compatible; ClaudeBot/1.0; +claudebot@anthropic.com)" 602 **0/602573**
74.7.227.0 - - [28/Mar/2026:07:00:57 -0700] "GET /?fileloc=//bin/vimdiff&path=//bin HTTP/2.0" 200 1269451 "https://falcon-ia.com/?path=//bin" "Mozilla/5.0 AppleWebKit/537.36 (KHTML, like Gecko; compatible; GPTBot/1.3; +https://openai.com/gptbot)" 1307 **1/1307105**
198.244.183.69 - - [28/Mar/2026:07:00:58 -0700] "GET /geld-in-casino-online-nl/ HTTP/2.0" 200 3449 "-" "Mozilla/5.0 (compatible; AhrefsBot/7.0; +http://ahrefs.com/robot/)" 506 **0/506874**
74.7.227.0 - - [28/Mar/2026:07:01:00 -0700] "GET /?fileloc=//bin/perlivp&path=//bin HTTP/2.0" 200 5752 "https://falcon-ia.com/?path=//bin" "Mozilla/5.0 AppleWebKit/537.36 (KHTML, like Gecko; compatible; GPTBot/1.3; +https://openai.com/gptbot)" 523 **0/523461**
216.73.216.162 - - [28/Mar/2026:07:01:00 -0700] "GET /item/3059511749?fileloc=%2Fhome%2Ffalconiapl2015%2Fpublic_html%2Fxmlrpc.php&path=%2Fhome%2Ffalconiapl2015%2Fpublic_html HTTP/2.0" 200 3646 "-" "Mozilla/5.0 AppleWebKit/537.36 (KHTML, like Gecko; compatible; ClaudeBot/1.0; +claudebot@anthropic.com)" 579 **0/579069**
54.36.179.84 - - [28/Mar/2026:07:01:02 -0700] "GET /?fileloc=/home/falconiapl2015/cache/cache_1fb2940a41cc9d3081588461889ceb06&path=/home/falconiapl2015/cache HTTP/1.1" 200 2272 "-" "Mozilla/5.0 (compatible; MJ12bot/v1.4.8; http://mj12bot.com/)" 572 **0/572120**
74.7.227.0 - - [28/Mar/2026:07:01:03 -0700] "GET /?fileloc=//bin/slabtop&path=//bin HTTP/2.0" 200 9738 "https://falcon-ia.com/?path=//bin" "Mozilla/5.0 AppleWebKit/537.36 (KHTML, like Gecko; compatible; GPTBot/1.3; +https://openai.com/gptbot)" 535 **0/535973**
216.73.216.162 - - [28/Mar/2026:07:01:03 -0700] "GET /item/1908398258?fileloc=%2Fhome%2Ffalconiapl2015%2Fpublic_html%2Fwp-admin%2Fjs%2Fuser-suggest.min.js&path=%2Fhome%2Ffalconiapl2015%2Fpublic_html%2Fwp-admin%2Fjs HTTP/2.0" 200 2613 "-" "Mozilla/5.0 AppleWebKit/537.36 (KHTML, like Gecko; compatible; ClaudeBot/1.0; +claudebot@anthropic.com)" 547 **0/547798**
216.73.216.162 - - [28/Mar/2026:07:01:06 -0700] "GET /item/758550434?fileloc=%2Fhome%2Ffalconiapl2015%2Fpublic_html%2Fwp-load.php&path=%2Fhome%2Ffalconiapl2015%2Fpublic_html HTTP/2.0" 403 3449 "-" "Mozilla/5.0 AppleWebKit/537.36 (KHTML, like Gecko; compatible; ClaudeBot/1.0; +claudebot@anthropic.com)" 542 **0/542784**
54.36.179.84 - - [28/Mar/2026:07:01:07 -0700] "GET /?fileloc=/home/falconiapl2015/cache/cache_252a63c80e382c9d9209488aa4afc109&path=/home/falconiapl2015/cache HTTP/1.1" 200 2272 "-" "Mozilla/5.0 (compatible; MJ12bot/v1.4.8; http://mj12bot.com/)" 515 **0/515103**
74.7.227.0 - - [28/Mar/2026:07:01:06 -0700] "GET /?fileloc=//bin/timeout&path=//bin HTTP/2.0" 200 18473 "https://falcon-ia.com/?path=//bin" "Mozilla/5.0 AppleWebKit/537.36 (KHTML, like Gecko; compatible; GPTBot/1.3; +https://openai.com/gptbot)" 3207 **3/3207888**
216.73.216.162 - - [28/Mar/2026:07:01:09 -0700] "GET /item/830462286?fileloc=%2Fhome%2Ffalconiapl2015%2Fpublic_html%2Fwp-activate.php&path=%2Fhome%2Ffalconiapl2015%2Fpublic_html HTTP/2.0" 403 3449 "-" "Mozilla/5.0 AppleWebKit/537.36 (KHTML, like Gecko; compatible; ClaudeBot/1.0; +claudebot@anthropic.com)" 514 **0/514809**
17.246.23.202 - - [28/Mar/2026:07:01:09 -0700] "GET /?p=20184 HTTP/1.1" 200 3956 "-" "Mozilla/5.0 (Macintosh; Intel Mac OS X 10_15_7) AppleWebKit/605.1.15 (KHTML, like Gecko) Version/17.4 Safari/605.1.15 (Applebot/0.1; +http://www.apple.com/go/applebot)" 599 **0/599498**
74.7.227.0 - - [28/Mar/2026:07:01:09 -0700] "GET /?fileloc=//bin/replace&path=//bin HTTP/2.0" 200 519845 "https://falcon-ia.com/?path=//bin" "Mozilla/5.0 AppleWebKit/537.36 (KHTML, like Gecko; compatible; GPTBot/1.3; +https://openai.com/gptbot)" 977 **0/977631**
54.36.179.84 - - [28/Mar/2026:07:01:12 -0700] "GET /?fileloc=/home/falconiapl2015/cache/cache_26802bca0b9b868077ed3f810a2e0fd3&path=/home/falconiapl2015/cache HTTP/1.1" 200 2273 "-" "Mozilla/5.0 (compatible; MJ12bot/v1.4.8; http://mj12bot.com/)" 510 **0/510627**
216.73.216.162 - - [28/Mar/2026:07:01:12 -0700] "GET /item/4183361251?path=%2Fhome%2Ffalconiapl2015%2Fpublic_html%2Fwp-content%2Fai1wm-backups HTTP/2.0" 403 3449 "-" "Mozilla/5.0 AppleWebKit/537.36 (KHTML, like Gecko; compatible; ClaudeBot/1.0; +claudebot@anthropic.com)" 514 **0/514269**
74.7.227.0 - - [28/Mar/2026:07:01:12 -0700] "GET /?fileloc=//bin/openssl&path=//bin HTTP/2.0" 200 242362 "https://falcon-ia.com/?path=//bin" "Mozilla/5.0 AppleWebKit/537.36 (KHTML, like Gecko; compatible; GPTBot/1.3; +https://openai.com/gptbot)" 670 **0/670005**
216.73.216.162 - - [28/Mar/2026:07:01:15 -0700] "GET /item/2014407666?fileloc=%2Fhome%2Ffalconiapl2015%2Fpublic_html%2Fwp-load.php&path=%2Fhome%2Ffalconiapl2015%2Fpublic_html HTTP/2.0" 403 3449 "-" "Mozilla/5.0 AppleWebKit/537.36 (KHTML, like Gecko; compatible; ClaudeBot/1.0; +claudebot@anthropic.com)" 547 **0/547373**
74.7.227.0 - - [28/Mar/2026:07:01:15 -0700] "GET /?path=//usr/lib64/python2.7/Demo/embed HTTP/2.0" 200 2734 "https://falcon-ia.com/?path=//usr/lib64/python2.7/Demo" "Mozilla/5.0 AppleWebKit/537.36 (KHTML, like Gecko; compatible; GPTBot/1.3; +https://openai.com/gptbot)" 517 **0/517485**
54.36.179.84 - - [28/Mar/2026:07:01:17 -0700] "GET /?fileloc=/home/falconiapl2015/cache/cache_274c8c5dba5415919b78552461673ffd&path=/home/falconiapl2015/cache HTTP/1.1" 200 2274 "-" "Mozilla/5.0 (compatible; MJ12bot/v1.4.8; http://mj12bot.com/)" 519 **0/519529**
216.73.216.162 - - [28/Mar/2026:07:01:18 -0700] "GET /item/2184263273?fileloc=%2Fhome%2Ffalconiapl2015%2Fpublic_html%2Fwp-activate.php&path=%2Fhome%2Ffalconiapl2015%2Fpublic_html HTTP/2.0" 403 3449 "-" "Mozilla/5.0 AppleWebKit/537.36 (KHTML, like Gecko; compatible; ClaudeBot/1.0; +claudebot@anthropic.com)" 514 **0/514248**
74.7.227.0 - - [28/Mar/2026:07:01:19 -0700] "GET /?fileloc=//bin/crontab&path=//bin HTTP/2.0" 200 2885 "https://falcon-ia.com/?path=//bin" "Mozilla/5.0 AppleWebKit/537.36 (KHTML, like Gecko; compatible; GPTBot/1.3; +https://openai.com/gptbot)" 506 **0/506211**
216.73.216.162 - - [28/Mar/2026:07:01:21 -0700] "GET /item/266687625?fileloc=%2Fhome%2Ffalconiapl2015%2Fpublic_html%2Fwp-includes%2Fclass-wp-block-templates-registry.php&path=%2Fhome%2Ffalconiapl2015%2Fpublic_html%2Fwp-includes HTTP/2.0" 403 3449 "-" "Mozilla/5.0 AppleWebKit/537.36 (KHTML, like Gecko; compatible; ClaudeBot/1.0; +claudebot@anthropic.com)" 528 **0/528989**
54.36.179.84 - - [28/Mar/2026:07:01:22 -0700] "GET /?fileloc=/home/falconiapl2015/cache/cache_29321d408bdea7a9dca60e2da5718cfc&path=/home/falconiapl2015/cache HTTP/1.1" 200 2273 "-" "Mozilla/5.0 (compatible; MJ12bot/v1.4.8; http://mj12bot.com/)" 490 **0/490570**
74.7.227.0 - - [28/Mar/2026:07:01:22 -0700] "GET /?fileloc=//bin/mcookie&path=//bin HTTP/2.0" 200 14731 "https://falcon-ia.com/?path=//bin" "Mozilla/5.0 AppleWebKit/537.36 (KHTML, like Gecko; compatible; GPTBot/1.3; +https://openai.com/gptbot)" 515 **0/515947**
216.73.216.162 - - [28/Mar/2026:07:01:24 -0700] "GET /item/2571990870?fileloc=%2Fhome%2Ffalconiapl2015%2Fpublic_html%2Fwp-includes%2Fclass-wp-paused-extensions-storage.php&path=%2Fhome%2Ffalconiapl2015%2Fpublic_html%2Fwp-includes HTTP/2.0" 403 3449 "-" "Mozilla/5.0 AppleWebKit/537.36 (KHTML, like Gecko; compatible; ClaudeBot/1.0; +claudebot@anthropic.com)" 540 **0/540901**
74.7.227.0 - - [28/Mar/2026:07:01:25 -0700] "GET /?fileloc=//bin/logname&path=//bin HTTP/2.0" 200 14486 "https://falcon-ia.com/?path=//bin" "Mozilla/5.0 AppleWebKit/537.36 (KHTML, like Gecko; compatible; GPTBot/1.3; +https://openai.com/gptbot)" 542 **0/542358**
54.36.179.84 - - [28/Mar/2026:07:01:27 -0700] "GET /?fileloc=/home/falconiapl2015/cache/cache_2eacf63da3b445ea47e71e2de5802bd1&path=/home/falconiapl2015/cache HTTP/1.1" 200 2273 "-" "Mozilla/5.0 (compatible; MJ12bot/v1.4.8; http://mj12bot.com/)" 504 **0/504852**
216.73.216.162 - - [28/Mar/2026:07:01:27 -0700] "GET /item/3014510250?fileloc=%2Fhome%2Ffalconiapl2015%2Fpublic_html%2Fwp-includes%2Fmedia-template.php&path=%2Fhome%2Ffalconiapl2015%2Fpublic_html%2Fwp-includes HTTP/2.0" 403 3449 "-" "Mozilla/5.0 AppleWebKit/537.36 (KHTML, like Gecko; compatible; ClaudeBot/1.0; +claudebot@anthropic.com)" 519 **0/519854**
74.7.227.0 - - [28/Mar/2026:07:01:28 -0700] "GET /?fileloc=//bin/isosize&path=//bin HTTP/2.0" 200 11850 "https://falcon-ia.com/?path=//bin" "Mozilla/5.0 AppleWebKit/537.36 (KHTML, like Gecko; compatible; GPTBot/1.3; +https://openai.com/gptbot)" 512 **0/512836**
216.73.216.162 - - [28/Mar/2026:07:01:30 -0700] "GET /item/2417628901?fileloc=%2Fhome%2Ffalconiapl2015%2Fpublic_html%2Fwp-activate.php&path=%2Fhome%2Ffalconiapl2015%2Fpublic_html HTTP/2.0" 403 3449 "-" "Mozilla/5.0 AppleWebKit/537.36 (KHTML, like Gecko; compatible; ClaudeBot/1.0; +claudebot@anthropic.com)" 512 **0/512416**
74.7.227.0 - - [28/Mar/2026:07:01:31 -0700] "GET /?fileloc=//bin/getconf&path=//bin HTTP/2.0" 200 10363 "https://falcon-ia.com/?path=//bin" "Mozilla/5.0 AppleWebKit/537.36 (KHTML, like Gecko; compatible; GPTBot/1.3; +https://openai.com/gptbot)" 504 **0/504030**
54.36.179.84 - - [28/Mar/2026:07:01:32 -0700] "GET /?fileloc=/home/falconiapl2015/cache/cache_3103eaf2001f5b6bdcc4dc7e1db312b7&path=/home/falconiapl2015/cache HTTP/1.1" 200 2274 "-" "Mozilla/5.0 (compatible; MJ12bot/v1.4.8; http://mj12bot.com/)" 489 **0/489956**
114.119.136.15 - - [28/Mar/2026:07:01:33 -0700] "GET /commodity/territory/rbi171793433661?path=/home/falconiapl2015/public_html HTTP/1.1" 200 3956 "https://falcon-ia.com/commodity/territory/rbi171793433661" "Mozilla/5.0 (Linux; Android 7.0;) AppleWebKit/537.36 (KHTML, like Gecko) Mobile Safari/537.36 (compatible; PetalBot;+https://webmaster.petalsearch.com/site/petalbot)" 507 **0/507173**
74.7.227.0 - - [28/Mar/2026:07:01:34 -0700] "GET /?fileloc=//bin/objcopy&path=//bin HTTP/2.0" 200 95255 "https://falcon-ia.com/?path=//bin" "Mozilla/5.0 AppleWebKit/537.36 (KHTML, like Gecko; compatible; GPTBot/1.3; +https://openai.com/gptbot)" 562 **0/562999**
216.73.216.162 - - [28/Mar/2026:07:01:35 -0700] "GET /item/2178886381?fileloc=%2Fhome%2Ffalconiapl2015%2Fpublic_html%2Fwp-login.php&path=%2Fhome%2Ffalconiapl2015%2Fpublic_html HTTP/2.0" 403 3449 "-" "Mozilla/5.0 AppleWebKit/537.36 (KHTML, like Gecko; compatible; ClaudeBot/1.0; +claudebot@anthropic.com)" 498 **0/498613**
54.36.179.84 - - [28/Mar/2026:07:01:37 -0700] "GET /?fileloc=/home/falconiapl2015/cache/cache_3112d22a124bef080d36ae0f60bdedce&path=/home/falconiapl2015/cache HTTP/1.1" 200 2274 "-" "Mozilla/5.0 (compatible; MJ12bot/v1.4.8; http://mj12bot.com/)" 529 **0/529084**
216.73.216.162 - - [28/Mar/2026:07:01:37 -0700] "GET /item/2430200614?fileloc=%2Fhome%2Ffalconiapl2015%2Fpublic_html%2Fwp-links-opml.php&path=%2Fhome%2Ffalconiapl2015%2Fpublic_html HTTP/2.0" 403 3449 "-" "Mozilla/5.0 AppleWebKit/537.36 (KHTML, like Gecko; compatible; ClaudeBot/1.0; +claudebot@anthropic.com)" 499 **0/499724**
74.7.227.0 - - [28/Mar/2026:07:01:38 -0700] "GET /?fileloc=//bin/apropos&path=//bin HTTP/2.0" 200 22096 "https://falcon-ia.com/?path=//bin" "Mozilla/5.0 AppleWebKit/537.36 (KHTML, like Gecko; compatible; GPTBot/1.3; +https://openai.com/gptbot)" 528 **0/528565**
216.73.216.162 - - [28/Mar/2026:07:01:40 -0700] "GET /item/3754606036?fileloc=%2Fhome%2Ffalconiapl2015%2Fpublic_html%2Fwp-login.php&path=%2Fhome%2Ffalconiapl2015%2Fpublic_html HTTP/2.0" 403 3449 "-" "Mozilla/5.0 AppleWebKit/537.36 (KHTML, like Gecko; compatible; ClaudeBot/1.0; +claudebot@anthropic.com)" 506 **0/506964**
74.7.227.0 - - [28/Mar/2026:07:01:41 -0700] "GET /?fileloc=//bin/ifnames&path=//bin HTTP/2.0" 200 4215 "https://falcon-ia.com/?path=//bin" "Mozilla/5.0 AppleWebKit/537.36 (KHTML, like Gecko; compatible; GPTBot/1.3; +https://openai.com/gptbot)" 508 **0/508570**
54.36.179.84 - - [28/Mar/2026:07:01:41 -0700] "GET /?fileloc=/home/falconiapl2015/cache/cache_32f2b5908727072db2de4d258e218b14&path=/home/falconiapl2015/cache HTTP/1.1" 200 2274 "-" "Mozilla/5.0 (compatible; MJ12bot/v1.4.8; http://mj12bot.com/)" 500 **0/500175**
216.73.216.162 - - [28/Mar/2026:07:01:43 -0700] "GET /item/2649045783?fileloc=%2Fhome%2Ffalconiapl2015%2Fpublic_html%2Fwp-blog-header.php&path=%2Fhome%2Ffalconiapl2015%2Fpublic_html HTTP/2.0" 403 3449 "-" "Mozilla/5.0 AppleWebKit/537.36 (KHTML, like Gecko; compatible; ClaudeBot/1.0; +claudebot@anthropic.com)" 505 **0/505713**
74.7.227.0 - - [28/Mar/2026:07:01:44 -0700] "GET /?fileloc=//bin/readelf&path=//bin HTTP/2.0" 200 221088 "https://falcon-ia.com/?path=//bin" "Mozilla/5.0 AppleWebKit/537.36 (KHTML, like Gecko; compatible; GPTBot/1.3; +https://openai.com/gptbot)" 633 **0/633993**
216.73.216.162 - - [28/Mar/2026:07:01:46 -0700] "GET /item/3784455859?fileloc=%2Fhome%2Ffalconiapl2015%2Fpublic_html%2Ferror_log&path=%2Fhome%2Ffalconiapl2015%2Fpublic_html HTTP/2.0" 200 2398 "-" "Mozilla/5.0 AppleWebKit/537.36 (KHTML, like Gecko; compatible; ClaudeBot/1.0; +claudebot@anthropic.com)" 502 **0/502113**
54.36.179.84 - - [28/Mar/2026:07:01:46 -0700] "GET /?fileloc=/home/falconiapl2015/cache/cache_3b668ceab1077fb66fc125449244bc2d&path=/home/falconiapl2015/cache HTTP/1.1" 200 2274 "-" "Mozilla/5.0 (compatible; MJ12bot/v1.4.8; http://mj12bot.com/)" 496 **0/496504**
74.7.227.0 - - [28/Mar/2026:07:01:47 -0700] "GET /?fileloc=//bin/aclocal&path=//bin HTTP/2.0" 200 14504 "https://falcon-ia.com/?path=//bin" "Mozilla/5.0 AppleWebKit/537.36 (KHTML, like Gecko; compatible; GPTBot/1.3; +https://openai.com/gptbot)" 512 **0/512274**
216.73.216.162 - - [28/Mar/2026:07:01:49 -0700] "GET /item/2342947509?fileloc=%2Fhome%2Ffalconiapl2015%2Fpublic_html%2Fwp-blog-header.php&path=%2Fhome%2Ffalconiapl2015%2Fpublic_html HTTP/2.0" 200 2447 "-" "Mozilla/5.0 AppleWebKit/537.36 (KHTML, like Gecko; compatible; ClaudeBot/1.0; +claudebot@anthropic.com)" 521 **0/521735**
74.7.227.0 - - [28/Mar/2026:07:01:50 -0700] "GET /?path=//lib/modules/4.18.0-553.83.1.lve.el8.x86_64/kernel/crypto HTTP/2.0" 200 3941 "https://falcon-ia.com/?path=//lib/modules/4.18.0-553.83.1.lve.el8.x86_64/kernel" "Mozilla/5.0 AppleWebKit/537.36 (KHTML, like Gecko; compatible; GPTBot/1.3; +https://openai.com/gptbot)" 506 **0/506436**
54.36.179.84 - - [28/Mar/2026:07:01:51 -0700] "GET /?fileloc=/home/falconiapl2015/cache/cache_3ebbab63ff1d3bffdaddb17747049f2d&path=/home/falconiapl2015/cache HTTP/1.1" 200 2286 "-" "Mozilla/5.0 (compatible; MJ12bot/v1.4.8; http://mj12bot.com/)" 514 **0/514318**
85.208.96.209 - - [28/Mar/2026:07:01:52 -0700] "GET /robots.txt HTTP/1.1" 200 93 "-" "Mozilla/5.0 (compatible; SemrushBot/7~bl; +http://www.semrush.com/bot.html)" 11 **0/11458**
216.73.216.162 - - [28/Mar/2026:07:01:52 -0700] "GET /item/1362283549?fileloc=%2Fhome%2Ffalconiapl2015%2Fpublic_html%2Fwp-links-opml.php&path=%2Fhome%2Ffalconiapl2015%2Fpublic_html HTTP/2.0" 200 3349 "-" "Mozilla/5.0 AppleWebKit/537.36 (KHTML, like Gecko; compatible; ClaudeBot/1.0; +claudebot@anthropic.com)" 507 **0/507430**
74.7.227.0 - - [28/Mar/2026:07:01:53 -0700] "GET /?fileloc=//usr/lib64/libglut.so.3&path=//usr/lib64 HTTP/2.0" 200 90070 "https://falcon-ia.com/?path=//usr/lib64" "Mozilla/5.0 AppleWebKit/537.36 (KHTML, like Gecko; compatible; GPTBot/1.3; +https://openai.com/gptbot)" 578 **0/578134**
216.73.216.162 - - [28/Mar/2026:07:01:55 -0700] "GET /item/3527941465?fileloc=%2Fhome%2Ffalconiapl2015%2Fpublic_html%2Findex.php&path=%2Fhome%2Ffalconiapl2015%2Fpublic_html HTTP/2.0" 200 10878 "-" "Mozilla/5.0 AppleWebKit/537.36 (KHTML, like Gecko; compatible; ClaudeBot/1.0; +claudebot@anthropic.com)" 521 **0/521348**
54.36.179.84 - - [28/Mar/2026:07:01:56 -0700] "GET /?fileloc=/home/falconiapl2015/cache/cache_405a9219b5e8408bfe1d98af7b4a8319&path=/home/falconiapl2015/cache HTTP/1.1" 200 2273 "-" "Mozilla/5.0 (compatible; MJ12bot/v1.4.8; http://mj12bot.com/)" 494 **0/494619**
