54.37.252.192 - - [28/Mar/2026:07:41:56 -0700] "GET /?fileloc=/home/falconiapl2015/cache/cache_7641b8d7166c074e55ce881a7dd68b9c&path=/home/falconiapl2015/cache HTTP/1.1" 200 2274 "-" "Mozilla/5.0 (compatible; MJ12bot/v1.4.8; http://mj12bot.com/)" 555 **0/555166**
216.73.216.162 - - [28/Mar/2026:07:41:56 -0700] "GET /item/2816180425?fileloc=%2Fhome%2Ffalconiapl2015%2Fpublic_html%2Fgbmfx.php&path=%2Fhome%2Ffalconiapl2015%2Fpublic_html HTTP/2.0" 200 5547 "-" "Mozilla/5.0 AppleWebKit/537.36 (KHTML, like Gecko; compatible; ClaudeBot/1.0; +claudebot@anthropic.com)" 569 **0/569948**
74.7.227.0 - - [28/Mar/2026:07:41:57 -0700] "GET /?fileloc=//opt/python38/lib/python3.8/unittest/test/dummy.py&path=//opt/python38/lib/python3.8/unittest/test HTTP/2.0" 200 2328 "https://falcon-ia.com/?path=//opt/python38/lib/python3.8/unittest/test" "Mozilla/5.0 AppleWebKit/537.36 (KHTML, like Gecko; compatible; GPTBot/1.3; +https://openai.com/gptbot)" 495 **0/495749**
17.22.237.175 - - [28/Mar/2026:07:41:58 -0700] "GET /prism-casino-no-deposit-bonus/ HTTP/1.1" 200 3956 "-" "Mozilla/5.0 (Macintosh; Intel Mac OS X 10_15_7) AppleWebKit/605.1.15 (KHTML, like Gecko) Version/17.4 Safari/605.1.15 (Applebot/0.1; +http://www.apple.com/go/applebot)" 518 **0/518923**
216.73.216.162 - - [28/Mar/2026:07:41:59 -0700] "GET /item/1136871537?fileloc=%2Fhome%2Ffalconiapl2015%2Fpublic_html%2Fwp-admin%2Fimages%2Findex.php&path=%2Fhome%2Ffalconiapl2015%2Fpublic_html%2Fwp-admin%2Fimages HTTP/2.0" 200 2278 "-" "Mozilla/5.0 AppleWebKit/537.36 (KHTML, like Gecko; compatible; ClaudeBot/1.0; +claudebot@anthropic.com)" 565 **0/565815**
74.7.227.0 - - [28/Mar/2026:07:42:00 -0700] "GET /?fileloc=//opt/python38/lib/python3.8/unittest/test/test_discovery.py&path=//opt/python38/lib/python3.8/unittest/test HTTP/2.0" 200 7705 "https://falcon-ia.com/?path=//opt/python38/lib/python3.8/unittest/test" "Mozilla/5.0 AppleWebKit/537.36 (KHTML, like Gecko; compatible; GPTBot/1.3; +https://openai.com/gptbot)" 544 **0/544942**
54.37.252.192 - - [28/Mar/2026:07:42:00 -0700] "GET /?fileloc=/home/falconiapl2015/cache/cache_7658a94e24ec0036702dad454841a71c&path=/home/falconiapl2015/cache HTTP/1.1" 200 2273 "-" "Mozilla/5.0 (compatible; MJ12bot/v1.4.8; http://mj12bot.com/)" 519 **0/519940**
216.73.216.162 - - [28/Mar/2026:07:42:02 -0700] "GET /item/1631546745?fileloc=%2Fhome%2Ffalconiapl2015%2Fpublic_html%2Fgbmfx.php&path=%2Fhome%2Ffalconiapl2015%2Fpublic_html HTTP/2.0" 200 5547 "-" "Mozilla/5.0 AppleWebKit/537.36 (KHTML, like Gecko; compatible; ClaudeBot/1.0; +claudebot@anthropic.com)" 559 **0/559502**
74.7.227.0 - - [28/Mar/2026:07:42:03 -0700] "GET /?fileloc=//lib64/python2.7/lib-tk/test/test_ttk/test_extensions.pyo&path=//lib64/python2.7/lib-tk/test/test_ttk HTTP/2.0" 200 6002 "https://falcon-ia.com/?path=//lib64/python2.7/lib-tk/test/test_ttk" "Mozilla/5.0 AppleWebKit/537.36 (KHTML, like Gecko; compatible; GPTBot/1.3; +https://openai.com/gptbot)" 536 **0/536127**
54.37.252.192 - - [28/Mar/2026:07:42:04 -0700] "GET /?fileloc=/home/falconiapl2015/cache/cache_787492d0a884c6d4a8624c8a0aced46e&path=/home/falconiapl2015/cache HTTP/1.1" 200 2273 "-" "Mozilla/5.0 (compatible; MJ12bot/v1.4.8; http://mj12bot.com/)" 507 **0/507501**
216.73.216.162 - - [28/Mar/2026:07:42:05 -0700] "GET /item/2632958237?fileloc=%2Fhome%2Ffalconiapl2015%2Fcache%2Fcache_c53cda935dab2c5d110da509ab8beff0&path=%2Fhome%2Ffalconiapl2015%2Fcache HTTP/2.0" 200 2273 "-" "Mozilla/5.0 AppleWebKit/537.36 (KHTML, like Gecko; compatible; ClaudeBot/1.0; +claudebot@anthropic.com)" 513 **0/513752**
74.7.227.0 - - [28/Mar/2026:07:42:06 -0700] "GET /?fileloc=//opt/python38/lib/python3.8/ctypes/test/test_funcptr.py&path=//opt/python38/lib/python3.8/ctypes/test HTTP/2.0" 200 3577 "https://falcon-ia.com/?path=//opt/python38/lib/python3.8/ctypes/test" "Mozilla/5.0 AppleWebKit/537.36 (KHTML, like Gecko; compatible; GPTBot/1.3; +https://openai.com/gptbot)" 513 **0/513780**
216.73.216.162 - - [28/Mar/2026:07:42:08 -0700] "GET /item/4279915768?fileloc=%2Fhome%2Ffalconiapl2015%2Fpublic_html%2Fwp-includes%2Fjs%2Ftwemoji.min.js&path=%2Fhome%2Ffalconiapl2015%2Fpublic_html%2Fwp-includes%2Fjs HTTP/2.0" 200 6205 "-" "Mozilla/5.0 AppleWebKit/537.36 (KHTML, like Gecko; compatible; ClaudeBot/1.0; +claudebot@anthropic.com)" 593 **0/593422**
54.37.252.192 - - [28/Mar/2026:07:42:09 -0700] "GET /?fileloc=/home/falconiapl2015/cache/cache_7b62247203eda738a20bdb0859715e5b&path=/home/falconiapl2015/cache HTTP/1.1" 200 2274 "-" "Mozilla/5.0 (compatible; MJ12bot/v1.4.8; http://mj12bot.com/)" 530 **0/530846**
74.7.227.0 - - [28/Mar/2026:07:42:09 -0700] "GET /?fileloc=//opt/python38/lib/python3.8/ctypes/test/test_pickling.py&path=//opt/python38/lib/python3.8/ctypes/test HTTP/2.0" 200 3063 "https://falcon-ia.com/?path=//opt/python38/lib/python3.8/ctypes/test" "Mozilla/5.0 AppleWebKit/537.36 (KHTML, like Gecko; compatible; GPTBot/1.3; +https://openai.com/gptbot)" 515 **0/515273**
216.73.216.162 - - [28/Mar/2026:07:42:11 -0700] "GET /item/4039807140?fileloc=%2Fhome%2Ffalconiapl2015%2Fpublic_html%2Fwp-includes%2Fjs%2Fzxcvbn.min.js&path=%2Fhome%2Ffalconiapl2015%2Fpublic_html%2Fwp-includes%2Fjs HTTP/2.0" 200 391628 "-" "Mozilla/5.0 AppleWebKit/537.36 (KHTML, like Gecko; compatible; ClaudeBot/1.0; +claudebot@anthropic.com)" 735 **0/735691**
74.7.227.0 - - [28/Mar/2026:07:42:12 -0700] "GET /?fileloc=//opt/python38/lib/python3.8/ctypes/test/test_functions.py&path=//opt/python38/lib/python3.8/ctypes/test HTTP/2.0" 200 4897 "https://falcon-ia.com/?path=//opt/python38/lib/python3.8/ctypes/test" "Mozilla/5.0 AppleWebKit/537.36 (KHTML, like Gecko; compatible; GPTBot/1.3; +https://openai.com/gptbot)" 486 **0/486859**
54.37.252.192 - - [28/Mar/2026:07:42:13 -0700] "GET /?fileloc=/home/falconiapl2015/cache/cache_7e87bab82c74c5880036c73f2eb8411d&path=/home/falconiapl2015/cache HTTP/1.1" 200 2274 "-" "Mozilla/5.0 (compatible; MJ12bot/v1.4.8; http://mj12bot.com/)" 492 **0/492031**
216.73.216.162 - - [28/Mar/2026:07:42:14 -0700] "GET /item/3260945335?fileloc=%2Fhome%2Ffalconiapl2015%2Fpublic_html%2Fwp-admin%2Fsite-health-info.php&path=%2Fhome%2Ffalconiapl2015%2Fpublic_html%2Fwp-admin HTTP/2.0" 200 3816 "-" "Mozilla/5.0 AppleWebKit/537.36 (KHTML, like Gecko; compatible; ClaudeBot/1.0; +claudebot@anthropic.com)" 536 **0/536395**
74.7.227.0 - - [28/Mar/2026:07:42:16 -0700] "GET /?fileloc=//opt/python38/lib/python3.8/ctypes/test/test_parameters.py&path=//opt/python38/lib/python3.8/ctypes/test HTTP/2.0" 200 3966 "https://falcon-ia.com/?path=//opt/python38/lib/python3.8/ctypes/test" "Mozilla/5.0 AppleWebKit/537.36 (KHTML, like Gecko; compatible; GPTBot/1.3; +https://openai.com/gptbot)" 510 **0/510172**
54.37.252.192 - - [28/Mar/2026:07:42:17 -0700] "GET /?fileloc=/home/falconiapl2015/cache/cache_85daced7c4de2f5a2c332a7d8a7a3803&path=/home/falconiapl2015/cache HTTP/1.1" 200 2286 "-" "Mozilla/5.0 (compatible; MJ12bot/v1.4.8; http://mj12bot.com/)" 519 **0/519277**
216.73.216.162 - - [28/Mar/2026:07:42:17 -0700] "GET /item/4039807140?fileloc=%2Fhome%2Ffalconiapl2015%2Fpublic_html%2Fwp-includes%2Fjs%2Ftwemoji.js&path=%2Fhome%2Ffalconiapl2015%2Fpublic_html%2Fwp-includes%2Fjs HTTP/2.0" 200 10671 "-" "Mozilla/5.0 AppleWebKit/537.36 (KHTML, like Gecko; compatible; ClaudeBot/1.0; +claudebot@anthropic.com)" 510 **0/510449**
74.7.227.0 - - [28/Mar/2026:07:42:19 -0700] "GET /?fileloc=//opt/python38/lib/python3.8/ctypes/test/test_callbacks.py&path=//opt/python38/lib/python3.8/ctypes/test HTTP/2.0" 200 5160 "https://falcon-ia.com/?path=//opt/python38/lib/python3.8/ctypes/test" "Mozilla/5.0 AppleWebKit/537.36 (KHTML, like Gecko; compatible; GPTBot/1.3; +https://openai.com/gptbot)" 497 **0/497956**
216.73.216.162 - - [28/Mar/2026:07:42:20 -0700] "GET /item/4039807140?fileloc=%2Fhome%2Ffalconiapl2015%2Fpublic_html%2Fwp-includes%2Fjs%2Fheartbeat.min.js&path=%2Fhome%2Ffalconiapl2015%2Fpublic_html%2Fwp-includes%2Fjs HTTP/2.0" 200 4331 "-" "Mozilla/5.0 AppleWebKit/537.36 (KHTML, like Gecko; compatible; ClaudeBot/1.0; +claudebot@anthropic.com)" 530 **0/530742**
54.37.252.192 - - [28/Mar/2026:07:42:21 -0700] "GET /?fileloc=/home/falconiapl2015/cache/cache_88fe3e857568fcca43bc8e910a6fea9c&path=/home/falconiapl2015/cache HTTP/1.1" 200 2273 "-" "Mozilla/5.0 (compatible; MJ12bot/v1.4.8; http://mj12bot.com/)" 519 **0/519772**
74.7.227.0 - - [28/Mar/2026:07:42:22 -0700] "GET /?fileloc=//opt/python38/lib/python3.8/ctypes/test/test_unaligned_structures.py&path=//opt/python38/lib/python3.8/ctypes/test HTTP/2.0" 200 2671 "https://falcon-ia.com/?path=//opt/python38/lib/python3.8/ctypes/test" "Mozilla/5.0 AppleWebKit/537.36 (KHTML, like Gecko; compatible; GPTBot/1.3; +https://openai.com/gptbot)" 489 **0/489957**
216.73.216.162 - - [28/Mar/2026:07:42:23 -0700] "GET /item/2829936279?fileloc=%2Fhome%2Ffalconiapl2015%2Fpublic_html%2Fwp-includes%2Fjs%2Fwp-emoji-release.min.js&path=%2Fhome%2Ffalconiapl2015%2Fpublic_html%2Fwp-includes%2Fjs HTTP/2.0" 200 7360 "-" "Mozilla/5.0 AppleWebKit/537.36 (KHTML, like Gecko; compatible; ClaudeBot/1.0; +claudebot@anthropic.com)" 493 **0/493483**
54.37.252.192 - - [28/Mar/2026:07:42:25 -0700] "GET /?fileloc=/home/falconiapl2015/cache/cache_89a9c709ccf5372edf3287a015daa1b8&path=/home/falconiapl2015/cache HTTP/1.1" 200 2274 "-" "Mozilla/5.0 (compatible; MJ12bot/v1.4.8; http://mj12bot.com/)" 497 **0/497708**
74.7.227.0 - - [28/Mar/2026:07:42:25 -0700] "GET /?fileloc=//run/cagefs/utmp&path=//run/cagefs HTTP/2.0" 200 2248 "https://falcon-ia.com/?path=//run/cagefs" "Mozilla/5.0 AppleWebKit/537.36 (KHTML, like Gecko; compatible; GPTBot/1.3; +https://openai.com/gptbot)" 498 **0/498159**
216.73.216.162 - - [28/Mar/2026:07:42:26 -0700] "GET /item/2628369433?fileloc=%2Fhome%2Ffalconiapl2015%2Fpublic_html%2Fwp-admin%2Fsite-health.php&path=%2Fhome%2Ffalconiapl2015%2Fpublic_html%2Fwp-admin HTTP/2.0" 200 5777 "-" "Mozilla/5.0 AppleWebKit/537.36 (KHTML, like Gecko; compatible; ClaudeBot/1.0; +claudebot@anthropic.com)" 530 **0/530767**
74.7.227.0 - - [28/Mar/2026:07:42:28 -0700] "GET /?path=//usr/lib64/python2.7/Demo/zlib HTTP/2.0" 200 2733 "https://falcon-ia.com/?path=//usr/lib64/python2.7/Demo" "Mozilla/5.0 AppleWebKit/537.36 (KHTML, like Gecko; compatible; GPTBot/1.3; +https://openai.com/gptbot)" 508 **0/508844**
216.73.216.162 - - [28/Mar/2026:07:42:29 -0700] "GET /item/2990729319?fileloc=%2Fhome%2Ffalconiapl2015%2Fpublic_html%2Fwp-admin%2Fjs%2Fxfn.min.js&path=%2Fhome%2Ffalconiapl2015%2Fpublic_html%2Fwp-admin%2Fjs HTTP/2.0" 200 2518 "-" "Mozilla/5.0 AppleWebKit/537.36 (KHTML, like Gecko; compatible; ClaudeBot/1.0; +claudebot@anthropic.com)" 527 **0/527885**
54.37.252.192 - - [28/Mar/2026:07:42:29 -0700] "GET /?fileloc=/home/falconiapl2015/cache/cache_8a5d865c31f873fa7e7cc1aa987a0bac&path=/home/falconiapl2015/cache HTTP/1.1" 200 2274 "-" "Mozilla/5.0 (compatible; MJ12bot/v1.4.8; http://mj12bot.com/)" 505 **0/505880**
74.7.227.0 - - [28/Mar/2026:07:42:32 -0700] "GET /?path=//lib/modules/4.18.0-553.94.1.lve.el8.x86_64/kernel/sound/usb/line6 HTTP/2.0" 200 2754 "https://falcon-ia.com/?path=//lib/modules/4.18.0-553.94.1.lve.el8.x86_64/kernel/sound/usb" "Mozilla/5.0 AppleWebKit/537.36 (KHTML, like Gecko; compatible; GPTBot/1.3; +https://openai.com/gptbot)" 492 **0/492770**
216.73.216.162 - - [28/Mar/2026:07:42:32 -0700] "GET /item/2632958237?fileloc=%2Fhome%2Ffalconiapl2015%2Fcache%2Fcache_7641b8d7166c074e55ce881a7dd68b9c&path=%2Fhome%2Ffalconiapl2015%2Fcache HTTP/2.0" 403 3449 "-" "Mozilla/5.0 AppleWebKit/537.36 (KHTML, like Gecko; compatible; ClaudeBot/1.0; +claudebot@anthropic.com)" 498 **0/498647**
54.37.252.192 - - [28/Mar/2026:07:42:34 -0700] "GET /?fileloc=/home/falconiapl2015/cache/cache_8c1e2d0573ed1f99fd247768110f872f&path=/home/falconiapl2015/cache HTTP/1.1" 200 2286 "-" "Mozilla/5.0 (compatible; MJ12bot/v1.4.8; http://mj12bot.com/)" 493 **0/493271**
74.7.227.0 - - [28/Mar/2026:07:42:35 -0700] "GET /?path=//usr/lib64/cmake/libxml2 HTTP/2.0" 200 2589 "https://falcon-ia.com/?path=//usr/lib64/cmake" "Mozilla/5.0 AppleWebKit/537.36 (KHTML, like Gecko; compatible; GPTBot/1.3; +https://openai.com/gptbot)" 520 **0/520713**
216.73.216.162 - - [28/Mar/2026:07:42:35 -0700] "GET /item/3229684757?fileloc=%2Fhome%2Ffalconiapl2015%2Fpublic_html%2Fwp-includes%2Fpomo%2F.htaccess&path=%2Fhome%2Ffalconiapl2015%2Fpublic_html%2Fwp-includes%2Fpomo HTTP/2.0" 403 3449 "-" "Mozilla/5.0 AppleWebKit/537.36 (KHTML, like Gecko; compatible; ClaudeBot/1.0; +claudebot@anthropic.com)" 501 **0/501894**
54.37.252.192 - - [28/Mar/2026:07:42:38 -0700] "GET /?fileloc=/home/falconiapl2015/cache/cache_8c38543e19aeac167d7e804ff36dcadb&path=/home/falconiapl2015/cache HTTP/1.1" 200 2273 "-" "Mozilla/5.0 (compatible; MJ12bot/v1.4.8; http://mj12bot.com/)" 485 **0/485076**
74.7.227.0 - - [28/Mar/2026:07:42:38 -0700] "GET /?path=//opt/alt/python37/lib64/python3.7/xml HTTP/2.0" 200 2793 "https://falcon-ia.com/?path=//opt/alt/python37/lib64/python3.7" "Mozilla/5.0 AppleWebKit/537.36 (KHTML, like Gecko; compatible; GPTBot/1.3; +https://openai.com/gptbot)" 498 **0/498922**
216.73.216.162 - - [28/Mar/2026:07:42:38 -0700] "GET /item/2632958237?fileloc=%2Fhome%2Ffalconiapl2015%2Fcache%2Fcache_eb7dd63d07b8bad352d8f0bf50ee54d0&path=%2Fhome%2Ffalconiapl2015%2Fcache HTTP/2.0" 403 3449 "-" "Mozilla/5.0 AppleWebKit/537.36 (KHTML, like Gecko; compatible; ClaudeBot/1.0; +claudebot@anthropic.com)" 501 **0/501589**
74.7.227.0 - - [28/Mar/2026:07:42:41 -0700] "GET /?path=//opt/alt/python36/lib64/python3.6/xml HTTP/2.0" 200 2791 "https://falcon-ia.com/?path=//opt/alt/python36/lib64/python3.6" "Mozilla/5.0 AppleWebKit/537.36 (KHTML, like Gecko; compatible; GPTBot/1.3; +https://openai.com/gptbot)" 510 **0/510167**
216.73.216.162 - - [28/Mar/2026:07:42:41 -0700] "GET /item/4039807140?fileloc=%2Fhome%2Ffalconiapl2015%2Fpublic_html%2Fwp-includes%2Fjs%2Fmedia-views.min.js&path=%2Fhome%2Ffalconiapl2015%2Fpublic_html%2Fwp-includes%2Fjs HTTP/2.0" 403 3449 "-" "Mozilla/5.0 AppleWebKit/537.36 (KHTML, like Gecko; compatible; ClaudeBot/1.0; +claudebot@anthropic.com)" 494 **0/494788**
54.37.252.192 - - [28/Mar/2026:07:42:42 -0700] "GET /?fileloc=/home/falconiapl2015/cache/cache_8c8e788cebc63413d300e711b2ddae43&path=/home/falconiapl2015/cache HTTP/1.1" 200 2288 "-" "Mozilla/5.0 (compatible; MJ12bot/v1.4.8; http://mj12bot.com/)" 489 **0/489990**
216.73.216.162 - - [28/Mar/2026:07:42:44 -0700] "GET /item/3211466970?fileloc=%2Fhome%2Ffalconiapl2015%2Fpublic_html%2Fwp-includes%2Ffonts%2F.htaccess&path=%2Fhome%2Ffalconiapl2015%2Fpublic_html%2Fwp-includes%2Ffonts HTTP/2.0" 403 3449 "-" "Mozilla/5.0 AppleWebKit/537.36 (KHTML, like Gecko; compatible; ClaudeBot/1.0; +claudebot@anthropic.com)" 498 **0/498809**
74.7.227.0 - - [28/Mar/2026:07:42:44 -0700] "GET /?path=//opt/alt/python38/lib64/python3.8/xml HTTP/2.0" 200 2791 "https://falcon-ia.com/?path=//opt/alt/python38/lib64/python3.8" "Mozilla/5.0 AppleWebKit/537.36 (KHTML, like Gecko; compatible; GPTBot/1.3; +https://openai.com/gptbot)" 524 **0/524409**
54.37.252.192 - - [28/Mar/2026:07:42:46 -0700] "GET /?fileloc=/home/falconiapl2015/cache/cache_8f06c2515c349e908e9e70dec7a04ab5&path=/home/falconiapl2015/cache HTTP/1.1" 200 2276 "-" "Mozilla/5.0 (compatible; MJ12bot/v1.4.8; http://mj12bot.com/)" 499 **0/499369**
216.73.216.162 - - [28/Mar/2026:07:42:47 -0700] "GET /item/2829936279?fileloc=%2Fhome%2Ffalconiapl2015%2Fpublic_html%2Fwp-includes%2Fjs%2Fcolorpicker.min.js&path=%2Fhome%2Ffalconiapl2015%2Fpublic_html%2Fwp-includes%2Fjs HTTP/2.0" 403 3449 "-" "Mozilla/5.0 AppleWebKit/537.36 (KHTML, like Gecko; compatible; ClaudeBot/1.0; +claudebot@anthropic.com)" 513 **0/513890**
74.7.227.0 - - [28/Mar/2026:07:42:47 -0700] "GET /?path=//opt/alt/python34/lib64/python3.4/xml HTTP/2.0" 200 2791 "https://falcon-ia.com/?path=//opt/alt/python34/lib64/python3.4" "Mozilla/5.0 AppleWebKit/537.36 (KHTML, like Gecko; compatible; GPTBot/1.3; +https://openai.com/gptbot)" 507 **0/507030**
51.195.215.106 - - [28/Mar/2026:07:42:49 -0700] "GET /commodity/gray/beers17205271488 HTTP/2.0" 200 3449 "-" "Mozilla/5.0 (compatible; AhrefsBot/7.0; +http://ahrefs.com/robot/)" 479 **0/479577**
54.37.252.192 - - [28/Mar/2026:07:42:50 -0700] "GET /?fileloc=/home/falconiapl2015/cache/cache_8fc65c16db2ff626a20c73ef89c054c9&path=/home/falconiapl2015/cache HTTP/1.1" 200 2274 "-" "Mozilla/5.0 (compatible; MJ12bot/v1.4.8; http://mj12bot.com/)" 529 **0/529429**
216.73.216.162 - - [28/Mar/2026:07:42:50 -0700] "GET /item/1800614876?fileloc=%2Fhome%2Ffalconiapl2015%2Fpublic_html%2F.easyssl_backup%2F.htaccess&path=%2Fhome%2Ffalconiapl2015%2Fpublic_html%2F.easyssl_backup HTTP/2.0" 403 3449 "-" "Mozilla/5.0 AppleWebKit/537.36 (KHTML, like Gecko; compatible; ClaudeBot/1.0; +claudebot@anthropic.com)" 489 **0/489665**
74.7.227.0 - - [28/Mar/2026:07:42:51 -0700] "GET /?path=//opt/alt/python27/lib64/python2.7/xml HTTP/2.0" 200 2801 "https://falcon-ia.com/?path=//opt/alt/python27/lib64/python2.7" "Mozilla/5.0 AppleWebKit/537.36 (KHTML, like Gecko; compatible; GPTBot/1.3; +https://openai.com/gptbot)" 499 **0/499326**
216.73.216.162 - - [28/Mar/2026:07:42:53 -0700] "GET /item/2580943736?path=%2Fhome%2Ffalconiapl2015%2Fmail%2F.gayathrijois%40falcon-ia_com%2Ftmp HTTP/2.0" 403 3449 "-" "Mozilla/5.0 AppleWebKit/537.36 (KHTML, like Gecko; compatible; ClaudeBot/1.0; +claudebot@anthropic.com)" 535 **0/535871**
74.7.227.0 - - [28/Mar/2026:07:42:54 -0700] "GET /?path=//opt/alt/python39/lib64/python3.9/xml HTTP/2.0" 200 2792 "https://falcon-ia.com/?path=//opt/alt/python39/lib64/python3.9" "Mozilla/5.0 AppleWebKit/537.36 (KHTML, like Gecko; compatible; GPTBot/1.3; +https://openai.com/gptbot)" 507 **0/507919**
54.37.252.192 - - [28/Mar/2026:07:42:54 -0700] "GET /?fileloc=/home/falconiapl2015/cache/cache_92090c902bdcc6e13e9b84a966a8e3bc&path=/home/falconiapl2015/cache HTTP/1.1" 200 2273 "-" "Mozilla/5.0 (compatible; MJ12bot/v1.4.8; http://mj12bot.com/)" 515 **0/515181**
74.7.227.0 - - [28/Mar/2026:07:42:57 -0700] "GET /?path=//opt/alt/python35/lib64/python3.5/xml HTTP/2.0" 200 2791 "https://falcon-ia.com/?path=//opt/alt/python35/lib64/python3.5" "Mozilla/5.0 AppleWebKit/537.36 (KHTML, like Gecko; compatible; GPTBot/1.3; +https://openai.com/gptbot)" 515 **0/515998**
216.73.216.162 - - [28/Mar/2026:07:42:58 -0700] "GET /item/259916815?fileloc=%2Fhome%2Ffalconiapl2015%2Fwww%2F.tmb%2Fl1_d3AtY29udGVudC90aGVtZXMvbmV4Z2VuL3NjcmVlbnNob3QucG5n1710347110.png&path=%2Fhome%2Ffalconiapl2015%2Fwww%2F.tmb HTTP/2.0" 403 3449 "-" "Mozilla/5.0 AppleWebKit/537.36 (KHTML, like Gecko; compatible; ClaudeBot/1.0; +claudebot@anthropic.com)" 506 **0/506861**
54.37.252.192 - - [28/Mar/2026:07:42:58 -0700] "GET /?fileloc=/home/falconiapl2015/cache/cache_94e897f8be00f283c9c73fd30d5bed22&path=/home/falconiapl2015/cache HTTP/1.1" 200 2273 "-" "Mozilla/5.0 (compatible; MJ12bot/v1.4.8; http://mj12bot.com/)" 524 **0/524668**
74.7.227.0 - - [28/Mar/2026:07:43:00 -0700] "GET /?path=//opt/alt/python33/lib64/python3.3/xml HTTP/2.0" 200 2791 "https://falcon-ia.com/?path=//opt/alt/python33/lib64/python3.3" "Mozilla/5.0 AppleWebKit/537.36 (KHTML, like Gecko; compatible; GPTBot/1.3; +https://openai.com/gptbot)" 542 **0/542682**
216.73.216.162 - - [28/Mar/2026:07:43:01 -0700] "GET /item/2580943736?fileloc=%2Fhome%2Ffalconiapl2015%2Fmail%2F.gayathrijois%40falcon-ia_com%2Fdovecot-quota&path=%2Fhome%2Ffalconiapl2015%2Fmail%2F.gayathrijois%40falcon-ia_com HTTP/2.0" 403 3449 "-" "Mozilla/5.0 AppleWebKit/537.36 (KHTML, like Gecko; compatible; ClaudeBot/1.0; +claudebot@anthropic.com)" 548 **0/548075**
54.37.252.192 - - [28/Mar/2026:07:43:03 -0700] "GET /?fileloc=/home/falconiapl2015/cache/cache_94ec62b43cf06d244ab041479fed4752&path=/home/falconiapl2015/cache HTTP/1.1" 200 2275 "-" "Mozilla/5.0 (compatible; MJ12bot/v1.4.8; http://mj12bot.com/)" 535 **0/535160**
74.7.227.0 - - [28/Mar/2026:07:43:03 -0700] "GET /?path=//opt/alt/tests/alt-php54-pecl-memcache_3.0.9-1.4991c2f.el8/tests HTTP/2.0" 200 3843 "https://falcon-ia.com/?path=//opt/alt/tests/alt-php54-pecl-memcache_3.0.9-1.4991c2f.el8" "Mozilla/5.0 AppleWebKit/537.36 (KHTML, like Gecko; compatible; GPTBot/1.3; +https://openai.com/gptbot)" 532 **0/532607**
216.73.216.162 - - [28/Mar/2026:07:43:04 -0700] "GET /item/2580943736?fileloc=%2Fhome%2Ffalconiapl2015%2Fmail%2F.gayathrijois%40falcon-ia_com%2Fdovecot.list.index.log&path=%2Fhome%2Ffalconiapl2015%2Fmail%2F.gayathrijois%40falcon-ia_com HTTP/2.0" 403 3449 "-" "Mozilla/5.0 AppleWebKit/537.36 (KHTML, like Gecko; compatible; ClaudeBot/1.0; +claudebot@anthropic.com)" 524 **0/524133**
74.7.227.0 - - [28/Mar/2026:07:43:06 -0700] "GET /?path=//opt/alt/python34/lib64/python3.4/site-packages/__pycache__ HTTP/2.0" 200 2369 "https://falcon-ia.com/?path=//opt/alt/python34/lib64/python3.4/site-packages" "Mozilla/5.0 AppleWebKit/537.36 (KHTML, like Gecko; compatible; GPTBot/1.3; +https://openai.com/gptbot)" 505 **0/505005**
216.73.216.162 - - [28/Mar/2026:07:43:07 -0700] "GET /item/2580943736?fileloc=%2Fhome%2Ffalconiapl2015%2Fmail%2F.gayathrijois%40falcon-ia_com%2Fdovecot-uidlist&path=%2Fhome%2Ffalconiapl2015%2Fmail%2F.gayathrijois%40falcon-ia_com HTTP/2.0" 403 3449 "-" "Mozilla/5.0 AppleWebKit/537.36 (KHTML, like Gecko; compatible; ClaudeBot/1.0; +claudebot@anthropic.com)" 569 **0/569752**
54.37.252.192 - - [28/Mar/2026:07:43:07 -0700] "GET /?fileloc=/home/falconiapl2015/cache/cache_96112a99e1a12d44f8aee2827e33444e&path=/home/falconiapl2015/cache HTTP/1.1" 200 2273 "-" "Mozilla/5.0 (compatible; MJ12bot/v1.4.8; http://mj12bot.com/)" 529 **0/529056**
74.7.227.0 - - [28/Mar/2026:07:43:09 -0700] "GET /?path=//opt/alt/python36/lib64/python3.6/site-packages/__pycache__ HTTP/2.0" 200 2370 "https://falcon-ia.com/?path=//opt/alt/python36/lib64/python3.6/site-packages" "Mozilla/5.0 AppleWebKit/537.36 (KHTML, like Gecko; compatible; GPTBot/1.3; +https://openai.com/gptbot)" 513 **0/513055**
216.73.216.162 - - [28/Mar/2026:07:43:10 -0700] "GET /item/2580943736?fileloc=%2Fhome%2Ffalconiapl2015%2Fmail%2F.gayathrijois%40falcon-ia_com%2Fmaildirsize&path=%2Fhome%2Ffalconiapl2015%2Fmail%2F.gayathrijois%40falcon-ia_com HTTP/2.0" 403 3449 "-" "Mozilla/5.0 AppleWebKit/537.36 (KHTML, like Gecko; compatible; ClaudeBot/1.0; +claudebot@anthropic.com)" 506 **0/506529**
54.37.252.192 - - [28/Mar/2026:07:43:11 -0700] "GET /?fileloc=/home/falconiapl2015/cache/cache_9eeff48d0d3bcc8ef8c2f3b4bb7e6640&path=/home/falconiapl2015/cache HTTP/1.1" 200 2273 "-" "Mozilla/5.0 (compatible; MJ12bot/v1.4.8; http://mj12bot.com/)" 487 **0/487860**
74.7.227.0 - - [28/Mar/2026:07:43:12 -0700] "GET /?path=//opt/alt/python37/lib64/python3.7/xml/__pycache__ HTTP/2.0" 200 2683 "https://falcon-ia.com/?path=//opt/alt/python37/lib64/python3.7/xml" "Mozilla/5.0 AppleWebKit/537.36 (KHTML, like Gecko; compatible; GPTBot/1.3; +https://openai.com/gptbot)" 521 **0/521347**
216.73.216.162 - - [28/Mar/2026:07:43:13 -0700] "GET /item/2580943736?fileloc=%2Fhome%2Ffalconiapl2015%2Fmail%2F.gayathrijois%40falcon-ia_com%2Fdovecot.index&path=%2Fhome%2Ffalconiapl2015%2Fmail%2F.gayathrijois%40falcon-ia_com HTTP/2.0" 200 2408 "-" "Mozilla/5.0 AppleWebKit/537.36 (KHTML, like Gecko; compatible; ClaudeBot/1.0; +claudebot@anthropic.com)" 501 **0/501484**
54.37.252.192 - - [28/Mar/2026:07:43:15 -0700] "GET /?fileloc=/home/falconiapl2015/cache/cache_9f008905c25fd8dcd56eb755b98c2143&path=/home/falconiapl2015/cache HTTP/1.1" 200 2274 "-" "Mozilla/5.0 (compatible; MJ12bot/v1.4.8; http://mj12bot.com/)" 507 **0/507770**
74.7.227.0 - - [28/Mar/2026:07:43:16 -0700] "GET /?fileloc=//opt/alt/python37/lib64/python3.7/xml/__init__.py&path=//opt/alt/python37/lib64/python3.7/xml HTTP/2.0" 200 2612 "https://falcon-ia.com/?path=//opt/alt/python37/lib64/python3.7/xml" "Mozilla/5.0 AppleWebKit/537.36 (KHTML, like Gecko; compatible; GPTBot/1.3; +https://openai.com/gptbot)" 510 **0/510123**
216.73.216.162 - - [28/Mar/2026:07:43:16 -0700] "GET /item/2580943736?fileloc=%2Fhome%2Ffalconiapl2015%2Fmail%2F.gayathrijois%40falcon-ia_com%2Fdovecot.index.log&path=%2Fhome%2Ffalconiapl2015%2Fmail%2F.gayathrijois%40falcon-ia_com HTTP/2.0" 200 2404 "-" "Mozilla/5.0 AppleWebKit/537.36 (KHTML, like Gecko; compatible; ClaudeBot/1.0; +claudebot@anthropic.com)" 501 **0/501394**
74.7.227.0 - - [28/Mar/2026:07:43:19 -0700] "GET /?fileloc=//opt/alt/python38/lib64/python3.8/xml/__init__.py&path=//opt/alt/python38/lib64/python3.8/xml HTTP/2.0" 200 2611 "https://falcon-ia.com/?path=//opt/alt/python38/lib64/python3.8/xml" "Mozilla/5.0 AppleWebKit/537.36 (KHTML, like Gecko; compatible; GPTBot/1.3; +https://openai.com/gptbot)" 508 **0/508480**
216.73.216.162 - - [28/Mar/2026:07:43:19 -0700] "GET /item/2580943736?fileloc=%2Fhome%2Ffalconiapl2015%2Fmail%2F.gayathrijois%40falcon-ia_com%2Fdovecot.index.log.2&path=%2Fhome%2Ffalconiapl2015%2Fmail%2F.gayathrijois%40falcon-ia_com HTTP/2.0" 200 2499 "-" "Mozilla/5.0 AppleWebKit/537.36 (KHTML, like Gecko; compatible; ClaudeBot/1.0; +claudebot@anthropic.com)" 512 **0/512627**
54.37.252.192 - - [28/Mar/2026:07:43:20 -0700] "GET /?fileloc=/home/falconiapl2015/cache/cache_a0365f20c3cbcaf315bd0f08dbbbc9bf&path=/home/falconiapl2015/cache HTTP/1.1" 200 2272 "-" "Mozilla/5.0 (compatible; MJ12bot/v1.4.8; http://mj12bot.com/)" 491 **0/491053**
74.7.227.0 - - [28/Mar/2026:07:43:22 -0700] "GET /?fileloc=//opt/alt/python34/lib64/python3.4/xml/__init__.py&path=//opt/alt/python34/lib64/python3.4/xml HTTP/2.0" 200 2610 "https://falcon-ia.com/?path=//opt/alt/python34/lib64/python3.4/xml" "Mozilla/5.0 AppleWebKit/537.36 (KHTML, like Gecko; compatible; GPTBot/1.3; +https://openai.com/gptbot)" 517 **0/517899**
216.73.216.162 - - [28/Mar/2026:07:43:23 -0700] "GET /item/4281127883?fileloc=%2Fhome%2Ffalconiapl2015%2Fpublic_html%2Fwp-admin%2Fms-options.php&path=%2Fhome%2Ffalconiapl2015%2Fpublic_html%2Fwp-admin HTTP/2.0" 200 2410 "-" "Mozilla/5.0 AppleWebKit/537.36 (KHTML, like Gecko; compatible; ClaudeBot/1.0; +claudebot@anthropic.com)" 487 **0/487728**
54.37.252.192 - - [28/Mar/2026:07:43:24 -0700] "GET /?fileloc=/home/falconiapl2015/cache/cache_a3150f71de25b73c331b3ff4b9b011d0&path=/home/falconiapl2015/cache HTTP/1.1" 200 2273 "-" "Mozilla/5.0 (compatible; MJ12bot/v1.4.8; http://mj12bot.com/)" 492 **0/492731**
74.7.227.0 - - [28/Mar/2026:07:43:25 -0700] "GET /?fileloc=//opt/alt/python27/lib64/python2.7/xml/__init__.py&path=//opt/alt/python27/lib64/python2.7/xml HTTP/2.0" 200 2800 "https://falcon-ia.com/?path=//opt/alt/python27/lib64/python2.7/xml" "Mozilla/5.0 AppleWebKit/537.36 (KHTML, like Gecko; compatible; GPTBot/1.3; +https://openai.com/gptbot)" 526 **0/526326**
216.73.216.162 - - [28/Mar/2026:07:43:25 -0700] "GET /item/2393749895?fileloc=%2Fhome%2Ffalconiapl2015%2Fpublic_html%2Fwp-includes%2Ferror-protection.php&path=%2Fhome%2Ffalconiapl2015%2Fpublic_html%2Fwp-includes HTTP/2.0" 200 3646 "-" "Mozilla/5.0 AppleWebKit/537.36 (KHTML, like Gecko; compatible; ClaudeBot/1.0; +claudebot@anthropic.com)" 514 **0/514012**
54.37.252.192 - - [28/Mar/2026:07:43:28 -0700] "GET /?fileloc=/home/falconiapl2015/cache/cache_a589374ac8962fca459e023f347cfcbb&path=/home/falconiapl2015/cache HTTP/1.1" 200 2274 "-" "Mozilla/5.0 (compatible; MJ12bot/v1.4.8; http://mj12bot.com/)" 516 **0/516503**
216.73.216.162 - - [28/Mar/2026:07:43:28 -0700] "GET /item/2105062828?fileloc=%2Fhome%2Ffalconiapl2015%2Fpublic_html%2Fwp-includes%2Fformatting.php&path=%2Fhome%2Ffalconiapl2015%2Fpublic_html%2Fwp-includes HTTP/2.0" 200 61910 "-" "Mozilla/5.0 AppleWebKit/537.36 (KHTML, like Gecko; compatible; ClaudeBot/1.0; +claudebot@anthropic.com)" 534 **0/534658**
74.7.227.0 - - [28/Mar/2026:07:43:28 -0700] "GET /?fileloc=//opt/alt/python39/lib64/python3.9/xml/__init__.py&path=//opt/alt/python39/lib64/python3.9/xml HTTP/2.0" 200 2612 "https://falcon-ia.com/?path=//opt/alt/python39/lib64/python3.9/xml" "Mozilla/5.0 AppleWebKit/537.36 (KHTML, like Gecko; compatible; GPTBot/1.3; +https://openai.com/gptbot)" 495 **0/495954**
216.73.216.162 - - [28/Mar/2026:07:43:31 -0700] "GET /item/2075836091?fileloc=%2Fhome%2Ffalconiapl2015%2Fpublic_html%2Fwp-admin%2Flink-parse-opml.php&path=%2Fhome%2Ffalconiapl2015%2Fpublic_html%2Fwp-admin HTTP/2.0" 200 3287 "-" "Mozilla/5.0 AppleWebKit/537.36 (KHTML, like Gecko; compatible; ClaudeBot/1.0; +claudebot@anthropic.com)" 515 **0/515980**
74.7.227.0 - - [28/Mar/2026:07:43:31 -0700] "GET /?fileloc=//opt/alt/python35/lib64/python3.5/xml/__init__.py&path=//opt/alt/python35/lib64/python3.5/xml HTTP/2.0" 200 2611 "https://falcon-ia.com/?path=//opt/alt/python35/lib64/python3.5/xml" "Mozilla/5.0 AppleWebKit/537.36 (KHTML, like Gecko; compatible; GPTBot/1.3; +https://openai.com/gptbot)" 486 **0/486808**
54.37.252.192 - - [28/Mar/2026:07:43:32 -0700] "GET /?fileloc=/home/falconiapl2015/cache/cache_a67927f6753b9a7dbd5c2d8b322b1b77&path=/home/falconiapl2015/cache HTTP/1.1" 200 2277 "-" "Mozilla/5.0 (compatible; MJ12bot/v1.4.8; http://mj12bot.com/)" 502 **0/502171**
216.73.216.162 - - [28/Mar/2026:07:43:34 -0700] "GET /item/2393749895?fileloc=%2Fhome%2Ffalconiapl2015%2Fpublic_html%2Fwp-includes%2Ffeed.php&path=%2Fhome%2Ffalconiapl2015%2Fpublic_html%2Fwp-includes HTTP/2.0" 200 8774 "-" "Mozilla/5.0 AppleWebKit/537.36 (KHTML, like Gecko; compatible; ClaudeBot/1.0; +claudebot@anthropic.com)" 526 **0/526721**
74.7.227.0 - - [28/Mar/2026:07:43:35 -0700] "GET /?fileloc=//opt/alt/python27/lib64/python2.7/xml/__init__.pyo&path=//opt/alt/python27/lib64/python2.7/xml HTTP/2.0" 200 2980 "https://falcon-ia.com/?path=//opt/alt/python27/lib64/python2.7/xml" "Mozilla/5.0 AppleWebKit/537.36 (KHTML, like Gecko; compatible; GPTBot/1.3; +https://openai.com/gptbot)" 516 **0/516620**
54.37.252.192 - - [28/Mar/2026:07:43:36 -0700] "GET /?fileloc=/home/falconiapl2015/cache/cache_a9d87a07399912b28239124d0fcf7d6d&path=/home/falconiapl2015/cache HTTP/1.1" 200 2274 "-" "Mozilla/5.0 (compatible; MJ12bot/v1.4.8; http://mj12bot.com/)" 496 **0/496924**
216.73.216.162 - - [28/Mar/2026:07:43:37 -0700] "GET /item/3502849983?fileloc=%2Fhome%2Ffalconiapl2015%2Fpublic_html%2Fwp-includes%2Ffeed-rss2.php&path=%2Fhome%2Ffalconiapl2015%2Fpublic_html%2Fwp-includes HTTP/2.0" 200 3652 "-" "Mozilla/5.0 AppleWebKit/537.36 (KHTML, like Gecko; compatible; ClaudeBot/1.0; +claudebot@anthropic.com)" 509 **0/509685**
74.7.227.0 - - [28/Mar/2026:07:43:38 -0700] "GET /?fileloc=//opt/alt/python27/lib64/python2.7/xml/__init__.pyc&path=//opt/alt/python27/lib64/python2.7/xml HTTP/2.0" 200 2980 "https://falcon-ia.com/?path=//opt/alt/python27/lib64/python2.7/xml" "Mozilla/5.0 AppleWebKit/537.36 (KHTML, like Gecko; compatible; GPTBot/1.3; +https://openai.com/gptbot)" 506 **0/506186**
54.37.252.192 - - [28/Mar/2026:07:43:40 -0700] "GET /?fileloc=/home/falconiapl2015/cache/cache_abf0eb37a88eb7f1aef49a4432afc98e&path=/home/falconiapl2015/cache HTTP/1.1" 200 2273 "-" "Mozilla/5.0 (compatible; MJ12bot/v1.4.8; http://mj12bot.com/)" 497 **0/497712**
216.73.216.162 - - [28/Mar/2026:07:43:40 -0700] "GET /item/3476806371?fileloc=%2Fhome%2Ffalconiapl2015%2Fpublic_html%2Fwp-includes%2Fclass-simplepie.php&path=%2Fhome%2Ffalconiapl2015%2Fpublic_html%2Fwp-includes HTTP/2.0" 200 2531 "-" "Mozilla/5.0 AppleWebKit/537.36 (KHTML, like Gecko; compatible; ClaudeBot/1.0; +claudebot@anthropic.com)" 510 **0/510127**
74.7.227.0 - - [28/Mar/2026:07:43:41 -0700] "GET /?fileloc=//opt/alt/python36/lib64/python3.6/xml/__init__.py&path=//opt/alt/python36/lib64/python3.6/xml HTTP/2.0" 200 2611 "https://falcon-ia.com/?path=//opt/alt/python36/lib64/python3.6/xml" "Mozilla/5.0 AppleWebKit/537.36 (KHTML, like Gecko; compatible; GPTBot/1.3; +https://openai.com/gptbot)" 505 **0/505466**
216.73.216.162 - - [28/Mar/2026:07:43:43 -0700] "GET /item/1300209616?fileloc=%2Fhome%2Ffalconiapl2015%2Fpublic_html%2Fwp-admin%2Fterm.php&path=%2Fhome%2Ffalconiapl2015%2Fpublic_html%2Fwp-admin HTTP/2.0" 200 3186 "-" "Mozilla/5.0 AppleWebKit/537.36 (KHTML, like Gecko; compatible; ClaudeBot/1.0; +claudebot@anthropic.com)" 500 **0/500444**
74.7.227.0 - - [28/Mar/2026:07:43:44 -0700] "GET /?fileloc=//opt/alt/python33/lib64/python3.3/xml/__init__.py&path=//opt/alt/python33/lib64/python3.3/xml HTTP/2.0" 200 2611 "https://falcon-ia.com/?path=//opt/alt/python33/lib64/python3.3/xml" "Mozilla/5.0 AppleWebKit/537.36 (KHTML, like Gecko; compatible; GPTBot/1.3; +https://openai.com/gptbot)" 523 **0/523377**
54.37.252.192 - - [28/Mar/2026:07:43:44 -0700] "GET /?fileloc=/home/falconiapl2015/cache/cache_abfb03f43d97cf2922312dd9fae48453&path=/home/falconiapl2015/cache HTTP/1.1" 200 2274 "-" "Mozilla/5.0 (compatible; MJ12bot/v1.4.8; http://mj12bot.com/)" 508 **0/508376**
216.73.216.162 - - [28/Mar/2026:07:43:46 -0700] "GET /item/3476806371?fileloc=%2Fhome%2Ffalconiapl2015%2Fpublic_html%2Fwp-includes%2Ffeed-rss2.php&path=%2Fhome%2Ffalconiapl2015%2Fpublic_html%2Fwp-includes HTTP/2.0" 200 3652 "-" "Mozilla/5.0 AppleWebKit/537.36 (KHTML, like Gecko; compatible; ClaudeBot/1.0; +claudebot@anthropic.com)" 521 **0/521944**
74.7.227.0 - - [28/Mar/2026:07:43:47 -0700] "GET /?fileloc=//usr/libexec/git-core/git-diff-tree&path=//usr/libexec/git-core HTTP/2.0" 200 1603120 "https://falcon-ia.com/?path=//usr/libexec/git-core" "Mozilla/5.0 AppleWebKit/537.36 (KHTML, like Gecko; compatible; GPTBot/1.3; +https://openai.com/gptbot)" 1153 **1/1153537**
54.37.252.192 - - [28/Mar/2026:07:43:49 -0700] "GET /?fileloc=/home/falconiapl2015/cache/cache_acf591f99a8979552b870cfa4c31456b&path=/home/falconiapl2015/cache HTTP/1.1" 200 2274 "-" "Mozilla/5.0 (compatible; MJ12bot/v1.4.8; http://mj12bot.com/)" 517 **0/517989**
216.73.216.162 - - [28/Mar/2026:07:43:49 -0700] "GET /item/3617016351?fileloc=%2Fhome%2Ffalconiapl2015%2Fpublic_html%2Fwp-includes%2Fclass-wp-styles.php&path=%2Fhome%2Ffalconiapl2015%2Fpublic_html%2Fwp-includes HTTP/2.0" 200 5822 "-" "Mozilla/5.0 AppleWebKit/537.36 (KHTML, like Gecko; compatible; ClaudeBot/1.0; +claudebot@anthropic.com)" 519 **0/519576**
85.208.96.209 - - [28/Mar/2026:07:43:51 -0700] "GET /commodity/petition/bournemouth17181234422 HTTP/1.1" 200 3956 "-" "Mozilla/5.0 (compatible; SemrushBot/7~bl; +http://www.semrush.com/bot.html)" 513 **0/513193**
74.7.227.0 - - [28/Mar/2026:07:43:50 -0700] "GET /?fileloc=//usr/libexec/git-core/git-rev-parse&path=//usr/libexec/git-core HTTP/2.0" 200 1603118 "https://falcon-ia.com/?path=//usr/libexec/git-core" "Mozilla/5.0 AppleWebKit/537.36 (KHTML, like Gecko; compatible; GPTBot/1.3; +https://openai.com/gptbot)" 1185 **1/1185528**
216.73.216.162 - - [28/Mar/2026:07:43:52 -0700] "GET /item/2361645411?fileloc=%2Fhome%2Ffalconiapl2015%2Fpublic_html%2Fwp-includes%2Ffunctions.php&path=%2Fhome%2Ffalconiapl2015%2Fpublic_html%2Fwp-includes HTTP/2.0" 200 73253 "-" "Mozilla/5.0 AppleWebKit/537.36 (KHTML, like Gecko; compatible; ClaudeBot/1.0; +claudebot@anthropic.com)" 560 **0/560127**
85.208.96.194 - - [28/Mar/2026:07:43:53 -0700] "GET /robots.txt HTTP/1.1" 200 93 "-" "Mozilla/5.0 (compatible; SemrushBot/7~bl; +http://www.semrush.com/bot.html)" 7 **0/7793**
54.37.252.192 - - [28/Mar/2026:07:43:53 -0700] "GET /?fileloc=/home/falconiapl2015/cache/cache_ad85a7c415dadf93d52c7115c65d2caa&path=/home/falconiapl2015/cache HTTP/1.1" 200 2273 "-" "Mozilla/5.0 (compatible; MJ12bot/v1.4.8; http://mj12bot.com/)" 510 **0/510163**
74.7.227.0 - - [28/Mar/2026:07:43:54 -0700] "GET /?path=//usr/lib64/python3.12/encodings/__pycache__ HTTP/2.0" 200 5554 "https://falcon-ia.com/?path=//usr/lib64/python3.12/encodings" "Mozilla/5.0 AppleWebKit/537.36 (KHTML, like Gecko; compatible; GPTBot/1.3; +https://openai.com/gptbot)" 512 **0/512369**
216.73.216.162 - - [28/Mar/2026:07:43:55 -0700] "GET /item/2550265944?fileloc=%2Fhome%2Ffalconiapl2015%2Fpublic_html%2Fwp-admin%2Fupdate.php&path=%2Fhome%2Ffalconiapl2015%2Fpublic_html%2Fwp-admin HTTP/2.0" 200 4922 "-" "Mozilla/5.0 AppleWebKit/537.36 (KHTML, like Gecko; compatible; ClaudeBot/1.0; +claudebot@anthropic.com)" 494 **0/494998**
85.208.96.209 - - [28/Mar/2026:07:43:56 -0700] "GET /commodity/disciplines/study171985624814 HTTP/1.1" 200 3956 "-" "Mozilla/5.0 (compatible; SemrushBot/7~bl; +http://www.semrush.com/bot.html)" 516 **0/516688**
74.7.227.0 - - [28/Mar/2026:07:43:57 -0700] "GET /?path=//lib64/python3.12/site-packages/__pycache__ HTTP/2.0" 200 2346 "https://falcon-ia.com/?path=//lib64/python3.12/site-packages" "Mozilla/5.0 AppleWebKit/537.36 (KHTML, like Gecko; compatible; GPTBot/1.3; +https://openai.com/gptbot)" 497 **0/497211**
54.37.252.192 - - [28/Mar/2026:07:43:57 -0700] "GET /?fileloc=/home/falconiapl2015/cache/cache_b8b0a452c53b732b86ad4761168e6dcd&path=/home/falconiapl2015/cache HTTP/1.1" 200 2274 "-" "Mozilla/5.0 (compatible; MJ12bot/v1.4.8; http://mj12bot.com/)" 496 **0/496392**
216.73.216.162 - - [28/Mar/2026:07:43:58 -0700] "GET /item/2994365632?fileloc=%2Fhome%2Ffalconiapl2015%2Fpublic_html%2Fwp-includes%2Fclass-wp-application-passwords.php&path=%2Fhome%2Ffalconiapl2015%2Fpublic_html%2Fwp-includes HTTP/2.0" 200 5414 "-" "Mozilla/5.0 AppleWebKit/537.36 (KHTML, like Gecko; compatible; ClaudeBot/1.0; +claudebot@anthropic.com)" 501 **0/501242**
74.7.227.0 - - [28/Mar/2026:07:44:00 -0700] "GET /?fileloc=//usr/include/FlexLexer.h&path=//usr/include HTTP/2.0" 200 4606 "https://falcon-ia.com/?path=//usr/include" "Mozilla/5.0 AppleWebKit/537.36 (KHTML, like Gecko; compatible; GPTBot/1.3; +https://openai.com/gptbot)" 512 **0/512507**
54.37.252.192 - - [28/Mar/2026:07:44:01 -0700] "GET /?fileloc=/home/falconiapl2015/cache/cache_b9325ea1d9dd7449af5f95781625de0a&path=/home/falconiapl2015/cache HTTP/1.1" 200 2274 "-" "Mozilla/5.0 (compatible; MJ12bot/v1.4.8; http://mj12bot.com/)" 611 **0/611581**
74.7.227.0 - - [28/Mar/2026:07:44:03 -0700] "GET /?fileloc=//usr/lib64/libharfbuzz.so.0.10705.0&path=//usr/lib64 HTTP/2.0" 200 244820 "https://falcon-ia.com/?path=//usr/lib64" "Mozilla/5.0 AppleWebKit/537.36 (KHTML, like Gecko; compatible; GPTBot/1.3; +https://openai.com/gptbot)" 645 **0/645799**
216.73.216.162 - - [28/Mar/2026:07:44:04 -0700] "GET /item/4133536724?fileloc=%2Fhome%2Ffalconiapl2015%2Fcache%2Fcache_32f2b5908727072db2de4d258e218b14&path=%2Fhome%2Ffalconiapl2015%2Fcache HTTP/2.0" 200 2274 "-" "Mozilla/5.0 AppleWebKit/537.36 (KHTML, like Gecko; compatible; ClaudeBot/1.0; +claudebot@anthropic.com)" 517 **0/517166**
54.37.252.192 - - [28/Mar/2026:07:44:05 -0700] "GET /?fileloc=/home/falconiapl2015/cache/cache_b95d30c3afcdb024a373b40ecf3f9d93&path=/home/falconiapl2015/cache HTTP/1.1" 200 2273 "-" "Mozilla/5.0 (compatible; MJ12bot/v1.4.8; http://mj12bot.com/)" 489 **0/489306**
114.119.151.172 - - [28/Mar/2026:07:44:06 -0700] "GET /commodity/skiing/andre17179724090?fileloc=/home/falconiapl2015/public_html/robots.txt&path=/home/falconiapl2015/public_html HTTP/1.1" 200 2531 "https://falcon-ia.com/commodity/skiing/andre17179724090" "Mozilla/5.0 (Linux; Android 7.0;) AppleWebKit/537.36 (KHTML, like Gecko) Mobile Safari/537.36 (compatible; PetalBot;+https://webmaster.petalsearch.com/site/petalbot)" 504 **0/504408**
216.73.216.162 - - [28/Mar/2026:07:44:06 -0700] "GET /item/3037404400?path=%2Fhome%2Ffalconiapl2015%2Fpublic_html%2F.well-known%2Facme-challenge HTTP/2.0" 200 2790 "-" "Mozilla/5.0 AppleWebKit/537.36 (KHTML, like Gecko; compatible; ClaudeBot/1.0; +claudebot@anthropic.com)" 509 **0/509345**
74.7.227.0 - - [28/Mar/2026:07:44:06 -0700] "GET /?fileloc=//usr/lib64/libnghttp2.so.14.17.0&path=//usr/lib64 HTTP/2.0" 200 62466 "https://falcon-ia.com/?path=//usr/lib64" "Mozilla/5.0 AppleWebKit/537.36 (KHTML, like Gecko; compatible; GPTBot/1.3; +https://openai.com/gptbot)" 509 **0/509845**
216.73.216.162 - - [28/Mar/2026:07:44:09 -0700] "GET /item/3168022928?fileloc=%2Fhome%2Ffalconiapl2015%2Fpublic_html%2Fwp-admin%2Fimages%2FFyetoj.php&path=%2Fhome%2Ffalconiapl2015%2Fpublic_html%2Fwp-admin%2Fimages HTTP/2.0" 200 2287 "-" "Mozilla/5.0 AppleWebKit/537.36 (KHTML, like Gecko; compatible; ClaudeBot/1.0; +claudebot@anthropic.com)" 498 **0/498982**
54.37.252.192 - - [28/Mar/2026:07:44:09 -0700] "GET /?fileloc=/home/falconiapl2015/cache/cache_bd44b7348de1a63af338998f58a0bb83&path=/home/falconiapl2015/cache HTTP/1.1" 200 2273 "-" "Mozilla/5.0 (compatible; MJ12bot/v1.4.8; http://mj12bot.com/)" 528 **0/528354**
74.7.227.0 - - [28/Mar/2026:07:44:10 -0700] "GET /?fileloc=//lib64/python3.6/test/__init__.py&path=//lib64/python3.6/test HTTP/2.0" 200 2305 "https://falcon-ia.com/?path=//lib64/python3.6/test" "Mozilla/5.0 AppleWebKit/537.36 (KHTML, like Gecko; compatible; GPTBot/1.3; +https://openai.com/gptbot)" 488 **0/488247**
216.73.216.162 - - [28/Mar/2026:07:44:12 -0700] "GET /item/2753823888?fileloc=%2Fhome%2Ffalconiapl2015%2Fpublic_html%2Fgbmfx.php&path=%2Fhome%2Ffalconiapl2015%2Fpublic_html HTTP/2.0" 200 5547 "-" "Mozilla/5.0 AppleWebKit/537.36 (KHTML, like Gecko; compatible; ClaudeBot/1.0; +claudebot@anthropic.com)" 529 **0/529396**
74.7.227.0 - - [28/Mar/2026:07:44:13 -0700] "GET /?path=//lib64/perl5/auto/re HTTP/2.0" 200 2586 "https://falcon-ia.com/?path=//lib64/perl5/auto" "Mozilla/5.0 AppleWebKit/537.36 (KHTML, like Gecko; compatible; GPTBot/1.3; +https://openai.com/gptbot)" 510 **0/510026**
54.37.252.192 - - [28/Mar/2026:07:44:14 -0700] "GET /?fileloc=/home/falconiapl2015/cache/cache_be5da1113ad16c049db9e94cc68d69c6&path=/home/falconiapl2015/cache HTTP/1.1" 200 2274 "-" "Mozilla/5.0 (compatible; MJ12bot/v1.4.8; http://mj12bot.com/)" 499 **0/499570**
216.73.216.162 - - [28/Mar/2026:07:44:15 -0700] "GET /item/2726177427?fileloc=%2Fhome%2Ffalconiapl2015%2Fpublic_html%2Freadme.html&path=%2Fhome%2Ffalconiapl2015%2Fpublic_html HTTP/2.0" 200 5152 "-" "Mozilla/5.0 AppleWebKit/537.36 (KHTML, like Gecko; compatible; ClaudeBot/1.0; +claudebot@anthropic.com)" 515 **0/515496**
74.7.227.0 - - [28/Mar/2026:07:44:16 -0700] "GET /?path=//usr/lib64/perl5/sys HTTP/2.0" 200 2889 "https://falcon-ia.com/?path=//usr/lib64/perl5" "Mozilla/5.0 AppleWebKit/537.36 (KHTML, like Gecko; compatible; GPTBot/1.3; +https://openai.com/gptbot)" 535 **0/535403**
216.73.216.162 - - [28/Mar/2026:07:44:18 -0700] "GET /item/1908398258?fileloc=%2Fhome%2Ffalconiapl2015%2Fcache%2Fcache_bd44b7348de1a63af338998f58a0bb83&path=%2Fhome%2Ffalconiapl2015%2Fcache HTTP/2.0" 200 2273 "-" "Mozilla/5.0 AppleWebKit/537.36 (KHTML, like Gecko; compatible; ClaudeBot/1.0; +claudebot@anthropic.com)" 486 **0/486957**
54.37.252.192 - - [28/Mar/2026:07:44:18 -0700] "GET /?fileloc=/home/falconiapl2015/cache/cache_bf77dd7929a4f33f101adbc844d066e3&path=/home/falconiapl2015/cache HTTP/1.1" 200 2273 "-" "Mozilla/5.0 (compatible; MJ12bot/v1.4.8; http://mj12bot.com/)" 508 **0/508520**
74.7.227.0 - - [28/Mar/2026:07:44:19 -0700] "GET /?fileloc=//lib64/libIex-2_2.so.12&path=//lib64 HTTP/2.0" 200 26271 "https://falcon-ia.com/?path=//lib64" "Mozilla/5.0 AppleWebKit/537.36 (KHTML, like Gecko; compatible; GPTBot/1.3; +https://openai.com/gptbot)" 520 **0/520969**
216.73.216.162 - - [28/Mar/2026:07:44:21 -0700] "GET /item/3185159050?fileloc=%2Fhome%2Ffalconiapl2015%2Fpublic_html%2Freadme.html&path=%2Fhome%2Ffalconiapl2015%2Fpublic_html HTTP/2.0" 200 5152 "-" "Mozilla/5.0 AppleWebKit/537.36 (KHTML, like Gecko; compatible; ClaudeBot/1.0; +claudebot@anthropic.com)" 493 **0/493432**
54.37.252.192 - - [28/Mar/2026:07:44:22 -0700] "GET /?fileloc=/home/falconiapl2015/cache/cache_c183afe74791aeca517c04e8fa5a77fe&path=/home/falconiapl2015/cache HTTP/1.1" 200 2274 "-" "Mozilla/5.0 (compatible; MJ12bot/v1.4.8; http://mj12bot.com/)" 516 **0/516131**
74.7.227.0 - - [28/Mar/2026:07:44:22 -0700] "GET /?path=//lib/modules/4.18.0-553.94.1.lve.el8.x86_64/kernel/sound/core HTTP/2.0" 200 2928 "https://falcon-ia.com/?path=//lib/modules/4.18.0-553.94.1.lve.el8.x86_64/kernel/sound" "Mozilla/5.0 AppleWebKit/537.36 (KHTML, like Gecko; compatible; GPTBot/1.3; +https://openai.com/gptbot)" 496 **0/496371**
216.73.216.162 - - [28/Mar/2026:07:44:24 -0700] "GET /item/2464613171?fileloc=%2Fhome%2Ffalconiapl2015%2Fpublic_html%2Freadme.html&path=%2Fhome%2Ffalconiapl2015%2Fpublic_html HTTP/2.0" 200 5152 "-" "Mozilla/5.0 AppleWebKit/537.36 (KHTML, like Gecko; compatible; ClaudeBot/1.0; +claudebot@anthropic.com)" 500 **0/500993**
74.7.227.0 - - [28/Mar/2026:07:44:25 -0700] "GET /?path=//lib/modules/4.18.0-553.104.1.lve.el8.x86_64/kernel/crypto HTTP/2.0" 200 3932 "https://falcon-ia.com/?path=//lib/modules/4.18.0-553.104.1.lve.el8.x86_64/kernel" "Mozilla/5.0 AppleWebKit/537.36 (KHTML, like Gecko; compatible; GPTBot/1.3; +https://openai.com/gptbot)" 530 **0/530342**
54.37.252.192 - - [28/Mar/2026:07:44:26 -0700] "GET /?fileloc=/home/falconiapl2015/cache/cache_c261242dc0e9509e6a3d6532d1817921&path=/home/falconiapl2015/cache HTTP/1.1" 200 2273 "-" "Mozilla/5.0 (compatible; MJ12bot/v1.4.8; http://mj12bot.com/)" 516 **0/516582**
216.73.216.162 - - [28/Mar/2026:07:44:27 -0700] "GET /item/88842685?fileloc=%2Fhome%2Ffalconiapl2015%2Fwww%2Fwp-settings.php&path=%2Fhome%2Ffalconiapl2015%2Fwww HTTP/2.0" 200 8332 "-" "Mozilla/5.0 AppleWebKit/537.36 (KHTML, like Gecko; compatible; ClaudeBot/1.0; +claudebot@anthropic.com)" 487 **0/487790**
74.7.227.0 - - [28/Mar/2026:07:44:28 -0700] "GET /?fileloc=//usr/lib64/python3.12/encodings/__pycache__/zlib_codec.cpython-312.opt-2.pyc&path=//usr/lib64/python3.12/encodings/__pycache__ HTTP/2.0" 200 3787 "https://falcon-ia.com/?path=//usr/lib64/python3.12/encodings/__pycache__" "Mozilla/5.0 AppleWebKit/537.36 (KHTML, like Gecko; compatible; GPTBot/1.3; +https://openai.com/gptbot)" 483 **0/483220**
216.73.216.162 - - [28/Mar/2026:07:44:30 -0700] "GET /item/3448918175?fileloc=%2Fhome%2Ffalconiapl2015%2Fpublic_html%2Fgbmfx.php&path=%2Fhome%2Ffalconiapl2015%2Fpublic_html HTTP/2.0" 200 5547 "-" "Mozilla/5.0 AppleWebKit/537.36 (KHTML, like Gecko; compatible; ClaudeBot/1.0; +claudebot@anthropic.com)" 499 **0/499425**
54.37.252.192 - - [28/Mar/2026:07:44:30 -0700] "GET /?fileloc=/home/falconiapl2015/cache/cache_c53cda935dab2c5d110da509ab8beff0&path=/home/falconiapl2015/cache HTTP/1.1" 200 2273 "-" "Mozilla/5.0 (compatible; MJ12bot/v1.4.8; http://mj12bot.com/)" 515 **0/515697**
74.7.227.0 - - [28/Mar/2026:07:44:31 -0700] "GET /?path=//lib/modules/4.18.0-553.94.1.lve.el8.x86_64/kernel/crypto HTTP/2.0" 200 3935 "https://falcon-ia.com/?path=//lib/modules/4.18.0-553.94.1.lve.el8.x86_64/kernel" "Mozilla/5.0 AppleWebKit/537.36 (KHTML, like Gecko; compatible; GPTBot/1.3; +https://openai.com/gptbot)" 492 **0/492270**
54.37.252.192 - - [28/Mar/2026:07:44:34 -0700] "GET /?fileloc=/home/falconiapl2015/cache/cache_d5ce4f1946ff4b543af1762b4979c872&path=/home/falconiapl2015/cache HTTP/1.1" 200 2274 "-" "Mozilla/5.0 (compatible; MJ12bot/v1.4.8; http://mj12bot.com/)" 493 **0/493602**
74.7.227.0 - - [28/Mar/2026:07:44:35 -0700] "GET /?path=//lib/modules/4.18.0-553.104.1.lve.el8.x86_64/kernel/fs/cramfs HTTP/2.0" 200 2615 "https://falcon-ia.com/?path=//lib/modules/4.18.0-553.104.1.lve.el8.x86_64/kernel/fs" "Mozilla/5.0 AppleWebKit/537.36 (KHTML, like Gecko; compatible; GPTBot/1.3; +https://openai.com/gptbot)" 480 **0/480547**
216.73.216.162 - - [28/Mar/2026:07:44:36 -0700] "GET /item/4063658336?fileloc=%2Fhome%2Ffalconiapl2015%2Fpublic_html%2Fwp-includes%2Fclass-wp-query.php&path=%2Fhome%2Ffalconiapl2015%2Fpublic_html%2Fwp-includes HTTP/2.0" 200 33689 "-" "Mozilla/5.0 AppleWebKit/537.36 (KHTML, like Gecko; compatible; ClaudeBot/1.0; +claudebot@anthropic.com)" 520 **0/520507**
74.7.227.0 - - [28/Mar/2026:07:44:38 -0700] "GET /?path=//lib/modules/4.18.0-553.94.1.lve.el8.x86_64/kernel/fs/nfs_common HTTP/2.0" 200 2650 "https://falcon-ia.com/?path=//lib/modules/4.18.0-553.94.1.lve.el8.x86_64/kernel/fs" "Mozilla/5.0 AppleWebKit/537.36 (KHTML, like Gecko; compatible; GPTBot/1.3; +https://openai.com/gptbot)" 489 **0/489221**
54.37.252.192 - - [28/Mar/2026:07:44:38 -0700] "GET /?fileloc=/home/falconiapl2015/cache/cache_dbcd7e9aad890acb3ca2371fe00c2bfa&path=/home/falconiapl2015/cache HTTP/1.1" 200 2274 "-" "Mozilla/5.0 (compatible; MJ12bot/v1.4.8; http://mj12bot.com/)" 517 **0/517209**
216.73.216.162 - - [28/Mar/2026:07:44:39 -0700] "GET /item/202403710?fileloc=%2Fhome%2Ffalconiapl2015%2Fpublic_html%2Fwp-includes%2Fembed.php&path=%2Fhome%2Ffalconiapl2015%2Fpublic_html%2Fwp-includes HTTP/2.0" 200 12591 "-" "Mozilla/5.0 AppleWebKit/537.36 (KHTML, like Gecko; compatible; ClaudeBot/1.0; +claudebot@anthropic.com)" 496 **0/496450**
74.7.227.0 - - [28/Mar/2026:07:44:41 -0700] "GET /?path=//lib/modules/4.18.0-553.94.1.lve.el8.x86_64/kernel/fs/fscache HTTP/2.0" 200 2611 "https://falcon-ia.com/?path=//lib/modules/4.18.0-553.94.1.lve.el8.x86_64/kernel/fs" "Mozilla/5.0 AppleWebKit/537.36 (KHTML, like Gecko; compatible; GPTBot/1.3; +https://openai.com/gptbot)" 518 **0/518161**
216.73.216.162 - - [28/Mar/2026:07:44:42 -0700] "GET /item/1906505776?fileloc=%2Fhome%2Ffalconiapl2015%2Fpublic_html%2Fwp-includes%2Fcache-compat.php&path=%2Fhome%2Ffalconiapl2015%2Fpublic_html%2Fwp-includes HTTP/2.0" 200 4211 "-" "Mozilla/5.0 AppleWebKit/537.36 (KHTML, like Gecko; compatible; ClaudeBot/1.0; +claudebot@anthropic.com)" 503 **0/503240**
54.37.252.192 - - [28/Mar/2026:07:44:42 -0700] "GET /?fileloc=/home/falconiapl2015/cache/cache_dd13db615ef8384e23b1e8b0daa4578c&path=/home/falconiapl2015/cache HTTP/1.1" 200 2273 "-" "Mozilla/5.0 (compatible; MJ12bot/v1.4.8; http://mj12bot.com/)" 488 **0/488177**
74.7.227.0 - - [28/Mar/2026:07:44:44 -0700] "GET /?path=//lib/modules/4.18.0-553.83.1.lve.el8.x86_64/kernel/fs/fscache HTTP/2.0" 200 2614 "https://falcon-ia.com/?path=//lib/modules/4.18.0-553.83.1.lve.el8.x86_64/kernel/fs" "Mozilla/5.0 AppleWebKit/537.36 (KHTML, like Gecko; compatible; GPTBot/1.3; +https://openai.com/gptbot)" 532 **0/532883**
216.73.216.162 - - [28/Mar/2026:07:44:45 -0700] "GET /item/1363216000?fileloc=%2F%2Flib64%2Flibzstd.so&path=%2F%2Flib64 HTTP/2.0" 200 233768 "-" "Mozilla/5.0 AppleWebKit/537.36 (KHTML, like Gecko; compatible; ClaudeBot/1.0; +claudebot@anthropic.com)" 598 **0/598035**
54.37.252.192 - - [28/Mar/2026:07:44:46 -0700] "GET /?fileloc=/home/falconiapl2015/cache/cache_e05f6a40c9d404facee1a3958c90281b&path=/home/falconiapl2015/cache HTTP/1.1" 200 2275 "-" "Mozilla/5.0 (compatible; MJ12bot/v1.4.8; http://mj12bot.com/)" 495 **0/495753**
