216.73.216.162 - - [28/Mar/2026:06:51:56 -0700] "GET /item/3611603697?fileloc=%2Fhome%2Ffalconiapl2015%2Fpublic_html%2Fwp-includes%2Ffeed-rdf.php&path=%2Fhome%2Ffalconiapl2015%2Fpublic_html%2Fwp-includes HTTP/2.0" 403 3449 "-" "Mozilla/5.0 AppleWebKit/537.36 (KHTML, like Gecko; compatible; ClaudeBot/1.0; +claudebot@anthropic.com)" 519 **0/519340**
74.7.227.0 - - [28/Mar/2026:06:51:58 -0700] "GET /?fileloc=//usr/lib64/libfdisk.so.1&path=//usr/lib64 HTTP/2.0" 200 153892 "https://falcon-ia.com/?path=//usr/lib64" "Mozilla/5.0 AppleWebKit/537.36 (KHTML, like Gecko; compatible; GPTBot/1.3; +https://openai.com/gptbot)" 587 **0/587821**
216.73.216.162 - - [28/Mar/2026:06:51:59 -0700] "GET /item/1413085935?fileloc=%2Fhome%2Ffalconiapl2015%2Fpublic_html%2Fwp-settings.php&path=%2Fhome%2Ffalconiapl2015%2Fpublic_html HTTP/2.0" 403 3449 "-" "Mozilla/5.0 AppleWebKit/537.36 (KHTML, like Gecko; compatible; ClaudeBot/1.0; +claudebot@anthropic.com)" 493 **0/493797**
74.7.227.0 - - [28/Mar/2026:06:52:01 -0700] "GET /?fileloc=//usr/lib64/libpaper.so.1&path=//usr/lib64 HTTP/2.0" 200 7820 "https://falcon-ia.com/?path=//usr/lib64" "Mozilla/5.0 AppleWebKit/537.36 (KHTML, like Gecko; compatible; GPTBot/1.3; +https://openai.com/gptbot)" 534 **0/534930**
216.73.216.162 - - [28/Mar/2026:06:52:02 -0700] "GET /item/585331361?fileloc=%2Fhome%2Ffalconiapl2015%2Fpublic_html%2Fwp-settings.php&path=%2Fhome%2Ffalconiapl2015%2Fpublic_html HTTP/2.0" 403 3449 "-" "Mozilla/5.0 AppleWebKit/537.36 (KHTML, like Gecko; compatible; ClaudeBot/1.0; +claudebot@anthropic.com)" 516 **0/516978**
216.73.216.162 - - [28/Mar/2026:06:52:05 -0700] "GET /item/805343205?fileloc=%2Fhome%2Ffalconiapl2015%2Fpublic_html%2Fwp-activate.php&path=%2Fhome%2Ffalconiapl2015%2Fpublic_html HTTP/2.0" 403 3449 "-" "Mozilla/5.0 AppleWebKit/537.36 (KHTML, like Gecko; compatible; ClaudeBot/1.0; +claudebot@anthropic.com)" 507 **0/507100**
74.7.227.0 - - [28/Mar/2026:06:52:05 -0700] "GET /?fileloc=//usr/lib64/libfftw3.so.3&path=//usr/lib64 HTTP/2.0" 200 670648 "https://falcon-ia.com/?path=//usr/lib64" "Mozilla/5.0 AppleWebKit/537.36 (KHTML, like Gecko; compatible; GPTBot/1.3; +https://openai.com/gptbot)" 873 **0/873468**
216.73.216.162 - - [28/Mar/2026:06:52:08 -0700] "GET /item/3467485328?fileloc=%2Fhome%2Ffalconiapl2015%2Fpublic_html%2Fwp-settings.php&path=%2Fhome%2Ffalconiapl2015%2Fpublic_html HTTP/2.0" 403 3449 "-" "Mozilla/5.0 AppleWebKit/537.36 (KHTML, like Gecko; compatible; ClaudeBot/1.0; +claudebot@anthropic.com)" 512 **0/512649**
74.7.227.0 - - [28/Mar/2026:06:52:08 -0700] "GET /?fileloc=//usr/lib64/libexslt.so.0&path=//usr/lib64 HTTP/2.0" 200 34891 "https://falcon-ia.com/?path=//usr/lib64" "Mozilla/5.0 AppleWebKit/537.36 (KHTML, like Gecko; compatible; GPTBot/1.3; +https://openai.com/gptbot)" 526 **0/526639**
216.73.216.162 - - [28/Mar/2026:06:52:11 -0700] "GET /item/958898758?fileloc=%2Fhome%2Ffalconiapl2015%2Fpublic_html%2Fwp-load.php&path=%2Fhome%2Ffalconiapl2015%2Fpublic_html HTTP/2.0" 403 3449 "-" "Mozilla/5.0 AppleWebKit/537.36 (KHTML, like Gecko; compatible; ClaudeBot/1.0; +claudebot@anthropic.com)" 513 **0/513142**
74.7.227.0 - - [28/Mar/2026:06:52:11 -0700] "GET /?fileloc=//usr/lib64/libaudit.so.1&path=//usr/lib64 HTTP/2.0" 200 41232 "https://falcon-ia.com/?path=//usr/lib64" "Mozilla/5.0 AppleWebKit/537.36 (KHTML, like Gecko; compatible; GPTBot/1.3; +https://openai.com/gptbot)" 514 **0/514981**
216.73.216.162 - - [28/Mar/2026:06:52:14 -0700] "GET /item/3422829155?fileloc=%2Fhome%2Ffalconiapl2015%2Fpublic_html%2Fwp-includes%2Fglobal-styles-and-settings.php&path=%2Fhome%2Ffalconiapl2015%2Fpublic_html%2Fwp-includes HTTP/2.0" 403 3449 "-" "Mozilla/5.0 AppleWebKit/537.36 (KHTML, like Gecko; compatible; ClaudeBot/1.0; +claudebot@anthropic.com)" 517 **0/517825**
74.7.227.0 - - [28/Mar/2026:06:52:14 -0700] "GET /?fileloc=//usr/lib64/libtasn1.so.6&path=//usr/lib64 HTTP/2.0" 200 33837 "https://falcon-ia.com/?path=//usr/lib64" "Mozilla/5.0 AppleWebKit/537.36 (KHTML, like Gecko; compatible; GPTBot/1.3; +https://openai.com/gptbot)" 526 **0/526930**
216.73.216.162 - - [28/Mar/2026:06:52:17 -0700] "GET /item/1002342832?fileloc=%2Fhome%2Ffalconiapl2015%2Fpublic_html%2Fwp-includes%2Ffeed-rdf.php&path=%2Fhome%2Ffalconiapl2015%2Fpublic_html%2Fwp-includes HTTP/2.0" 403 3449 "-" "Mozilla/5.0 AppleWebKit/537.36 (KHTML, like Gecko; compatible; ClaudeBot/1.0; +claudebot@anthropic.com)" 510 **0/510989**
74.7.227.0 - - [28/Mar/2026:06:52:17 -0700] "GET /?fileloc=//bin/wp&path=//bin HTTP/2.0" 200 1344461 "https://falcon-ia.com/?path=//bin" "Mozilla/5.0 AppleWebKit/537.36 (KHTML, like Gecko; compatible; GPTBot/1.3; +https://openai.com/gptbot)" 1158 **1/1158264**
216.73.216.162 - - [28/Mar/2026:06:52:20 -0700] "GET /item/2822923309?path=%2Fhome%2Ffalconiapl2015%2F.sucuriquarantine HTTP/2.0" 403 3449 "-" "Mozilla/5.0 AppleWebKit/537.36 (KHTML, like Gecko; compatible; ClaudeBot/1.0; +claudebot@anthropic.com)" 494 **0/494202**
74.7.227.0 - - [28/Mar/2026:06:52:21 -0700] "GET /?path=//usr/lib64/girepository-1.0 HTTP/2.0" 200 3578 "https://falcon-ia.com/?path=//usr/lib64" "Mozilla/5.0 AppleWebKit/537.36 (KHTML, like Gecko; compatible; GPTBot/1.3; +https://openai.com/gptbot)" 499 **0/499510**
216.73.216.162 - - [28/Mar/2026:06:52:23 -0700] "GET /item/907698625?path=%2Fhome%2Ffalconiapl2015%2F.sucuriquarantine HTTP/2.0" 403 3449 "-" "Mozilla/5.0 AppleWebKit/537.36 (KHTML, like Gecko; compatible; ClaudeBot/1.0; +claudebot@anthropic.com)" 527 **0/527080**
74.7.227.0 - - [28/Mar/2026:06:52:24 -0700] "GET /?fileloc=//usr/lib64/libHalf.so.12&path=//usr/lib64 HTTP/2.0" 200 27580 "https://falcon-ia.com/?path=//usr/lib64" "Mozilla/5.0 AppleWebKit/537.36 (KHTML, like Gecko; compatible; GPTBot/1.3; +https://openai.com/gptbot)" 541 **0/541321**
216.73.216.162 - - [28/Mar/2026:06:52:26 -0700] "GET /item/2472432589?fileloc=%2Fhome%2Ffalconiapl2015%2Fpublic_html%2Fwp-includes%2Ffeed-rdf.php&path=%2Fhome%2Ffalconiapl2015%2Fpublic_html%2Fwp-includes HTTP/2.0" 403 3449 "-" "Mozilla/5.0 AppleWebKit/537.36 (KHTML, like Gecko; compatible; ClaudeBot/1.0; +claudebot@anthropic.com)" 514 **0/514114**
74.7.227.0 - - [28/Mar/2026:06:52:27 -0700] "GET /?fileloc=//usr/lib/rpm/rpmrc&path=//usr/lib/rpm HTTP/2.0" 200 5407 "https://falcon-ia.com/?path=//usr/lib/rpm" "Mozilla/5.0 AppleWebKit/537.36 (KHTML, like Gecko; compatible; GPTBot/1.3; +https://openai.com/gptbot)" 515 **0/515331**
216.73.216.162 - - [28/Mar/2026:06:52:29 -0700] "GET /item/1383015292?fileloc=%2Fhome%2Ffalconiapl2015%2Fpublic_html%2Fwp-includes%2F.htaccess&path=%2Fhome%2Ffalconiapl2015%2Fpublic_html%2Fwp-includes HTTP/2.0" 403 3449 "-" "Mozilla/5.0 AppleWebKit/537.36 (KHTML, like Gecko; compatible; ClaudeBot/1.0; +claudebot@anthropic.com)" 504 **0/504713**
74.7.227.0 - - [28/Mar/2026:06:52:30 -0700] "GET /?path=//lib/modules/4.18.0-553.83.1.lve.el8.x86_64/kernel/fs/smbfs_common HTTP/2.0" 200 2661 "https://falcon-ia.com/?path=//lib/modules/4.18.0-553.83.1.lve.el8.x86_64/kernel/fs" "Mozilla/5.0 AppleWebKit/537.36 (KHTML, like Gecko; compatible; GPTBot/1.3; +https://openai.com/gptbot)" 510 **0/510205**
216.73.216.162 - - [28/Mar/2026:06:52:32 -0700] "GET /item/3014510250?fileloc=%2Fhome%2Ffalconiapl2015%2Fpublic_html%2Fwp-includes%2Fpomo%2Fmo.php&path=%2Fhome%2Ffalconiapl2015%2Fpublic_html%2Fwp-includes%2Fpomo HTTP/2.0" 200 4836 "-" "Mozilla/5.0 AppleWebKit/537.36 (KHTML, like Gecko; compatible; ClaudeBot/1.0; +claudebot@anthropic.com)" 494 **0/494067**
74.7.227.0 - - [28/Mar/2026:06:52:33 -0700] "GET /?fileloc=//usr/sbin/isc-hmac-fixup&path=//usr/sbin HTTP/2.0" 200 6399 "https://falcon-ia.com/?path=//usr/sbin" "Mozilla/5.0 AppleWebKit/537.36 (KHTML, like Gecko; compatible; GPTBot/1.3; +https://openai.com/gptbot)" 507 **0/507116**
216.73.216.162 - - [28/Mar/2026:06:52:35 -0700] "GET /item/2905779093?fileloc=%2Fhome%2Ffalconiapl2015%2Fpublic_html%2Fwp-content%2Findex.php&path=%2Fhome%2Ffalconiapl2015%2Fpublic_html%2Fwp-content HTTP/2.0" 200 2294 "-" "Mozilla/5.0 AppleWebKit/537.36 (KHTML, like Gecko; compatible; ClaudeBot/1.0; +claudebot@anthropic.com)" 499 **0/499168**
74.7.227.0 - - [28/Mar/2026:06:52:36 -0700] "GET /?path=//usr/lib64/python2.7/json HTTP/2.0" 200 2900 "https://falcon-ia.com/?path=//usr/lib64/python2.7" "Mozilla/5.0 AppleWebKit/537.36 (KHTML, like Gecko; compatible; GPTBot/1.3; +https://openai.com/gptbot)" 508 **0/508371**
216.73.216.162 - - [28/Mar/2026:06:52:38 -0700] "GET /item/98037709?path=%2Fhome%2Ffalconiapl2015%2F.sucuriquarantine HTTP/2.0" 200 2692 "-" "Mozilla/5.0 AppleWebKit/537.36 (KHTML, like Gecko; compatible; ClaudeBot/1.0; +claudebot@anthropic.com)" 507 **0/507855**
74.7.227.0 - - [28/Mar/2026:06:52:39 -0700] "GET /?path=//lib/tuned/accelerator-performance HTTP/2.0" 200 2585 "https://falcon-ia.com/?path=//lib/tuned" "Mozilla/5.0 AppleWebKit/537.36 (KHTML, like Gecko; compatible; GPTBot/1.3; +https://openai.com/gptbot)" 510 **0/510726**
216.73.216.162 - - [28/Mar/2026:06:52:41 -0700] "GET /item/1754018823?fileloc=%2Fhome%2Ffalconiapl2015%2Fpublic_html%2Fwp-config-sample.php&path=%2Fhome%2Ffalconiapl2015%2Fpublic_html HTTP/2.0" 200 3461 "-" "Mozilla/5.0 AppleWebKit/537.36 (KHTML, like Gecko; compatible; ClaudeBot/1.0; +claudebot@anthropic.com)" 504 **0/504529**
74.7.227.0 - - [28/Mar/2026:06:52:42 -0700] "GET /?path=//usr/lib64/python2.7/pydoc_data HTTP/2.0" 200 2713 "https://falcon-ia.com/?path=//usr/lib64/python2.7" "Mozilla/5.0 AppleWebKit/537.36 (KHTML, like Gecko; compatible; GPTBot/1.3; +https://openai.com/gptbot)" 504 **0/504086**
216.73.216.162 - - [28/Mar/2026:06:52:44 -0700] "GET /item/2481753648?fileloc=%2Fhome%2Ffalconiapl2015%2Fpublic_html%2Fwp-includes%2FPHPMailer%2FDSNConfigurator.php&path=%2Fhome%2Ffalconiapl2015%2Fpublic_html%2Fwp-includes%2FPHPMailer HTTP/2.0" 200 4234 "-" "Mozilla/5.0 AppleWebKit/537.36 (KHTML, like Gecko; compatible; ClaudeBot/1.0; +claudebot@anthropic.com)" 502 **0/502059**
43.172.197.136 - - [28/Mar/2026:06:52:44 -0700] "GET /gratis-nederlandse-casino-slots-spelen/ HTTP/1.1" 200 3956 "-" "Mozilla/5.0 (Windows NT 10.0; Win64; x64) AppleWebKit/537.36 (KHTML, like Gecko) Chrome/116.0.0.0 Safari/537.36" 513 **0/513859**
74.7.227.0 - - [28/Mar/2026:06:52:45 -0700] "GET /?path=//usr/lib/udev HTTP/2.0" 200 3028 "https://falcon-ia.com/?path=//usr/lib" "Mozilla/5.0 AppleWebKit/537.36 (KHTML, like Gecko; compatible; GPTBot/1.3; +https://openai.com/gptbot)" 493 **0/493180**
216.73.216.162 - - [28/Mar/2026:06:52:47 -0700] "GET /item/1072221220?fileloc=%2Fhome%2Ffalconiapl2015%2Fpublic_html%2Fwp-admin%2Foptions-media.php&path=%2Fhome%2Ffalconiapl2015%2Fpublic_html%2Fwp-admin HTTP/2.0" 200 4201 "-" "Mozilla/5.0 AppleWebKit/537.36 (KHTML, like Gecko; compatible; ClaudeBot/1.0; +claudebot@anthropic.com)" 499 **0/499559**
74.7.227.0 - - [28/Mar/2026:06:52:49 -0700] "GET /?path=//lib/binfmt.d HTTP/2.0" 200 2313 "https://falcon-ia.com/?path=//lib" "Mozilla/5.0 AppleWebKit/537.36 (KHTML, like Gecko; compatible; GPTBot/1.3; +https://openai.com/gptbot)" 501 **0/501072**
216.73.216.162 - - [28/Mar/2026:06:52:50 -0700] "GET /item/783888413?fileloc=%2Fhome%2Ffalconiapl2015%2Fpublic_html%2Fwp-config-sample.php&path=%2Fhome%2Ffalconiapl2015%2Fpublic_html HTTP/2.0" 200 3461 "-" "Mozilla/5.0 AppleWebKit/537.36 (KHTML, like Gecko; compatible; ClaudeBot/1.0; +claudebot@anthropic.com)" 496 **0/496786**
74.7.227.0 - - [28/Mar/2026:06:52:52 -0700] "GET /?path=//usr/lib/exim HTTP/2.0" 200 2557 "https://falcon-ia.com/?path=//usr/lib" "Mozilla/5.0 AppleWebKit/537.36 (KHTML, like Gecko; compatible; GPTBot/1.3; +https://openai.com/gptbot)" 498 **0/498309**
216.73.216.162 - - [28/Mar/2026:06:52:53 -0700] "GET /item/2626313428?fileloc=%2Fhome%2Ffalconiapl2015%2Fpublic_html%2Fwp-content%2Findex.php&path=%2Fhome%2Ffalconiapl2015%2Fpublic_html%2Fwp-content HTTP/2.0" 200 2294 "-" "Mozilla/5.0 AppleWebKit/537.36 (KHTML, like Gecko; compatible; ClaudeBot/1.0; +claudebot@anthropic.com)" 501 **0/501243**
74.7.227.0 - - [28/Mar/2026:06:52:55 -0700] "GET /?path=//lib/sysctl.d HTTP/2.0" 200 2726 "https://falcon-ia.com/?path=//lib" "Mozilla/5.0 AppleWebKit/537.36 (KHTML, like Gecko; compatible; GPTBot/1.3; +https://openai.com/gptbot)" 504 **0/504103**
216.73.216.162 - - [28/Mar/2026:06:52:56 -0700] "GET /item/2324841430?fileloc=%2Fhome%2Ffalconiapl2015%2Fpublic_html%2Fwp-load.php&path=%2Fhome%2Ffalconiapl2015%2Fpublic_html HTTP/2.0" 200 3855 "-" "Mozilla/5.0 AppleWebKit/537.36 (KHTML, like Gecko; compatible; ClaudeBot/1.0; +claudebot@anthropic.com)" 501 **0/501852**
74.7.227.0 - - [28/Mar/2026:06:52:58 -0700] "GET /?path=//usr/lib/gems HTTP/2.0" 200 2554 "https://falcon-ia.com/?path=//usr/lib" "Mozilla/5.0 AppleWebKit/537.36 (KHTML, like Gecko; compatible; GPTBot/1.3; +https://openai.com/gptbot)" 506 **0/506525**
216.73.216.162 - - [28/Mar/2026:06:52:59 -0700] "GET /item/98037709?fileloc=%2Fhome%2Ffalconiapl2015%2Fpublic_html%2Fwp-includes%2Fglobal-styles-and-settings.php&path=%2Fhome%2Ffalconiapl2015%2Fpublic_html%2Fwp-includes HTTP/2.0" 200 7716 "-" "Mozilla/5.0 AppleWebKit/537.36 (KHTML, like Gecko; compatible; ClaudeBot/1.0; +claudebot@anthropic.com)" 508 **0/508769**
74.7.227.0 - - [28/Mar/2026:06:53:01 -0700] "GET /?path=//usr/lib64/python2.7/unittest HTTP/2.0" 200 3250 "https://falcon-ia.com/?path=//usr/lib64/python2.7" "Mozilla/5.0 AppleWebKit/537.36 (KHTML, like Gecko; compatible; GPTBot/1.3; +https://openai.com/gptbot)" 568 **0/568376**
216.73.216.162 - - [28/Mar/2026:06:53:02 -0700] "GET /item/3519617912?fileloc=%2Fhome%2Ffalconiapl2015%2Fpublic_html%2Fwp-admin%2Fmoderation.php&path=%2Fhome%2Ffalconiapl2015%2Fpublic_html%2Fwp-admin HTTP/2.0" 200 2429 "-" "Mozilla/5.0 AppleWebKit/537.36 (KHTML, like Gecko; compatible; ClaudeBot/1.0; +claudebot@anthropic.com)" 576 **0/576533**
114.119.155.69 - - [28/Mar/2026:06:53:03 -0700] "GET /commodity/variability/advertised17187426461?path=/home HTTP/1.1" 200 2772 "https://falcon-ia.com/commodity/variability/advertised17187426461" "Mozilla/5.0 (Linux; Android 7.0;) AppleWebKit/537.36 (KHTML, like Gecko) Mobile Safari/537.36 (compatible; PetalBot;+https://webmaster.petalsearch.com/site/petalbot)" 500 **0/500324**
74.7.227.0 - - [28/Mar/2026:06:53:04 -0700] "GET /?fileloc=//usr/lib64/libmenuw.so.6&path=//usr/lib64 HTTP/2.0" 200 16209 "https://falcon-ia.com/?path=//usr/lib64" "Mozilla/5.0 AppleWebKit/537.36 (KHTML, like Gecko; compatible; GPTBot/1.3; +https://openai.com/gptbot)" 533 **0/533662**
216.73.216.162 - - [28/Mar/2026:06:53:05 -0700] "GET /item/266687625?fileloc=%2Fhome%2Ffalconiapl2015%2Fpublic_html%2Fwp-includes%2Ffeed-rdf.php&path=%2Fhome%2Ffalconiapl2015%2Fpublic_html%2Fwp-includes HTTP/2.0" 200 3258 "-" "Mozilla/5.0 AppleWebKit/537.36 (KHTML, like Gecko; compatible; ClaudeBot/1.0; +claudebot@anthropic.com)" 509 **0/509989**
74.7.227.0 - - [28/Mar/2026:06:53:07 -0700] "GET /?fileloc=//usr/lib64/libmount.so.1&path=//usr/lib64 HTTP/2.0" 200 138328 "https://falcon-ia.com/?path=//usr/lib64" "Mozilla/5.0 AppleWebKit/537.36 (KHTML, like Gecko; compatible; GPTBot/1.3; +https://openai.com/gptbot)" 580 **0/580754**
216.73.216.162 - - [28/Mar/2026:06:53:08 -0700] "GET /item/2794843732?fileloc=%2Fhome%2Ffalconiapl2015%2Fpublic_html%2Fwp-admin%2F.htaccess&path=%2Fhome%2Ffalconiapl2015%2Fpublic_html%2Fwp-admin HTTP/2.0" 200 3049 "-" "Mozilla/5.0 AppleWebKit/537.36 (KHTML, like Gecko; compatible; ClaudeBot/1.0; +claudebot@anthropic.com)" 521 **0/521391**
74.7.227.0 - - [28/Mar/2026:06:53:10 -0700] "GET /?fileloc=//usr/lib64/libpcre2-8.so&path=//usr/lib64 HTTP/2.0" 200 181095 "https://falcon-ia.com/?path=//usr/lib64" "Mozilla/5.0 AppleWebKit/537.36 (KHTML, like Gecko; compatible; GPTBot/1.3; +https://openai.com/gptbot)" 604 **0/604999**
216.73.216.162 - - [28/Mar/2026:06:53:11 -0700] "GET /item/3878702319?fileloc=%2Fhome%2Ffalconiapl2015%2Fpublic_html%2Fwp-config-sample.php&path=%2Fhome%2Ffalconiapl2015%2Fpublic_html HTTP/2.0" 200 3461 "-" "Mozilla/5.0 AppleWebKit/537.36 (KHTML, like Gecko; compatible; ClaudeBot/1.0; +claudebot@anthropic.com)" 502 **0/502455**
74.7.227.0 - - [28/Mar/2026:06:53:13 -0700] "GET /?fileloc=//lib/tuned/accelerator-performance/tuned.conf&path=//lib/tuned/accelerator-performance HTTP/2.0" 200 3309 "https://falcon-ia.com/?path=//lib/tuned/accelerator-performance" "Mozilla/5.0 AppleWebKit/537.36 (KHTML, like Gecko; compatible; GPTBot/1.3; +https://openai.com/gptbot)" 534 **0/534289**
216.73.216.162 - - [28/Mar/2026:06:53:14 -0700] "GET /item/3448918175?fileloc=%2Fhome%2Ffalconiapl2015%2Fpublic_html%2Fwp-includes%2Fl10n%2Fclass-wp-translation-controller.php&path=%2Fhome%2Ffalconiapl2015%2Fpublic_html%2Fwp-includes%2Fl10n HTTP/2.0" 200 4567 "-" "Mozilla/5.0 AppleWebKit/537.36 (KHTML, like Gecko; compatible; ClaudeBot/1.0; +claudebot@anthropic.com)" 529 **0/529972**
74.7.227.0 - - [28/Mar/2026:06:53:16 -0700] "GET /?fileloc=//usr/lib64/libjpeg.so.62&path=//usr/lib64 HTTP/2.0" 200 104521 "https://falcon-ia.com/?path=//usr/lib64" "Mozilla/5.0 AppleWebKit/537.36 (KHTML, like Gecko; compatible; GPTBot/1.3; +https://openai.com/gptbot)" 567 **0/567055**
216.73.216.162 - - [28/Mar/2026:06:53:17 -0700] "GET /item/4254451754?fileloc=%2Fhome%2Ffalconiapl2015%2Fpublic_html%2Fwp-includes%2F.htaccess&path=%2Fhome%2Ffalconiapl2015%2Fpublic_html%2Fwp-includes HTTP/2.0" 200 2371 "-" "Mozilla/5.0 AppleWebKit/537.36 (KHTML, like Gecko; compatible; ClaudeBot/1.0; +claudebot@anthropic.com)" 512 **0/512710**
74.7.227.0 - - [28/Mar/2026:06:53:19 -0700] "GET /?fileloc=//usr/lib64/libmagic.so.1&path=//usr/lib64 HTTP/2.0" 200 64573 "https://falcon-ia.com/?path=//usr/lib64" "Mozilla/5.0 AppleWebKit/537.36 (KHTML, like Gecko; compatible; GPTBot/1.3; +https://openai.com/gptbot)" 535 **0/535610**
216.73.216.162 - - [28/Mar/2026:06:53:20 -0700] "GET /item/856896239?fileloc=%2Fhome%2Ffalconiapl2015%2Fpublic_html%2F.easyssl_backup%2Findex.php&path=%2Fhome%2Ffalconiapl2015%2Fpublic_html%2F.easyssl_backup HTTP/2.0" 200 2274 "-" "Mozilla/5.0 AppleWebKit/537.36 (KHTML, like Gecko; compatible; ClaudeBot/1.0; +claudebot@anthropic.com)" 513 **0/513647**
74.7.227.0 - - [28/Mar/2026:06:53:22 -0700] "GET /?fileloc=//usr/lib64/libpython3.so&path=//usr/lib64 HTTP/2.0" 200 4205 "https://falcon-ia.com/?path=//usr/lib64" "Mozilla/5.0 AppleWebKit/537.36 (KHTML, like Gecko; compatible; GPTBot/1.3; +https://openai.com/gptbot)" 530 **0/530738**
216.73.216.162 - - [28/Mar/2026:06:53:23 -0700] "GET /item/3888829794?fileloc=%2Fhome%2Ffalconiapl2015%2Fpublic_html%2Fwp-includes%2FID3%2Fmodule.audio-video.matroska-call.php&path=%2Fhome%2Ffalconiapl2015%2Fpublic_html%2Fwp-includes%2FID3 HTTP/2.0" 200 2310 "-" "Mozilla/5.0 AppleWebKit/537.36 (KHTML, like Gecko; compatible; ClaudeBot/1.0; +claudebot@anthropic.com)" 509 **0/509537**
51.89.129.22 - - [28/Mar/2026:06:53:24 -0700] "GET /bancontact-casino-no-deposit-bonus/ HTTP/2.0" 200 3449 "-" "Mozilla/5.0 (compatible; AhrefsBot/7.0; +http://ahrefs.com/robot/)" 523 **0/523375**
216.73.216.162 - - [28/Mar/2026:06:53:26 -0700] "GET /item/3913940939?fileloc=%2Fhome%2Ffalconiapl2015%2Fpublic_html%2Fwp-includes%2Fglobal-styles-and-settings.php&path=%2Fhome%2Ffalconiapl2015%2Fpublic_html%2Fwp-includes HTTP/2.0" 200 7716 "-" "Mozilla/5.0 AppleWebKit/537.36 (KHTML, like Gecko; compatible; ClaudeBot/1.0; +claudebot@anthropic.com)" 510 **0/510668**
74.7.227.0 - - [28/Mar/2026:06:53:26 -0700] "GET /?fileloc=//usr/lib64/libexif.so.12&path=//usr/lib64 HTTP/2.0" 200 74120 "https://falcon-ia.com/?path=//usr/lib64" "Mozilla/5.0 AppleWebKit/537.36 (KHTML, like Gecko; compatible; GPTBot/1.3; +https://openai.com/gptbot)" 542 **0/542651**
216.73.216.162 - - [28/Mar/2026:06:53:29 -0700] "GET /item/3896240543?fileloc=%2Fhome%2Ffalconiapl2015%2Fpublic_html%2Fwp-load.php&path=%2Fhome%2Ffalconiapl2015%2Fpublic_html HTTP/2.0" 200 3855 "-" "Mozilla/5.0 AppleWebKit/537.36 (KHTML, like Gecko; compatible; ClaudeBot/1.0; +claudebot@anthropic.com)" 520 **0/520946**
74.7.227.0 - - [28/Mar/2026:06:53:29 -0700] "GET /?fileloc=//bin/enchant&path=//bin HTTP/2.0" 200 8735 "https://falcon-ia.com/?path=//bin" "Mozilla/5.0 AppleWebKit/537.36 (KHTML, like Gecko; compatible; GPTBot/1.3; +https://openai.com/gptbot)" 512 **0/512417**
216.73.216.162 - - [28/Mar/2026:06:53:32 -0700] "GET /item/1770912803?fileloc=%2Fhome%2Ffalconiapl2015%2Fpublic_html%2Fwp-config-sample.php&path=%2Fhome%2Ffalconiapl2015%2Fpublic_html HTTP/2.0" 200 3461 "-" "Mozilla/5.0 AppleWebKit/537.36 (KHTML, like Gecko; compatible; ClaudeBot/1.0; +claudebot@anthropic.com)" 493 **0/493233**
74.7.227.0 - - [28/Mar/2026:06:53:32 -0700] "GET /?fileloc=//bin/zipinfo&path=//bin HTTP/2.0" 200 85014 "https://falcon-ia.com/?path=//bin" "Mozilla/5.0 AppleWebKit/537.36 (KHTML, like Gecko; compatible; GPTBot/1.3; +https://openai.com/gptbot)" 536 **0/536366**
185.191.171.1 - - [28/Mar/2026:06:53:33 -0700] "GET /commodity/theories/spirituality171879155751 HTTP/1.1" 200 3956 "-" "Mozilla/5.0 (compatible; SemrushBot/7~bl; +http://www.semrush.com/bot.html)" 511 **0/511023**
216.73.216.162 - - [28/Mar/2026:06:53:35 -0700] "GET /item/3226696317?fileloc=%2Fhome%2Ffalconiapl2015%2Fpublic_html%2Fwp-config-sample.php&path=%2Fhome%2Ffalconiapl2015%2Fpublic_html HTTP/2.0" 200 3461 "-" "Mozilla/5.0 AppleWebKit/537.36 (KHTML, like Gecko; compatible; ClaudeBot/1.0; +claudebot@anthropic.com)" 518 **0/518173**
74.7.227.0 - - [28/Mar/2026:06:53:35 -0700] "GET /?path=//usr/lib64/python2.7/unittest/test HTTP/2.0" 200 3507 "https://falcon-ia.com/?path=//usr/lib64/python2.7/unittest" "Mozilla/5.0 AppleWebKit/537.36 (KHTML, like Gecko; compatible; GPTBot/1.3; +https://openai.com/gptbot)" 495 **0/495171**
185.191.171.13 - - [28/Mar/2026:06:53:37 -0700] "GET /commodity/classicvacations/upset17184266646 HTTP/1.1" 200 3956 "-" "Mozilla/5.0 (compatible; SemrushBot/7~bl; +http://www.semrush.com/bot.html)" 515 **0/515845**
216.73.216.162 - - [28/Mar/2026:06:53:38 -0700] "GET /item/730498306?fileloc=%2Fhome%2Ffalconiapl2015%2Fpublic_html%2Fwp-trackback.php&path=%2Fhome%2Ffalconiapl2015%2Fpublic_html HTTP/2.0" 200 4108 "-" "Mozilla/5.0 AppleWebKit/537.36 (KHTML, like Gecko; compatible; ClaudeBot/1.0; +claudebot@anthropic.com)" 524 **0/524399**
74.7.227.0 - - [28/Mar/2026:06:53:39 -0700] "GET /?fileloc=//bin/infocmp&path=//bin HTTP/2.0" 200 26858 "https://falcon-ia.com/?path=//bin" "Mozilla/5.0 AppleWebKit/537.36 (KHTML, like Gecko; compatible; GPTBot/1.3; +https://openai.com/gptbot)" 510 **0/510972**
216.73.216.162 - - [28/Mar/2026:06:53:41 -0700] "GET /item/2797267930?fileloc=%2Fhome%2Ffalconiapl2015%2Fpublic_html%2Fwp-activate.php&path=%2Fhome%2Ffalconiapl2015%2Fpublic_html HTTP/2.0" 200 4672 "-" "Mozilla/5.0 AppleWebKit/537.36 (KHTML, like Gecko; compatible; ClaudeBot/1.0; +claudebot@anthropic.com)" 500 **0/500042**
74.7.227.0 - - [28/Mar/2026:06:53:42 -0700] "GET /?fileloc=//bin/libtool&path=//bin HTTP/2.0" 200 88877 "https://falcon-ia.com/?path=//bin" "Mozilla/5.0 AppleWebKit/537.36 (KHTML, like Gecko; compatible; GPTBot/1.3; +https://openai.com/gptbot)" 537 **0/537407**
85.208.96.210 - - [28/Mar/2026:06:53:44 -0700] "GET /commodity/effectively/affiliate172011174864 HTTP/1.1" 200 3956 "-" "Mozilla/5.0 (compatible; SemrushBot/7~bl; +http://www.semrush.com/bot.html)" 511 **0/511493**
74.7.227.0 - - [28/Mar/2026:06:53:45 -0700] "GET /?fileloc=//bin/xmllint&path=//bin HTTP/2.0" 200 25555 "https://falcon-ia.com/?path=//bin" "Mozilla/5.0 AppleWebKit/537.36 (KHTML, like Gecko; compatible; GPTBot/1.3; +https://openai.com/gptbot)" 528 **0/528760**
216.73.216.162 - - [28/Mar/2026:06:53:47 -0700] "GET /item/4254451754?fileloc=%2Fhome%2Ffalconiapl2015%2Fpublic_html%2Fwp-includes%2Fclass-wp-ajax-response.php&path=%2Fhome%2Ffalconiapl2015%2Fpublic_html%2Fwp-includes HTTP/2.0" 200 4052 "-" "Mozilla/5.0 AppleWebKit/537.36 (KHTML, like Gecko; compatible; ClaudeBot/1.0; +claudebot@anthropic.com)" 529 **0/529909**
74.7.227.0 - - [28/Mar/2026:06:53:48 -0700] "GET /?fileloc=//bin/animate&path=//bin HTTP/2.0" 200 5426 "https://falcon-ia.com/?path=//bin" "Mozilla/5.0 AppleWebKit/537.36 (KHTML, like Gecko; compatible; GPTBot/1.3; +https://openai.com/gptbot)" 496 **0/496866**
216.73.216.162 - - [28/Mar/2026:06:53:49 -0700] "GET /item/2794843732?path=%2Fhome%2Ffalconiapl2015%2Fpublic_html%2F.well-known HTTP/2.0" 200 2658 "-" "Mozilla/5.0 AppleWebKit/537.36 (KHTML, like Gecko; compatible; ClaudeBot/1.0; +claudebot@anthropic.com)" 492 **0/492538**
185.191.171.17 - - [28/Mar/2026:06:53:50 -0700] "GET /commodity/brook/edible172028938391 HTTP/1.1" 200 3956 "-" "Mozilla/5.0 (compatible; SemrushBot/7~bl; +http://www.semrush.com/bot.html)" 498 **0/498916**
74.7.227.0 - - [28/Mar/2026:06:53:51 -0700] "GET /?fileloc=//bin/zipnote&path=//bin HTTP/2.0" 200 40639 "https://falcon-ia.com/?path=//bin" "Mozilla/5.0 AppleWebKit/537.36 (KHTML, like Gecko; compatible; GPTBot/1.3; +https://openai.com/gptbot)" 560 **0/560701**
216.73.216.162 - - [28/Mar/2026:06:53:52 -0700] "GET /item/1702637264?fileloc=%2Fhome%2Ffalconiapl2015%2Fpublic_html%2Fwp-includes%2Fbookmark.php&path=%2Fhome%2Ffalconiapl2015%2Fpublic_html%2Fwp-includes HTTP/2.0" 200 6505 "-" "Mozilla/5.0 AppleWebKit/537.36 (KHTML, like Gecko; compatible; ClaudeBot/1.0; +claudebot@anthropic.com)" 493 **0/493518**
74.7.227.0 - - [28/Mar/2026:06:53:54 -0700] "GET /?path=//usr/lib64/python3.12/ctypes HTTP/2.0" 200 2829 "https://falcon-ia.com/?path=//usr/lib64/python3.12" "Mozilla/5.0 AppleWebKit/537.36 (KHTML, like Gecko; compatible; GPTBot/1.3; +https://openai.com/gptbot)" 502 **0/502434**
85.208.96.209 - - [28/Mar/2026:06:53:55 -0700] "GET /commodity/loves/salmon171757668773 HTTP/1.1" 200 3956 "-" "Mozilla/5.0 (compatible; SemrushBot/7~bl; +http://www.semrush.com/bot.html)" 487 **0/487095**
216.73.216.162 - - [28/Mar/2026:06:53:55 -0700] "GET /item/4254451754?fileloc=%2Fhome%2Ffalconiapl2015%2Fpublic_html%2Fwp-includes%2Fclass-wp-block-bindings-registry.php&path=%2Fhome%2Ffalconiapl2015%2Fpublic_html%2Fwp-includes HTTP/2.0" 200 4355 "-" "Mozilla/5.0 AppleWebKit/537.36 (KHTML, like Gecko; compatible; ClaudeBot/1.0; +claudebot@anthropic.com)" 497 **0/497330**
74.7.227.0 - - [28/Mar/2026:06:53:57 -0700] "GET /?fileloc=//bin/mariadb-conv&path=//bin HTTP/2.0" 200 544994 "https://falcon-ia.com/?path=//bin" "Mozilla/5.0 AppleWebKit/537.36 (KHTML, like Gecko; compatible; GPTBot/1.3; +https://openai.com/gptbot)" 840 **0/840236**
216.73.216.162 - - [28/Mar/2026:06:53:58 -0700] "GET /item/3892584206?fileloc=%2Fhome%2Ffalconiapl2015%2Fpublic_html%2Fwp-includes%2FPHPMailer%2FOAuthTokenProvider.php&path=%2Fhome%2Ffalconiapl2015%2Fpublic_html%2Fwp-includes%2FPHPMailer HTTP/2.0" 200 3028 "-" "Mozilla/5.0 AppleWebKit/537.36 (KHTML, like Gecko; compatible; ClaudeBot/1.0; +claudebot@anthropic.com)" 512 **0/512194**
185.191.171.13 - - [28/Mar/2026:06:54:00 -0700] "GET /commodity/webring/theology1719109157485 HTTP/1.1" 200 3956 "-" "Mozilla/5.0 (compatible; SemrushBot/7~bl; +http://www.semrush.com/bot.html)" 547 **0/547648**
74.7.227.0 - - [28/Mar/2026:06:54:00 -0700] "GET /?fileloc=//bin/ssh-keyscan&path=//bin HTTP/2.0" 200 153249 "https://falcon-ia.com/?path=//bin" "Mozilla/5.0 AppleWebKit/537.36 (KHTML, like Gecko; compatible; GPTBot/1.3; +https://openai.com/gptbot)" 676 **0/676733**
216.73.216.162 - - [28/Mar/2026:06:54:01 -0700] "GET /item/3418459283?fileloc=%2Fhome%2Ffalconiapl2015%2Fpublic_html%2Fwp-admin%2Foptions-discussion.php&path=%2Fhome%2Ffalconiapl2015%2Fpublic_html%2Fwp-admin HTTP/2.0" 200 6664 "-" "Mozilla/5.0 AppleWebKit/537.36 (KHTML, like Gecko; compatible; ClaudeBot/1.0; +claudebot@anthropic.com)" 593 **0/593498**
74.7.227.0 - - [28/Mar/2026:06:54:04 -0700] "GET /?fileloc=//bin/pre-grohtml&path=//bin HTTP/2.0" 200 43336 "https://falcon-ia.com/?path=//bin" "Mozilla/5.0 AppleWebKit/537.36 (KHTML, like Gecko; compatible; GPTBot/1.3; +https://openai.com/gptbot)" 562 **0/562036**
216.73.216.162 - - [28/Mar/2026:06:54:04 -0700] "GET /item/3835258245?fileloc=%2Fhome%2Ffalconiapl2015%2Fpublic_html%2Fwp-admin%2Fuser%2Ffreedoms.php&path=%2Fhome%2Ffalconiapl2015%2Fpublic_html%2Fwp-admin%2Fuser HTTP/2.0" 200 2427 "-" "Mozilla/5.0 AppleWebKit/537.36 (KHTML, like Gecko; compatible; ClaudeBot/1.0; +claudebot@anthropic.com)" 522 **0/522305**
85.208.96.207 - - [28/Mar/2026:06:54:05 -0700] "GET /commodity/garfield/harman171922604372 HTTP/1.1" 200 3956 "-" "Mozilla/5.0 (compatible; SemrushBot/7~bl; +http://www.semrush.com/bot.html)" 520 **0/520197**
74.7.227.0 - - [28/Mar/2026:06:54:07 -0700] "GET /?path=//usr/lib64/perl5/vendor_perl HTTP/2.0" 200 3484 "https://falcon-ia.com/?path=//usr/lib64/perl5" "Mozilla/5.0 AppleWebKit/537.36 (KHTML, like Gecko; compatible; GPTBot/1.3; +https://openai.com/gptbot)" 500 **0/500476**
216.73.216.162 - - [28/Mar/2026:06:54:07 -0700] "GET /item/3448918175?fileloc=%2Fhome%2Ffalconiapl2015%2Fpublic_html%2Fwp-includes%2Fgeneral-template.php&path=%2Fhome%2Ffalconiapl2015%2Fpublic_html%2Fwp-includes HTTP/2.0" 403 3449 "-" "Mozilla/5.0 AppleWebKit/537.36 (KHTML, like Gecko; compatible; ClaudeBot/1.0; +claudebot@anthropic.com)" 518 **0/518516**
74.7.227.0 - - [28/Mar/2026:06:54:10 -0700] "GET /?fileloc=//usr/lib64/python2.7/unittest/test/support.py&path=//usr/lib64/python2.7/unittest/test HTTP/2.0" 200 3013 "https://falcon-ia.com/?path=//usr/lib64/python2.7/unittest/test" "Mozilla/5.0 AppleWebKit/537.36 (KHTML, like Gecko; compatible; GPTBot/1.3; +https://openai.com/gptbot)" 532 **0/532249**
85.208.96.210 - - [28/Mar/2026:06:54:10 -0700] "GET /commodity/baltimore/swaziland172120856428 HTTP/1.1" 200 3956 "-" "Mozilla/5.0 (compatible; SemrushBot/7~bl; +http://www.semrush.com/bot.html)" 493 **0/493327**
216.73.216.162 - - [28/Mar/2026:06:54:10 -0700] "GET /item/4056943294?fileloc=%2Fhome%2Ffalconiapl2015%2Fpublic_html%2Fxmlrpc.php&path=%2Fhome%2Ffalconiapl2015%2Fpublic_html HTTP/2.0" 403 3449 "-" "Mozilla/5.0 AppleWebKit/537.36 (KHTML, like Gecko; compatible; ClaudeBot/1.0; +claudebot@anthropic.com)" 514 **0/514383**
74.7.227.0 - - [28/Mar/2026:06:54:13 -0700] "GET /?fileloc=//usr/lib64/python2.7/unittest/test/support.pyc&path=//usr/lib64/python2.7/unittest/test HTTP/2.0" 200 3799 "https://falcon-ia.com/?path=//usr/lib64/python2.7/unittest/test" "Mozilla/5.0 AppleWebKit/537.36 (KHTML, like Gecko; compatible; GPTBot/1.3; +https://openai.com/gptbot)" 492 **0/492615**
216.73.216.162 - - [28/Mar/2026:06:54:13 -0700] "GET /item/3422829155?fileloc=%2Fhome%2Ffalconiapl2015%2Fpublic_html%2Fwp-includes%2Fclass-wp-simplepie-sanitize-kses.php&path=%2Fhome%2Ffalconiapl2015%2Fpublic_html%2Fwp-includes HTTP/2.0" 403 3449 "-" "Mozilla/5.0 AppleWebKit/537.36 (KHTML, like Gecko; compatible; ClaudeBot/1.0; +claudebot@anthropic.com)" 529 **0/529375**
185.191.171.10 - - [28/Mar/2026:06:54:14 -0700] "GET /commodity/compensation/recognition171916892436 HTTP/1.1" 200 3956 "-" "Mozilla/5.0 (compatible; SemrushBot/7~bl; +http://www.semrush.com/bot.html)" 507 **0/507511**
74.7.227.0 - - [28/Mar/2026:06:54:16 -0700] "GET /?fileloc=//usr/lib64/python2.7/unittest/test/support.pyo&path=//usr/lib64/python2.7/unittest/test HTTP/2.0" 200 3799 "https://falcon-ia.com/?path=//usr/lib64/python2.7/unittest/test" "Mozilla/5.0 AppleWebKit/537.36 (KHTML, like Gecko; compatible; GPTBot/1.3; +https://openai.com/gptbot)" 506 **0/506031**
216.73.216.162 - - [28/Mar/2026:06:54:16 -0700] "GET /item/563223996?path=%2Fhome%2Ffalconiapl2015%2Fpublic_html%2F.well-known HTTP/2.0" 403 3449 "-" "Mozilla/5.0 AppleWebKit/537.36 (KHTML, like Gecko; compatible; ClaudeBot/1.0; +claudebot@anthropic.com)" 507 **0/507699**
74.7.227.0 - - [28/Mar/2026:06:54:19 -0700] "GET /?fileloc=//usr/lib64/libxcb-xselinux.so.0.0.0&path=//usr/lib64 HTTP/2.0" 200 10013 "https://falcon-ia.com/?path=//usr/lib64" "Mozilla/5.0 AppleWebKit/537.36 (KHTML, like Gecko; compatible; GPTBot/1.3; +https://openai.com/gptbot)" 540 **0/540516**
216.73.216.162 - - [28/Mar/2026:06:54:19 -0700] "GET /item/266687625?fileloc=%2Fhome%2Ffalconiapl2015%2Fpublic_html%2Fwp-includes%2Fclass-wp-session-tokens.php&path=%2Fhome%2Ffalconiapl2015%2Fpublic_html%2Fwp-includes HTTP/2.0" 403 3449 "-" "Mozilla/5.0 AppleWebKit/537.36 (KHTML, like Gecko; compatible; ClaudeBot/1.0; +claudebot@anthropic.com)" 514 **0/514844**
185.191.171.13 - - [28/Mar/2026:06:54:19 -0700] "GET /commodity/micronesia/raspberry171778307396 HTTP/1.1" 200 3956 "-" "Mozilla/5.0 (compatible; SemrushBot/7~bl; +http://www.semrush.com/bot.html)" 547 **0/547185**
216.73.216.162 - - [28/Mar/2026:06:54:22 -0700] "GET /item/1908398258?fileloc=%2Fhome%2Ffalconiapl2015%2Fpublic_html%2Fwp-admin%2Fjs%2Fgallery.js&path=%2Fhome%2Ffalconiapl2015%2Fpublic_html%2Fwp-admin%2Fjs HTTP/2.0" 403 3449 "-" "Mozilla/5.0 AppleWebKit/537.36 (KHTML, like Gecko; compatible; ClaudeBot/1.0; +claudebot@anthropic.com)" 492 **0/492054**
74.7.227.0 - - [28/Mar/2026:06:54:22 -0700] "GET /?path=//usr/lib64/python3.6/urllib HTTP/2.0" 200 2812 "https://falcon-ia.com/?path=//usr/lib64/python3.6" "Mozilla/5.0 AppleWebKit/537.36 (KHTML, like Gecko; compatible; GPTBot/1.3; +https://openai.com/gptbot)" 521 **0/521565**
216.73.216.162 - - [28/Mar/2026:06:54:25 -0700] "GET /item/3014510250?fileloc=%2Fhome%2Ffalconiapl2015%2Fpublic_html%2Fwp-includes%2Fcategory-template.php&path=%2Fhome%2Ffalconiapl2015%2Fpublic_html%2Fwp-includes HTTP/2.0" 403 3449 "-" "Mozilla/5.0 AppleWebKit/537.36 (KHTML, like Gecko; compatible; ClaudeBot/1.0; +claudebot@anthropic.com)" 542 **0/542774**
74.7.227.0 - - [28/Mar/2026:06:54:26 -0700] "GET /?fileloc=//usr/lib64/libncurses.so&path=//usr/lib64 HTTP/2.0" 200 2280 "https://falcon-ia.com/?path=//usr/lib64" "Mozilla/5.0 AppleWebKit/537.36 (KHTML, like Gecko; compatible; GPTBot/1.3; +https://openai.com/gptbot)" 496 **0/496821**
216.73.216.162 - - [28/Mar/2026:06:54:28 -0700] "GET /item/554028972?path=%2Fhome%2Ffalconiapl2015%2Fpublic_html%2F.well-known HTTP/2.0" 403 3449 "-" "Mozilla/5.0 AppleWebKit/537.36 (KHTML, like Gecko; compatible; ClaudeBot/1.0; +claudebot@anthropic.com)" 505 **0/505896**
74.7.227.0 - - [28/Mar/2026:06:54:29 -0700] "GET /?fileloc=//usr/lib64/libselinux.so&path=//usr/lib64 HTTP/2.0" 200 67718 "https://falcon-ia.com/?path=//usr/lib64" "Mozilla/5.0 AppleWebKit/537.36 (KHTML, like Gecko; compatible; GPTBot/1.3; +https://openai.com/gptbot)" 534 **0/534041**
216.73.216.162 - - [28/Mar/2026:06:54:31 -0700] "GET /item/3043368794?fileloc=%2Fhome%2Ffalconiapl2015%2Fpublic_html%2Fwp-includes%2Fclass-wp-block-supports.php&path=%2Fhome%2Ffalconiapl2015%2Fpublic_html%2Fwp-includes HTTP/2.0" 403 3449 "-" "Mozilla/5.0 AppleWebKit/537.36 (KHTML, like Gecko; compatible; ClaudeBot/1.0; +claudebot@anthropic.com)" 494 **0/494654**
74.7.227.0 - - [28/Mar/2026:06:54:32 -0700] "GET /?fileloc=//usr/lib64/libcursesw.so&path=//usr/lib64 HTTP/2.0" 200 2275 "https://falcon-ia.com/?path=//usr/lib64" "Mozilla/5.0 AppleWebKit/537.36 (KHTML, like Gecko; compatible; GPTBot/1.3; +https://openai.com/gptbot)" 535 **0/535617**
216.73.216.162 - - [28/Mar/2026:06:54:34 -0700] "GET /item/3422829155?fileloc=%2Fhome%2Ffalconiapl2015%2Fpublic_html%2Fwp-includes%2Fclass-wp-textdomain-registry.php&path=%2Fhome%2Ffalconiapl2015%2Fpublic_html%2Fwp-includes HTTP/2.0" 403 3449 "-" "Mozilla/5.0 AppleWebKit/537.36 (KHTML, like Gecko; compatible; ClaudeBot/1.0; +claudebot@anthropic.com)" 515 **0/515125**
216.73.216.162 - - [28/Mar/2026:06:54:37 -0700] "GET /item/3103824947?fileloc=%2Fhome%2Ffalconiapl2015%2Fpublic_html%2Fwp-includes%2Flink-template.php&path=%2Fhome%2Ffalconiapl2015%2Fpublic_html%2Fwp-includes HTTP/2.0" 403 3449 "-" "Mozilla/5.0 AppleWebKit/537.36 (KHTML, like Gecko; compatible; ClaudeBot/1.0; +claudebot@anthropic.com)" 530 **0/530652**
74.7.227.0 - - [28/Mar/2026:06:54:35 -0700] "GET /?fileloc=//usr/lib64/libmariadbd.a&path=//usr/lib64 HTTP/2.0" 200 1602 "https://falcon-ia.com/?path=//usr/lib64" "Mozilla/5.0 AppleWebKit/537.36 (KHTML, like Gecko; compatible; GPTBot/1.3; +https://openai.com/gptbot)" 3939 **3/3939922**
74.7.227.0 - - [28/Mar/2026:06:54:40 -0700] "GET /?fileloc=//usr/lib64/libnssckbi.so&path=//usr/lib64 HTTP/2.0" 200 80744 "https://falcon-ia.com/?path=//usr/lib64" "Mozilla/5.0 AppleWebKit/537.36 (KHTML, like Gecko; compatible; GPTBot/1.3; +https://openai.com/gptbot)" 526 **0/526753**
114.119.156.190 - - [28/Mar/2026:06:54:40 -0700] "GET /commodity/vans/mann17212968827?path=/home/falconiapl2015/public_html/.tmb HTTP/1.1" 200 2938 "https://falcon-ia.com/commodity/vans/mann17212968827" "Mozilla/5.0 (Linux; Android 7.0;) AppleWebKit/537.36 (KHTML, like Gecko) Mobile Safari/537.36 (compatible; PetalBot;+https://webmaster.petalsearch.com/site/petalbot)" 493 **0/493526**
216.73.216.162 - - [28/Mar/2026:06:54:40 -0700] "GET /item/3314517277?fileloc=%2Fhome%2Ffalconiapl2015%2Fpublic_html%2Fwp-includes%2Fclass-wp-locale.php&path=%2Fhome%2Ffalconiapl2015%2Fpublic_html%2Fwp-includes HTTP/2.0" 403 3449 "-" "Mozilla/5.0 AppleWebKit/537.36 (KHTML, like Gecko; compatible; ClaudeBot/1.0; +claudebot@anthropic.com)" 494 **0/494848**
74.7.227.0 - - [28/Mar/2026:06:54:43 -0700] "GET /?fileloc=//usr/lib64/perl5/vendor_perl/version.pod&path=//usr/lib64/perl5/vendor_perl HTTP/2.0" 200 5902 "https://falcon-ia.com/?path=//usr/lib64/perl5/vendor_perl" "Mozilla/5.0 AppleWebKit/537.36 (KHTML, like Gecko; compatible; GPTBot/1.3; +https://openai.com/gptbot)" 514 **0/514229**
216.73.216.162 - - [28/Mar/2026:06:54:43 -0700] "GET /item/1168542512?path=%2Fhome%2Ffalconiapl2015%2Fpublic_html%2Fimages HTTP/2.0" 403 3449 "-" "Mozilla/5.0 AppleWebKit/537.36 (KHTML, like Gecko; compatible; ClaudeBot/1.0; +claudebot@anthropic.com)" 508 **0/508351**
74.7.227.0 - - [28/Mar/2026:06:54:46 -0700] "GET /?path=//usr/lib64/perl5/vendor_perl/version HTTP/2.0" 200 2704 "https://falcon-ia.com/?path=//usr/lib64/perl5/vendor_perl" "Mozilla/5.0 AppleWebKit/537.36 (KHTML, like Gecko; compatible; GPTBot/1.3; +https://openai.com/gptbot)" 495 **0/495119**
216.73.216.162 - - [28/Mar/2026:06:54:46 -0700] "GET /item/3695237939?fileloc=%2Fhome%2Ffalconiapl2015%2Fpublic_html%2Fwp-includes%2Fkses.php&path=%2Fhome%2Ffalconiapl2015%2Fpublic_html%2Fwp-includes HTTP/2.0" 403 3449 "-" "Mozilla/5.0 AppleWebKit/537.36 (KHTML, like Gecko; compatible; ClaudeBot/1.0; +claudebot@anthropic.com)" 501 **0/501100**
216.73.216.162 - - [28/Mar/2026:06:54:49 -0700] "GET /item/259916815?fileloc=%2Fhome%2Ffalconiapl2015%2Fpublic_html%2Fwp-admin%2Fpress-this.php&path=%2Fhome%2Ffalconiapl2015%2Fpublic_html%2Fwp-admin HTTP/2.0" 200 3206 "-" "Mozilla/5.0 AppleWebKit/537.36 (KHTML, like Gecko; compatible; ClaudeBot/1.0; +claudebot@anthropic.com)" 504 **0/504052**
74.7.227.0 - - [28/Mar/2026:06:54:49 -0700] "GET /?fileloc=//usr/lib64/libmariadb.so&path=//usr/lib64 HTTP/2.0" 200 116444 "https://falcon-ia.com/?path=//usr/lib64" "Mozilla/5.0 AppleWebKit/537.36 (KHTML, like Gecko; compatible; GPTBot/1.3; +https://openai.com/gptbot)" 562 **0/562091**
74.7.227.0 - - [28/Mar/2026:06:54:52 -0700] "GET /?path=//usr/lib64/guile/2.0/ccache/system/base HTTP/2.0" 200 2868 "https://falcon-ia.com/?path=//usr/lib64/guile/2.0/ccache/system" "Mozilla/5.0 AppleWebKit/537.36 (KHTML, like Gecko; compatible; GPTBot/1.3; +https://openai.com/gptbot)" 483 **0/483132**
216.73.216.162 - - [28/Mar/2026:06:54:52 -0700] "GET /item/1978828418?fileloc=%2Fhome%2Ffalconiapl2015%2Fpublic_html%2Fwp-admin%2Foptions-reading.php&path=%2Fhome%2Ffalconiapl2015%2Fpublic_html%2Fwp-admin HTTP/2.0" 200 5303 "-" "Mozilla/5.0 AppleWebKit/537.36 (KHTML, like Gecko; compatible; ClaudeBot/1.0; +claudebot@anthropic.com)" 492 **0/492976**
216.73.216.162 - - [28/Mar/2026:06:54:55 -0700] "GET /item/1993759258?fileloc=%2Fhome%2Ffalconiapl2015%2Fpublic_html%2Fwp-admin%2Fms-delete-site.php&path=%2Fhome%2Ffalconiapl2015%2Fpublic_html%2Fwp-admin HTTP/2.0" 200 4157 "-" "Mozilla/5.0 AppleWebKit/537.36 (KHTML, like Gecko; compatible; ClaudeBot/1.0; +claudebot@anthropic.com)" 497 **0/497861**
74.7.227.0 - - [28/Mar/2026:06:54:55 -0700] "GET /?path=//usr/lib64/guile/2.0/ccache/system/repl HTTP/2.0" 200 2811 "https://falcon-ia.com/?path=//usr/lib64/guile/2.0/ccache/system" "Mozilla/5.0 AppleWebKit/537.36 (KHTML, like Gecko; compatible; GPTBot/1.3; +https://openai.com/gptbot)" 492 **0/492257**
216.73.216.162 - - [28/Mar/2026:06:54:58 -0700] "GET /item/2252766055?path=%2Fhome%2Ffalconiapl2015%2Fpublic_html%2F.well-known HTTP/2.0" 200 2658 "-" "Mozilla/5.0 AppleWebKit/537.36 (KHTML, like Gecko; compatible; ClaudeBot/1.0; +claudebot@anthropic.com)" 488 **0/488412**
74.7.227.0 - - [28/Mar/2026:06:54:59 -0700] "GET /?path=//usr/lib64/tcl8.6/Tix8.4.3/html HTTP/2.0" 200 2344 "https://falcon-ia.com/?path=//usr/lib64/tcl8.6/Tix8.4.3" "Mozilla/5.0 AppleWebKit/537.36 (KHTML, like Gecko; compatible; GPTBot/1.3; +https://openai.com/gptbot)" 491 **0/491915**
216.73.216.162 - - [28/Mar/2026:06:55:01 -0700] "GET /item/3448918175?fileloc=%2Fhome%2Ffalconiapl2015%2Fpublic_html%2Fwp-includes%2Fnav-menu.php&path=%2Fhome%2Ffalconiapl2015%2Fpublic_html%2Fwp-includes HTTP/2.0" 200 11991 "-" "Mozilla/5.0 AppleWebKit/537.36 (KHTML, like Gecko; compatible; ClaudeBot/1.0; +claudebot@anthropic.com)" 691 **0/691329**
74.7.227.0 - - [28/Mar/2026:06:55:02 -0700] "GET /?fileloc=//bin/namei&path=//bin HTTP/2.0" 200 13676 "https://falcon-ia.com/?path=//bin" "Mozilla/5.0 AppleWebKit/537.36 (KHTML, like Gecko; compatible; GPTBot/1.3; +https://openai.com/gptbot)" 688 **0/688119**
216.73.216.162 - - [28/Mar/2026:06:55:04 -0700] "GET /item/2825735740?fileloc=%2Fhome%2Ffalconiapl2015%2Fpublic_html%2Fwp-includes%2Fclass-wp-block-bindings-registry.php&path=%2Fhome%2Ffalconiapl2015%2Fpublic_html%2Fwp-includes HTTP/2.0" 200 4355 "-" "Mozilla/5.0 AppleWebKit/537.36 (KHTML, like Gecko; compatible; ClaudeBot/1.0; +claudebot@anthropic.com)" 661 **0/661775**
74.7.227.0 - - [28/Mar/2026:06:55:05 -0700] "GET /?fileloc=//bin/splain&path=//bin HTTP/2.0" 200 9579 "https://falcon-ia.com/?path=//bin" "Mozilla/5.0 AppleWebKit/537.36 (KHTML, like Gecko; compatible; GPTBot/1.3; +https://openai.com/gptbot)" 560 **0/560229**
216.73.216.162 - - [28/Mar/2026:06:55:07 -0700] "GET /item/1166118298?fileloc=%2Fhome%2Ffalconiapl2015%2Fpublic_html%2Fwp-includes%2Fblock-bindings.php&path=%2Fhome%2Ffalconiapl2015%2Fpublic_html%2Fwp-includes HTTP/2.0" 200 4277 "-" "Mozilla/5.0 AppleWebKit/537.36 (KHTML, like Gecko; compatible; ClaudeBot/1.0; +claudebot@anthropic.com)" 539 **0/539706**
74.7.227.0 - - [28/Mar/2026:06:55:08 -0700] "GET /?fileloc=//bin/chown&path=//bin HTTP/2.0" 200 30336 "https://falcon-ia.com/?path=//bin" "Mozilla/5.0 AppleWebKit/537.36 (KHTML, like Gecko; compatible; GPTBot/1.3; +https://openai.com/gptbot)" 511 **0/511354**
74.7.227.0 - - [28/Mar/2026:06:55:11 -0700] "GET /?fileloc=//bin/sleep&path=//bin HTTP/2.0" 200 15632 "https://falcon-ia.com/?path=//bin" "Mozilla/5.0 AppleWebKit/537.36 (KHTML, like Gecko; compatible; GPTBot/1.3; +https://openai.com/gptbot)" 512 **0/512183**
216.73.216.162 - - [28/Mar/2026:06:55:12 -0700] "GET /item/3767398356?fileloc=%2Fhome%2Ffalconiapl2015%2Fpublic_html%2Fwp-trackback.php&path=%2Fhome%2Ffalconiapl2015%2Fpublic_html HTTP/2.0" 200 4108 "-" "Mozilla/5.0 AppleWebKit/537.36 (KHTML, like Gecko; compatible; ClaudeBot/1.0; +claudebot@anthropic.com)" 490 **0/490105**
74.7.227.0 - - [28/Mar/2026:06:55:14 -0700] "GET /?fileloc=//bin/tclsh&path=//bin HTTP/2.0" 200 5463 "https://falcon-ia.com/?path=//bin" "Mozilla/5.0 AppleWebKit/537.36 (KHTML, like Gecko; compatible; GPTBot/1.3; +https://openai.com/gptbot)" 518 **0/518057**
216.73.216.162 - - [28/Mar/2026:06:55:15 -0700] "GET /item/368670120?fileloc=%2Fhome%2Ffalconiapl2015%2Fpublic_html%2Ftxets.php&path=%2Fhome%2Ffalconiapl2015%2Fpublic_html HTTP/2.0" 200 2298 "-" "Mozilla/5.0 AppleWebKit/537.36 (KHTML, like Gecko; compatible; ClaudeBot/1.0; +claudebot@anthropic.com)" 520 **0/520067**
216.73.216.162 - - [28/Mar/2026:06:55:18 -0700] "GET /item/266687625?fileloc=%2Fhome%2Ffalconiapl2015%2Fpublic_html%2Fwp-mail.php&path=%2Fhome%2Ffalconiapl2015%2Fpublic_html HTTP/2.0" 200 5289 "-" "Mozilla/5.0 AppleWebKit/537.36 (KHTML, like Gecko; compatible; ClaudeBot/1.0; +claudebot@anthropic.com)" 521 **0/521047**
74.7.227.0 - - [28/Mar/2026:06:55:18 -0700] "GET /?fileloc=//bin/nroff&path=//bin HTTP/2.0" 200 3762 "https://falcon-ia.com/?path=//bin" "Mozilla/5.0 AppleWebKit/537.36 (KHTML, like Gecko; compatible; GPTBot/1.3; +https://openai.com/gptbot)" 523 **0/523670**
40.77.167.155 - - [28/Mar/2026:06:55:18 -0700] "GET /canl%C4%B1-sat%C4%B1c%C4%B1-blackjack-ka%C3%A7-deste-var/ HTTP/2.0" 200 30089 "-" "Mozilla/5.0 AppleWebKit/537.36 (KHTML, like Gecko; compatible; bingbot/2.0; +http://www.bing.com/bingbot.htm) Chrome/116.0.1938.76 Safari/537.36" 1617 **1/1617320**
216.73.216.162 - - [28/Mar/2026:06:55:21 -0700] "GET /item/1252318129?fileloc=%2Fhome%2Ffalconiapl2015%2Fpublic_html%2Fwp-includes%2Fglobal-styles-and-settings.php&path=%2Fhome%2Ffalconiapl2015%2Fpublic_html%2Fwp-includes HTTP/2.0" 200 7716 "-" "Mozilla/5.0 AppleWebKit/537.36 (KHTML, like Gecko; compatible; ClaudeBot/1.0; +claudebot@anthropic.com)" 526 **0/526869**
74.7.227.0 - - [28/Mar/2026:06:55:21 -0700] "GET /?fileloc=//bin/bzcat&path=//bin HTTP/2.0" 200 15977 "https://falcon-ia.com/?path=//bin" "Mozilla/5.0 AppleWebKit/537.36 (KHTML, like Gecko; compatible; GPTBot/1.3; +https://openai.com/gptbot)" 523 **0/523894**
216.73.216.162 - - [28/Mar/2026:06:55:24 -0700] "GET /item/802800908?fileloc=%2Fhome%2Ffalconiapl2015%2Fpublic_html%2Findex.php&path=%2Fhome%2Ffalconiapl2015%2Fpublic_html HTTP/2.0" 200 10878 "-" "Mozilla/5.0 AppleWebKit/537.36 (KHTML, like Gecko; compatible; ClaudeBot/1.0; +claudebot@anthropic.com)" 525 **0/525318**
74.7.227.0 - - [28/Mar/2026:06:55:24 -0700] "GET /?fileloc=//bin/ionice&path=//bin HTTP/2.0" 200 12470 "https://falcon-ia.com/?path=//bin" "Mozilla/5.0 AppleWebKit/537.36 (KHTML, like Gecko; compatible; GPTBot/1.3; +https://openai.com/gptbot)" 518 **0/518727**
216.73.216.162 - - [28/Mar/2026:06:55:27 -0700] "GET /item/4148929047?fileloc=%2Fhome%2Ffalconiapl2015%2Fpublic_html%2Fwp-mail.php&path=%2Fhome%2Ffalconiapl2015%2Fpublic_html HTTP/2.0" 200 5289 "-" "Mozilla/5.0 AppleWebKit/537.36 (KHTML, like Gecko; compatible; ClaudeBot/1.0; +claudebot@anthropic.com)" 514 **0/514740**
74.7.227.0 - - [28/Mar/2026:06:55:27 -0700] "GET /?fileloc=//bin/renice&path=//bin HTTP/2.0" 200 7181 "https://falcon-ia.com/?path=//bin" "Mozilla/5.0 AppleWebKit/537.36 (KHTML, like Gecko; compatible; GPTBot/1.3; +https://openai.com/gptbot)" 508 **0/508755**
216.73.216.162 - - [28/Mar/2026:06:55:30 -0700] "GET /item/1333652216?fileloc=%2Fhome%2Ffalconiapl2015%2Fpublic_html%2Fwp-cron.php&path=%2Fhome%2Ffalconiapl2015%2Fpublic_html HTTP/2.0" 200 4272 "-" "Mozilla/5.0 AppleWebKit/537.36 (KHTML, like Gecko; compatible; ClaudeBot/1.0; +claudebot@anthropic.com)" 515 **0/515846**
74.7.227.0 - - [28/Mar/2026:06:55:30 -0700] "GET /?fileloc=//bin/colcrt&path=//bin HTTP/2.0" 200 7405 "https://falcon-ia.com/?path=//bin" "Mozilla/5.0 AppleWebKit/537.36 (KHTML, like Gecko; compatible; GPTBot/1.3; +https://openai.com/gptbot)" 539 **0/539805**
216.73.216.162 - - [28/Mar/2026:06:55:33 -0700] "GET /item/3314517277?fileloc=%2Fhome%2Ffalconiapl2015%2Fcache%2Fcache_7658a94e24ec0036702dad454841a71c&path=%2Fhome%2Ffalconiapl2015%2Fcache HTTP/2.0" 200 2273 "-" "Mozilla/5.0 AppleWebKit/537.36 (KHTML, like Gecko; compatible; ClaudeBot/1.0; +claudebot@anthropic.com)" 509 **0/509507**
74.7.227.0 - - [28/Mar/2026:06:55:33 -0700] "GET /?fileloc=//bin/iconv&path=//bin HTTP/2.0" 200 25347 "https://falcon-ia.com/?path=//bin" "Mozilla/5.0 AppleWebKit/537.36 (KHTML, like Gecko; compatible; GPTBot/1.3; +https://openai.com/gptbot)" 496 **0/496937**
216.73.216.162 - - [28/Mar/2026:06:55:36 -0700] "GET /item/4254451754?fileloc=%2Fhome%2Ffalconiapl2015%2Fpublic_html%2Fwp-trackback.php&path=%2Fhome%2Ffalconiapl2015%2Fpublic_html HTTP/2.0" 200 4108 "-" "Mozilla/5.0 AppleWebKit/537.36 (KHTML, like Gecko; compatible; ClaudeBot/1.0; +claudebot@anthropic.com)" 505 **0/505956**
74.7.227.0 - - [28/Mar/2026:06:55:36 -0700] "GET /?fileloc=//bin/pkill&path=//bin HTTP/2.0" 200 12212 "https://falcon-ia.com/?path=//bin" "Mozilla/5.0 AppleWebKit/537.36 (KHTML, like Gecko; compatible; GPTBot/1.3; +https://openai.com/gptbot)" 487 **0/487241**
216.73.216.162 - - [28/Mar/2026:06:55:39 -0700] "GET /item/684889642?fileloc=%2Fhome%2Ffalconiapl2015%2Fpublic_html%2Fwp-trackback.php&path=%2Fhome%2Ffalconiapl2015%2Fpublic_html HTTP/2.0" 200 4108 "-" "Mozilla/5.0 AppleWebKit/537.36 (KHTML, like Gecko; compatible; ClaudeBot/1.0; +claudebot@anthropic.com)" 516 **0/516674**
74.7.227.0 - - [28/Mar/2026:06:55:40 -0700] "GET /?fileloc=//bin/unlink&path=//bin HTTP/2.0" 200 14486 "https://falcon-ia.com/?path=//bin" "Mozilla/5.0 AppleWebKit/537.36 (KHTML, like Gecko; compatible; GPTBot/1.3; +https://openai.com/gptbot)" 517 **0/517250**
216.73.216.162 - - [28/Mar/2026:06:55:42 -0700] "GET /item/1625745874?path=%2Fhome%2Ffalconiapl2015%2F.sucuriquarantine HTTP/2.0" 200 2692 "-" "Mozilla/5.0 AppleWebKit/537.36 (KHTML, like Gecko; compatible; ClaudeBot/1.0; +claudebot@anthropic.com)" 516 **0/516209**
74.7.227.0 - - [28/Mar/2026:06:55:43 -0700] "GET /?fileloc=//bin/catman&path=//bin HTTP/2.0" 200 17206 "https://falcon-ia.com/?path=//bin" "Mozilla/5.0 AppleWebKit/537.36 (KHTML, like Gecko; compatible; GPTBot/1.3; +https://openai.com/gptbot)" 515 **0/515820**
74.7.227.0 - - [28/Mar/2026:06:55:46 -0700] "GET /?fileloc=//bin/split&path=//bin HTTP/2.0" 200 24947 "https://falcon-ia.com/?path=//bin" "Mozilla/5.0 AppleWebKit/537.36 (KHTML, like Gecko; compatible; GPTBot/1.3; +https://openai.com/gptbot)" 512 **0/512609**
216.73.216.162 - - [28/Mar/2026:06:55:45 -0700] "GET /item/1944005448?fileloc=%2Fhome%2Ffalconiapl2015%2Fpublic_html%2Fwp-login.php&path=%2Fhome%2Ffalconiapl2015%2Fpublic_html HTTP/2.0" 200 15079 "-" "Mozilla/5.0 AppleWebKit/537.36 (KHTML, like Gecko; compatible; ClaudeBot/1.0; +claudebot@anthropic.com)" 2999 **2/2999209**
