85.208.96.196 - - [28/Mar/2026:05:19:48 -0700] "GET /commodity/cctv/hill17184178550 HTTP/1.1" 200 3956 "-" "Mozilla/5.0 (compatible; SemrushBot/7~bl; +http://www.semrush.com/bot.html)" 488 **0/488051**
216.73.216.162 - - [28/Mar/2026:05:19:48 -0700] "GET /item/528931444?fileloc=%2Fhome%2Ffalconiapl2015%2Fpublic_html%2Fimages%2Ftoggige-arrow.jpg&path=%2Fhome%2Ffalconiapl2015%2Fpublic_html%2Fimages HTTP/2.0" 200 15949 "-" "Mozilla/5.0 AppleWebKit/537.36 (KHTML, like Gecko; compatible; ClaudeBot/1.0; +claudebot@anthropic.com)" 502 **0/502037**
74.7.227.0 - - [28/Mar/2026:05:19:49 -0700] "GET /?fileloc=//etc/trusted-key.key&path=//etc HTTP/2.0" 200 2582 "https://falcon-ia.com/?path=//etc" "Mozilla/5.0 AppleWebKit/537.36 (KHTML, like Gecko; compatible; GPTBot/1.3; +https://openai.com/gptbot)" 510 **0/510541**
216.73.216.162 - - [28/Mar/2026:05:19:51 -0700] "GET /item/3593351529?fileloc=%2Fhome%2Ffalconiapl2015%2Flogs%2Ffalcon-ia.com-Mar-2026.gz&path=%2Fhome%2Ffalconiapl2015%2Flogs HTTP/2.0" 200 229385 "-" "Mozilla/5.0 AppleWebKit/537.36 (KHTML, like Gecko; compatible; ClaudeBot/1.0; +claudebot@anthropic.com)" 598 **0/598903**
74.7.227.0 - - [28/Mar/2026:05:19:52 -0700] "GET /?fileloc=//etc/lynx-site.cfg&path=//etc HTTP/2.0" 200 2291 "https://falcon-ia.com/?path=//etc" "Mozilla/5.0 AppleWebKit/537.36 (KHTML, like Gecko; compatible; GPTBot/1.3; +https://openai.com/gptbot)" 505 **0/505698**
185.191.171.16 - - [28/Mar/2026:05:19:53 -0700] "GET /commodity/kashmir/conduct171810176023 HTTP/1.1" 200 3956 "-" "Mozilla/5.0 (compatible; SemrushBot/7~bl; +http://www.semrush.com/bot.html)" 479 **0/479059**
216.73.216.162 - - [28/Mar/2026:05:19:54 -0700] "GET /item/682871127?fileloc=%2Fhome%2Ffalconiapl2015%2Fpublic_html%2Fimages%2Ftoggige-arrow.jpg&path=%2Fhome%2Ffalconiapl2015%2Fpublic_html%2Fimages HTTP/2.0" 200 15949 "-" "Mozilla/5.0 AppleWebKit/537.36 (KHTML, like Gecko; compatible; ClaudeBot/1.0; +claudebot@anthropic.com)" 518 **0/518975**
74.7.227.0 - - [28/Mar/2026:05:19:55 -0700] "GET /?fileloc=//etc/mailhelo&path=//etc HTTP/2.0" 200 2250 "https://falcon-ia.com/?path=//etc" "Mozilla/5.0 AppleWebKit/537.36 (KHTML, like Gecko; compatible; GPTBot/1.3; +https://openai.com/gptbot)" 516 **0/516369**
216.73.216.162 - - [28/Mar/2026:05:19:57 -0700] "GET /item/3691697743?fileloc=%2Fhome%2Ffalconiapl2015%2Fnew%2Flicense.txt&path=%2Fhome%2Ffalconiapl2015%2Fnew HTTP/2.0" 200 9306 "-" "Mozilla/5.0 AppleWebKit/537.36 (KHTML, like Gecko; compatible; ClaudeBot/1.0; +claudebot@anthropic.com)" 517 **0/517356**
185.191.171.11 - - [28/Mar/2026:05:19:58 -0700] "GET /commodity/numbering/beware171982318512 HTTP/1.1" 200 3956 "-" "Mozilla/5.0 (compatible; SemrushBot/7~bl; +http://www.semrush.com/bot.html)" 494 **0/494848**
74.7.227.0 - - [28/Mar/2026:05:19:59 -0700] "GET /?path=//etc/skel HTTP/2.0" 200 2628 "https://falcon-ia.com/?path=//etc" "Mozilla/5.0 AppleWebKit/537.36 (KHTML, like Gecko; compatible; GPTBot/1.3; +https://openai.com/gptbot)" 502 **0/502386**
216.73.216.162 - - [28/Mar/2026:05:20:00 -0700] "GET /item/730498306?fileloc=%2Fhome%2Ffalconiapl2015%2Fpublic_html%2Fimages%2Ftoggige-arrow.jpg&path=%2Fhome%2Ffalconiapl2015%2Fpublic_html%2Fimages HTTP/2.0" 200 15949 "-" "Mozilla/5.0 AppleWebKit/537.36 (KHTML, like Gecko; compatible; ClaudeBot/1.0; +claudebot@anthropic.com)" 530 **0/530298**
74.7.227.0 - - [28/Mar/2026:05:20:02 -0700] "GET /?path=//etc/mail HTTP/2.0" 200 2547 "https://falcon-ia.com/?path=//etc" "Mozilla/5.0 AppleWebKit/537.36 (KHTML, like Gecko; compatible; GPTBot/1.3; +https://openai.com/gptbot)" 574 **0/574467**
85.208.96.199 - - [28/Mar/2026:05:20:02 -0700] "GET /commodity/skating/functions171781368664 HTTP/1.1" 200 3956 "-" "Mozilla/5.0 (compatible; SemrushBot/7~bl; +http://www.semrush.com/bot.html)" 562 **0/562923**
74.7.227.0 - - [28/Mar/2026:05:20:05 -0700] "GET /?fileloc=//etc/spammeripblocks&path=//etc HTTP/2.0" 200 2253 "https://falcon-ia.com/?path=//etc" "Mozilla/5.0 AppleWebKit/537.36 (KHTML, like Gecko; compatible; GPTBot/1.3; +https://openai.com/gptbot)" 545 **0/545617**
216.73.216.162 - - [28/Mar/2026:05:20:06 -0700] "GET /item/2571990870?fileloc=%2Fhome%2Ffalconiapl2015%2Fpublic_html%2Fwp-includes%2Fclass-wp-customize-panel.php&path=%2Fhome%2Ffalconiapl2015%2Fpublic_html%2Fwp-includes HTTP/2.0" 200 5288 "-" "Mozilla/5.0 AppleWebKit/537.36 (KHTML, like Gecko; compatible; ClaudeBot/1.0; +claudebot@anthropic.com)" 543 **0/543714**
185.191.171.6 - - [28/Mar/2026:05:20:08 -0700] "GET /commodity/mustard/forecast171819210195 HTTP/1.1" 200 3956 "-" "Mozilla/5.0 (compatible; SemrushBot/7~bl; +http://www.semrush.com/bot.html)" 507 **0/507300**
74.7.227.0 - - [28/Mar/2026:05:20:08 -0700] "GET /?fileloc=//etc/localtime&path=//etc HTTP/2.0" 200 2439 "https://falcon-ia.com/?path=//etc" "Mozilla/5.0 AppleWebKit/537.36 (KHTML, like Gecko; compatible; GPTBot/1.3; +https://openai.com/gptbot)" 515 **0/515590**
216.73.216.162 - - [28/Mar/2026:05:20:10 -0700] "GET /item/2361645411?fileloc=%2Fhome%2Ffalconiapl2015%2Fpublic_html%2Fwp-includes%2Fpluggable-deprecated.php&path=%2Fhome%2Ffalconiapl2015%2Fpublic_html%2Fwp-includes HTTP/2.0" 200 4091 "-" "Mozilla/5.0 AppleWebKit/537.36 (KHTML, like Gecko; compatible; ClaudeBot/1.0; +claudebot@anthropic.com)" 499 **0/499406**
74.7.227.0 - - [28/Mar/2026:05:20:11 -0700] "GET /?fileloc=//etc/trustedmailhosts&path=//etc HTTP/2.0" 200 2255 "https://falcon-ia.com/?path=//etc" "Mozilla/5.0 AppleWebKit/537.36 (KHTML, like Gecko; compatible; GPTBot/1.3; +https://openai.com/gptbot)" 526 **0/526382**
85.208.96.208 - - [28/Mar/2026:05:20:12 -0700] "GET /gratis-nieuwe-gokkasten/ HTTP/1.1" 200 3956 "-" "Mozilla/5.0 (compatible; SemrushBot/7~bl; +http://www.semrush.com/bot.html)" 498 **0/498473**
74.7.227.0 - - [28/Mar/2026:05:20:15 -0700] "GET /?path=//var/opt HTTP/2.0" 200 2547 "https://falcon-ia.com/?path=//var" "Mozilla/5.0 AppleWebKit/537.36 (KHTML, like Gecko; compatible; GPTBot/1.3; +https://openai.com/gptbot)" 507 **0/507628**
216.73.216.162 - - [28/Mar/2026:05:20:16 -0700] "GET /item/62571846?path=%2Fhome%2Ffalconiapl2015%2Fpublic_html%2Fimages%2Fimages HTTP/2.0" 200 2732 "-" "Mozilla/5.0 AppleWebKit/537.36 (KHTML, like Gecko; compatible; ClaudeBot/1.0; +claudebot@anthropic.com)" 500 **0/500117**
74.7.227.0 - - [28/Mar/2026:05:20:18 -0700] "GET /?path=//var/www/html HTTP/2.0" 200 3061 "https://falcon-ia.com/?path=//var/www" "Mozilla/5.0 AppleWebKit/537.36 (KHTML, like Gecko; compatible; GPTBot/1.3; +https://openai.com/gptbot)" 568 **0/568597**
216.73.216.162 - - [28/Mar/2026:05:20:20 -0700] "GET /item/62571846?fileloc=%2Fhome%2Ffalconiapl2015%2Fpublic_html%2Fimages%2F.htaccess&path=%2Fhome%2Ffalconiapl2015%2Fpublic_html%2Fimages HTTP/2.0" 200 2368 "-" "Mozilla/5.0 AppleWebKit/537.36 (KHTML, like Gecko; compatible; ClaudeBot/1.0; +claudebot@anthropic.com)" 493 **0/493940**
74.7.227.0 - - [28/Mar/2026:05:20:21 -0700] "GET /?path=//etc/ssh HTTP/2.0" 200 2607 "https://falcon-ia.com/?path=//etc" "Mozilla/5.0 AppleWebKit/537.36 (KHTML, like Gecko; compatible; GPTBot/1.3; +https://openai.com/gptbot)" 535 **0/535019**
74.7.227.0 - - [28/Mar/2026:05:20:24 -0700] "GET /?path=//var/tmp HTTP/2.0" 200 2649 "https://falcon-ia.com/?path=//var" "Mozilla/5.0 AppleWebKit/537.36 (KHTML, like Gecko; compatible; GPTBot/1.3; +https://openai.com/gptbot)" 524 **0/524461**
74.7.227.0 - - [28/Mar/2026:05:20:27 -0700] "GET /?fileloc=//etc/backupmxhosts&path=//etc HTTP/2.0" 200 2254 "https://falcon-ia.com/?path=//etc" "Mozilla/5.0 AppleWebKit/537.36 (KHTML, like Gecko; compatible; GPTBot/1.3; +https://openai.com/gptbot)" 505 **0/505915**
74.7.227.0 - - [28/Mar/2026:05:20:30 -0700] "GET /?fileloc=//etc/fonts/fonts.conf&path=//etc/fonts HTTP/2.0" 200 3285 "https://falcon-ia.com/?path=//etc/fonts" "Mozilla/5.0 AppleWebKit/537.36 (KHTML, like Gecko; compatible; GPTBot/1.3; +https://openai.com/gptbot)" 510 **0/510217**
66.249.74.129 - - [28/Mar/2026:05:20:32 -0700] "GET /content.php?commodity/grabs/almighty171638778 HTTP/1.1" 403 28263 "-" "Mozilla/5.0 (Linux; Android 6.0.1; Nexus 5X Build/MMB29P) AppleWebKit/537.36 (KHTML, like Gecko) Chrome/146.0.7680.153 Mobile Safari/537.36 (compatible; Googlebot/2.1; +http://www.google.com/bot.html)" 1622 **1/1622891**
74.7.227.0 - - [28/Mar/2026:05:20:33 -0700] "GET /?fileloc=//etc/skel/.bashrc&path=//etc/skel HTTP/2.0" 200 2460 "https://falcon-ia.com/?path=//etc/skel" "Mozilla/5.0 AppleWebKit/537.36 (KHTML, like Gecko; compatible; GPTBot/1.3; +https://openai.com/gptbot)" 533 **0/533438**
74.7.227.0 - - [28/Mar/2026:05:20:37 -0700] "GET /?path=//var/spool/at HTTP/2.0" 200 2315 "https://falcon-ia.com/?path=//var/spool" "Mozilla/5.0 AppleWebKit/537.36 (KHTML, like Gecko; compatible; GPTBot/1.3; +https://openai.com/gptbot)" 505 **0/505910**
74.7.227.0 - - [28/Mar/2026:05:20:40 -0700] "GET /?path=//var/.cagefs HTTP/2.0" 200 2561 "https://falcon-ia.com/?path=//var" "Mozilla/5.0 AppleWebKit/537.36 (KHTML, like Gecko; compatible; GPTBot/1.3; +https://openai.com/gptbot)" 504 **0/504393**
114.119.151.246 - - [28/Mar/2026:05:20:42 -0700] "GET /commodity/wondering/recruiters17187147268?fileloc=/home/falconiapl2015/public_html/.htaccess&path=/home/falconiapl2015/public_html HTTP/2.0" 200 3281 "-" "Mozilla/5.0 (Linux; Android 7.0;) AppleWebKit/537.36 (HTML, like Gecko) Mobile Safari/537.36 (compatible; PetalBot;+https://webmaster.petalsearch.com/site/petalbot)" 491 **0/491448**
74.7.227.0 - - [28/Mar/2026:05:20:43 -0700] "GET /?fileloc=//etc/default/useradd&path=//etc/default HTTP/2.0" 200 2355 "https://falcon-ia.com/?path=//etc/default" "Mozilla/5.0 AppleWebKit/537.36 (KHTML, like Gecko; compatible; GPTBot/1.3; +https://openai.com/gptbot)" 500 **0/500191**
74.7.227.0 - - [28/Mar/2026:05:20:46 -0700] "GET /?path=//etc/cl.python HTTP/2.0" 200 2638 "https://falcon-ia.com/?path=//etc" "Mozilla/5.0 AppleWebKit/537.36 (KHTML, like Gecko; compatible; GPTBot/1.3; +https://openai.com/gptbot)" 518 **0/518414**
74.7.227.0 - - [28/Mar/2026:05:20:49 -0700] "GET /?path=//var/cache/man HTTP/2.0" 200 3151 "https://falcon-ia.com/?path=//var/cache" "Mozilla/5.0 AppleWebKit/537.36 (KHTML, like Gecko; compatible; GPTBot/1.3; +https://openai.com/gptbot)" 497 **0/497104**
74.7.227.0 - - [28/Mar/2026:05:20:53 -0700] "GET /?path=//var/spool/cron HTTP/2.0" 200 2559 "https://falcon-ia.com/?path=//var/spool" "Mozilla/5.0 AppleWebKit/537.36 (KHTML, like Gecko; compatible; GPTBot/1.3; +https://openai.com/gptbot)" 512 **0/512790**
74.7.227.0 - - [28/Mar/2026:05:20:56 -0700] "GET /?fileloc=//etc/ssh/moduli&path=//etc/ssh HTTP/2.0" 200 15875 "https://falcon-ia.com/?path=//etc/ssh" "Mozilla/5.0 AppleWebKit/537.36 (KHTML, like Gecko; compatible; GPTBot/1.3; +https://openai.com/gptbot)" 547 **0/547134**
74.7.227.0 - - [28/Mar/2026:05:20:59 -0700] "GET /?path=//var/tmp/mbdvd0 HTTP/2.0" 200 2306 "https://falcon-ia.com/?path=//var/tmp" "Mozilla/5.0 AppleWebKit/537.36 (KHTML, like Gecko; compatible; GPTBot/1.3; +https://openai.com/gptbot)" 491 **0/491088**
74.7.227.0 - - [28/Mar/2026:05:21:02 -0700] "GET /?path=//etc/security HTTP/2.0" 200 3118 "https://falcon-ia.com/?path=//etc" "Mozilla/5.0 AppleWebKit/537.36 (KHTML, like Gecko; compatible; GPTBot/1.3; +https://openai.com/gptbot)" 540 **0/540559**
198.244.240.115 - - [28/Mar/2026:05:21:05 -0700] "GET /online-bingo-nummers-trekken/ HTTP/2.0" 200 3449 "-" "Mozilla/5.0 (compatible; AhrefsBot/7.0; +http://ahrefs.com/robot/)" 522 **0/522483**
74.7.227.0 - - [28/Mar/2026:05:21:05 -0700] "GET /?path=//etc/openldap HTTP/2.0" 200 2634 "https://falcon-ia.com/?path=//etc" "Mozilla/5.0 AppleWebKit/537.36 (KHTML, like Gecko; compatible; GPTBot/1.3; +https://openai.com/gptbot)" 516 **0/516112**
74.7.227.0 - - [28/Mar/2026:05:21:08 -0700] "GET /?fileloc=//etc/skipsmtpcheckhosts&path=//etc HTTP/2.0" 200 2255 "https://falcon-ia.com/?path=//etc" "Mozilla/5.0 AppleWebKit/537.36 (KHTML, like Gecko; compatible; GPTBot/1.3; +https://openai.com/gptbot)" 503 **0/503635**
74.7.227.0 - - [28/Mar/2026:05:21:11 -0700] "GET /?fileloc=//etc/gcrypt/random.conf&path=//etc/gcrypt HTTP/2.0" 200 2354 "https://falcon-ia.com/?path=//etc/gcrypt" "Mozilla/5.0 AppleWebKit/537.36 (KHTML, like Gecko; compatible; GPTBot/1.3; +https://openai.com/gptbot)" 508 **0/508082**
74.7.227.0 - - [28/Mar/2026:05:21:15 -0700] "GET /?fileloc=//etc/nsswitch.conf&path=//etc HTTP/2.0" 200 3223 "https://falcon-ia.com/?path=//etc" "Mozilla/5.0 AppleWebKit/537.36 (KHTML, like Gecko; compatible; GPTBot/1.3; +https://openai.com/gptbot)" 503 **0/503543**
74.7.227.0 - - [28/Mar/2026:05:21:18 -0700] "GET /?path=//etc/motd.d HTTP/2.0" 200 2308 "https://falcon-ia.com/?path=//etc" "Mozilla/5.0 AppleWebKit/537.36 (KHTML, like Gecko; compatible; GPTBot/1.3; +https://openai.com/gptbot)" 525 **0/525582**
74.7.227.0 - - [28/Mar/2026:05:21:21 -0700] "GET /?path=//etc/cl.nodejs HTTP/2.0" 200 2610 "https://falcon-ia.com/?path=//etc" "Mozilla/5.0 AppleWebKit/537.36 (KHTML, like Gecko; compatible; GPTBot/1.3; +https://openai.com/gptbot)" 507 **0/507830**
74.7.227.0 - - [28/Mar/2026:05:21:24 -0700] "GET /?path=//var/cache/man/da HTTP/2.0" 200 2720 "https://falcon-ia.com/?path=//var/cache/man" "Mozilla/5.0 AppleWebKit/537.36 (KHTML, like Gecko; compatible; GPTBot/1.3; +https://openai.com/gptbot)" 514 **0/514009**
74.7.227.0 - - [28/Mar/2026:05:21:27 -0700] "GET /?path=//etc/sysconfig HTTP/2.0" 200 2672 "https://falcon-ia.com/?path=//etc" "Mozilla/5.0 AppleWebKit/537.36 (KHTML, like Gecko; compatible; GPTBot/1.3; +https://openai.com/gptbot)" 497 **0/497347**
74.7.227.0 - - [28/Mar/2026:05:21:30 -0700] "GET /?path=//var/php HTTP/2.0" 200 2545 "https://falcon-ia.com/?path=//var" "Mozilla/5.0 AppleWebKit/537.36 (KHTML, like Gecko; compatible; GPTBot/1.3; +https://openai.com/gptbot)" 502 **0/502633**
74.7.227.0 - - [28/Mar/2026:05:21:34 -0700] "GET /?path=//var/log HTTP/2.0" 200 2728 "https://falcon-ia.com/?path=//var" "Mozilla/5.0 AppleWebKit/537.36 (KHTML, like Gecko; compatible; GPTBot/1.3; +https://openai.com/gptbot)" 509 **0/509275**
74.7.227.0 - - [28/Mar/2026:05:21:37 -0700] "GET /?path=//etc/scl HTTP/2.0" 200 2686 "https://falcon-ia.com/?path=//etc" "Mozilla/5.0 AppleWebKit/537.36 (KHTML, like Gecko; compatible; GPTBot/1.3; +https://openai.com/gptbot)" 500 **0/500369**
74.7.227.0 - - [28/Mar/2026:05:21:40 -0700] "GET /?path=//var/lib HTTP/2.0" 200 2623 "https://falcon-ia.com/?path=//var" "Mozilla/5.0 AppleWebKit/537.36 (KHTML, like Gecko; compatible; GPTBot/1.3; +https://openai.com/gptbot)" 502 **0/502155**
74.7.227.0 - - [28/Mar/2026:05:21:43 -0700] "GET /?path=//var/lve HTTP/2.0" 200 2693 "https://falcon-ia.com/?path=//var" "Mozilla/5.0 AppleWebKit/537.36 (KHTML, like Gecko; compatible; GPTBot/1.3; +https://openai.com/gptbot)" 520 **0/520922**
216.73.216.162 - - [28/Mar/2026:05:21:45 -0700] "GET /item/4247844451?fileloc=%2Fhome%2Ffalconiapl2015%2Fpublic_html%2Fimages%2F.htaccess&path=%2Fhome%2Ffalconiapl2015%2Fpublic_html%2Fimages HTTP/2.0" 200 2368 "-" "Mozilla/5.0 AppleWebKit/537.36 (KHTML, like Gecko; compatible; ClaudeBot/1.0; +claudebot@anthropic.com)" 502 **0/502918**
74.7.227.0 - - [28/Mar/2026:05:21:46 -0700] "GET /?path=//var/run HTTP/2.0" 200 2846 "https://falcon-ia.com/?path=//var" "Mozilla/5.0 AppleWebKit/537.36 (KHTML, like Gecko; compatible; GPTBot/1.3; +https://openai.com/gptbot)" 497 **0/497433**
74.7.227.0 - - [28/Mar/2026:05:21:49 -0700] "GET /?path=//etc/pki HTTP/2.0" 200 2747 "https://falcon-ia.com/?path=//etc" "Mozilla/5.0 AppleWebKit/537.36 (KHTML, like Gecko; compatible; GPTBot/1.3; +https://openai.com/gptbot)" 520 **0/520160**
74.7.227.0 - - [28/Mar/2026:05:21:52 -0700] "GET /?path=//etc/ssl HTTP/2.0" 200 2544 "https://falcon-ia.com/?path=//etc" "Mozilla/5.0 AppleWebKit/537.36 (KHTML, like Gecko; compatible; GPTBot/1.3; +https://openai.com/gptbot)" 496 **0/496853**
216.73.216.162 - - [28/Mar/2026:05:21:54 -0700] "GET /item/4247844451?fileloc=%2Fhome%2Ffalconiapl2015%2Fpublic_html%2Fimages%2Ftoggige-arrow.jpg&path=%2Fhome%2Ffalconiapl2015%2Fpublic_html%2Fimages HTTP/2.0" 200 15949 "-" "Mozilla/5.0 AppleWebKit/537.36 (KHTML, like Gecko; compatible; ClaudeBot/1.0; +claudebot@anthropic.com)" 492 **0/492728**
74.7.227.0 - - [28/Mar/2026:05:21:56 -0700] "GET /?path=//opt/alt/tests/alt-php82-pecl-xmlrpc_1.0.0-0.RC3.el8/tests HTTP/2.0" 200 3394 "https://falcon-ia.com/?path=//opt/alt/tests/alt-php82-pecl-xmlrpc_1.0.0-0.RC3.el8" "Mozilla/5.0 AppleWebKit/537.36 (KHTML, like Gecko; compatible; GPTBot/1.3; +https://openai.com/gptbot)" 498 **0/498966**
74.7.227.0 - - [28/Mar/2026:05:21:59 -0700] "GET /?path=//var/cache/man/da/cat5 HTTP/2.0" 200 2335 "https://falcon-ia.com/?path=//var/cache/man/da" "Mozilla/5.0 AppleWebKit/537.36 (KHTML, like Gecko; compatible; GPTBot/1.3; +https://openai.com/gptbot)" 498 **0/498993**
74.7.227.0 - - [28/Mar/2026:05:22:02 -0700] "GET /?path=//var/cache/man/da/cat8 HTTP/2.0" 200 2335 "https://falcon-ia.com/?path=//var/cache/man/da" "Mozilla/5.0 AppleWebKit/537.36 (KHTML, like Gecko; compatible; GPTBot/1.3; +https://openai.com/gptbot)" 566 **0/566473**
74.7.227.0 - - [28/Mar/2026:05:22:05 -0700] "GET /?path=//var/cache/man/da/cat1 HTTP/2.0" 200 2335 "https://falcon-ia.com/?path=//var/cache/man/da" "Mozilla/5.0 AppleWebKit/537.36 (KHTML, like Gecko; compatible; GPTBot/1.3; +https://openai.com/gptbot)" 510 **0/510920**
74.7.227.0 - - [28/Mar/2026:05:22:08 -0700] "GET /?fileloc=//var/cache/man/da/index.db&path=//var/cache/man/da HTTP/2.0" 200 3250 "https://falcon-ia.com/?path=//var/cache/man/da" "Mozilla/5.0 AppleWebKit/537.36 (KHTML, like Gecko; compatible; GPTBot/1.3; +https://openai.com/gptbot)" 518 **0/518546**
74.7.227.0 - - [28/Mar/2026:05:22:11 -0700] "GET /?path=//etc/scl/conf HTTP/2.0" 200 2793 "https://falcon-ia.com/?path=//etc/scl" "Mozilla/5.0 AppleWebKit/537.36 (KHTML, like Gecko; compatible; GPTBot/1.3; +https://openai.com/gptbot)" 511 **0/511027**
74.7.227.0 - - [28/Mar/2026:05:22:15 -0700] "GET /?path=//var/php/apm HTTP/2.0" 200 2551 "https://falcon-ia.com/?path=//var/php" "Mozilla/5.0 AppleWebKit/537.36 (KHTML, like Gecko; compatible; GPTBot/1.3; +https://openai.com/gptbot)" 531 **0/531519**
74.7.227.0 - - [28/Mar/2026:05:22:18 -0700] "GET /?fileloc=//var/lve/rubygems&path=//var/lve HTTP/2.0" 200 882434 "https://falcon-ia.com/?path=//var/lve" "Mozilla/5.0 AppleWebKit/537.36 (KHTML, like Gecko; compatible; GPTBot/1.3; +https://openai.com/gptbot)" 889 **0/889380**
74.7.227.0 - - [28/Mar/2026:05:22:21 -0700] "GET /?fileloc=//var/run/utmp&path=//var/run HTTP/2.0" 200 2258 "https://falcon-ia.com/?path=//var/run" "Mozilla/5.0 AppleWebKit/537.36 (KHTML, like Gecko; compatible; GPTBot/1.3; +https://openai.com/gptbot)" 500 **0/500863**
66.249.71.128 - - [28/Mar/2026:05:22:21 -0700] "GET /content.php?commodity/slopes/temps17181215296 HTTP/1.1" 403 27990 "-" "Mozilla/5.0 (Linux; Android 6.0.1; Nexus 5X Build/MMB29P) AppleWebKit/537.36 (KHTML, like Gecko) Chrome/146.0.7680.153 Mobile Safari/537.36 (compatible; Googlebot/2.1; +http://www.google.com/bot.html)" 1621 **1/1621072**
185.191.171.1 - - [28/Mar/2026:05:22:23 -0700] "GET /commodity/educational/lodged17212957366 HTTP/1.1" 200 3956 "-" "Mozilla/5.0 (compatible; SemrushBot/7~bl; +http://www.semrush.com/bot.html)" 488 **0/488423**
74.7.227.0 - - [28/Mar/2026:05:22:24 -0700] "GET /?path=//var/run/nscd HTTP/2.0" 200 2571 "https://falcon-ia.com/?path=//var/run" "Mozilla/5.0 AppleWebKit/537.36 (KHTML, like Gecko; compatible; GPTBot/1.3; +https://openai.com/gptbot)" 524 **0/524799**
74.7.227.0 - - [28/Mar/2026:05:22:27 -0700] "GET /?path=//var/run/dbus HTTP/2.0" 200 2315 "https://falcon-ia.com/?path=//var/run" "Mozilla/5.0 AppleWebKit/537.36 (KHTML, like Gecko; compatible; GPTBot/1.3; +https://openai.com/gptbot)" 511 **0/511304**
85.208.96.201 - - [28/Mar/2026:05:22:27 -0700] "GET /commodity/buffet/luck17205100886 HTTP/1.1" 200 3956 "-" "Mozilla/5.0 (compatible; SemrushBot/7~bl; +http://www.semrush.com/bot.html)" 489 **0/489698**
74.7.227.0 - - [28/Mar/2026:05:22:30 -0700] "GET /?path=//etc/pki/java HTTP/2.0" 200 2575 "https://falcon-ia.com/?path=//etc/pki" "Mozilla/5.0 AppleWebKit/537.36 (KHTML, like Gecko; compatible; GPTBot/1.3; +https://openai.com/gptbot)" 505 **0/505973**
185.191.171.1 - - [28/Mar/2026:05:22:32 -0700] "GET /commodity/losing/message17163038172 HTTP/1.1" 200 3956 "-" "Mozilla/5.0 (compatible; SemrushBot/7~bl; +http://www.semrush.com/bot.html)" 521 **0/521673**
114.119.151.172 - - [28/Mar/2026:05:22:33 -0700] "GET /commodity/wizards/teaching17197616491?path=/home/falconiapl2015/public_html/images HTTP/1.1" 200 2946 "https://falcon-ia.com/commodity/wizards/teaching17197616491" "Mozilla/5.0 (Linux; Android 7.0;) AppleWebKit/537.36 (KHTML, like Gecko) Mobile Safari/537.36 (compatible; PetalBot;+https://webmaster.petalsearch.com/site/petalbot)" 497 **0/497408**
74.7.227.0 - - [28/Mar/2026:05:22:33 -0700] "GET /?path=//etc/pki/tls HTTP/2.0" 200 2744 "https://falcon-ia.com/?path=//etc/pki" "Mozilla/5.0 AppleWebKit/537.36 (KHTML, like Gecko; compatible; GPTBot/1.3; +https://openai.com/gptbot)" 503 **0/503176**
185.191.171.1 - - [28/Mar/2026:05:22:36 -0700] "GET /commodity/bombay/infrared171816297142 HTTP/1.1" 200 3956 "-" "Mozilla/5.0 (compatible; SemrushBot/7~bl; +http://www.semrush.com/bot.html)" 518 **0/518762**
74.7.227.0 - - [28/Mar/2026:05:22:37 -0700] "GET /?path=//etc/ssl/certs HTTP/2.0" 200 2999 "https://falcon-ia.com/?path=//etc/ssl" "Mozilla/5.0 AppleWebKit/537.36 (KHTML, like Gecko; compatible; GPTBot/1.3; +https://openai.com/gptbot)" 502 **0/502856**
74.7.227.0 - - [28/Mar/2026:05:22:40 -0700] "GET /?path=//etc/pki/nssdb HTTP/2.0" 200 2710 "https://falcon-ia.com/?path=//etc/pki" "Mozilla/5.0 AppleWebKit/537.36 (KHTML, like Gecko; compatible; GPTBot/1.3; +https://openai.com/gptbot)" 539 **0/539268**
74.7.227.0 - - [28/Mar/2026:05:22:43 -0700] "GET /?path=//var/run/screen HTTP/2.0" 200 2304 "https://falcon-ia.com/?path=//var/run" "Mozilla/5.0 AppleWebKit/537.36 (KHTML, like Gecko; compatible; GPTBot/1.3; +https://openai.com/gptbot)" 512 **0/512238**
185.191.171.15 - - [28/Mar/2026:05:22:46 -0700] "GET /commodity/personalize/tracks171910776182 HTTP/1.1" 200 3956 "-" "Mozilla/5.0 (compatible; SemrushBot/7~bl; +http://www.semrush.com/bot.html)" 493 **0/493953**
74.7.227.0 - - [28/Mar/2026:05:22:46 -0700] "GET /?path=//var/run/motd.d HTTP/2.0" 200 2317 "https://falcon-ia.com/?path=//var/run" "Mozilla/5.0 AppleWebKit/537.36 (KHTML, like Gecko; compatible; GPTBot/1.3; +https://openai.com/gptbot)" 510 **0/510167**
74.7.227.0 - - [28/Mar/2026:05:22:49 -0700] "GET /?path=//opt/alt/tests/alt-php84-pecl-xmlrpc_1.0.0-0.RC3.el8/tests HTTP/2.0" 200 3393 "https://falcon-ia.com/?path=//opt/alt/tests/alt-php84-pecl-xmlrpc_1.0.0-0.RC3.el8" "Mozilla/5.0 AppleWebKit/537.36 (KHTML, like Gecko; compatible; GPTBot/1.3; +https://openai.com/gptbot)" 496 **0/496577**
185.191.171.18 - - [28/Mar/2026:05:22:51 -0700] "GET /commodity/delicious/rao171888001814 HTTP/1.1" 200 3956 "-" "Mozilla/5.0 (compatible; SemrushBot/7~bl; +http://www.semrush.com/bot.html)" 516 **0/516906**
74.7.227.0 - - [28/Mar/2026:05:22:52 -0700] "GET /?fileloc=//etc/resolv.conf&path=//etc HTTP/2.0" 200 2294 "https://falcon-ia.com/?path=//etc" "Mozilla/5.0 AppleWebKit/537.36 (KHTML, like Gecko; compatible; GPTBot/1.3; +https://openai.com/gptbot)" 515 **0/515711**
74.7.227.0 - - [28/Mar/2026:05:22:55 -0700] "GET /?path=//etc/pki/rpm-gpg HTTP/2.0" 200 2740 "https://falcon-ia.com/?path=//etc/pki" "Mozilla/5.0 AppleWebKit/537.36 (KHTML, like Gecko; compatible; GPTBot/1.3; +https://openai.com/gptbot)" 491 **0/491990**
85.208.96.209 - - [28/Mar/2026:05:22:56 -0700] "GET /commodity/boyle/factories172177243638 HTTP/1.1" 200 3956 "-" "Mozilla/5.0 (compatible; SemrushBot/7~bl; +http://www.semrush.com/bot.html)" 498 **0/498621**
66.249.74.128 - - [28/Mar/2026:05:22:55 -0700] "GET /content.php?commodity/dome/contract17181080498 HTTP/1.1" 403 25916 "-" "Mozilla/5.0 (Linux; Android 6.0.1; Nexus 5X Build/MMB29P) AppleWebKit/537.36 (KHTML, like Gecko) Chrome/146.0.7680.153 Mobile Safari/537.36 (compatible; Googlebot/2.1; +http://www.google.com/bot.html)" 1617 **1/1617887**
74.7.227.0 - - [28/Mar/2026:05:22:58 -0700] "GET /?fileloc=//var/www/html/cptechdomain.shtml&path=//var/www/html HTTP/2.0" 200 7080 "https://falcon-ia.com/?path=//var/www/html" "Mozilla/5.0 AppleWebKit/537.36 (KHTML, like Gecko; compatible; GPTBot/1.3; +https://openai.com/gptbot)" 533 **0/533464**
185.191.171.9 - - [28/Mar/2026:05:23:01 -0700] "GET /commodity/babe/kawasaki171680702071 HTTP/1.1" 200 3956 "-" "Mozilla/5.0 (compatible; SemrushBot/7~bl; +http://www.semrush.com/bot.html)" 533 **0/533229**
74.7.227.0 - - [28/Mar/2026:05:23:01 -0700] "GET /?fileloc=//etc/aliases&path=//etc HTTP/2.0" 200 2909 "https://falcon-ia.com/?path=//etc" "Mozilla/5.0 AppleWebKit/537.36 (KHTML, like Gecko; compatible; GPTBot/1.3; +https://openai.com/gptbot)" 582 **0/582793**
74.7.227.0 - - [28/Mar/2026:05:23:05 -0700] "GET /?fileloc=//etc/mailcap&path=//etc HTTP/2.0" 200 2344 "https://falcon-ia.com/?path=//etc" "Mozilla/5.0 AppleWebKit/537.36 (KHTML, like Gecko; compatible; GPTBot/1.3; +https://openai.com/gptbot)" 512 **0/512729**
74.7.227.0 - - [28/Mar/2026:05:23:08 -0700] "GET /?fileloc=//etc/hosts&path=//etc HTTP/2.0" 200 2314 "https://falcon-ia.com/?path=//etc" "Mozilla/5.0 AppleWebKit/537.36 (KHTML, like Gecko; compatible; GPTBot/1.3; +https://openai.com/gptbot)" 504 **0/504647**
74.7.227.0 - - [28/Mar/2026:05:23:11 -0700] "GET /?fileloc=//etc/ssl/certs/sreh.photodna.godaddy.com.crt&path=//etc/ssl/certs HTTP/2.0" 200 2285 "https://falcon-ia.com/?path=//etc/ssl/certs" "Mozilla/5.0 AppleWebKit/537.36 (KHTML, like Gecko; compatible; GPTBot/1.3; +https://openai.com/gptbot)" 518 **0/518330**
74.7.227.0 - - [28/Mar/2026:05:23:14 -0700] "GET /?fileloc=//etc/ssl/certs/p3tlzcpnl00002.phx3.test-secureserver.net.crt&path=//etc/ssl/certs HTTP/2.0" 200 3423 "https://falcon-ia.com/?path=//etc/ssl/certs" "Mozilla/5.0 AppleWebKit/537.36 (KHTML, like Gecko; compatible; GPTBot/1.3; +https://openai.com/gptbot)" 517 **0/517032**
74.7.227.0 - - [28/Mar/2026:05:23:17 -0700] "GET /?fileloc=//etc/ssl/certs/sg2plzcpnl490055.prod.sin2.secureserver.net.crt&path=//etc/ssl/certs HTTP/2.0" 200 3407 "https://falcon-ia.com/?path=//etc/ssl/certs" "Mozilla/5.0 AppleWebKit/537.36 (KHTML, like Gecko; compatible; GPTBot/1.3; +https://openai.com/gptbot)" 523 **0/523325**
198.244.242.11 - - [28/Mar/2026:05:23:19 -0700] "GET /nederlandse-casino-nl-gratis-gokkasten/ HTTP/2.0" 200 3449 "-" "Mozilla/5.0 (compatible; AhrefsBot/7.0; +http://ahrefs.com/robot/)" 516 **0/516620**
74.7.227.0 - - [28/Mar/2026:05:23:20 -0700] "GET /?fileloc=//etc/ssl/certs/collector.client.cpanel.crt&path=//etc/ssl/certs HTTP/2.0" 200 5801 "https://falcon-ia.com/?path=//etc/ssl/certs" "Mozilla/5.0 AppleWebKit/537.36 (KHTML, like Gecko; compatible; GPTBot/1.3; +https://openai.com/gptbot)" 3091 **3/3091124**
74.7.227.0 - - [28/Mar/2026:05:23:23 -0700] "GET /?fileloc=//opt/alt/tests/alt-php84-pecl-xmlrpc_1.0.0-0.RC3.el8/tests/004.phpt&path=//opt/alt/tests/alt-php84-pecl-xmlrpc_1.0.0-0.RC3.el8/tests HTTP/2.0" 200 2498 "https://falcon-ia.com/?path=//opt/alt/tests/alt-php84-pecl-xmlrpc_1.0.0-0.RC3.el8/tests" "Mozilla/5.0 AppleWebKit/537.36 (KHTML, like Gecko; compatible; GPTBot/1.3; +https://openai.com/gptbot)" 525 **0/525560**
216.73.216.162 - - [28/Mar/2026:05:23:25 -0700] "GET /item/4247844451?path=%2Fhome%2Ffalconiapl2015%2Fpublic_html%2Fimages%2Fimages HTTP/2.0" 200 2732 "-" "Mozilla/5.0 AppleWebKit/537.36 (KHTML, like Gecko; compatible; ClaudeBot/1.0; +claudebot@anthropic.com)" 498 **0/498312**
216.73.216.162 - - [28/Mar/2026:05:23:20 -0700] "GET /item/1906505776?fileloc=%2Fhome%2Ffalconiapl2015%2Fpublic_html%2Fwp-includes%2Fclass-wp-admin-bar.php&path=%2Fhome%2Ffalconiapl2015%2Fpublic_html%2Fwp-includes HTTP/2.0" 200 7161 "-" "Mozilla/5.0 AppleWebKit/537.36 (KHTML, like Gecko; compatible; ClaudeBot/1.0; +claudebot@anthropic.com)" 5509 **5/5509031**
74.7.227.0 - - [28/Mar/2026:05:23:27 -0700] "GET /?fileloc=//etc/pki/tls/cert.pem&path=//etc/pki/tls HTTP/2.0" 200 131868 "https://falcon-ia.com/?path=//etc/pki/tls" "Mozilla/5.0 AppleWebKit/537.36 (KHTML, like Gecko; compatible; GPTBot/1.3; +https://openai.com/gptbot)" 523 **0/523636**
74.7.227.0 - - [28/Mar/2026:05:23:30 -0700] "GET /?fileloc=//etc/ssl/certs/sreh.photodna.godaddy.com.ca&path=//etc/ssl/certs HTTP/2.0" 200 2284 "https://falcon-ia.com/?path=//etc/ssl/certs" "Mozilla/5.0 AppleWebKit/537.36 (KHTML, like Gecko; compatible; GPTBot/1.3; +https://openai.com/gptbot)" 511 **0/511581**
74.7.227.0 - - [28/Mar/2026:05:23:33 -0700] "GET /?fileloc=//etc/inputrc&path=//etc HTTP/2.0" 200 2648 "https://falcon-ia.com/?path=//etc" "Mozilla/5.0 AppleWebKit/537.36 (KHTML, like Gecko; compatible; GPTBot/1.3; +https://openai.com/gptbot)" 541 **0/541039**
74.7.227.0 - - [28/Mar/2026:05:23:36 -0700] "GET /?path=//var/www/cgi-bin HTTP/2.0" 200 2571 "https://falcon-ia.com/?path=//var/www" "Mozilla/5.0 AppleWebKit/537.36 (KHTML, like Gecko; compatible; GPTBot/1.3; +https://openai.com/gptbot)" 530 **0/530709**
74.7.227.0 - - [28/Mar/2026:05:23:39 -0700] "GET /?fileloc=//etc/ssl/certs/sreh.photodna.godaddy.com.key&path=//etc/ssl/certs HTTP/2.0" 200 2285 "https://falcon-ia.com/?path=//etc/ssl/certs" "Mozilla/5.0 AppleWebKit/537.36 (KHTML, like Gecko; compatible; GPTBot/1.3; +https://openai.com/gptbot)" 513 **0/513912**
114.119.151.172 - - [28/Mar/2026:05:23:42 -0700] "GET /commodity/wizards/teaching17197616491?fileloc=/home/falconiapl2015/public_html/.htaccess&path=/home/falconiapl2015/public_html HTTP/1.1" 200 3281 "https://falcon-ia.com/commodity/wizards/teaching17197616491" "Mozilla/5.0 (Linux; Android 7.0;) AppleWebKit/537.36 (KHTML, like Gecko) Mobile Safari/537.36 (compatible; PetalBot;+https://webmaster.petalsearch.com/site/petalbot)" 507 **0/507050**
74.7.227.0 - - [28/Mar/2026:05:23:42 -0700] "GET /?fileloc=//etc/shadow&path=//etc HTTP/2.0" 403 3449 "https://falcon-ia.com/?path=//etc" "Mozilla/5.0 AppleWebKit/537.36 (KHTML, like Gecko; compatible; GPTBot/1.3; +https://openai.com/gptbot)" 489 **0/489758**
74.7.227.0 - - [28/Mar/2026:05:23:46 -0700] "GET /?fileloc=//etc/bashrc&path=//etc HTTP/2.0" 200 3766 "https://falcon-ia.com/?path=//etc" "Mozilla/5.0 AppleWebKit/537.36 (KHTML, like Gecko; compatible; GPTBot/1.3; +https://openai.com/gptbot)" 496 **0/496502**
74.7.227.0 - - [28/Mar/2026:05:23:49 -0700] "GET /?fileloc=//etc/wgetrc&path=//etc HTTP/2.0" 200 4399 "https://falcon-ia.com/?path=//etc" "Mozilla/5.0 AppleWebKit/537.36 (KHTML, like Gecko; compatible; GPTBot/1.3; +https://openai.com/gptbot)" 525 **0/525881**
74.7.227.0 - - [28/Mar/2026:05:23:52 -0700] "GET /?fileloc=//etc/vimrc&path=//etc HTTP/2.0" 200 3269 "https://falcon-ia.com/?path=//etc" "Mozilla/5.0 AppleWebKit/537.36 (KHTML, like Gecko; compatible; GPTBot/1.3; +https://openai.com/gptbot)" 505 **0/505399**
74.7.227.0 - - [28/Mar/2026:05:23:55 -0700] "GET /?fileloc=//etc/group&path=//etc HTTP/2.0" 200 2553 "https://falcon-ia.com/?path=//etc" "Mozilla/5.0 AppleWebKit/537.36 (KHTML, like Gecko; compatible; GPTBot/1.3; +https://openai.com/gptbot)" 514 **0/514039**
74.7.227.0 - - [28/Mar/2026:05:23:58 -0700] "GET /?fileloc=//etc/passwd&path=//etc HTTP/2.0" 200 2800 "https://falcon-ia.com/?path=//etc" "Mozilla/5.0 AppleWebKit/537.36 (KHTML, like Gecko; compatible; GPTBot/1.3; +https://openai.com/gptbot)" 502 **0/502529**
74.7.227.0 - - [28/Mar/2026:05:24:02 -0700] "GET /?path=//var/lib/mysql HTTP/2.0" 200 2318 "https://falcon-ia.com/?path=//var/lib" "Mozilla/5.0 AppleWebKit/537.36 (KHTML, like Gecko; compatible; GPTBot/1.3; +https://openai.com/gptbot)" 545 **0/545263**
74.7.227.0 - - [28/Mar/2026:05:24:05 -0700] "GET /?path=//var/run/cagefs HTTP/2.0" 200 2563 "https://falcon-ia.com/?path=//var/run" "Mozilla/5.0 AppleWebKit/537.36 (KHTML, like Gecko; compatible; GPTBot/1.3; +https://openai.com/gptbot)" 517 **0/517304**
74.7.227.0 - - [28/Mar/2026:05:24:08 -0700] "GET /?fileloc=//var/cache/controlpanelname&path=//var/cache HTTP/2.0" 200 2267 "https://falcon-ia.com/?path=//var/cache" "Mozilla/5.0 AppleWebKit/537.36 (KHTML, like Gecko; compatible; GPTBot/1.3; +https://openai.com/gptbot)" 502 **0/502892**
74.7.227.0 - - [28/Mar/2026:05:24:11 -0700] "GET /?path=//var/imunify360/files HTTP/2.0" 200 2561 "https://falcon-ia.com/?path=//var/imunify360" "Mozilla/5.0 AppleWebKit/537.36 (KHTML, like Gecko; compatible; GPTBot/1.3; +https://openai.com/gptbot)" 499 **0/499910**
74.7.227.0 - - [28/Mar/2026:05:24:15 -0700] "GET /?path=//opt/alt/python33/lib64/python3.3/lib2to3 HTTP/2.0" 200 3184 "https://falcon-ia.com/?path=//opt/alt/python33/lib64/python3.3" "Mozilla/5.0 AppleWebKit/537.36 (KHTML, like Gecko; compatible; GPTBot/1.3; +https://openai.com/gptbot)" 515 **0/515284**
74.7.227.0 - - [28/Mar/2026:05:24:18 -0700] "GET /?path=//lib64/python2.7/Demo/pdist HTTP/2.0" 200 3624 "https://falcon-ia.com/?path=//lib64/python2.7/Demo" "Mozilla/5.0 AppleWebKit/537.36 (KHTML, like Gecko; compatible; GPTBot/1.3; +https://openai.com/gptbot)" 559 **0/559856**
74.7.227.0 - - [28/Mar/2026:05:24:21 -0700] "GET /?fileloc=//etc/environment&path=//etc HTTP/2.0" 200 2247 "https://falcon-ia.com/?path=//etc" "Mozilla/5.0 AppleWebKit/537.36 (KHTML, like Gecko; compatible; GPTBot/1.3; +https://openai.com/gptbot)" 522 **0/522374**
74.7.227.0 - - [28/Mar/2026:05:24:24 -0700] "GET /?path=//opt/alt/ruby26/lib64/ruby/2.6.0/x86_64-linux/bigdecimal HTTP/2.0" 200 2377 "https://falcon-ia.com/?path=//opt/alt/ruby26/lib64/ruby/2.6.0/x86_64-linux" "Mozilla/5.0 AppleWebKit/537.36 (KHTML, like Gecko; compatible; GPTBot/1.3; +https://openai.com/gptbot)" 502 **0/502931**
74.7.227.0 - - [28/Mar/2026:05:24:27 -0700] "GET /?path=//opt/python38/lib/python3.8/wsgiref/__pycache__ HTTP/2.0" 200 3025 "https://falcon-ia.com/?path=//opt/python38/lib/python3.8/wsgiref" "Mozilla/5.0 AppleWebKit/537.36 (KHTML, like Gecko; compatible; GPTBot/1.3; +https://openai.com/gptbot)" 506 **0/506861**
74.7.227.0 - - [28/Mar/2026:05:24:30 -0700] "GET /?path=//opt/alt/ruby25/lib64/ruby/gems/2.5.0/specifications HTTP/2.0" 200 2608 "https://falcon-ia.com/?path=//opt/alt/ruby25/lib64/ruby/gems/2.5.0" "Mozilla/5.0 AppleWebKit/537.36 (KHTML, like Gecko; compatible; GPTBot/1.3; +https://openai.com/gptbot)" 503 **0/503458**
17.246.15.166 - - [28/Mar/2026:05:24:31 -0700] "GET /?p=18106 HTTP/1.1" 200 3956 "-" "Mozilla/5.0 (Macintosh; Intel Mac OS X 10_15_7) AppleWebKit/605.1.15 (KHTML, like Gecko) Version/17.4 Safari/605.1.15 (Applebot/0.1; +http://www.apple.com/go/applebot)" 497 **0/497192**
74.7.227.0 - - [28/Mar/2026:05:24:33 -0700] "GET /?path=//lib64/python2.7/unittest HTTP/2.0" 200 3238 "https://falcon-ia.com/?path=//lib64/python2.7" "Mozilla/5.0 AppleWebKit/537.36 (KHTML, like Gecko; compatible; GPTBot/1.3; +https://openai.com/gptbot)" 554 **0/554437**
74.7.227.0 - - [28/Mar/2026:05:24:37 -0700] "GET /?path=//lib64/python3.6/unittest HTTP/2.0" 200 2959 "https://falcon-ia.com/?path=//lib64/python3.6" "Mozilla/5.0 AppleWebKit/537.36 (KHTML, like Gecko; compatible; GPTBot/1.3; +https://openai.com/gptbot)" 545 **0/545787**
74.7.227.0 - - [28/Mar/2026:05:24:40 -0700] "GET /?path=//opt/alt/python37/lib64/python3.7/site-packages/multidict/_multilib HTTP/2.0" 200 2789 "https://falcon-ia.com/?path=//opt/alt/python37/lib64/python3.7/site-packages/multidict" "Mozilla/5.0 AppleWebKit/537.36 (KHTML, like Gecko; compatible; GPTBot/1.3; +https://openai.com/gptbot)" 503 **0/503407**
74.7.227.0 - - [28/Mar/2026:05:24:43 -0700] "GET /?fileloc=//opt/alt/tests/alt-php80-pecl-http_4.2.6-4.el8/tests/phpinfo.phpt&path=//opt/alt/tests/alt-php80-pecl-http_4.2.6-4.el8/tests HTTP/2.0" 200 2451 "https://falcon-ia.com/?path=//opt/alt/tests/alt-php80-pecl-http_4.2.6-4.el8/tests" "Mozilla/5.0 AppleWebKit/537.36 (KHTML, like Gecko; compatible; GPTBot/1.3; +https://openai.com/gptbot)" 606 **0/606941**
216.73.216.162 - - [28/Mar/2026:05:24:45 -0700] "GET /item/62571846?fileloc=%2Fhome%2Ffalconiapl2015%2Fpublic_html%2Fimages%2Ftoggige-arrow.jpg&path=%2Fhome%2Ffalconiapl2015%2Fpublic_html%2Fimages HTTP/2.0" 200 15949 "-" "Mozilla/5.0 AppleWebKit/537.36 (KHTML, like Gecko; compatible; ClaudeBot/1.0; +claudebot@anthropic.com)" 492 **0/492355**
74.7.227.0 - - [28/Mar/2026:05:24:46 -0700] "GET /?fileloc=/home/falconiapl2015/tmp/webalizer/usage_201807.html&path=/home/falconiapl2015/tmp/webalizer HTTP/2.0" 200 12264 "https://falcon-ia.com/?path=/home/falconiapl2015/tmp/webalizer" "Mozilla/5.0 AppleWebKit/537.36 (KHTML, like Gecko; compatible; GPTBot/1.3; +https://openai.com/gptbot)" 534 **0/534428**
74.7.227.0 - - [28/Mar/2026:05:24:50 -0700] "GET /?path=//opt/alt/python33/lib64/python3.3/lib2to3/__pycache__ HTTP/2.0" 200 3126 "https://falcon-ia.com/?path=//opt/alt/python33/lib64/python3.3/lib2to3" "Mozilla/5.0 AppleWebKit/537.36 (KHTML, like Gecko; compatible; GPTBot/1.3; +https://openai.com/gptbot)" 504 **0/504096**
74.7.227.0 - - [28/Mar/2026:05:24:53 -0700] "GET /?path=/home/falconiapl2015/mail/.spam HTTP/2.0" 200 2782 "https://falcon-ia.com/?path=/home/falconiapl2015/mail" "Mozilla/5.0 AppleWebKit/537.36 (KHTML, like Gecko; compatible; GPTBot/1.3; +https://openai.com/gptbot)" 498 **0/498953**
198.244.240.49 - - [28/Mar/2026:05:24:55 -0700] "GET /casino-strategie%C3%ABn/ HTTP/2.0" 200 3449 "-" "Mozilla/5.0 (compatible; AhrefsBot/7.0; +http://ahrefs.com/robot/)" 487 **0/487020**
74.7.227.0 - - [28/Mar/2026:05:24:56 -0700] "GET /?path=//lib64/ruby/json HTTP/2.0" 200 2554 "https://falcon-ia.com/?path=//lib64/ruby" "Mozilla/5.0 AppleWebKit/537.36 (KHTML, like Gecko; compatible; GPTBot/1.3; +https://openai.com/gptbot)" 506 **0/506718**
74.7.227.0 - - [28/Mar/2026:05:24:59 -0700] "GET /?path=//opt/python38/lib/python3.8/ctypes/__pycache__ HTTP/2.0" 200 2949 "https://falcon-ia.com/?path=//opt/python38/lib/python3.8/ctypes" "Mozilla/5.0 AppleWebKit/537.36 (KHTML, like Gecko; compatible; GPTBot/1.3; +https://openai.com/gptbot)" 493 **0/493778**
74.7.227.0 - - [28/Mar/2026:05:25:02 -0700] "GET /?path=//lib64/python2.7/Demo/turtle HTTP/2.0" 200 3867 "https://falcon-ia.com/?path=//lib64/python2.7/Demo" "Mozilla/5.0 AppleWebKit/537.36 (KHTML, like Gecko; compatible; GPTBot/1.3; +https://openai.com/gptbot)" 709 **0/709070**
216.73.216.162 - - [28/Mar/2026:05:25:03 -0700] "GET /item/2255190269?path=%2Fhome%2Ffalconiapl2015%2Fpublic_html%2Fwp-includes%2FSimplePie HTTP/2.0" 200 2738 "-" "Mozilla/5.0 AppleWebKit/537.36 (KHTML, like Gecko; compatible; ClaudeBot/1.0; +claudebot@anthropic.com)" 589 **0/589659**
216.73.216.162 - - [28/Mar/2026:05:25:05 -0700] "GET /item/4148929047?path=%2Fhome%2Ffalconiapl2015%2Fpublic_html%2Fwp-includes%2FRequests HTTP/2.0" 200 2691 "-" "Mozilla/5.0 AppleWebKit/537.36 (KHTML, like Gecko; compatible; ClaudeBot/1.0; +claudebot@anthropic.com)" 567 **0/567367**
74.7.227.0 - - [28/Mar/2026:05:25:05 -0700] "GET /?path=//lib64/perl5/auto/attributes HTTP/2.0" 200 2586 "https://falcon-ia.com/?path=//lib64/perl5/auto" "Mozilla/5.0 AppleWebKit/537.36 (KHTML, like Gecko; compatible; GPTBot/1.3; +https://openai.com/gptbot)" 608 **0/608288**
114.119.143.130 - - [28/Mar/2026:05:25:08 -0700] "GET /commodity/witty/averaged171624038132?path=/home HTTP/1.1" 200 2772 "https://falcon-ia.com/commodity/witty/averaged171624038132" "Mozilla/5.0 (Linux; Android 7.0;) AppleWebKit/537.36 (KHTML, like Gecko) Mobile Safari/537.36 (compatible; PetalBot;+https://webmaster.petalsearch.com/site/petalbot)" 547 **0/547306**
216.73.216.162 - - [28/Mar/2026:05:25:08 -0700] "GET /item/1016041926?path=%2Fhome%2Ffalconiapl2015%2Fpublic_html%2Fwp-includes%2FSimplePie HTTP/2.0" 200 2738 "-" "Mozilla/5.0 AppleWebKit/537.36 (KHTML, like Gecko; compatible; ClaudeBot/1.0; +claudebot@anthropic.com)" 579 **0/579067**
74.7.227.0 - - [28/Mar/2026:05:25:08 -0700] "GET /?fileloc=//lib64/python2.7/unittest/case.py&path=//lib64/python2.7/unittest HTTP/2.0" 200 11990 "https://falcon-ia.com/?path=//lib64/python2.7/unittest" "Mozilla/5.0 AppleWebKit/537.36 (KHTML, like Gecko; compatible; GPTBot/1.3; +https://openai.com/gptbot)" 542 **0/542570**
216.73.216.162 - - [28/Mar/2026:05:25:11 -0700] "GET /item/705621385?path=%2Fhome%2Ffalconiapl2015%2Fpublic_html%2Fwp-includes%2FSimplePie HTTP/2.0" 200 2738 "-" "Mozilla/5.0 AppleWebKit/537.36 (KHTML, like Gecko; compatible; ClaudeBot/1.0; +claudebot@anthropic.com)" 550 **0/550816**
74.7.227.0 - - [28/Mar/2026:05:25:11 -0700] "GET /?path=//lib64/python2.7/unittest/test HTTP/2.0" 200 3491 "https://falcon-ia.com/?path=//lib64/python2.7/unittest" "Mozilla/5.0 AppleWebKit/537.36 (KHTML, like Gecko; compatible; GPTBot/1.3; +https://openai.com/gptbot)" 520 **0/520059**
85.208.96.205 - - [28/Mar/2026:05:25:11 -0700] "GET /commodity/canton/gibson17169461247 HTTP/1.1" 200 3956 "-" "Mozilla/5.0 (compatible; SemrushBot/7~bl; +http://www.semrush.com/bot.html)" 530 **0/530822**
216.73.216.162 - - [28/Mar/2026:05:25:14 -0700] "GET /item/6270840?path=%2Fhome%2Ffalconiapl2015%2Fpublic_html%2Fwp-content%2Fuploads%2Fwpcf7_uploads HTTP/2.0" 200 2604 "-" "Mozilla/5.0 AppleWebKit/537.36 (KHTML, like Gecko; compatible; ClaudeBot/1.0; +claudebot@anthropic.com)" 499 **0/499416**
74.7.227.0 - - [28/Mar/2026:05:25:15 -0700] "GET /?fileloc=//opt/alt/python37/lib64/python3.7/site-packages/multidict/_multilib/istr.h&path=//opt/alt/python37/lib64/python3.7/site-packages/multidict/_multilib HTTP/2.0" 200 3131 "https://falcon-ia.com/?path=//opt/alt/python37/lib64/python3.7/site-packages/multidict/_multilib" "Mozilla/5.0 AppleWebKit/537.36 (KHTML, like Gecko; compatible; GPTBot/1.3; +https://openai.com/gptbot)" 524 **0/524718**
185.191.171.18 - - [28/Mar/2026:05:25:16 -0700] "GET /commodity/constructing/superannuation17176734661 HTTP/1.1" 200 3956 "-" "Mozilla/5.0 (compatible; SemrushBot/7~bl; +http://www.semrush.com/bot.html)" 487 **0/487682**
216.73.216.162 - - [28/Mar/2026:05:25:17 -0700] "GET /item/696103199?path=%2Fhome%2Ffalconiapl2015%2Fpublic_html%2Fwp-content%2Fuploads%2Fwpcf7_uploads HTTP/2.0" 200 2604 "-" "Mozilla/5.0 AppleWebKit/537.36 (KHTML, like Gecko; compatible; ClaudeBot/1.0; +claudebot@anthropic.com)" 503 **0/503468**
74.7.227.0 - - [28/Mar/2026:05:25:18 -0700] "GET /?path=//lib64/python3.6/unittest/__pycache__ HTTP/2.0" 200 3298 "https://falcon-ia.com/?path=//lib64/python3.6/unittest" "Mozilla/5.0 AppleWebKit/537.36 (KHTML, like Gecko; compatible; GPTBot/1.3; +https://openai.com/gptbot)" 506 **0/506094**
74.7.227.0 - - [28/Mar/2026:05:25:21 -0700] "GET /?path=//opt/alt/libssh211 HTTP/2.0" 200 2558 "https://falcon-ia.com/?path=//opt/alt" "Mozilla/5.0 AppleWebKit/537.36 (KHTML, like Gecko; compatible; GPTBot/1.3; +https://openai.com/gptbot)" 507 **0/507666**
74.7.227.0 - - [28/Mar/2026:05:25:24 -0700] "GET /?path=//opt/alt/python310 HTTP/2.0" 200 2676 "https://falcon-ia.com/?path=//opt/alt" "Mozilla/5.0 AppleWebKit/537.36 (KHTML, like Gecko; compatible; GPTBot/1.3; +https://openai.com/gptbot)" 518 **0/518559**
74.7.227.0 - - [28/Mar/2026:05:25:27 -0700] "GET /?path=/home/falconiapl2015/mail/.spam/new HTTP/2.0" 200 2323 "https://falcon-ia.com/?path=/home/falconiapl2015/mail/.spam" "Mozilla/5.0 AppleWebKit/537.36 (KHTML, like Gecko; compatible; GPTBot/1.3; +https://openai.com/gptbot)" 514 **0/514066**
74.7.227.0 - - [28/Mar/2026:05:25:30 -0700] "GET /?path=//lib64/ruby/json/ext HTTP/2.0" 200 2627 "https://falcon-ia.com/?path=//lib64/ruby/json" "Mozilla/5.0 AppleWebKit/537.36 (KHTML, like Gecko; compatible; GPTBot/1.3; +https://openai.com/gptbot)" 499 **0/499048**
74.7.227.0 - - [28/Mar/2026:05:25:33 -0700] "GET /?path=//opt/alt/python311 HTTP/2.0" 200 2676 "https://falcon-ia.com/?path=//opt/alt" "Mozilla/5.0 AppleWebKit/537.36 (KHTML, like Gecko; compatible; GPTBot/1.3; +https://openai.com/gptbot)" 501 **0/501611**
74.7.227.0 - - [28/Mar/2026:05:25:36 -0700] "GET /?path=//opt/python38/lib/python3.8/concurrent/futures/__pycache__ HTTP/2.0" 200 2897 "https://falcon-ia.com/?path=//opt/python38/lib/python3.8/concurrent/futures" "Mozilla/5.0 AppleWebKit/537.36 (KHTML, like Gecko; compatible; GPTBot/1.3; +https://openai.com/gptbot)" 493 **0/493866**
74.7.227.0 - - [28/Mar/2026:05:25:39 -0700] "GET /?path=//opt/python38/lib/python3.8/asyncio/__pycache__ HTTP/2.0" 200 4442 "https://falcon-ia.com/?path=//opt/python38/lib/python3.8/asyncio" "Mozilla/5.0 AppleWebKit/537.36 (KHTML, like Gecko; compatible; GPTBot/1.3; +https://openai.com/gptbot)" 510 **0/510680**
74.7.227.0 - - [28/Mar/2026:05:25:42 -0700] "GET /?path=//opt/python38/lib/python3.8/tkinter/__pycache__ HTTP/2.0" 200 3462 "https://falcon-ia.com/?path=//opt/python38/lib/python3.8/tkinter" "Mozilla/5.0 AppleWebKit/537.36 (KHTML, like Gecko; compatible; GPTBot/1.3; +https://openai.com/gptbot)" 507 **0/507880**
74.7.227.0 - - [28/Mar/2026:05:25:46 -0700] "GET /?fileloc=//lib64/python2.7/unittest/test/support.pyc&path=//lib64/python2.7/unittest/test HTTP/2.0" 200 3792 "https://falcon-ia.com/?path=//lib64/python2.7/unittest/test" "Mozilla/5.0 AppleWebKit/537.36 (KHTML, like Gecko; compatible; GPTBot/1.3; +https://openai.com/gptbot)" 519 **0/519436**
74.7.227.0 - - [28/Mar/2026:05:25:49 -0700] "GET /?fileloc=//lib64/python2.7/unittest/test/support.pyo&path=//lib64/python2.7/unittest/test HTTP/2.0" 200 3792 "https://falcon-ia.com/?path=//lib64/python2.7/unittest/test" "Mozilla/5.0 AppleWebKit/537.36 (KHTML, like Gecko; compatible; GPTBot/1.3; +https://openai.com/gptbot)" 518 **0/518287**
74.7.227.0 - - [28/Mar/2026:05:25:52 -0700] "GET /?fileloc=//lib64/python2.7/unittest/test/support.py&path=//lib64/python2.7/unittest/test HTTP/2.0" 200 3005 "https://falcon-ia.com/?path=//lib64/python2.7/unittest/test" "Mozilla/5.0 AppleWebKit/537.36 (KHTML, like Gecko; compatible; GPTBot/1.3; +https://openai.com/gptbot)" 517 **0/517140**
74.7.227.0 - - [28/Mar/2026:05:25:55 -0700] "GET /?fileloc=//lib64/python2.7/unittest/test/test_case.pyo&path=//lib64/python2.7/unittest/test HTTP/2.0" 200 12481 "https://falcon-ia.com/?path=//lib64/python2.7/unittest/test" "Mozilla/5.0 AppleWebKit/537.36 (KHTML, like Gecko; compatible; GPTBot/1.3; +https://openai.com/gptbot)" 561 **0/561294**
74.7.227.0 - - [28/Mar/2026:05:25:58 -0700] "GET /?fileloc=//lib64/python2.7/unittest/test/test_runner.py&path=//lib64/python2.7/unittest/test HTTP/2.0" 200 4193 "https://falcon-ia.com/?path=//lib64/python2.7/unittest/test" "Mozilla/5.0 AppleWebKit/537.36 (KHTML, like Gecko; compatible; GPTBot/1.3; +https://openai.com/gptbot)" 509 **0/509950**
74.7.227.0 - - [28/Mar/2026:05:26:01 -0700] "GET /?fileloc=//lib64/python2.7/unittest/test/test_suite.py&path=//lib64/python2.7/unittest/test HTTP/2.0" 200 4559 "https://falcon-ia.com/?path=//lib64/python2.7/unittest/test" "Mozilla/5.0 AppleWebKit/537.36 (KHTML, like Gecko; compatible; GPTBot/1.3; +https://openai.com/gptbot)" 613 **0/613818**
74.7.227.0 - - [28/Mar/2026:05:26:04 -0700] "GET /?fileloc=//lib64/python2.7/unittest/test/test_case.pyc&path=//lib64/python2.7/unittest/test HTTP/2.0" 200 12481 "https://falcon-ia.com/?path=//lib64/python2.7/unittest/test" "Mozilla/5.0 AppleWebKit/537.36 (KHTML, like Gecko; compatible; GPTBot/1.3; +https://openai.com/gptbot)" 531 **0/531856**
216.73.216.162 - - [28/Mar/2026:05:26:06 -0700] "GET /item/1665553619?path=%2Fhome%2Ffalconiapl2015%2Fpublic_html%2Fwp-admin HTTP/2.0" 200 5481 "-" "Mozilla/5.0 AppleWebKit/537.36 (KHTML, like Gecko; compatible; ClaudeBot/1.0; +claudebot@anthropic.com)" 499 **0/499146**
74.7.227.0 - - [28/Mar/2026:05:26:08 -0700] "GET /?fileloc=//lib64/python2.7/unittest/test/test_result.py&path=//lib64/python2.7/unittest/test HTTP/2.0" 200 5401 "https://falcon-ia.com/?path=//lib64/python2.7/unittest/test" "Mozilla/5.0 AppleWebKit/537.36 (KHTML, like Gecko; compatible; GPTBot/1.3; +https://openai.com/gptbot)" 508 **0/508310**
216.73.216.162 - - [28/Mar/2026:05:26:09 -0700] "GET /item/481140758?path=%2Fhome%2Ffalconiapl2015%2Fpublic_html%2Fwp-content%2Fplugins HTTP/2.0" 200 3362 "-" "Mozilla/5.0 AppleWebKit/537.36 (KHTML, like Gecko; compatible; ClaudeBot/1.0; +claudebot@anthropic.com)" 487 **0/487928**
74.7.227.0 - - [28/Mar/2026:05:26:11 -0700] "GET /?fileloc=//lib64/python2.7/unittest/test/test_suite.pyo&path=//lib64/python2.7/unittest/test HTTP/2.0" 200 5704 "https://falcon-ia.com/?path=//lib64/python2.7/unittest/test" "Mozilla/5.0 AppleWebKit/537.36 (KHTML, like Gecko; compatible; GPTBot/1.3; +https://openai.com/gptbot)" 516 **0/516328**
216.73.216.162 - - [28/Mar/2026:05:26:12 -0700] "GET /item/47454239?path=%2Fhome%2Ffalconiapl2015%2Fpublic_html%2Fwp-includes HTTP/2.0" 200 10191 "-" "Mozilla/5.0 AppleWebKit/537.36 (KHTML, like Gecko; compatible; ClaudeBot/1.0; +claudebot@anthropic.com)" 540 **0/540032**
74.7.227.0 - - [28/Mar/2026:05:26:14 -0700] "GET /?fileloc=//opt/python38/lib/python3.8/asyncio/__pycache__/coroutines.cpython-38.opt-1.pyc&path=//opt/python38/lib/python3.8/asyncio/__pycache__ HTTP/2.0" 200 5540 "https://falcon-ia.com/?path=//opt/python38/lib/python3.8/asyncio/__pycache__" "Mozilla/5.0 AppleWebKit/537.36 (KHTML, like Gecko; compatible; GPTBot/1.3; +https://openai.com/gptbot)" 528 **0/528174**
216.73.216.162 - - [28/Mar/2026:05:26:15 -0700] "GET /item/2006064466?path=%2Fhome%2Ffalconiapl2015%2Fpublic_html%2Fwp-includes HTTP/2.0" 200 10191 "-" "Mozilla/5.0 AppleWebKit/537.36 (KHTML, like Gecko; compatible; ClaudeBot/1.0; +claudebot@anthropic.com)" 511 **0/511129**
74.7.227.0 - - [28/Mar/2026:05:26:17 -0700] "GET /?fileloc=//opt/python38/lib/python3.8/tkinter/__pycache__/constants.cpython-38.opt-2.pyc&path=//opt/python38/lib/python3.8/tkinter/__pycache__ HTTP/2.0" 200 3514 "https://falcon-ia.com/?path=//opt/python38/lib/python3.8/tkinter/__pycache__" "Mozilla/5.0 AppleWebKit/537.36 (KHTML, like Gecko; compatible; GPTBot/1.3; +https://openai.com/gptbot)" 536 **0/536645**
216.73.216.162 - - [28/Mar/2026:05:26:18 -0700] "GET /item/3519617912?fileloc=%2F%2Fproc%2Fmodules&path=%2F%2Fproc HTTP/2.0" 200 2246 "-" "Mozilla/5.0 AppleWebKit/537.36 (KHTML, like Gecko; compatible; ClaudeBot/1.0; +claudebot@anthropic.com)" 490 **0/490198**
