74.7.227.0 - - [28/Mar/2026:05:34:05 -0700] "GET /?path=//opt/alt/python311/lib64/python3.11/ensurepip HTTP/2.0" 200 2743 "https://falcon-ia.com/?path=//opt/alt/python311/lib64/python3.11" "Mozilla/5.0 AppleWebKit/537.36 (KHTML, like Gecko; compatible; GPTBot/1.3; +https://openai.com/gptbot)" 502 **0/502755**
216.73.216.162 - - [28/Mar/2026:05:34:05 -0700] "GET /item/28159289?fileloc=%2Fhome%2Ffalconiapl2015%2Fpublic_html%2Fwp-includes%2Fclass.wp-scripts-beta.php&path=%2Fhome%2Ffalconiapl2015%2Fpublic_html%2Fwp-includes HTTP/2.0" 403 3449 "-" "Mozilla/5.0 AppleWebKit/537.36 (KHTML, like Gecko; compatible; ClaudeBot/1.0; +claudebot@anthropic.com)" 506 **0/506672**
216.73.216.162 - - [28/Mar/2026:05:34:08 -0700] "GET /item/2127730128?path=%2Fhome%2Ffalconiapl2015%2Fpublic_html%2Fwp-admin%2Fmaint HTTP/2.0" 403 3449 "-" "Mozilla/5.0 AppleWebKit/537.36 (KHTML, like Gecko; compatible; ClaudeBot/1.0; +claudebot@anthropic.com)" 510 **0/510930**
74.7.227.0 - - [28/Mar/2026:05:34:08 -0700] "GET /?path=//opt/alt/python311/lib64/python3.11/importlib/resources HTTP/2.0" 200 2925 "https://falcon-ia.com/?path=//opt/alt/python311/lib64/python3.11/importlib" "Mozilla/5.0 AppleWebKit/537.36 (KHTML, like Gecko; compatible; GPTBot/1.3; +https://openai.com/gptbot)" 497 **0/497511**
216.73.216.162 - - [28/Mar/2026:05:34:11 -0700] "GET /item/1772124902?path=%2Fhome%2Ffalconiapl2015%2Fnew%2Fwp-admin HTTP/2.0" 403 3449 "-" "Mozilla/5.0 AppleWebKit/537.36 (KHTML, like Gecko; compatible; ClaudeBot/1.0; +claudebot@anthropic.com)" 523 **0/523056**
74.7.227.0 - - [28/Mar/2026:05:34:11 -0700] "GET /?path=//opt/alt/python311/lib64/python3.11/importlib/metadata HTTP/2.0" 200 2891 "https://falcon-ia.com/?path=//opt/alt/python311/lib64/python3.11/importlib" "Mozilla/5.0 AppleWebKit/537.36 (KHTML, like Gecko; compatible; GPTBot/1.3; +https://openai.com/gptbot)" 512 **0/512000**
85.208.96.210 - - [28/Mar/2026:05:34:12 -0700] "GET /commodity/reverted/inspired172067721503 HTTP/1.1" 200 3956 "-" "Mozilla/5.0 (compatible; SemrushBot/7~bl; +http://www.semrush.com/bot.html)" 511 **0/511102**
216.73.216.162 - - [28/Mar/2026:05:34:14 -0700] "GET /item/71948705?path=%2Fhome%2Ffalconiapl2015%2F.cphorde HTTP/2.0" 403 3449 "-" "Mozilla/5.0 AppleWebKit/537.36 (KHTML, like Gecko; compatible; ClaudeBot/1.0; +claudebot@anthropic.com)" 534 **0/534819**
74.7.227.0 - - [28/Mar/2026:05:34:14 -0700] "GET /?path=//opt/alt/python311/lib64/python3.11/dbm/__pycache__ HTTP/2.0" 200 2892 "https://falcon-ia.com/?path=//opt/alt/python311/lib64/python3.11/dbm" "Mozilla/5.0 AppleWebKit/537.36 (KHTML, like Gecko; compatible; GPTBot/1.3; +https://openai.com/gptbot)" 499 **0/499933**
85.208.96.196 - - [28/Mar/2026:05:34:16 -0700] "GET /commodity/morrow/queue171715637539 HTTP/1.1" 200 3956 "-" "Mozilla/5.0 (compatible; SemrushBot/7~bl; +http://www.semrush.com/bot.html)" 492 **0/492935**
216.73.216.162 - - [28/Mar/2026:05:34:17 -0700] "GET /item/2936633988?fileloc=%2Fhome%2Ffalconiapl2015%2Fpublic_html%2Fwp-admin%2Fexport-personal-data-interface.php&path=%2Fhome%2Ffalconiapl2015%2Fpublic_html%2Fwp-admin HTTP/2.0" 403 3449 "-" "Mozilla/5.0 AppleWebKit/537.36 (KHTML, like Gecko; compatible; ClaudeBot/1.0; +claudebot@anthropic.com)" 511 **0/511547**
74.7.227.0 - - [28/Mar/2026:05:34:18 -0700] "GET /?path=//opt/alt/python311/lib64/python3.11/concurrent HTTP/2.0" 200 2717 "https://falcon-ia.com/?path=//opt/alt/python311/lib64/python3.11" "Mozilla/5.0 AppleWebKit/537.36 (KHTML, like Gecko; compatible; GPTBot/1.3; +https://openai.com/gptbot)" 522 **0/522808**
52.167.144.137 - - [28/Mar/2026:05:34:17 -0700] "GET /commodity/smes/quark171910469378 HTTP/2.0" 200 28578 "-" "Mozilla/5.0 AppleWebKit/537.36 (KHTML, like Gecko; compatible; bingbot/2.0; +http://www.bing.com/bingbot.htm) Chrome/116.0.1938.76 Safari/537.36" 1598 **1/1598060**
216.73.216.162 - - [28/Mar/2026:05:34:20 -0700] "GET /item/3045145167?fileloc=%2Fhome%2Ffalconiapl2015%2Fpublic_html%2Fwp-includes%2Fclass-wp-url-pattern-prefixer.php&path=%2Fhome%2Ffalconiapl2015%2Fpublic_html%2Fwp-includes HTTP/2.0" 403 3449 "-" "Mozilla/5.0 AppleWebKit/537.36 (KHTML, like Gecko; compatible; ClaudeBot/1.0; +claudebot@anthropic.com)" 495 **0/495142**
74.7.227.0 - - [28/Mar/2026:05:34:21 -0700] "GET /?path=//opt/alt/python311/lib64/python3.11/importlib/__pycache__ HTTP/2.0" 200 3217 "https://falcon-ia.com/?path=//opt/alt/python311/lib64/python3.11/importlib" "Mozilla/5.0 AppleWebKit/537.36 (KHTML, like Gecko; compatible; GPTBot/1.3; +https://openai.com/gptbot)" 486 **0/486292**
85.208.96.208 - - [28/Mar/2026:05:34:22 -0700] "GET /commodity/cherry/sweden172165240668 HTTP/1.1" 200 3956 "-" "Mozilla/5.0 (compatible; SemrushBot/7~bl; +http://www.semrush.com/bot.html)" 505 **0/505051**
216.73.216.162 - - [28/Mar/2026:05:34:23 -0700] "GET /item/3893796305?path=%2Fhome%2Ffalconiapl2015%2Fpublic_html%2Fwp-includes HTTP/2.0" 403 3449 "-" "Mozilla/5.0 AppleWebKit/537.36 (KHTML, like Gecko; compatible; ClaudeBot/1.0; +claudebot@anthropic.com)" 495 **0/495122**
74.7.227.0 - - [28/Mar/2026:05:34:24 -0700] "GET /?path=//opt/alt/python311/lib64/python3.11/distutils/command HTTP/2.0" 200 3331 "https://falcon-ia.com/?path=//opt/alt/python311/lib64/python3.11/distutils" "Mozilla/5.0 AppleWebKit/537.36 (KHTML, like Gecko; compatible; GPTBot/1.3; +https://openai.com/gptbot)" 502 **0/502234**
216.73.216.162 - - [28/Mar/2026:05:34:26 -0700] "GET /item/3045145167?fileloc=%2Fhome%2Ffalconiapl2015%2Fpublic_html%2Fwp-includes%2Fembed.php&path=%2Fhome%2Ffalconiapl2015%2Fpublic_html%2Fwp-includes HTTP/2.0" 403 3449 "-" "Mozilla/5.0 AppleWebKit/537.36 (KHTML, like Gecko; compatible; ClaudeBot/1.0; +claudebot@anthropic.com)" 502 **0/502350**
185.191.171.9 - - [28/Mar/2026:05:34:26 -0700] "GET /commodity/crocodile/demographic171715919055 HTTP/1.1" 200 3956 "-" "Mozilla/5.0 (compatible; SemrushBot/7~bl; +http://www.semrush.com/bot.html)" 497 **0/497715**
74.7.227.0 - - [28/Mar/2026:05:34:27 -0700] "GET /?fileloc=//opt/alt/python311/lib64/python3.11/encodings/cp273.py&path=//opt/alt/python311/lib64/python3.11/encodings HTTP/2.0" 200 5590 "https://falcon-ia.com/?path=//opt/alt/python311/lib64/python3.11/encodings" "Mozilla/5.0 AppleWebKit/537.36 (KHTML, like Gecko; compatible; GPTBot/1.3; +https://openai.com/gptbot)" 516 **0/516564**
216.73.216.162 - - [28/Mar/2026:05:34:29 -0700] "GET /item/1631546745?path=%2Fhome%2Ffalconiapl2015%2Fpublic_html%2Fwp-admin%2Fmaint HTTP/2.0" 403 3449 "-" "Mozilla/5.0 AppleWebKit/537.36 (KHTML, like Gecko; compatible; ClaudeBot/1.0; +claudebot@anthropic.com)" 531 **0/531168**
74.7.227.0 - - [28/Mar/2026:05:34:30 -0700] "GET /?fileloc=//opt/alt/python311/lib64/python3.11/encodings/cp720.py&path=//opt/alt/python311/lib64/python3.11/encodings HTTP/2.0" 200 5028 "https://falcon-ia.com/?path=//opt/alt/python311/lib64/python3.11/encodings" "Mozilla/5.0 AppleWebKit/537.36 (KHTML, like Gecko; compatible; GPTBot/1.3; +https://openai.com/gptbot)" 501 **0/501581**
85.208.96.201 - - [28/Mar/2026:05:34:31 -0700] "GET /commodity/assessed/swear171629914171 HTTP/1.1" 200 3956 "-" "Mozilla/5.0 (compatible; SemrushBot/7~bl; +http://www.semrush.com/bot.html)" 486 **0/486020**
216.73.216.162 - - [28/Mar/2026:05:34:32 -0700] "GET /item/364227423?path=%2Fhome%2Ffalconiapl2015%2Fpublic_html%2Fwp-admin%2Fmaint HTTP/2.0" 403 3449 "-" "Mozilla/5.0 AppleWebKit/537.36 (KHTML, like Gecko; compatible; ClaudeBot/1.0; +claudebot@anthropic.com)" 526 **0/526220**
93.158.91.24 - - [28/Mar/2026:05:34:32 -0700] "GET / HTTP/1.1" 200 3956 "-" "Mozilla/5.0 (Windows NT 10.0; Win64; x64) AppleWebKit/537.36 (KHTML, like Gecko) Chrome/105.0.0.0 Safari/537.36" 519 **0/519818**
74.7.227.0 - - [28/Mar/2026:05:34:33 -0700] "GET /?fileloc=//opt/alt/python311/lib64/python3.11/encodings/shift_jisx0213.py&path=//opt/alt/python311/lib64/python3.11/encodings HTTP/2.0" 200 2649 "https://falcon-ia.com/?path=//opt/alt/python311/lib64/python3.11/encodings" "Mozilla/5.0 AppleWebKit/537.36 (KHTML, like Gecko; compatible; GPTBot/1.3; +https://openai.com/gptbot)" 503 **0/503814**
216.73.216.162 - - [28/Mar/2026:05:34:35 -0700] "GET /item/751373909?fileloc=%2Fhome%2Ffalconiapl2015%2Fpublic_html%2Fwp-admin%2Fcss%2Fforms-rtl.css&path=%2Fhome%2Ffalconiapl2015%2Fpublic_html%2Fwp-admin%2Fcss HTTP/2.0" 403 3449 "-" "Mozilla/5.0 AppleWebKit/537.36 (KHTML, like Gecko; compatible; ClaudeBot/1.0; +claudebot@anthropic.com)" 503 **0/503881**
93.158.91.24 - - [28/Mar/2026:05:34:35 -0700] "GET /favicon.ico HTTP/1.1" 200 3956 "-" "Mozilla/5.0 (Windows NT 10.0; Win64; x64) AppleWebKit/537.36 (KHTML, like Gecko) Chrome/105.0.0.0 Safari/537.36" 35 **0/35360**
85.208.96.208 - - [28/Mar/2026:05:34:36 -0700] "GET /commodity/names/referrals17166384741 HTTP/1.1" 200 3956 "-" "Mozilla/5.0 (compatible; SemrushBot/7~bl; +http://www.semrush.com/bot.html)" 486 **0/486237**
74.7.227.0 - - [28/Mar/2026:05:34:37 -0700] "GET /?path=//opt/alt/python311/lib64/python3.11/distutils/__pycache__ HTTP/2.0" 200 4354 "https://falcon-ia.com/?path=//opt/alt/python311/lib64/python3.11/distutils" "Mozilla/5.0 AppleWebKit/537.36 (KHTML, like Gecko; compatible; GPTBot/1.3; +https://openai.com/gptbot)" 507 **0/507363**
216.73.216.162 - - [28/Mar/2026:05:34:38 -0700] "GET /item/4154893473?fileloc=%2Fhome%2Ffalconiapl2015%2Fpublic_html%2Fwp-admin%2Ftheme-editor.php&path=%2Fhome%2Ffalconiapl2015%2Fpublic_html%2Fwp-admin HTTP/2.0" 403 3449 "-" "Mozilla/5.0 AppleWebKit/537.36 (KHTML, like Gecko; compatible; ClaudeBot/1.0; +claudebot@anthropic.com)" 509 **0/509307**
74.7.227.0 - - [28/Mar/2026:05:34:40 -0700] "GET /?path=//opt/alt/python311/lib64/python3.11/ensurepip/__pycache__ HTTP/2.0" 200 2827 "https://falcon-ia.com/?path=//opt/alt/python311/lib64/python3.11/ensurepip" "Mozilla/5.0 AppleWebKit/537.36 (KHTML, like Gecko; compatible; GPTBot/1.3; +https://openai.com/gptbot)" 494 **0/494812**
216.73.216.162 - - [28/Mar/2026:05:34:41 -0700] "GET /item/3633300649?path=%2Fhome%2Ffalconiapl2015%2Fpublic_html%2Fwp-admin%2Fmaint HTTP/2.0" 403 3449 "-" "Mozilla/5.0 AppleWebKit/537.36 (KHTML, like Gecko; compatible; ClaudeBot/1.0; +claudebot@anthropic.com)" 509 **0/509631**
185.191.171.5 - - [28/Mar/2026:05:34:41 -0700] "GET /commodity/rollers/translations17169382160 HTTP/1.1" 200 3956 "-" "Mozilla/5.0 (compatible; SemrushBot/7~bl; +http://www.semrush.com/bot.html)" 514 **0/514254**
114.119.145.102 - - [28/Mar/2026:05:34:42 -0700] "GET /commodity/warning/problems171919428009?fileloc=/home/falconiapl2015/public_html/wp-login.php&path=/home/falconiapl2015/public_html HTTP/1.1" 200 15772 "https://falcon-ia.com/commodity/warning/problems171919428009" "Mozilla/5.0 (Linux; Android 7.0;) AppleWebKit/537.36 (KHTML, like Gecko) Mobile Safari/537.36 (compatible; PetalBot;+https://webmaster.petalsearch.com/site/petalbot)" 498 **0/498879**
74.7.227.0 - - [28/Mar/2026:05:34:43 -0700] "GET /?path=//opt/alt/python311/lib64/python3.11/encodings/__pycache__ HTTP/2.0" 200 8441 "https://falcon-ia.com/?path=//opt/alt/python311/lib64/python3.11/encodings" "Mozilla/5.0 AppleWebKit/537.36 (KHTML, like Gecko; compatible; GPTBot/1.3; +https://openai.com/gptbot)" 518 **0/518954**
40.77.167.52 - - [28/Mar/2026:05:34:42 -0700] "GET /?c_0726041043205_html HTTP/2.0" 200 27641 "-" "Mozilla/5.0 AppleWebKit/537.36 (KHTML, like Gecko; compatible; bingbot/2.0; +http://www.bing.com/bingbot.htm) Chrome/116.0.1938.76 Safari/537.36" 1655 **1/1655527**
216.73.216.162 - - [28/Mar/2026:05:34:44 -0700] "GET /item/751373909?fileloc=%2Fhome%2Ffalconiapl2015%2Fpublic_html%2Fwp-admin%2Fcss%2Fcustomize-widgets.css&path=%2Fhome%2Ffalconiapl2015%2Fpublic_html%2Fwp-admin%2Fcss HTTP/2.0" 200 4901 "-" "Mozilla/5.0 AppleWebKit/537.36 (KHTML, like Gecko; compatible; ClaudeBot/1.0; +claudebot@anthropic.com)" 506 **0/506910**
185.191.171.2 - - [28/Mar/2026:05:34:46 -0700] "GET /commodity/tester/disabilities17212842454 HTTP/1.1" 200 3956 "-" "Mozilla/5.0 (compatible; SemrushBot/7~bl; +http://www.semrush.com/bot.html)" 494 **0/494080**
74.7.227.0 - - [28/Mar/2026:05:34:46 -0700] "GET /?path=//opt/alt/python311/lib64/python3.11/multiprocessing/dummy HTTP/2.0" 200 2731 "https://falcon-ia.com/?path=//opt/alt/python311/lib64/python3.11/multiprocessing" "Mozilla/5.0 AppleWebKit/537.36 (KHTML, like Gecko; compatible; GPTBot/1.3; +https://openai.com/gptbot)" 490 **0/490308**
216.73.216.162 - - [28/Mar/2026:05:34:47 -0700] "GET /item/3045145167?fileloc=%2Fhome%2Ffalconiapl2015%2Fpublic_html%2Fwp-includes%2Fclass-wp-comment.php&path=%2Fhome%2Ffalconiapl2015%2Fpublic_html%2Fwp-includes HTTP/2.0" 200 4826 "-" "Mozilla/5.0 AppleWebKit/537.36 (KHTML, like Gecko; compatible; ClaudeBot/1.0; +claudebot@anthropic.com)" 509 **0/509183**
74.7.227.0 - - [28/Mar/2026:05:34:49 -0700] "GET /?path=//opt/alt/python311/lib64/python3.11/logging/__pycache__ HTTP/2.0" 200 2848 "https://falcon-ia.com/?path=//opt/alt/python311/lib64/python3.11/logging" "Mozilla/5.0 AppleWebKit/537.36 (KHTML, like Gecko; compatible; GPTBot/1.3; +https://openai.com/gptbot)" 497 **0/497777**
216.73.216.162 - - [28/Mar/2026:05:34:50 -0700] "GET /item/2794843732?path=%2Fhome%2Ffalconiapl2015%2Fpublic_html%2Fwp-includes%2Fsitemaps HTTP/2.0" 200 2845 "-" "Mozilla/5.0 AppleWebKit/537.36 (KHTML, like Gecko; compatible; ClaudeBot/1.0; +claudebot@anthropic.com)" 575 **0/575185**
185.191.171.9 - - [28/Mar/2026:05:34:51 -0700] "GET /commodity/transport/maharashtra171612168034 HTTP/1.1" 200 3956 "-" "Mozilla/5.0 (compatible; SemrushBot/7~bl; +http://www.semrush.com/bot.html)" 486 **0/486256**
74.7.227.0 - - [28/Mar/2026:05:34:52 -0700] "GET /?path=//opt/alt/python311/lib64/python3.11/concurrent/futures HTTP/2.0" 200 2792 "https://falcon-ia.com/?path=//opt/alt/python311/lib64/python3.11/concurrent" "Mozilla/5.0 AppleWebKit/537.36 (KHTML, like Gecko; compatible; GPTBot/1.3; +https://openai.com/gptbot)" 498 **0/498455**
216.73.216.162 - - [28/Mar/2026:05:34:53 -0700] "GET /item/1383015292?path=%2Fhome%2Ffalconiapl2015%2Fpublic_html%2Fwp-admin%2Fmaint HTTP/2.0" 200 2665 "-" "Mozilla/5.0 AppleWebKit/537.36 (KHTML, like Gecko; compatible; ClaudeBot/1.0; +claudebot@anthropic.com)" 549 **0/549600**
185.191.171.2 - - [28/Mar/2026:05:34:56 -0700] "GET /commodity/scooby/clin171612443638 HTTP/1.1" 200 3956 "-" "Mozilla/5.0 (compatible; SemrushBot/7~bl; +http://www.semrush.com/bot.html)" 560 **0/560132**
74.7.227.0 - - [28/Mar/2026:05:34:56 -0700] "GET /?path=//opt/alt/python311/lib64/python3.11/concurrent/__pycache__ HTTP/2.0" 200 2681 "https://falcon-ia.com/?path=//opt/alt/python311/lib64/python3.11/concurrent" "Mozilla/5.0 AppleWebKit/537.36 (KHTML, like Gecko; compatible; GPTBot/1.3; +https://openai.com/gptbot)" 534 **0/534585**
216.73.216.162 - - [28/Mar/2026:05:34:56 -0700] "GET /item/3746786634?path=%2Fhome%2Ffalconiapl2015%2Fpublic_html%2Fwp-admin%2Fmaint HTTP/2.0" 200 2665 "-" "Mozilla/5.0 AppleWebKit/537.36 (KHTML, like Gecko; compatible; ClaudeBot/1.0; +claudebot@anthropic.com)" 544 **0/544146**
216.73.216.162 - - [28/Mar/2026:05:34:59 -0700] "GET /item/1586864534?fileloc=%2Fhome%2Ffalconiapl2015%2Fpublic_html%2Fwp-admin%2Fcss%2Fforms-rtl.css&path=%2Fhome%2Ffalconiapl2015%2Fpublic_html%2Fwp-admin%2Fcss HTTP/2.0" 200 10053 "-" "Mozilla/5.0 AppleWebKit/537.36 (KHTML, like Gecko; compatible; ClaudeBot/1.0; +claudebot@anthropic.com)" 500 **0/500714**
74.7.227.0 - - [28/Mar/2026:05:34:59 -0700] "GET /?path=//opt/alt/python311/lib64/python3.11/unittest/__pycache__ HTTP/2.0" 200 3456 "https://falcon-ia.com/?path=//opt/alt/python311/lib64/python3.11/unittest" "Mozilla/5.0 AppleWebKit/537.36 (KHTML, like Gecko; compatible; GPTBot/1.3; +https://openai.com/gptbot)" 517 **0/517735**
85.208.96.196 - - [28/Mar/2026:05:35:00 -0700] "GET /commodity/sediments/walsh171695728677 HTTP/1.1" 200 3956 "-" "Mozilla/5.0 (compatible; SemrushBot/7~bl; +http://www.semrush.com/bot.html)" 527 **0/527999**
216.73.216.162 - - [28/Mar/2026:05:35:02 -0700] "GET /item/3162610274?fileloc=%2Fhome%2Ffalconiapl2015%2Fpublic_html%2Fwp-includes%2Fcss%2Fwp-pointer-rtl.min.css&path=%2Fhome%2Ffalconiapl2015%2Fpublic_html%2Fwp-includes%2Fcss HTTP/2.0" 200 3059 "-" "Mozilla/5.0 AppleWebKit/537.36 (KHTML, like Gecko; compatible; ClaudeBot/1.0; +claudebot@anthropic.com)" 654 **0/654483**
74.7.227.0 - - [28/Mar/2026:05:35:02 -0700] "GET /?path=//opt/alt/python311/lib64/python3.11/tomllib/__pycache__ HTTP/2.0" 200 2886 "https://falcon-ia.com/?path=//opt/alt/python311/lib64/python3.11/tomllib" "Mozilla/5.0 AppleWebKit/537.36 (KHTML, like Gecko; compatible; GPTBot/1.3; +https://openai.com/gptbot)" 642 **0/642977**
216.73.216.162 - - [28/Mar/2026:05:35:05 -0700] "GET /item/3045145167?fileloc=%2Fhome%2Ffalconiapl2015%2Fpublic_html%2Fwp-includes%2Fpluggable.php&path=%2Fhome%2Ffalconiapl2015%2Fpublic_html%2Fwp-includes HTTP/2.0" 200 30291 "-" "Mozilla/5.0 AppleWebKit/537.36 (KHTML, like Gecko; compatible; ClaudeBot/1.0; +claudebot@anthropic.com)" 619 **0/619053**
185.191.171.9 - - [28/Mar/2026:05:35:05 -0700] "GET /commodity/polymer/quincy17205191529 HTTP/1.1" 200 3956 "-" "Mozilla/5.0 (compatible; SemrushBot/7~bl; +http://www.semrush.com/bot.html)" 595 **0/595806**
74.7.227.0 - - [28/Mar/2026:05:35:05 -0700] "GET /?path=/home/falconiapl2015/tmp/pma_template_compiles_falconiapl2015/twig/54 HTTP/2.0" 200 2633 "https://falcon-ia.com/?path=/home/falconiapl2015/tmp/pma_template_compiles_falconiapl2015/twig" "Mozilla/5.0 AppleWebKit/537.36 (KHTML, like Gecko; compatible; GPTBot/1.3; +https://openai.com/gptbot)" 541 **0/541761**
216.73.216.162 - - [28/Mar/2026:05:35:08 -0700] "GET /item/2355960649?path=%2Fhome%2Ffalconiapl2015%2Fpublic_html%2F.easyssl_backup%2Fwp-includes HTTP/2.0" 200 2670 "-" "Mozilla/5.0 AppleWebKit/537.36 (KHTML, like Gecko; compatible; ClaudeBot/1.0; +claudebot@anthropic.com)" 584 **0/584537**
74.7.227.0 - - [28/Mar/2026:05:35:08 -0700] "GET /?path=/home/falconiapl2015/tmp/pma_template_compiles_falconiapl2015/twig/35 HTTP/2.0" 200 2634 "https://falcon-ia.com/?path=/home/falconiapl2015/tmp/pma_template_compiles_falconiapl2015/twig" "Mozilla/5.0 AppleWebKit/537.36 (KHTML, like Gecko; compatible; GPTBot/1.3; +https://openai.com/gptbot)" 544 **0/544060**
85.208.96.204 - - [28/Mar/2026:05:35:10 -0700] "GET /commodity/surrender/administering171724679178 HTTP/1.1" 200 3956 "-" "Mozilla/5.0 (compatible; SemrushBot/7~bl; +http://www.semrush.com/bot.html)" 570 **0/570145**
216.73.216.162 - - [28/Mar/2026:05:35:11 -0700] "GET /item/1586864534?fileloc=%2Fhome%2Ffalconiapl2015%2Fpublic_html%2Fwp-admin%2Fcss%2Fcustomize-widgets.css&path=%2Fhome%2Ffalconiapl2015%2Fpublic_html%2Fwp-admin%2Fcss HTTP/2.0" 200 4901 "-" "Mozilla/5.0 AppleWebKit/537.36 (KHTML, like Gecko; compatible; ClaudeBot/1.0; +claudebot@anthropic.com)" 520 **0/520819**
74.7.227.0 - - [28/Mar/2026:05:35:12 -0700] "GET /?fileloc=//lib64/libgssrpc.so.4.2&path=//lib64 HTTP/2.0" 200 50988 "https://falcon-ia.com/?path=//lib64" "Mozilla/5.0 AppleWebKit/537.36 (KHTML, like Gecko; compatible; GPTBot/1.3; +https://openai.com/gptbot)" 530 **0/530147**
216.73.216.162 - - [28/Mar/2026:05:35:14 -0700] "GET /item/430338372?path=%2Fhome%2Ffalconiapl2015%2Fpublic_html%2Fwp-includes%2Fsitemaps HTTP/2.0" 200 2845 "-" "Mozilla/5.0 AppleWebKit/537.36 (KHTML, like Gecko; compatible; ClaudeBot/1.0; +claudebot@anthropic.com)" 543 **0/543362**
185.191.171.8 - - [28/Mar/2026:05:35:14 -0700] "GET /commodity/apocalypse/detainees17205235380 HTTP/1.1" 200 3956 "-" "Mozilla/5.0 (compatible; SemrushBot/7~bl; +http://www.semrush.com/bot.html)" 532 **0/532314**
74.7.227.0 - - [28/Mar/2026:05:35:15 -0700] "GET /?fileloc=//lib64/libkrad.so.0.0&path=//lib64 HTTP/2.0" 200 15846 "https://falcon-ia.com/?path=//lib64" "Mozilla/5.0 AppleWebKit/537.36 (KHTML, like Gecko; compatible; GPTBot/1.3; +https://openai.com/gptbot)" 557 **0/557597**
216.73.216.162 - - [28/Mar/2026:05:35:17 -0700] "GET /item/3422829155?fileloc=%2Fhome%2Ffalconiapl2015%2Fpublic_html%2Fwp-includes%2FText%2FException.php&path=%2Fhome%2Ffalconiapl2015%2Fpublic_html%2Fwp-includes%2FText HTTP/2.0" 200 2398 "-" "Mozilla/5.0 AppleWebKit/537.36 (KHTML, like Gecko; compatible; ClaudeBot/1.0; +claudebot@anthropic.com)" 502 **0/502441**
74.7.227.0 - - [28/Mar/2026:05:35:18 -0700] "GET /?fileloc=//opt/alt/python311/lib64/python3.11/encodings/__pycache__/bz2_codec.cpython-311.opt-1.pyc&path=//opt/alt/python311/lib64/python3.11/encodings/__pycache__ HTTP/2.0" 200 4142 "https://falcon-ia.com/?path=//opt/alt/python311/lib64/python3.11/encodings/__pycache__" "Mozilla/5.0 AppleWebKit/537.36 (KHTML, like Gecko; compatible; GPTBot/1.3; +https://openai.com/gptbot)" 528 **0/528251**
85.208.96.211 - - [28/Mar/2026:05:35:19 -0700] "GET /commodity/detached/stub171612388593 HTTP/1.1" 200 3956 "-" "Mozilla/5.0 (compatible; SemrushBot/7~bl; +http://www.semrush.com/bot.html)" 518 **0/518164**
216.73.216.162 - - [28/Mar/2026:05:35:20 -0700] "GET /item/1392896286?path=%2Fhome%2Ffalconiapl2015%2Fpublic_html%2Fwp-admin%2Fmaint HTTP/2.0" 200 2665 "-" "Mozilla/5.0 AppleWebKit/537.36 (KHTML, like Gecko; compatible; ClaudeBot/1.0; +claudebot@anthropic.com)" 523 **0/523248**
74.7.227.0 - - [28/Mar/2026:05:35:21 -0700] "GET /?fileloc=//lib64/libcriu.so.1.0&path=//lib64 HTTP/2.0" 200 20652 "https://falcon-ia.com/?path=//lib64" "Mozilla/5.0 AppleWebKit/537.36 (KHTML, like Gecko; compatible; GPTBot/1.3; +https://openai.com/gptbot)" 526 **0/526003**
216.73.216.162 - - [28/Mar/2026:05:35:23 -0700] "GET /item/4148929047?path=%2Fhome%2Ffalconiapl2015%2Fpublic_html%2Fwp-includes%2Fsitemaps HTTP/2.0" 200 2845 "-" "Mozilla/5.0 AppleWebKit/537.36 (KHTML, like Gecko; compatible; ClaudeBot/1.0; +claudebot@anthropic.com)" 520 **0/520619**
85.208.96.195 - - [28/Mar/2026:05:35:24 -0700] "GET /commodity/dear/act171615150696 HTTP/1.1" 200 3956 "-" "Mozilla/5.0 (compatible; SemrushBot/7~bl; +http://www.semrush.com/bot.html)" 528 **0/528077**
74.7.227.0 - - [28/Mar/2026:05:35:24 -0700] "GET /?fileloc=//opt/alt/python311/lib64/python3.11/logging/__pycache__/config.cpython-311.opt-2.pyc&path=//opt/alt/python311/lib64/python3.11/logging/__pycache__ HTTP/2.0" 200 17567 "https://falcon-ia.com/?path=//opt/alt/python311/lib64/python3.11/logging/__pycache__" "Mozilla/5.0 AppleWebKit/537.36 (KHTML, like Gecko; compatible; GPTBot/1.3; +https://openai.com/gptbot)" 515 **0/515079**
216.73.216.162 - - [28/Mar/2026:05:35:26 -0700] "GET /item/582100747?path=%2Fhome%2Ffalconiapl2015%2Fpublic_html%2Fwp-admin%2Fmaint HTTP/2.0" 200 2665 "-" "Mozilla/5.0 AppleWebKit/537.36 (KHTML, like Gecko; compatible; ClaudeBot/1.0; +claudebot@anthropic.com)" 510 **0/510136**
74.7.227.0 - - [28/Mar/2026:05:35:27 -0700] "GET /?fileloc=//lib64/libtss2-sys.so.0&path=//lib64 HTTP/2.0" 200 37511 "https://falcon-ia.com/?path=//lib64" "Mozilla/5.0 AppleWebKit/537.36 (KHTML, like Gecko; compatible; GPTBot/1.3; +https://openai.com/gptbot)" 518 **0/518704**
185.191.171.16 - - [28/Mar/2026:05:35:29 -0700] "GET /commodity/nazis/cultures171660226701 HTTP/1.1" 200 3956 "-" "Mozilla/5.0 (compatible; SemrushBot/7~bl; +http://www.semrush.com/bot.html)" 532 **0/532971**
216.73.216.162 - - [28/Mar/2026:05:35:29 -0700] "GET /item/71948705?path=%2Fhome%2Ffalconiapl2015%2Flogs HTTP/2.0" 200 2787 "-" "Mozilla/5.0 AppleWebKit/537.36 (KHTML, like Gecko; compatible; ClaudeBot/1.0; +claudebot@anthropic.com)" 508 **0/508132**
74.7.227.0 - - [28/Mar/2026:05:35:30 -0700] "GET /?fileloc=//lib64/libyaml-0.so.2&path=//lib64 HTTP/2.0" 200 46720 "https://falcon-ia.com/?path=//lib64" "Mozilla/5.0 AppleWebKit/537.36 (KHTML, like Gecko; compatible; GPTBot/1.3; +https://openai.com/gptbot)" 574 **0/574133**
216.73.216.162 - - [28/Mar/2026:05:35:32 -0700] "GET /item/1665553619?path=%2Fhome%2Ffalconiapl2015%2Fpublic_html%2Fwp-content%2Fplugins%2Fnexgen-core%2Flanguages HTTP/2.0" 200 2671 "-" "Mozilla/5.0 AppleWebKit/537.36 (KHTML, like Gecko; compatible; ClaudeBot/1.0; +claudebot@anthropic.com)" 509 **0/509081**
85.208.96.196 - - [28/Mar/2026:05:35:33 -0700] "GET /commodity/hamas/predicate171796096181 HTTP/1.1" 200 3956 "-" "Mozilla/5.0 (compatible; SemrushBot/7~bl; +http://www.semrush.com/bot.html)" 489 **0/489114**
74.7.227.0 - - [28/Mar/2026:05:35:33 -0700] "GET /?fileloc=//lib64/libtss2-rc.so.0&path=//lib64 HTTP/2.0" 200 8869 "https://falcon-ia.com/?path=//lib64" "Mozilla/5.0 AppleWebKit/537.36 (KHTML, like Gecko; compatible; GPTBot/1.3; +https://openai.com/gptbot)" 536 **0/536791**
216.73.216.162 - - [28/Mar/2026:05:35:35 -0700] "GET /item/2135549514?path=%2Fhome%2Ffalconiapl2015%2Fpublic_html%2F.easyssl_backup%2Fwp-includes HTTP/2.0" 200 2670 "-" "Mozilla/5.0 AppleWebKit/537.36 (KHTML, like Gecko; compatible; ClaudeBot/1.0; +claudebot@anthropic.com)" 515 **0/515092**
74.7.227.0 - - [28/Mar/2026:05:35:37 -0700] "GET /?fileloc=//lib64/libcrypto.so.1.1&path=//lib64 HTTP/2.0" 200 1136929 "https://falcon-ia.com/?path=//lib64" "Mozilla/5.0 AppleWebKit/537.36 (KHTML, like Gecko; compatible; GPTBot/1.3; +https://openai.com/gptbot)" 1049 **1/1049982**
216.73.216.162 - - [28/Mar/2026:05:35:38 -0700] "GET /item/3888829794?fileloc=%2Fhome%2Ffalconiapl2015%2Fpublic_html%2Fwp-includes%2Fcss%2Fwp-pointer-rtl.min.css&path=%2Fhome%2Ffalconiapl2015%2Fpublic_html%2Fwp-includes%2Fcss HTTP/2.0" 200 3059 "-" "Mozilla/5.0 AppleWebKit/537.36 (KHTML, like Gecko; compatible; ClaudeBot/1.0; +claudebot@anthropic.com)" 545 **0/545285**
85.208.96.195 - - [28/Mar/2026:05:35:38 -0700] "GET /commodity/defining/highlighting17176929799 HTTP/1.1" 200 3956 "-" "Mozilla/5.0 (compatible; SemrushBot/7~bl; +http://www.semrush.com/bot.html)" 516 **0/516125**
74.7.227.0 - - [28/Mar/2026:05:35:40 -0700] "GET /?path=//opt/alt/tests/alt-php84-pecl-imagick_3.8.0-10.el8 HTTP/2.0" 200 2615 "https://falcon-ia.com/?path=//opt/alt/tests" "Mozilla/5.0 AppleWebKit/537.36 (KHTML, like Gecko; compatible; GPTBot/1.3; +https://openai.com/gptbot)" 523 **0/523962**
216.73.216.162 - - [28/Mar/2026:05:35:41 -0700] "GET /item/1492738538?fileloc=%2Fhome%2Ffalconiapl2015%2Fpublic_html%2Fwp-includes%2FSimplePie%2Fsrc%2FItem.php&path=%2Fhome%2Ffalconiapl2015%2Fpublic_html%2Fwp-includes%2FSimplePie%2Fsrc HTTP/2.0" 200 14411 "-" "Mozilla/5.0 AppleWebKit/537.36 (KHTML, like Gecko; compatible; ClaudeBot/1.0; +claudebot@anthropic.com)" 524 **0/524893**
85.208.96.208 - - [28/Mar/2026:05:35:43 -0700] "GET /commodity/utilisation/publishing172097598423 HTTP/1.1" 200 3956 "-" "Mozilla/5.0 (compatible; SemrushBot/7~bl; +http://www.semrush.com/bot.html)" 537 **0/537546**
74.7.227.0 - - [28/Mar/2026:05:35:43 -0700] "GET /?path=//opt/alt/tests/alt-php54-pecl-mongodb_1.2.11-1.el8 HTTP/2.0" 200 2615 "https://falcon-ia.com/?path=//opt/alt/tests" "Mozilla/5.0 AppleWebKit/537.36 (KHTML, like Gecko; compatible; GPTBot/1.3; +https://openai.com/gptbot)" 505 **0/505991**
216.73.216.162 - - [28/Mar/2026:05:35:44 -0700] "GET /item/259916815?path=%2Fhome%2Ffalconiapl2015%2Fnew%2Fwp-includes%2Ftheme-compat HTTP/2.0" 200 2867 "-" "Mozilla/5.0 AppleWebKit/537.36 (KHTML, like Gecko; compatible; ClaudeBot/1.0; +claudebot@anthropic.com)" 500 **0/500643**
51.195.183.65 - - [28/Mar/2026:05:35:44 -0700] "GET /commodity/intl/gland17173932590 HTTP/2.0" 200 3449 "-" "Mozilla/5.0 (compatible; AhrefsBot/7.0; +http://ahrefs.com/robot/)" 490 **0/490674**
74.7.227.0 - - [28/Mar/2026:05:35:46 -0700] "GET /?path=//opt/alt/tests/alt-php70-pecl-imagick_3.8.0-10.el8 HTTP/2.0" 200 2615 "https://falcon-ia.com/?path=//opt/alt/tests" "Mozilla/5.0 AppleWebKit/537.36 (KHTML, like Gecko; compatible; GPTBot/1.3; +https://openai.com/gptbot)" 490 **0/490398**
216.73.216.162 - - [28/Mar/2026:05:35:47 -0700] "GET /item/4178772479?fileloc=%2Fhome%2Ffalconiapl2015%2Fpublic_html%2Fwp-admin%2Fexport-personal-data-interface.php&path=%2Fhome%2Ffalconiapl2015%2Fpublic_html%2Fwp-admin HTTP/2.0" 200 2285 "-" "Mozilla/5.0 AppleWebKit/537.36 (KHTML, like Gecko; compatible; ClaudeBot/1.0; +claudebot@anthropic.com)" 488 **0/488480**
85.208.96.194 - - [28/Mar/2026:05:35:47 -0700] "GET /commodity/retailers/pity172029195897 HTTP/1.1" 200 3956 "-" "Mozilla/5.0 (compatible; SemrushBot/7~bl; +http://www.semrush.com/bot.html)" 510 **0/510298**
74.7.227.0 - - [28/Mar/2026:05:35:49 -0700] "GET /?path=//opt/alt/tests/alt-php82-pecl-imagick_3.8.0-10.el8 HTTP/2.0" 200 2615 "https://falcon-ia.com/?path=//opt/alt/tests" "Mozilla/5.0 AppleWebKit/537.36 (KHTML, like Gecko; compatible; GPTBot/1.3; +https://openai.com/gptbot)" 491 **0/491384**
216.73.216.162 - - [28/Mar/2026:05:35:50 -0700] "GET /item/2481753648?fileloc=%2Fhome%2Ffalconiapl2015%2Fpublic_html%2Fwp-includes%2Fcss%2Fwp-pointer-rtl.min.css&path=%2Fhome%2Ffalconiapl2015%2Fpublic_html%2Fwp-includes%2Fcss HTTP/2.0" 200 3059 "-" "Mozilla/5.0 AppleWebKit/537.36 (KHTML, like Gecko; compatible; ClaudeBot/1.0; +claudebot@anthropic.com)" 500 **0/500312**
74.7.227.0 - - [28/Mar/2026:05:35:53 -0700] "GET /?path=//opt/alt/tests/alt-php73-pecl-imagick_3.8.0-10.el8 HTTP/2.0" 200 2615 "https://falcon-ia.com/?path=//opt/alt/tests" "Mozilla/5.0 AppleWebKit/537.36 (KHTML, like Gecko; compatible; GPTBot/1.3; +https://openai.com/gptbot)" 514 **0/514860**
40.77.167.43 - - [28/Mar/2026:05:35:52 -0700] "GET /products/9435065/ HTTP/2.0" 200 27595 "-" "Mozilla/5.0 AppleWebKit/537.36 (KHTML, like Gecko; compatible; bingbot/2.0; +http://www.bing.com/bingbot.htm) Chrome/116.0.1938.76 Safari/537.36" 1621 **1/1621114**
216.73.216.162 - - [28/Mar/2026:05:35:53 -0700] "GET /item/28159289?fileloc=%2Fhome%2Ffalconiapl2015%2Fpublic_html%2Fwp-includes%2Fclass-wp-script-modules.php&path=%2Fhome%2Ffalconiapl2015%2Fpublic_html%2Fwp-includes HTTP/2.0" 200 9823 "-" "Mozilla/5.0 AppleWebKit/537.36 (KHTML, like Gecko; compatible; ClaudeBot/1.0; +claudebot@anthropic.com)" 529 **0/529691**
85.208.96.209 - - [28/Mar/2026:05:35:53 -0700] "GET /commodity/specification/paradigm172070745432 HTTP/1.1" 200 3956 "-" "Mozilla/5.0 (compatible; SemrushBot/7~bl; +http://www.semrush.com/bot.html)" 518 **0/518509**
74.7.227.0 - - [28/Mar/2026:05:35:55 -0700] "GET /?path=//opt/alt/tests/alt-php71-pecl-imagick_3.8.0-10.el8 HTTP/2.0" 200 2615 "https://falcon-ia.com/?path=//opt/alt/tests" "Mozilla/5.0 AppleWebKit/537.36 (KHTML, like Gecko; compatible; GPTBot/1.3; +https://openai.com/gptbot)" 505 **0/505464**
216.73.216.162 - - [28/Mar/2026:05:35:56 -0700] "GET /item/259916815?path=%2Fhome%2Ffalconiapl2015%2Fnew%2Fwp-includes%2Fwidgets HTTP/2.0" 200 3253 "-" "Mozilla/5.0 AppleWebKit/537.36 (KHTML, like Gecko; compatible; ClaudeBot/1.0; +claudebot@anthropic.com)" 526 **0/526544**
185.191.171.4 - - [28/Mar/2026:05:35:58 -0700] "GET /commodity/nanny/claremont171751386377 HTTP/1.1" 200 3956 "-" "Mozilla/5.0 (compatible; SemrushBot/7~bl; +http://www.semrush.com/bot.html)" 497 **0/497250**
52.167.144.137 - - [28/Mar/2026:05:35:57 -0700] "GET /blackjack-kart-de%C4%9Ferleri/ HTTP/2.0" 200 30061 "-" "Mozilla/5.0 AppleWebKit/537.36 (KHTML, like Gecko; compatible; bingbot/2.0; +http://www.bing.com/bingbot.htm) Chrome/116.0.1938.76 Safari/537.36" 1635 **1/1635914**
74.7.227.0 - - [28/Mar/2026:05:35:59 -0700] "GET /?fileloc=//etc/skel/.bash_profile&path=//etc/skel HTTP/2.0" 200 2329 "https://falcon-ia.com/?path=//etc/skel" "Mozilla/5.0 AppleWebKit/537.36 (KHTML, like Gecko; compatible; GPTBot/1.3; +https://openai.com/gptbot)" 498 **0/498971**
216.73.216.162 - - [28/Mar/2026:05:35:59 -0700] "GET /item/3548350046?path=%2Fhome%2Ffalconiapl2015%2Fssl HTTP/2.0" 200 2702 "-" "Mozilla/5.0 AppleWebKit/537.36 (KHTML, like Gecko; compatible; ClaudeBot/1.0; +claudebot@anthropic.com)" 504 **0/504849**
216.73.216.162 - - [28/Mar/2026:05:36:02 -0700] "GET /item/1016041926?path=%2Fhome%2Ffalconiapl2015%2Fpublic_html%2Fwp-includes%2Fsitemaps HTTP/2.0" 200 2845 "-" "Mozilla/5.0 AppleWebKit/537.36 (KHTML, like Gecko; compatible; ClaudeBot/1.0; +claudebot@anthropic.com)" 546 **0/546468**
74.7.227.0 - - [28/Mar/2026:05:36:02 -0700] "GET /?path=//opt/alt/python311/lib64/python3.11/zoneinfo HTTP/2.0" 200 2771 "https://falcon-ia.com/?path=//opt/alt/python311/lib64/python3.11" "Mozilla/5.0 AppleWebKit/537.36 (KHTML, like Gecko; compatible; GPTBot/1.3; +https://openai.com/gptbot)" 595 **0/595652**
185.191.171.9 - - [28/Mar/2026:05:36:02 -0700] "GET /commodity/styles/guide171970554450 HTTP/1.1" 200 3956 "-" "Mozilla/5.0 (compatible; SemrushBot/7~bl; +http://www.semrush.com/bot.html)" 500 **0/500859**
40.77.167.52 - - [28/Mar/2026:05:36:02 -0700] "GET /commodity/dummies/auditors17173690619 HTTP/2.0" 200 27848 "-" "Mozilla/5.0 AppleWebKit/537.36 (KHTML, like Gecko; compatible; bingbot/2.0; +http://www.bing.com/bingbot.htm) Chrome/116.0.1938.76 Safari/537.36" 1624 **1/1624109**
216.73.216.162 - - [28/Mar/2026:05:36:05 -0700] "GET /item/705621385?path=%2Fhome%2Ffalconiapl2015%2Fpublic_html%2Fwp-includes%2Fsitemaps HTTP/2.0" 200 2845 "-" "Mozilla/5.0 AppleWebKit/537.36 (KHTML, like Gecko; compatible; ClaudeBot/1.0; +claudebot@anthropic.com)" 524 **0/524792**
74.7.227.0 - - [28/Mar/2026:05:36:05 -0700] "GET /?path=//opt/alt/python310/lib64/python3.10/zoneinfo HTTP/2.0" 200 2773 "https://falcon-ia.com/?path=//opt/alt/python310/lib64/python3.10" "Mozilla/5.0 AppleWebKit/537.36 (KHTML, like Gecko; compatible; GPTBot/1.3; +https://openai.com/gptbot)" 507 **0/507130**
185.191.171.19 - - [28/Mar/2026:05:36:07 -0700] "GET /commodity/controller/repeats172111903333 HTTP/1.1" 200 3956 "-" "Mozilla/5.0 (compatible; SemrushBot/7~bl; +http://www.semrush.com/bot.html)" 497 **0/497318**
74.7.227.0 - - [28/Mar/2026:05:36:08 -0700] "GET /?path=//opt/alt/dav1d/lib64 HTTP/2.0" 200 2624 "https://falcon-ia.com/?path=//opt/alt/dav1d" "Mozilla/5.0 AppleWebKit/537.36 (KHTML, like Gecko; compatible; GPTBot/1.3; +https://openai.com/gptbot)" 513 **0/513510**
216.73.216.162 - - [28/Mar/2026:05:36:09 -0700] "GET /item/2417628901?path=%2Fhome%2Ffalconiapl2015%2Fpublic_html HTTP/2.0" 200 3449 "-" "Mozilla/5.0 AppleWebKit/537.36 (KHTML, like Gecko; compatible; ClaudeBot/1.0; +claudebot@anthropic.com)" 503 **0/503980**
216.73.216.162 - - [28/Mar/2026:05:36:11 -0700] "GET /item/3598472049?path=%2Fhome%2Ffalconiapl2015%2Fpublic_html%2Fwp-admin HTTP/2.0" 200 5481 "-" "Mozilla/5.0 AppleWebKit/537.36 (KHTML, like Gecko; compatible; ClaudeBot/1.0; +claudebot@anthropic.com)" 499 **0/499516**
74.7.227.0 - - [28/Mar/2026:05:36:11 -0700] "GET /?path=//lib64/python3.6/html HTTP/2.0" 200 2713 "https://falcon-ia.com/?path=//lib64/python3.6" "Mozilla/5.0 AppleWebKit/537.36 (KHTML, like Gecko; compatible; GPTBot/1.3; +https://openai.com/gptbot)" 490 **0/490246**
85.208.96.207 - - [28/Mar/2026:05:36:12 -0700] "GET /commodity/joined/spin1718117868517 HTTP/1.1" 200 3956 "-" "Mozilla/5.0 (compatible; SemrushBot/7~bl; +http://www.semrush.com/bot.html)" 501 **0/501798**
216.73.216.162 - - [28/Mar/2026:05:36:14 -0700] "GET /item/2686933924?path=%2Fhome%2Ffalconiapl2015%2Fpublic_html%2Fwp-admin HTTP/2.0" 200 5481 "-" "Mozilla/5.0 AppleWebKit/537.36 (KHTML, like Gecko; compatible; ClaudeBot/1.0; +claudebot@anthropic.com)" 518 **0/518525**
74.7.227.0 - - [28/Mar/2026:05:36:14 -0700] "GET /?path=//opt/alt/tests/alt-php84-pecl-imagick_3.8.0-10.el8/tests HTTP/2.0" 200 13218 "https://falcon-ia.com/?path=//opt/alt/tests/alt-php84-pecl-imagick_3.8.0-10.el8" "Mozilla/5.0 AppleWebKit/537.36 (KHTML, like Gecko; compatible; GPTBot/1.3; +https://openai.com/gptbot)" 533 **0/533176**
185.191.171.11 - - [28/Mar/2026:05:36:16 -0700] "GET /commodity/dansk/wonderfully171712849590 HTTP/1.1" 200 3956 "-" "Mozilla/5.0 (compatible; SemrushBot/7~bl; +http://www.semrush.com/bot.html)" 497 **0/497392**
216.73.216.162 - - [28/Mar/2026:05:36:17 -0700] "GET /item/1072221220?path=%2Fhome%2Ffalconiapl2015%2Fpublic_html%2Fwp-admin%2Fincludes HTTP/2.0" 403 3449 "-" "Mozilla/5.0 AppleWebKit/537.36 (KHTML, like Gecko; compatible; ClaudeBot/1.0; +claudebot@anthropic.com)" 492 **0/492543**
74.7.227.0 - - [28/Mar/2026:05:36:18 -0700] "GET /?path=//opt/alt/tests/alt-php54-pecl-mongodb_1.2.11-1.el8/tests HTTP/2.0" 200 10018 "https://falcon-ia.com/?path=//opt/alt/tests/alt-php54-pecl-mongodb_1.2.11-1.el8" "Mozilla/5.0 AppleWebKit/537.36 (KHTML, like Gecko; compatible; GPTBot/1.3; +https://openai.com/gptbot)" 544 **0/544418**
216.73.216.162 - - [28/Mar/2026:05:36:20 -0700] "GET /item/3934816149?path=%2Fhome%2Ffalconiapl2015 HTTP/2.0" 403 3449 "-" "Mozilla/5.0 AppleWebKit/537.36 (KHTML, like Gecko; compatible; ClaudeBot/1.0; +claudebot@anthropic.com)" 506 **0/506847**
74.7.227.0 - - [28/Mar/2026:05:36:21 -0700] "GET /?path=//opt/alt/tests/alt-php70-pecl-imagick_3.8.0-10.el8/tests HTTP/2.0" 200 13218 "https://falcon-ia.com/?path=//opt/alt/tests/alt-php70-pecl-imagick_3.8.0-10.el8" "Mozilla/5.0 AppleWebKit/537.36 (KHTML, like Gecko; compatible; GPTBot/1.3; +https://openai.com/gptbot)" 547 **0/547069**
85.208.96.207 - - [28/Mar/2026:05:36:21 -0700] "GET /commodity/shifts/reaching171657209044 HTTP/1.1" 200 3956 "-" "Mozilla/5.0 (compatible; SemrushBot/7~bl; +http://www.semrush.com/bot.html)" 497 **0/497311**
216.73.216.162 - - [28/Mar/2026:05:36:23 -0700] "GET /item/2139750069?fileloc=%2Fhome%2Ffalconiapl2015%2Fpublic_html%2Fwp-admin%2Fcss%2Fcommon.css&path=%2Fhome%2Ffalconiapl2015%2Fpublic_html%2Fwp-admin%2Fcss HTTP/2.0" 403 3449 "-" "Mozilla/5.0 AppleWebKit/537.36 (KHTML, like Gecko; compatible; ClaudeBot/1.0; +claudebot@anthropic.com)" 602 **0/602930**
74.7.227.0 - - [28/Mar/2026:05:36:24 -0700] "GET /?path=//opt/alt/tests/alt-php82-pecl-imagick_3.8.0-10.el8/tests HTTP/2.0" 200 13217 "https://falcon-ia.com/?path=//opt/alt/tests/alt-php82-pecl-imagick_3.8.0-10.el8" "Mozilla/5.0 AppleWebKit/537.36 (KHTML, like Gecko; compatible; GPTBot/1.3; +https://openai.com/gptbot)" 542 **0/542254**
85.208.96.205 - - [28/Mar/2026:05:36:26 -0700] "GET /commodity/adventures/merchant17179935687 HTTP/1.1" 200 3956 "-" "Mozilla/5.0 (compatible; SemrushBot/7~bl; +http://www.semrush.com/bot.html)" 505 **0/505148**
216.73.216.162 - - [28/Mar/2026:05:36:26 -0700] "GET /item/1492738538?fileloc=%2Fhome%2Ffalconiapl2015%2Fpublic_html%2Fwp-includes%2FRequests%2Fsrc%2FRequests.php&path=%2Fhome%2Ffalconiapl2015%2Fpublic_html%2Fwp-includes%2FRequests%2Fsrc HTTP/2.0" 403 3449 "-" "Mozilla/5.0 AppleWebKit/537.36 (KHTML, like Gecko; compatible; ClaudeBot/1.0; +claudebot@anthropic.com)" 546 **0/546048**
74.7.227.0 - - [28/Mar/2026:05:36:27 -0700] "GET /?path=//opt/alt/tests/alt-php73-pecl-imagick_3.8.0-10.el8/tests HTTP/2.0" 200 13218 "https://falcon-ia.com/?path=//opt/alt/tests/alt-php73-pecl-imagick_3.8.0-10.el8" "Mozilla/5.0 AppleWebKit/537.36 (KHTML, like Gecko; compatible; GPTBot/1.3; +https://openai.com/gptbot)" 527 **0/527636**
114.119.143.130 - - [28/Mar/2026:05:36:27 -0700] "GET /commodity/warning/problems171919428009?fileloc=/home/falconiapl2015/public_html/wp-comments-post.php&path=/home/falconiapl2015/public_html HTTP/1.1" 200 3561 "https://falcon-ia.com/commodity/warning/problems171919428009" "Mozilla/5.0 (Linux; Android 7.0;) AppleWebKit/537.36 (KHTML, like Gecko) Mobile Safari/537.36 (compatible; PetalBot;+https://webmaster.petalsearch.com/site/petalbot)" 555 **0/555691**
216.73.216.162 - - [28/Mar/2026:05:36:29 -0700] "GET /item/4189986004?path=%2Fhome%2Ffalconiapl2015%2F.cl.selector HTTP/2.0" 403 3449 "-" "Mozilla/5.0 AppleWebKit/537.36 (KHTML, like Gecko; compatible; ClaudeBot/1.0; +claudebot@anthropic.com)" 517 **0/517400**
85.208.96.199 - - [28/Mar/2026:05:36:30 -0700] "GET /commodity/keller/alright172111664706 HTTP/1.1" 200 3956 "-" "Mozilla/5.0 (compatible; SemrushBot/7~bl; +http://www.semrush.com/bot.html)" 499 **0/499790**
74.7.227.0 - - [28/Mar/2026:05:36:30 -0700] "GET /?path=//opt/alt/tests/alt-php71-pecl-imagick_3.8.0-10.el8/tests HTTP/2.0" 200 13218 "https://falcon-ia.com/?path=//opt/alt/tests/alt-php71-pecl-imagick_3.8.0-10.el8" "Mozilla/5.0 AppleWebKit/537.36 (KHTML, like Gecko; compatible; GPTBot/1.3; +https://openai.com/gptbot)" 527 **0/527801**
216.73.216.162 - - [28/Mar/2026:05:36:32 -0700] "GET /item/3032961671?path=%2Fhome%2Ffalconiapl2015%2Fpublic_html%2Fwp-includes HTTP/2.0" 403 3449 "-" "Mozilla/5.0 AppleWebKit/537.36 (KHTML, like Gecko; compatible; ClaudeBot/1.0; +claudebot@anthropic.com)" 599 **0/599575**
74.7.227.0 - - [28/Mar/2026:05:36:33 -0700] "GET /?path=//opt/alt/tests/alt-php54-pecl-mongodb_1.2.11-1.el8/utils HTTP/2.0" 200 2769 "https://falcon-ia.com/?path=//opt/alt/tests/alt-php54-pecl-mongodb_1.2.11-1.el8" "Mozilla/5.0 AppleWebKit/537.36 (KHTML, like Gecko; compatible; GPTBot/1.3; +https://openai.com/gptbot)" 510 **0/510256**
216.73.216.162 - - [28/Mar/2026:05:36:35 -0700] "GET /item/1492738538?fileloc=%2Fhome%2Ffalconiapl2015%2Fpublic_html%2Fwp-includes%2FSimplePie%2Fsrc%2FParser.php&path=%2Fhome%2Ffalconiapl2015%2Fpublic_html%2Fwp-includes%2FSimplePie%2Fsrc HTTP/2.0" 403 3449 "-" "Mozilla/5.0 AppleWebKit/537.36 (KHTML, like Gecko; compatible; ClaudeBot/1.0; +claudebot@anthropic.com)" 520 **0/520069**
185.191.171.4 - - [28/Mar/2026:05:36:35 -0700] "GET /commodity/creme/mol171858112515 HTTP/1.1" 200 3956 "-" "Mozilla/5.0 (compatible; SemrushBot/7~bl; +http://www.semrush.com/bot.html)" 522 **0/522840**
74.7.227.0 - - [28/Mar/2026:05:36:36 -0700] "GET /?path=//opt/alt/python311/lib64/python3.11/zoneinfo/__pycache__ HTTP/2.0" 200 2896 "https://falcon-ia.com/?path=//opt/alt/python311/lib64/python3.11/zoneinfo" "Mozilla/5.0 AppleWebKit/537.36 (KHTML, like Gecko; compatible; GPTBot/1.3; +https://openai.com/gptbot)" 500 **0/500319**
216.73.216.162 - - [28/Mar/2026:05:36:38 -0700] "GET /item/1394108385?path=%2Fhome%2Ffalconiapl2015%2Fpublic_html%2Fwp-admin HTTP/2.0" 403 3449 "-" "Mozilla/5.0 AppleWebKit/537.36 (KHTML, like Gecko; compatible; ClaudeBot/1.0; +claudebot@anthropic.com)" 541 **0/541496**
43.173.174.114 - - [28/Mar/2026:05:36:38 -0700] "GET /?p=20451 HTTP/1.1" 200 3956 "-" "Mozilla/5.0 (Windows NT 10.0; Win64; x64) AppleWebKit/537.36 (KHTML, like Gecko) Chrome/133.0.0.0 Safari/537.36" 488 **0/488530**
74.7.227.0 - - [28/Mar/2026:05:36:40 -0700] "GET /?path=//opt/alt/python310/lib64/python3.10/zoneinfo/__pycache__ HTTP/2.0" 200 2897 "https://falcon-ia.com/?path=//opt/alt/python310/lib64/python3.10/zoneinfo" "Mozilla/5.0 AppleWebKit/537.36 (KHTML, like Gecko; compatible; GPTBot/1.3; +https://openai.com/gptbot)" 535 **0/535976**
185.191.171.11 - - [28/Mar/2026:05:36:40 -0700] "GET /commodity/adhesion/heartland17215854107 HTTP/1.1" 200 3956 "-" "Mozilla/5.0 (compatible; SemrushBot/7~bl; +http://www.semrush.com/bot.html)" 495 **0/495052**
216.73.216.162 - - [28/Mar/2026:05:36:41 -0700] "GET /item/2139750069?fileloc=%2Fhome%2Ffalconiapl2015%2Fpublic_html%2Fwp-admin%2Fcss%2Fwp-admin-rtl.css&path=%2Fhome%2Ffalconiapl2015%2Fpublic_html%2Fwp-admin%2Fcss HTTP/2.0" 403 3449 "-" "Mozilla/5.0 AppleWebKit/537.36 (KHTML, like Gecko; compatible; ClaudeBot/1.0; +claudebot@anthropic.com)" 506 **0/506166**
74.7.227.0 - - [28/Mar/2026:05:36:43 -0700] "GET /?path=//opt/alt/tests/alt-php73-pecl-imagick_3.8.0-10.el8/util HTTP/2.0" 200 2715 "https://falcon-ia.com/?path=//opt/alt/tests/alt-php73-pecl-imagick_3.8.0-10.el8" "Mozilla/5.0 AppleWebKit/537.36 (KHTML, like Gecko; compatible; GPTBot/1.3; +https://openai.com/gptbot)" 487 **0/487935**
216.73.216.162 - - [28/Mar/2026:05:36:44 -0700] "GET /item/3544149475?path=%2Fhome%2Ffalconiapl2015%2Fpublic_html%2Fwp-includes%2Fstyle-engine HTTP/2.0" 403 3449 "-" "Mozilla/5.0 AppleWebKit/537.36 (KHTML, like Gecko; compatible; ClaudeBot/1.0; +claudebot@anthropic.com)" 522 **0/522367**
185.191.171.11 - - [28/Mar/2026:05:36:45 -0700] "GET /commodity/purchaser/dentists17163406994 HTTP/1.1" 200 3956 "-" "Mozilla/5.0 (compatible; SemrushBot/7~bl; +http://www.semrush.com/bot.html)" 507 **0/507347**
74.7.227.0 - - [28/Mar/2026:05:36:46 -0700] "GET /?path=//opt/alt/tests/alt-php71-pecl-imagick_3.8.0-10.el8/util HTTP/2.0" 200 2715 "https://falcon-ia.com/?path=//opt/alt/tests/alt-php71-pecl-imagick_3.8.0-10.el8" "Mozilla/5.0 AppleWebKit/537.36 (KHTML, like Gecko; compatible; GPTBot/1.3; +https://openai.com/gptbot)" 525 **0/525064**
216.73.216.162 - - [28/Mar/2026:05:36:47 -0700] "GET /item/3098512717?path=%2Fhome%2Ffalconiapl2015%2Fpublic_html%2Fwp-admin HTTP/2.0" 403 3449 "-" "Mozilla/5.0 AppleWebKit/537.36 (KHTML, like Gecko; compatible; ClaudeBot/1.0; +claudebot@anthropic.com)" 517 **0/517909**
74.7.227.0 - - [28/Mar/2026:05:36:49 -0700] "GET /?path=//opt/alt/tests/alt-php84-pecl-imagick_3.8.0-10.el8/util HTTP/2.0" 200 2715 "https://falcon-ia.com/?path=//opt/alt/tests/alt-php84-pecl-imagick_3.8.0-10.el8" "Mozilla/5.0 AppleWebKit/537.36 (KHTML, like Gecko; compatible; GPTBot/1.3; +https://openai.com/gptbot)" 505 **0/505420**
85.208.96.212 - - [28/Mar/2026:05:36:50 -0700] "GET /commodity/constructor/browning171893995061 HTTP/1.1" 200 3956 "-" "Mozilla/5.0 (compatible; SemrushBot/7~bl; +http://www.semrush.com/bot.html)" 497 **0/497697**
216.73.216.162 - - [28/Mar/2026:05:36:50 -0700] "GET /item/585331361?path=%2Fhome%2Ffalconiapl2015%2Fpublic_html%2Fwp-includes%2Fstyle-engine HTTP/2.0" 403 3449 "-" "Mozilla/5.0 AppleWebKit/537.36 (KHTML, like Gecko; compatible; ClaudeBot/1.0; +claudebot@anthropic.com)" 497 **0/497469**
74.7.227.0 - - [28/Mar/2026:05:36:52 -0700] "GET /?fileloc=//opt/alt/tests/alt-php54-pecl-mongodb_1.2.11-1.el8/tests/bson-maxkey-set_state-001.phpt&path=//opt/alt/tests/alt-php54-pecl-mongodb_1.2.11-1.el8/tests HTTP/2.0" 200 2445 "https://falcon-ia.com/?path=//opt/alt/tests/alt-php54-pecl-mongodb_1.2.11-1.el8/tests" "Mozilla/5.0 AppleWebKit/537.36 (KHTML, like Gecko; compatible; GPTBot/1.3; +https://openai.com/gptbot)" 500 **0/500589**
216.73.216.162 - - [28/Mar/2026:05:36:53 -0700] "GET /item/1584724307?path=%2Fhome%2Ffalconiapl2015%2Fpublic_html%2Fwp-includes HTTP/2.0" 403 3449 "-" "Mozilla/5.0 AppleWebKit/537.36 (KHTML, like Gecko; compatible; ClaudeBot/1.0; +claudebot@anthropic.com)" 505 **0/505662**
185.191.171.13 - - [28/Mar/2026:05:36:54 -0700] "GET /commodity/friday/relays172117906222 HTTP/1.1" 200 3956 "-" "Mozilla/5.0 (compatible; SemrushBot/7~bl; +http://www.semrush.com/bot.html)" 492 **0/492751**
165.16.22.82 - - [28/Mar/2026:05:36:55 -0700] "GET / HTTP/1.1" 200 3449 "-" "Mozilla/5.0 (Windows NT 6.0) AppleWebKit/536.2 (KHTML, like Gecko) Chrome/20.0.853.0 Safari/536.2" 490 **0/490546**
74.7.227.0 - - [28/Mar/2026:05:36:56 -0700] "GET /?fileloc=//opt/alt/tests/alt-php54-pecl-mongodb_1.2.11-1.el8/tests/manager-executeBulkWrite_error-002.phpt&path=//opt/alt/tests/alt-php54-pecl-mongodb_1.2.11-1.el8/tests HTTP/2.0" 200 3018 "https://falcon-ia.com/?path=//opt/alt/tests/alt-php54-pecl-mongodb_1.2.11-1.el8/tests" "Mozilla/5.0 AppleWebKit/537.36 (KHTML, like Gecko; compatible; GPTBot/1.3; +https://openai.com/gptbot)" 512 **0/512610**
216.73.216.162 - - [28/Mar/2026:05:36:56 -0700] "GET /item/2139750069?path=%2Fhome%2Ffalconiapl2015%2Fpublic_html%2Fwp-admin%2Fimages HTTP/2.0" 403 3449 "-" "Mozilla/5.0 AppleWebKit/537.36 (KHTML, like Gecko; compatible; ClaudeBot/1.0; +claudebot@anthropic.com)" 506 **0/506216**
74.7.227.0 - - [28/Mar/2026:05:36:59 -0700] "GET /?fileloc=//opt/alt/tests/alt-php54-pecl-mongodb_1.2.11-1.el8/tests/server-executeBulkWrite-003.phpt&path=//opt/alt/tests/alt-php54-pecl-mongodb_1.2.11-1.el8/tests HTTP/2.0" 200 2767 "https://falcon-ia.com/?path=//opt/alt/tests/alt-php54-pecl-mongodb_1.2.11-1.el8/tests" "Mozilla/5.0 AppleWebKit/537.36 (KHTML, like Gecko; compatible; GPTBot/1.3; +https://openai.com/gptbot)" 522 **0/522733**
216.73.216.162 - - [28/Mar/2026:05:36:59 -0700] "GET /item/1416074375?path=%2Fhome%2Ffalconiapl2015%2Fpublic_html%2Fwp-admin HTTP/2.0" 200 5481 "-" "Mozilla/5.0 AppleWebKit/537.36 (KHTML, like Gecko; compatible; ClaudeBot/1.0; +claudebot@anthropic.com)" 512 **0/512196**
85.208.96.196 - - [28/Mar/2026:05:36:59 -0700] "GET /commodity/equipment/leopard171790537915 HTTP/1.1" 200 3956 "-" "Mozilla/5.0 (compatible; SemrushBot/7~bl; +http://www.semrush.com/bot.html)" 506 **0/506060**
216.73.216.162 - - [28/Mar/2026:05:37:02 -0700] "GET /item/228492698?path=%2Fhome%2Ffalconiapl2015%2Fpublic_html%2Fwp-admin HTTP/2.0" 200 5481 "-" "Mozilla/5.0 AppleWebKit/537.36 (KHTML, like Gecko; compatible; ClaudeBot/1.0; +claudebot@anthropic.com)" 512 **0/512019**
74.7.227.0 - - [28/Mar/2026:05:37:02 -0700] "GET /?fileloc=//opt/alt/tests/alt-php70-pecl-imagick_3.8.0-10.el8/tests/237_Tutorial_deconstructGif_basic.phpt&path=//opt/alt/tests/alt-php70-pecl-imagick_3.8.0-10.el8/tests HTTP/2.0" 200 3092 "https://falcon-ia.com/?path=//opt/alt/tests/alt-php70-pecl-imagick_3.8.0-10.el8/tests" "Mozilla/5.0 AppleWebKit/537.36 (KHTML, like Gecko; compatible; GPTBot/1.3; +https://openai.com/gptbot)" 532 **0/532285**
85.208.96.194 - - [28/Mar/2026:05:37:04 -0700] "GET /commodity/resonance/editing172135780561 HTTP/1.1" 200 3956 "-" "Mozilla/5.0 (compatible; SemrushBot/7~bl; +http://www.semrush.com/bot.html)" 516 **0/516253**
216.73.216.162 - - [28/Mar/2026:05:37:05 -0700] "GET /item/1294776906?path=%2Fhome%2Ffalconiapl2015 HTTP/2.0" 200 3737 "-" "Mozilla/5.0 AppleWebKit/537.36 (KHTML, like Gecko; compatible; ClaudeBot/1.0; +claudebot@anthropic.com)" 527 **0/527808**
74.7.227.0 - - [28/Mar/2026:05:37:05 -0700] "GET /?fileloc=//opt/alt/tests/alt-php71-pecl-imagick_3.8.0-10.el8/tests/064_cropThumbNailImage.phpt&path=//opt/alt/tests/alt-php71-pecl-imagick_3.8.0-10.el8/tests HTTP/2.0" 200 2989 "https://falcon-ia.com/?path=//opt/alt/tests/alt-php71-pecl-imagick_3.8.0-10.el8/tests" "Mozilla/5.0 AppleWebKit/537.36 (KHTML, like Gecko; compatible; GPTBot/1.3; +https://openai.com/gptbot)" 515 **0/515358**
216.73.216.162 - - [28/Mar/2026:05:37:08 -0700] "GET /item/2392537796?path=%2Fhome%2Ffalconiapl2015%2Fpublic_html%2Fwp-includes%2Fblock-bindings HTTP/2.0" 200 2739 "-" "Mozilla/5.0 AppleWebKit/537.36 (KHTML, like Gecko; compatible; ClaudeBot/1.0; +claudebot@anthropic.com)" 518 **0/518205**
74.7.227.0 - - [28/Mar/2026:05:37:08 -0700] "GET /?fileloc=//opt/alt/tests/alt-php71-pecl-imagick_3.8.0-10.el8/tests/299_Imagick_rangeThresholdImage.phpt&path=//opt/alt/tests/alt-php71-pecl-imagick_3.8.0-10.el8/tests HTTP/2.0" 200 2593 "https://falcon-ia.com/?path=//opt/alt/tests/alt-php71-pecl-imagick_3.8.0-10.el8/tests" "Mozilla/5.0 AppleWebKit/537.36 (KHTML, like Gecko; compatible; GPTBot/1.3; +https://openai.com/gptbot)" 494 **0/494801**
