54.37.252.212 - - [28/Mar/2026:05:47:19 -0700] "GET /?fileloc=/home/falconiapl2015/public_html/images/toggige-arrow.jpg&path=/home/falconiapl2015/public_html/images HTTP/1.1" 200 15949 "-" "Mozilla/5.0 (compatible; MJ12bot/v1.4.8; http://mj12bot.com/)" 503 **0/503918**
74.7.227.0 - - [28/Mar/2026:05:47:20 -0700] "GET /?fileloc=//opt/python38/lib/python3.8/site-packages/pip/_vendor/pyparsing/core.py&path=//opt/python38/lib/python3.8/site-packages/pip/_vendor/pyparsing HTTP/2.0" 200 51369 "https://falcon-ia.com/?path=//opt/python38/lib/python3.8/site-packages/pip/_vendor/pyparsing" "Mozilla/5.0 AppleWebKit/537.36 (KHTML, like Gecko; compatible; GPTBot/1.3; +https://openai.com/gptbot)" 569 **0/569992**
216.73.216.162 - - [28/Mar/2026:05:47:20 -0700] "GET /item/802800908?fileloc=%2Fhome%2Ffalconiapl2015%2Fpublic_html%2Fwp-signup.php&path=%2Fhome%2Ffalconiapl2015%2Fpublic_html HTTP/2.0" 200 10251 "-" "Mozilla/5.0 AppleWebKit/537.36 (KHTML, like Gecko; compatible; ClaudeBot/1.0; +claudebot@anthropic.com)" 538 **0/538800**
114.119.141.9 - - [28/Mar/2026:05:47:23 -0700] "GET /commodity/vengeance/conclusions17176701206?fileloc=/home/falconiapl2015/public_html/index.php&path=/home/falconiapl2015/public_html HTTP/1.1" 200 11456 "https://falcon-ia.com/commodity/vengeance/conclusions17176701206" "Mozilla/5.0 (Linux; Android 7.0;) AppleWebKit/537.36 (KHTML, like Gecko) Mobile Safari/537.36 (compatible; PetalBot;+https://webmaster.petalsearch.com/site/petalbot)" 498 **0/498820**
74.7.227.0 - - [28/Mar/2026:05:47:23 -0700] "GET /?path=//opt/python38/lib/python3.8/site-packages/pip/_vendor/cachecontrol HTTP/2.0" 200 3030 "https://falcon-ia.com/?path=//opt/python38/lib/python3.8/site-packages/pip/_vendor" "Mozilla/5.0 AppleWebKit/537.36 (KHTML, like Gecko; compatible; GPTBot/1.3; +https://openai.com/gptbot)" 498 **0/498340**
216.73.216.162 - - [28/Mar/2026:05:47:23 -0700] "GET /item/4130016552?fileloc=%2Fhome%2Ffalconiapl2015%2Fpublic_html%2Fwp-signup.php&path=%2Fhome%2Ffalconiapl2015%2Fpublic_html HTTP/2.0" 200 10251 "-" "Mozilla/5.0 AppleWebKit/537.36 (KHTML, like Gecko; compatible; ClaudeBot/1.0; +claudebot@anthropic.com)" 547 **0/547334**
54.37.252.212 - - [28/Mar/2026:05:47:23 -0700] "GET /?fileloc=/home/falconiapl2015/public_html/wp-content/.htaccess&path=/home/falconiapl2015/public_html/wp-content HTTP/1.1" 200 2372 "-" "Mozilla/5.0 (compatible; MJ12bot/v1.4.8; http://mj12bot.com/)" 523 **0/523580**
216.73.216.162 - - [28/Mar/2026:05:47:26 -0700] "GET /item/3422829155?fileloc=%2Fhome%2Ffalconiapl2015%2Fpublic_html%2Fwp-links-opml.php&path=%2Fhome%2Ffalconiapl2015%2Fpublic_html HTTP/2.0" 200 3349 "-" "Mozilla/5.0 AppleWebKit/537.36 (KHTML, like Gecko; compatible; ClaudeBot/1.0; +claudebot@anthropic.com)" 508 **0/508528**
74.7.227.0 - - [28/Mar/2026:05:47:26 -0700] "GET /?path=//opt/python38/lib/python3.8/site-packages/pip/_vendor/pygments HTTP/2.0" 200 3268 "https://falcon-ia.com/?path=//opt/python38/lib/python3.8/site-packages/pip/_vendor" "Mozilla/5.0 AppleWebKit/537.36 (KHTML, like Gecko; compatible; GPTBot/1.3; +https://openai.com/gptbot)" 524 **0/524120**
54.37.252.212 - - [28/Mar/2026:05:47:27 -0700] "GET /?fileloc=/home/falconiapl2015/public_html/wp-content/debug.log&path=/home/falconiapl2015/public_html/wp-content HTTP/1.1" 403 3449 "-" "Mozilla/5.0 (compatible; MJ12bot/v1.4.8; http://mj12bot.com/)" 497 **0/497068**
216.73.216.162 - - [28/Mar/2026:05:47:29 -0700] "GET /item/3916365137?fileloc=%2Fhome%2Ffalconiapl2015%2Fpublic_html%2Findex.php&path=%2Fhome%2Ffalconiapl2015%2Fpublic_html HTTP/2.0" 200 10878 "-" "Mozilla/5.0 AppleWebKit/537.36 (KHTML, like Gecko; compatible; ClaudeBot/1.0; +claudebot@anthropic.com)" 522 **0/522977**
74.7.227.0 - - [28/Mar/2026:05:47:29 -0700] "GET /?path=//opt/python38/lib/python3.8/site-packages/pip/_internal/models HTTP/2.0" 200 3098 "https://falcon-ia.com/?path=//opt/python38/lib/python3.8/site-packages/pip/_internal" "Mozilla/5.0 AppleWebKit/537.36 (KHTML, like Gecko; compatible; GPTBot/1.3; +https://openai.com/gptbot)" 525 **0/525536**
54.37.252.212 - - [28/Mar/2026:05:47:31 -0700] "GET /?fileloc=/home/falconiapl2015/public_html/wp-content/index.php&path=/home/falconiapl2015/public_html/wp-content HTTP/1.1" 200 2294 "-" "Mozilla/5.0 (compatible; MJ12bot/v1.4.8; http://mj12bot.com/)" 532 **0/532029**
74.7.227.0 - - [28/Mar/2026:05:47:32 -0700] "GET /?path=//opt/python38/lib/python3.8/site-packages/pip/_vendor/truststore HTTP/2.0" 200 2908 "https://falcon-ia.com/?path=//opt/python38/lib/python3.8/site-packages/pip/_vendor" "Mozilla/5.0 AppleWebKit/537.36 (KHTML, like Gecko; compatible; GPTBot/1.3; +https://openai.com/gptbot)" 532 **0/532610**
216.73.216.162 - - [28/Mar/2026:05:47:33 -0700] "GET /item/3376595533?path=%2Fhome%2Ffalconiapl2015%2F.cache HTTP/2.0" 200 2589 "-" "Mozilla/5.0 AppleWebKit/537.36 (KHTML, like Gecko; compatible; ClaudeBot/1.0; +claudebot@anthropic.com)" 534 **0/534887**
216.73.216.162 - - [28/Mar/2026:05:47:35 -0700] "GET /robots.txt HTTP/2.0" 200 78 "-" "Mozilla/5.0 AppleWebKit/537.36 (KHTML, like Gecko; compatible; ClaudeBot/1.0; +claudebot@anthropic.com)" 9 **0/9379**
216.73.216.162 - - [28/Mar/2026:05:47:35 -0700] "GET /item/2258178709?path=%2Fhome%2Ffalconiapl2015%2Fpublic_html%2Fwp-includes%2Fhtml-api HTTP/2.0" 200 3106 "-" "Mozilla/5.0 AppleWebKit/537.36 (KHTML, like Gecko; compatible; ClaudeBot/1.0; +claudebot@anthropic.com)" 564 **0/564027**
54.37.252.212 - - [28/Mar/2026:05:47:36 -0700] "GET /?fileloc=/home/falconiapl2015/public_html/wp-includes/class-wp-customize-setting.php&path=/home/falconiapl2015/public_html/wp-includes HTTP/1.1" 200 8863 "-" "Mozilla/5.0 (compatible; MJ12bot/v1.4.8; http://mj12bot.com/)" 563 **0/563640**
74.7.227.0 - - [28/Mar/2026:05:47:36 -0700] "GET /?path=//opt/python38/lib/python3.8/site-packages/pip/_vendor/packaging HTTP/2.0" 200 3075 "https://falcon-ia.com/?path=//opt/python38/lib/python3.8/site-packages/pip/_vendor" "Mozilla/5.0 AppleWebKit/537.36 (KHTML, like Gecko; compatible; GPTBot/1.3; +https://openai.com/gptbot)" 585 **0/585666**
52.167.144.171 - - [28/Mar/2026:05:47:35 -0700] "GET /g%C3%BCvenli-web-casino-ile-para-yat%C4%B1rma-veya-%C3%A7ekme/ HTTP/2.0" 200 24925 "-" "Mozilla/5.0 AppleWebKit/537.36 (KHTML, like Gecko; compatible; bingbot/2.0; +http://www.bing.com/bingbot.htm) Chrome/116.0.1938.76 Safari/537.36" 1618 **1/1618179**
216.73.216.162 - - [28/Mar/2026:05:47:38 -0700] "GET /item/223060004?fileloc=%2Fhome%2Ffalconiapl2015%2Fpublic_html%2Fwp-admin%2Fthemes-https.php&path=%2Fhome%2Ffalconiapl2015%2Fpublic_html%2Fwp-admin HTTP/2.0" 200 2280 "-" "Mozilla/5.0 AppleWebKit/537.36 (KHTML, like Gecko; compatible; ClaudeBot/1.0; +claudebot@anthropic.com)" 555 **0/555942**
74.7.227.0 - - [28/Mar/2026:05:47:39 -0700] "GET /?path=//opt/python38/lib/python3.8/site-packages/pip/_internal/commands HTTP/2.0" 200 3219 "https://falcon-ia.com/?path=//opt/python38/lib/python3.8/site-packages/pip/_internal" "Mozilla/5.0 AppleWebKit/537.36 (KHTML, like Gecko; compatible; GPTBot/1.3; +https://openai.com/gptbot)" 536 **0/536773**
54.37.252.212 - - [28/Mar/2026:05:47:40 -0700] "GET /?fileloc=/home/falconiapl2015/public_html/wp-includes/class-wp-customize-widgets.php&path=/home/falconiapl2015/public_html/wp-includes HTTP/1.1" 200 18616 "-" "Mozilla/5.0 (compatible; MJ12bot/v1.4.8; http://mj12bot.com/)" 513 **0/513902**
216.73.216.162 - - [28/Mar/2026:05:47:41 -0700] "GET /item/3312377034?path=%2Fhome%2Ffalconiapl2015%2Fpublic_html%2Fwp-includes%2Fblocks%2Fcomment-template HTTP/2.0" 200 2764 "-" "Mozilla/5.0 AppleWebKit/537.36 (KHTML, like Gecko; compatible; ClaudeBot/1.0; +claudebot@anthropic.com)" 503 **0/503956**
74.7.227.0 - - [28/Mar/2026:05:47:42 -0700] "GET /?path=//opt/python38/lib/python3.8/site-packages/pip/_vendor/resolvelib HTTP/2.0" 200 2891 "https://falcon-ia.com/?path=//opt/python38/lib/python3.8/site-packages/pip/_vendor" "Mozilla/5.0 AppleWebKit/537.36 (KHTML, like Gecko; compatible; GPTBot/1.3; +https://openai.com/gptbot)" 512 **0/512153**
54.37.252.212 - - [28/Mar/2026:05:47:44 -0700] "GET /?fileloc=/home/falconiapl2015/public_html/wp-includes/class-wp-date-query.php&path=/home/falconiapl2015/public_html/wp-includes HTTP/1.1" 200 10893 "-" "Mozilla/5.0 (compatible; MJ12bot/v1.4.8; http://mj12bot.com/)" 500 **0/500086**
216.73.216.162 - - [28/Mar/2026:05:47:44 -0700] "GET /item/735910960?path=%2Fhome%2Ffalconiapl2015%2Fpublic_html%2Fwp-includes%2Finteractivity-api HTTP/2.0" 200 2707 "-" "Mozilla/5.0 AppleWebKit/537.36 (KHTML, like Gecko; compatible; ClaudeBot/1.0; +claudebot@anthropic.com)" 494 **0/494249**
74.7.227.0 - - [28/Mar/2026:05:47:45 -0700] "GET /?path=//opt/python38/lib/python3.8/site-packages/pip/_internal/utils HTTP/2.0" 200 3541 "https://falcon-ia.com/?path=//opt/python38/lib/python3.8/site-packages/pip/_internal" "Mozilla/5.0 AppleWebKit/537.36 (KHTML, like Gecko; compatible; GPTBot/1.3; +https://openai.com/gptbot)" 503 **0/503469**
216.73.216.162 - - [28/Mar/2026:05:47:47 -0700] "GET /item/1363896383?path=%2Fhome%2Ffalconiapl2015%2Fpublic_html%2Fwp-includes%2Fabilities-api HTTP/2.0" 403 3449 "-" "Mozilla/5.0 AppleWebKit/537.36 (KHTML, like Gecko; compatible; ClaudeBot/1.0; +claudebot@anthropic.com)" 491 **0/491314**
54.37.252.212 - - [28/Mar/2026:05:47:48 -0700] "GET /?fileloc=/home/falconiapl2015/public_html/wp-includes/class-wp-dependencies.php&path=/home/falconiapl2015/public_html/wp-includes HTTP/1.1" 200 6445 "-" "Mozilla/5.0 (compatible; MJ12bot/v1.4.8; http://mj12bot.com/)" 515 **0/515511**
74.7.227.0 - - [28/Mar/2026:05:47:48 -0700] "GET /?path=//opt/python38/lib/python3.8/site-packages/pip/_internal/req HTTP/2.0" 200 2887 "https://falcon-ia.com/?path=//opt/python38/lib/python3.8/site-packages/pip/_internal" "Mozilla/5.0 AppleWebKit/537.36 (KHTML, like Gecko; compatible; GPTBot/1.3; +https://openai.com/gptbot)" 510 **0/510629**
216.73.216.162 - - [28/Mar/2026:05:47:50 -0700] "GET /item/430338372?path=%2Fhome%2Ffalconiapl2015%2F.cpanel%2Fea-php-cli HTTP/2.0" 403 3449 "-" "Mozilla/5.0 AppleWebKit/537.36 (KHTML, like Gecko; compatible; ClaudeBot/1.0; +claudebot@anthropic.com)" 514 **0/514989**
74.7.227.0 - - [28/Mar/2026:05:47:51 -0700] "GET /?path=//opt/python38/lib/python3.8/site-packages/pip/_vendor/urllib3/__pycache__ HTTP/2.0" 200 3011 "https://falcon-ia.com/?path=//opt/python38/lib/python3.8/site-packages/pip/_vendor/urllib3" "Mozilla/5.0 AppleWebKit/537.36 (KHTML, like Gecko; compatible; GPTBot/1.3; +https://openai.com/gptbot)" 487 **0/487880**
54.37.252.212 - - [28/Mar/2026:05:47:53 -0700] "GET /?fileloc=/home/falconiapl2015/public_html/wp-includes/class-wp-dependency.php&path=/home/falconiapl2015/public_html/wp-includes HTTP/1.1" 200 3143 "-" "Mozilla/5.0 (compatible; MJ12bot/v1.4.8; http://mj12bot.com/)" 494 **0/494391**
216.73.216.162 - - [28/Mar/2026:05:47:53 -0700] "GET /item/1908398258?path=%2Fhome%2Ffalconiapl2015%2Fpublic_html%2Fwp-includes%2Fwidgets HTTP/2.0" 403 3449 "-" "Mozilla/5.0 AppleWebKit/537.36 (KHTML, like Gecko; compatible; ClaudeBot/1.0; +claudebot@anthropic.com)" 485 **0/485876**
74.7.227.0 - - [28/Mar/2026:05:47:55 -0700] "GET /?path=//opt/python38/lib/python3.8/site-packages/pip/_internal/cli HTTP/2.0" 200 3086 "https://falcon-ia.com/?path=//opt/python38/lib/python3.8/site-packages/pip/_internal" "Mozilla/5.0 AppleWebKit/537.36 (KHTML, like Gecko; compatible; GPTBot/1.3; +https://openai.com/gptbot)" 484 **0/484777**
216.73.216.162 - - [28/Mar/2026:05:47:56 -0700] "GET /item/2457720633?path=%2Fhome%2Ffalconiapl2015%2Fpublic_html%2Fwp-includes%2Fhtml-api HTTP/2.0" 403 3449 "-" "Mozilla/5.0 AppleWebKit/537.36 (KHTML, like Gecko; compatible; ClaudeBot/1.0; +claudebot@anthropic.com)" 497 **0/497868**
54.37.252.212 - - [28/Mar/2026:05:47:57 -0700] "GET /?fileloc=/home/falconiapl2015/public_html/wp-includes/class-wp-duotone.php&path=/home/falconiapl2015/public_html/wp-includes HTTP/1.1" 200 11494 "-" "Mozilla/5.0 (compatible; MJ12bot/v1.4.8; http://mj12bot.com/)" 502 **0/502144**
74.7.227.0 - - [28/Mar/2026:05:47:58 -0700] "GET /?path=//opt/python38/lib/python3.8/site-packages/pip/_internal/vcs HTTP/2.0" 200 2889 "https://falcon-ia.com/?path=//opt/python38/lib/python3.8/site-packages/pip/_internal" "Mozilla/5.0 AppleWebKit/537.36 (KHTML, like Gecko; compatible; GPTBot/1.3; +https://openai.com/gptbot)" 494 **0/494159**
43.172.197.73 - - [28/Mar/2026:05:47:58 -0700] "GET /?p=21600 HTTP/1.1" 200 3956 "-" "Mozilla/5.0 (Windows NT 10.0; Win64; x64) AppleWebKit/537.36 (KHTML, like Gecko) Chrome/116.0.0.0 Safari/537.36" 496 **0/496868**
216.73.216.162 - - [28/Mar/2026:05:47:59 -0700] "GET /item/1999540105?fileloc=%2Fhome%2Ffalconiapl2015%2Fpublic_html%2Fwp-admin%2Fthemes-https.php&path=%2Fhome%2Ffalconiapl2015%2Fpublic_html%2Fwp-admin HTTP/2.0" 403 3449 "-" "Mozilla/5.0 AppleWebKit/537.36 (KHTML, like Gecko; compatible; ClaudeBot/1.0; +claudebot@anthropic.com)" 553 **0/553069**
74.7.227.0 - - [28/Mar/2026:05:48:01 -0700] "GET /?path=//opt/python38/lib/python3.8/site-packages/pip/_vendor/urllib3/util HTTP/2.0" 200 3109 "https://falcon-ia.com/?path=//opt/python38/lib/python3.8/site-packages/pip/_vendor/urllib3" "Mozilla/5.0 AppleWebKit/537.36 (KHTML, like Gecko; compatible; GPTBot/1.3; +https://openai.com/gptbot)" 537 **0/537879**
54.37.252.212 - - [28/Mar/2026:05:48:01 -0700] "GET /?fileloc=/home/falconiapl2015/public_html/wp-includes/class-wp-editor-loop.php&path=/home/falconiapl2015/public_html/wp-includes HTTP/1.1" 200 2282 "-" "Mozilla/5.0 (compatible; MJ12bot/v1.4.8; http://mj12bot.com/)" 533 **0/533035**
216.73.216.162 - - [28/Mar/2026:05:48:02 -0700] "GET /item/3211466970?path=%2Fhome%2Ffalconiapl2015%2Fpublic_html%2Fwp-includes%2Fhtml-api HTTP/2.0" 403 3449 "-" "Mozilla/5.0 AppleWebKit/537.36 (KHTML, like Gecko; compatible; ClaudeBot/1.0; +claudebot@anthropic.com)" 521 **0/521815**
74.7.227.0 - - [28/Mar/2026:05:48:04 -0700] "GET /?path=//opt/python38/lib/python3.8/site-packages/pip/_vendor/cachecontrol/caches HTTP/2.0" 200 2783 "https://falcon-ia.com/?path=//opt/python38/lib/python3.8/site-packages/pip/_vendor/cachecontrol" "Mozilla/5.0 AppleWebKit/537.36 (KHTML, like Gecko; compatible; GPTBot/1.3; +https://openai.com/gptbot)" 517 **0/517285**
216.73.216.162 - - [28/Mar/2026:05:48:05 -0700] "GET /item/1833898685?path=%2Fhome%2Ffalconiapl2015%2Fpublic_html%2Fwp-includes%2Fcss HTTP/2.0" 403 3449 "-" "Mozilla/5.0 AppleWebKit/537.36 (KHTML, like Gecko; compatible; ClaudeBot/1.0; +claudebot@anthropic.com)" 498 **0/498399**
54.37.252.212 - - [28/Mar/2026:05:48:06 -0700] "GET /?fileloc=/home/falconiapl2015/public_html/wp-includes/class-wp-editor.php&path=/home/falconiapl2015/public_html/wp-includes HTTP/1.1" 200 19163 "-" "Mozilla/5.0 (compatible; MJ12bot/v1.4.8; http://mj12bot.com/)" 499 **0/499832**
74.7.227.0 - - [28/Mar/2026:05:48:07 -0700] "GET /?path=//opt/python38/lib/python3.8/site-packages/setuptools/_vendor/packaging HTTP/2.0" 200 3013 "https://falcon-ia.com/?path=//opt/python38/lib/python3.8/site-packages/setuptools/_vendor" "Mozilla/5.0 AppleWebKit/537.36 (KHTML, like Gecko; compatible; GPTBot/1.3; +https://openai.com/gptbot)" 526 **0/526904**
216.73.216.162 - - [28/Mar/2026:05:48:08 -0700] "GET /item/3691697743?path=%2Fhome%2Ffalconiapl2015%2Fcache HTTP/2.0" 403 3449 "-" "Mozilla/5.0 AppleWebKit/537.36 (KHTML, like Gecko; compatible; ClaudeBot/1.0; +claudebot@anthropic.com)" 508 **0/508427**
54.37.252.212 - - [28/Mar/2026:05:48:10 -0700] "GET /?fileloc=/home/falconiapl2015/public_html/wp-includes/class-wp-embed.php&path=/home/falconiapl2015/public_html/wp-includes HTTP/1.1" 200 6922 "-" "Mozilla/5.0 (compatible; MJ12bot/v1.4.8; http://mj12bot.com/)" 517 **0/517706**
74.7.227.0 - - [28/Mar/2026:05:48:10 -0700] "GET /?path=//opt/python38/lib/python3.8/site-packages/pip/_internal/network/__pycache__ HTTP/2.0" 200 2898 "https://falcon-ia.com/?path=//opt/python38/lib/python3.8/site-packages/pip/_internal/network" "Mozilla/5.0 AppleWebKit/537.36 (KHTML, like Gecko; compatible; GPTBot/1.3; +https://openai.com/gptbot)" 496 **0/496153**
216.73.216.162 - - [28/Mar/2026:05:48:11 -0700] "GET /item/243587077?path=%2Fhome%2Ffalconiapl2015%2Fpublic_html%2Fwp-includes%2Finteractivity-api HTTP/2.0" 403 3449 "-" "Mozilla/5.0 AppleWebKit/537.36 (KHTML, like Gecko; compatible; ClaudeBot/1.0; +claudebot@anthropic.com)" 512 **0/512840**
74.7.227.0 - - [28/Mar/2026:05:48:13 -0700] "GET /?path=//opt/python38/lib/python3.8/site-packages/pip/_vendor/pygments/styles HTTP/2.0" 200 2719 "https://falcon-ia.com/?path=//opt/python38/lib/python3.8/site-packages/pip/_vendor/pygments" "Mozilla/5.0 AppleWebKit/537.36 (KHTML, like Gecko; compatible; GPTBot/1.3; +https://openai.com/gptbot)" 502 **0/502194**
216.73.216.162 - - [28/Mar/2026:05:48:14 -0700] "GET /item/158777817?path=%2Fhome%2Ffalconiapl2015%2Fpublic_html%2Fwp-includes%2Finteractivity-api HTTP/2.0" 403 3449 "-" "Mozilla/5.0 AppleWebKit/537.36 (KHTML, like Gecko; compatible; ClaudeBot/1.0; +claudebot@anthropic.com)" 510 **0/510235**
54.37.252.212 - - [28/Mar/2026:05:48:14 -0700] "GET /?fileloc=/home/falconiapl2015/public_html/wp-includes/class-wp-error.php&path=/home/falconiapl2015/public_html/wp-includes HTTP/1.1" 200 4060 "-" "Mozilla/5.0 (compatible; MJ12bot/v1.4.8; http://mj12bot.com/)" 553 **0/553442**
74.7.227.0 - - [28/Mar/2026:05:48:17 -0700] "GET /?path=//opt/python38/lib/python3.8/site-packages/pip/_vendor/pyparsing/diagram HTTP/2.0" 200 2722 "https://falcon-ia.com/?path=//opt/python38/lib/python3.8/site-packages/pip/_vendor/pyparsing" "Mozilla/5.0 AppleWebKit/537.36 (KHTML, like Gecko; compatible; GPTBot/1.3; +https://openai.com/gptbot)" 491 **0/491765**
216.73.216.162 - - [28/Mar/2026:05:48:17 -0700] "GET /item/2994365632?fileloc=%2Fhome%2Ffalconiapl2015%2Fpublic_html%2Fwp-includes%2Fhttps-detection.php&path=%2Fhome%2Ffalconiapl2015%2Fpublic_html%2Fwp-includes HTTP/2.0" 403 3449 "-" "Mozilla/5.0 AppleWebKit/537.36 (KHTML, like Gecko; compatible; ClaudeBot/1.0; +claudebot@anthropic.com)" 486 **0/486354**
54.37.252.212 - - [28/Mar/2026:05:48:19 -0700] "GET /?fileloc=/home/falconiapl2015/public_html/wp-includes/class-wp-fatal-error-handler.php&path=/home/falconiapl2015/public_html/wp-includes HTTP/1.1" 200 4918 "-" "Mozilla/5.0 (compatible; MJ12bot/v1.4.8; http://mj12bot.com/)" 492 **0/492192**
216.73.216.162 - - [28/Mar/2026:05:48:20 -0700] "GET /item/3376595533?path=%2Fhome%2Ffalconiapl2015%2Ftmp HTTP/2.0" 403 3449 "-" "Mozilla/5.0 AppleWebKit/537.36 (KHTML, like Gecko; compatible; ClaudeBot/1.0; +claudebot@anthropic.com)" 522 **0/522015**
74.7.227.0 - - [28/Mar/2026:05:48:20 -0700] "GET /?fileloc=//opt/python38/lib/python3.8/site-packages/pip/_internal/utils/_jaraco_text.py&path=//opt/python38/lib/python3.8/site-packages/pip/_internal/utils HTTP/2.0" 200 3819 "https://falcon-ia.com/?path=//opt/python38/lib/python3.8/site-packages/pip/_internal/utils" "Mozilla/5.0 AppleWebKit/537.36 (KHTML, like Gecko; compatible; GPTBot/1.3; +https://openai.com/gptbot)" 2988 **2/2988940**
74.7.227.0 - - [28/Mar/2026:05:48:23 -0700] "GET /?path=//opt/python38/lib/python3.8/site-packages/pip/_internal/utils/__pycache__ HTTP/2.0" 200 3507 "https://falcon-ia.com/?path=//opt/python38/lib/python3.8/site-packages/pip/_internal/utils" "Mozilla/5.0 AppleWebKit/537.36 (KHTML, like Gecko; compatible; GPTBot/1.3; +https://openai.com/gptbot)" 545 **0/545986**
54.37.252.212 - - [28/Mar/2026:05:48:23 -0700] "GET /?fileloc=/home/falconiapl2015/public_html/wp-includes/class-wp-http-encoding.php&path=/home/falconiapl2015/public_html/wp-includes HTTP/1.1" 200 4313 "-" "Mozilla/5.0 (compatible; MJ12bot/v1.4.8; http://mj12bot.com/)" 537 **0/537903**
216.73.216.162 - - [28/Mar/2026:05:48:23 -0700] "GET /item/1908398258?path=%2Fhome%2Ffalconiapl2015%2Fpublic_html%2Fwp-admin%2Fjs%2Fwidgets HTTP/2.0" 403 3449 "-" "Mozilla/5.0 AppleWebKit/537.36 (KHTML, like Gecko; compatible; ClaudeBot/1.0; +claudebot@anthropic.com)" 505 **0/505218**
74.7.227.0 - - [28/Mar/2026:05:48:26 -0700] "GET /?path=//opt/python38/lib/python3.8/site-packages/pip/_internal/operations/__pycache__ HTTP/2.0" 200 2767 "https://falcon-ia.com/?path=//opt/python38/lib/python3.8/site-packages/pip/_internal/operations" "Mozilla/5.0 AppleWebKit/537.36 (KHTML, like Gecko; compatible; GPTBot/1.3; +https://openai.com/gptbot)" 509 **0/509566**
216.73.216.162 - - [28/Mar/2026:05:48:26 -0700] "GET /item/2434932885?path=%2Fhome%2Ffalconiapl2015%2Fpublic_html%2Fwp-includes%2Finteractivity-api HTTP/2.0" 403 3449 "-" "Mozilla/5.0 AppleWebKit/537.36 (KHTML, like Gecko; compatible; ClaudeBot/1.0; +claudebot@anthropic.com)" 498 **0/498680**
54.37.252.212 - - [28/Mar/2026:05:48:27 -0700] "GET /?fileloc=/home/falconiapl2015/public_html/wp-includes/class-wp-http-requests-response.php&path=/home/falconiapl2015/public_html/wp-includes HTTP/1.1" 200 3456 "-" "Mozilla/5.0 (compatible; MJ12bot/v1.4.8; http://mj12bot.com/)" 518 **0/518480**
74.7.227.0 - - [28/Mar/2026:05:48:29 -0700] "GET /?path=//opt/python38/lib/python3.8/site-packages/pip/_internal/locations/__pycache__ HTTP/2.0" 200 2776 "https://falcon-ia.com/?path=//opt/python38/lib/python3.8/site-packages/pip/_internal/locations" "Mozilla/5.0 AppleWebKit/537.36 (KHTML, like Gecko; compatible; GPTBot/1.3; +https://openai.com/gptbot)" 496 **0/496366**
216.73.216.162 - - [28/Mar/2026:05:48:29 -0700] "GET /item/2829936279?path=%2Fhome%2Ffalconiapl2015%2Fpublic_html%2Fwp-includes%2Finteractivity-api HTTP/2.0" 200 2707 "-" "Mozilla/5.0 AppleWebKit/537.36 (KHTML, like Gecko; compatible; ClaudeBot/1.0; +claudebot@anthropic.com)" 539 **0/539367**
185.191.171.10 - - [28/Mar/2026:05:48:29 -0700] "GET /commodity/prescription/timeshares17202397215 HTTP/1.1" 200 3956 "-" "Mozilla/5.0 (compatible; SemrushBot/7~bl; +http://www.semrush.com/bot.html)" 575 **0/575651**
17.241.227.7 - - [28/Mar/2026:05:48:31 -0700] "GET /?p=20675 HTTP/1.1" 200 3956 "-" "Mozilla/5.0 (Macintosh; Intel Mac OS X 10_15_7) AppleWebKit/605.1.15 (KHTML, like Gecko) Version/17.4 Safari/605.1.15 (Applebot/0.1; +http://www.apple.com/go/applebot)" 486 **0/486975**
54.37.252.212 - - [28/Mar/2026:05:48:32 -0700] "GET /?fileloc=/home/falconiapl2015/public_html/wp-includes/class-wp-http-response.php&path=/home/falconiapl2015/public_html/wp-includes HTTP/1.1" 200 3144 "-" "Mozilla/5.0 (compatible; MJ12bot/v1.4.8; http://mj12bot.com/)" 502 **0/502491**
74.7.227.0 - - [28/Mar/2026:05:48:32 -0700] "GET /?path=//opt/python38/lib/python3.8/site-packages/pip/_internal/metadata/__pycache__ HTTP/2.0" 200 2785 "https://falcon-ia.com/?path=//opt/python38/lib/python3.8/site-packages/pip/_internal/metadata" "Mozilla/5.0 AppleWebKit/537.36 (KHTML, like Gecko; compatible; GPTBot/1.3; +https://openai.com/gptbot)" 506 **0/506019**
216.73.216.162 - - [28/Mar/2026:05:48:32 -0700] "GET /item/3720483053?path=%2Fhome%2Ffalconiapl2015%2Fpublic_html%2Fwp-includes%2Finteractivity-api HTTP/2.0" 200 2707 "-" "Mozilla/5.0 AppleWebKit/537.36 (KHTML, like Gecko; compatible; ClaudeBot/1.0; +claudebot@anthropic.com)" 488 **0/488176**
74.7.227.0 - - [28/Mar/2026:05:48:35 -0700] "GET /?path=//opt/python38/lib/python3.8/site-packages/pip/_vendor/urllib3/util/__pycache__ HTTP/2.0" 200 3075 "https://falcon-ia.com/?path=//opt/python38/lib/python3.8/site-packages/pip/_vendor/urllib3/util" "Mozilla/5.0 AppleWebKit/537.36 (KHTML, like Gecko; compatible; GPTBot/1.3; +https://openai.com/gptbot)" 530 **0/530567**
216.73.216.162 - - [28/Mar/2026:05:48:35 -0700] "GET /item/1363216000?path=%2F%2Flib64%2Fsse2 HTTP/2.0" 200 2307 "-" "Mozilla/5.0 AppleWebKit/537.36 (KHTML, like Gecko; compatible; ClaudeBot/1.0; +claudebot@anthropic.com)" 514 **0/514521**
185.191.171.5 - - [28/Mar/2026:05:48:35 -0700] "GET /commodity/australians/healthy172011275278 HTTP/1.1" 200 3956 "-" "Mozilla/5.0 (compatible; SemrushBot/7~bl; +http://www.semrush.com/bot.html)" 518 **0/518278**
54.37.252.212 - - [28/Mar/2026:05:48:36 -0700] "GET /?fileloc=/home/falconiapl2015/public_html/wp-includes/class-wp-http-streams.php&path=/home/falconiapl2015/public_html/wp-includes HTTP/1.1" 200 6913 "-" "Mozilla/5.0 (compatible; MJ12bot/v1.4.8; http://mj12bot.com/)" 511 **0/511087**
74.7.227.0 - - [28/Mar/2026:05:48:38 -0700] "GET /?path=//opt/python38/lib/python3.8/site-packages/pip/_vendor/colorama HTTP/2.0" 200 2897 "https://falcon-ia.com/?path=//opt/python38/lib/python3.8/site-packages/pip/_vendor" "Mozilla/5.0 AppleWebKit/537.36 (KHTML, like Gecko; compatible; GPTBot/1.3; +https://openai.com/gptbot)" 495 **0/495482**
216.73.216.162 - - [28/Mar/2026:05:48:38 -0700] "GET /item/4279915768?fileloc=%2Fhome%2Ffalconiapl2015%2Fpublic_html%2Fwp-admin%2Fthemes-https.php&path=%2Fhome%2Ffalconiapl2015%2Fpublic_html%2Fwp-admin HTTP/2.0" 200 2280 "-" "Mozilla/5.0 AppleWebKit/537.36 (KHTML, like Gecko; compatible; ClaudeBot/1.0; +claudebot@anthropic.com)" 509 **0/509058**
54.37.252.212 - - [28/Mar/2026:05:48:40 -0700] "GET /?fileloc=/home/falconiapl2015/public_html/wp-includes/class-wp-image-editor-gd.php&path=/home/falconiapl2015/public_html/wp-includes HTTP/1.1" 200 7232 "-" "Mozilla/5.0 (compatible; MJ12bot/v1.4.8; http://mj12bot.com/)" 508 **0/508945**
185.191.171.6 - - [28/Mar/2026:05:48:40 -0700] "GET /commodity/bronze/immediately172111934372 HTTP/1.1" 200 3956 "-" "Mozilla/5.0 (compatible; SemrushBot/7~bl; +http://www.semrush.com/bot.html)" 507 **0/507237**
74.7.227.0 - - [28/Mar/2026:05:48:41 -0700] "GET /?path=//run HTTP/2.0" 200 2841 "https://falcon-ia.com/?path=/" "Mozilla/5.0 AppleWebKit/537.36 (KHTML, like Gecko; compatible; GPTBot/1.3; +https://openai.com/gptbot)" 503 **0/503796**
216.73.216.162 - - [28/Mar/2026:05:48:41 -0700] "GET /item/534344114?path=%2Fhome%2Ffalconiapl2015%2Fpublic_html%2Fwp-includes%2Finteractivity-api HTTP/2.0" 200 2707 "-" "Mozilla/5.0 AppleWebKit/537.36 (KHTML, like Gecko; compatible; ClaudeBot/1.0; +claudebot@anthropic.com)" 497 **0/497666**
74.7.227.0 - - [28/Mar/2026:05:48:44 -0700] "GET /?path=//lib HTTP/2.0" 200 3504 "https://falcon-ia.com/?path=/" "Mozilla/5.0 AppleWebKit/537.36 (KHTML, like Gecko; compatible; GPTBot/1.3; +https://openai.com/gptbot)" 518 **0/518406**
54.37.252.212 - - [28/Mar/2026:05:48:44 -0700] "GET /?fileloc=/home/falconiapl2015/public_html/wp-includes/class-wp-image-editor-imagick.php&path=/home/falconiapl2015/public_html/wp-includes HTTP/1.1" 200 12279 "-" "Mozilla/5.0 (compatible; MJ12bot/v1.4.8; http://mj12bot.com/)" 503 **0/503804**
216.73.216.162 - - [28/Mar/2026:05:48:44 -0700] "GET /item/202403710?path=%2Fhome%2Ffalconiapl2015%2Fpublic_html%2Fwp-includes%2Finteractivity-api HTTP/2.0" 200 2707 "-" "Mozilla/5.0 AppleWebKit/537.36 (KHTML, like Gecko; compatible; ClaudeBot/1.0; +claudebot@anthropic.com)" 519 **0/519779**
185.191.171.8 - - [28/Mar/2026:05:48:45 -0700] "GET /commodity/standby/violation171621190908 HTTP/1.1" 200 3956 "-" "Mozilla/5.0 (compatible; SemrushBot/7~bl; +http://www.semrush.com/bot.html)" 500 **0/500781**
74.7.227.0 - - [28/Mar/2026:05:48:47 -0700] "GET /?path=//bin HTTP/2.0" 200 14509 "https://falcon-ia.com/?path=/" "Mozilla/5.0 AppleWebKit/537.36 (KHTML, like Gecko; compatible; GPTBot/1.3; +https://openai.com/gptbot)" 540 **0/540323**
216.73.216.162 - - [28/Mar/2026:05:48:47 -0700] "GET /item/3504905972?path=%2Fhome%2Ffalconiapl2015%2Fpublic_html%2Fwp-includes%2Finteractivity-api HTTP/2.0" 200 2707 "-" "Mozilla/5.0 AppleWebKit/537.36 (KHTML, like Gecko; compatible; ClaudeBot/1.0; +claudebot@anthropic.com)" 512 **0/512779**
54.37.252.212 - - [28/Mar/2026:05:48:48 -0700] "GET /?fileloc=/home/falconiapl2015/public_html/wp-includes/class-wp-image-editor.php&path=/home/falconiapl2015/public_html/wp-includes HTTP/1.1" 200 6961 "-" "Mozilla/5.0 (compatible; MJ12bot/v1.4.8; http://mj12bot.com/)" 491 **0/491026**
85.208.96.207 - - [28/Mar/2026:05:48:50 -0700] "GET /commodity/introductions/financially17197708232 HTTP/1.1" 200 3956 "-" "Mozilla/5.0 (compatible; SemrushBot/7~bl; +http://www.semrush.com/bot.html)" 493 **0/493805**
216.73.216.162 - - [28/Mar/2026:05:48:50 -0700] "GET /item/3312377034?path=%2Fhome%2Ffalconiapl2015%2Fpublic_html%2Fwp-includes%2Fblocks%2Fcomment-reply-link HTTP/2.0" 200 2763 "-" "Mozilla/5.0 AppleWebKit/537.36 (KHTML, like Gecko; compatible; ClaudeBot/1.0; +claudebot@anthropic.com)" 493 **0/493678**
74.7.227.0 - - [28/Mar/2026:05:48:50 -0700] "GET /?path=//usr HTTP/2.0" 200 2762 "https://falcon-ia.com/?path=/" "Mozilla/5.0 AppleWebKit/537.36 (KHTML, like Gecko; compatible; GPTBot/1.3; +https://openai.com/gptbot)" 499 **0/499188**
54.37.252.212 - - [28/Mar/2026:05:48:53 -0700] "GET /?fileloc=/home/falconiapl2015/public_html/wp-includes/class-wp-list-util.php&path=/home/falconiapl2015/public_html/wp-includes HTTP/1.1" 200 4393 "-" "Mozilla/5.0 (compatible; MJ12bot/v1.4.8; http://mj12bot.com/)" 508 **0/508224**
216.73.216.162 - - [28/Mar/2026:05:48:53 -0700] "GET /item/2632958237?path=%2Fhome%2Ffalconiapl2015%2Fcache HTTP/2.0" 200 5183 "-" "Mozilla/5.0 AppleWebKit/537.36 (KHTML, like Gecko; compatible; ClaudeBot/1.0; +claudebot@anthropic.com)" 531 **0/531268**
74.7.227.0 - - [28/Mar/2026:05:48:54 -0700] "GET /?path=//opt/alt/python33/lib64/python3.3/html/__pycache__ HTTP/2.0" 200 2773 "https://falcon-ia.com/?path=//opt/alt/python33/lib64/python3.3/html" "Mozilla/5.0 AppleWebKit/537.36 (KHTML, like Gecko; compatible; GPTBot/1.3; +https://openai.com/gptbot)" 505 **0/505910**
185.191.171.10 - - [28/Mar/2026:05:48:55 -0700] "GET /commodity/playboy/unfinished172165573335 HTTP/1.1" 200 3956 "-" "Mozilla/5.0 (compatible; SemrushBot/7~bl; +http://www.semrush.com/bot.html)" 492 **0/492843**
216.73.216.162 - - [28/Mar/2026:05:48:56 -0700] "GET /item/1288996075?path=%2F HTTP/2.0" 200 2908 "-" "Mozilla/5.0 AppleWebKit/537.36 (KHTML, like Gecko; compatible; ClaudeBot/1.0; +claudebot@anthropic.com)" 499 **0/499160**
74.7.227.0 - - [28/Mar/2026:05:48:57 -0700] "GET /?fileloc=//opt/python38/lib/python3.8/site-packages/pip/_internal/utils/__pycache__/urls.cpython-38.pyc&path=//opt/python38/lib/python3.8/site-packages/pip/_internal/utils/__pycache__ HTTP/2.0" 200 3387 "https://falcon-ia.com/?path=//opt/python38/lib/python3.8/site-packages/pip/_internal/utils/__pycache__" "Mozilla/5.0 AppleWebKit/537.36 (KHTML, like Gecko; compatible; GPTBot/1.3; +https://openai.com/gptbot)" 513 **0/513402**
54.37.252.212 - - [28/Mar/2026:05:48:57 -0700] "GET /?fileloc=/home/falconiapl2015/public_html/wp-includes/class-wp-locale-switcher.php&path=/home/falconiapl2015/public_html/wp-includes HTTP/1.1" 200 4023 "-" "Mozilla/5.0 (compatible; MJ12bot/v1.4.8; http://mj12bot.com/)" 510 **0/510780**
114.119.155.69 - - [28/Mar/2026:05:48:58 -0700] "GET /commodity/vegetation/flights171896699596?path=/home/falconiapl2015/public_html/.easyssl_backup HTTP/1.1" 200 3151 "https://falcon-ia.com/commodity/vegetation/flights171896699596" "Mozilla/5.0 (Linux; Android 7.0;) AppleWebKit/537.36 (KHTML, like Gecko) Mobile Safari/537.36 (compatible; PetalBot;+https://webmaster.petalsearch.com/site/petalbot)" 484 **0/484502**
85.208.96.195 - - [28/Mar/2026:05:48:59 -0700] "GET /commodity/perpetual/drought172022997014 HTTP/1.1" 200 3956 "-" "Mozilla/5.0 (compatible; SemrushBot/7~bl; +http://www.semrush.com/bot.html)" 548 **0/548859**
216.73.216.162 - - [28/Mar/2026:05:48:59 -0700] "GET /item/173708689?path=%2Fhome%2Ffalconiapl2015%2Fpublic_html%2Fwp-includes%2Finteractivity-api HTTP/2.0" 200 2707 "-" "Mozilla/5.0 AppleWebKit/537.36 (KHTML, like Gecko; compatible; ClaudeBot/1.0; +claudebot@anthropic.com)" 530 **0/530995**
74.7.227.0 - - [28/Mar/2026:05:49:00 -0700] "GET /?path=//opt/alt/tests/alt-php56-pecl-imagick_3.7.0-1.el8 HTTP/2.0" 200 2344 "https://falcon-ia.com/?path=//opt/alt/tests" "Mozilla/5.0 AppleWebKit/537.36 (KHTML, like Gecko; compatible; GPTBot/1.3; +https://openai.com/gptbot)" 525 **0/525083**
54.37.252.212 - - [28/Mar/2026:05:49:01 -0700] "GET /?fileloc=/home/falconiapl2015/public_html/wp-includes/class-wp-locale.php&path=/home/falconiapl2015/public_html/wp-includes HTTP/1.1" 200 5549 "-" "Mozilla/5.0 (compatible; MJ12bot/v1.4.8; http://mj12bot.com/)" 547 **0/547570**
216.73.216.162 - - [28/Mar/2026:05:49:02 -0700] "GET /item/4133536724?path=%2Fhome%2Ffalconiapl2015%2Fcache HTTP/2.0" 200 5183 "-" "Mozilla/5.0 AppleWebKit/537.36 (KHTML, like Gecko; compatible; ClaudeBot/1.0; +claudebot@anthropic.com)" 541 **0/541327**
74.7.227.0 - - [28/Mar/2026:05:49:03 -0700] "GET /?path=//opt/alt/tests/alt-php70-pecl-mongodb_1.9.2-1.el8 HTTP/2.0" 200 2614 "https://falcon-ia.com/?path=//opt/alt/tests" "Mozilla/5.0 AppleWebKit/537.36 (KHTML, like Gecko; compatible; GPTBot/1.3; +https://openai.com/gptbot)" 547 **0/547370**
85.208.96.204 - - [28/Mar/2026:05:49:04 -0700] "GET /commodity/yearbook/equip171869766128 HTTP/1.1" 200 3956 "-" "Mozilla/5.0 (compatible; SemrushBot/7~bl; +http://www.semrush.com/bot.html)" 530 **0/530466**
216.73.216.162 - - [28/Mar/2026:05:49:05 -0700] "GET /item/3691697743?path=%2Fhome%2Ffalconiapl2015%2Fpublic_html%2Fwp-includes%2Fcss HTTP/2.0" 200 3706 "-" "Mozilla/5.0 AppleWebKit/537.36 (KHTML, like Gecko; compatible; ClaudeBot/1.0; +claudebot@anthropic.com)" 505 **0/505594**
54.37.252.212 - - [28/Mar/2026:05:49:05 -0700] "GET /?fileloc=/home/falconiapl2015/public_html/wp-includes/class-wp-matchesmapregex.php&path=/home/falconiapl2015/public_html/wp-includes HTTP/1.1" 200 2928 "-" "Mozilla/5.0 (compatible; MJ12bot/v1.4.8; http://mj12bot.com/)" 505 **0/505593**
74.7.227.0 - - [28/Mar/2026:05:49:06 -0700] "GET /?path=//opt/alt/tests/alt-php54-pecl-imagick_3.7.0-6.el8 HTTP/2.0" 200 2344 "https://falcon-ia.com/?path=//opt/alt/tests" "Mozilla/5.0 AppleWebKit/537.36 (KHTML, like Gecko; compatible; GPTBot/1.3; +https://openai.com/gptbot)" 497 **0/497193**
216.73.216.162 - - [28/Mar/2026:05:49:08 -0700] "GET /item/4160306127?path=%2F%2Flib%2Flocale%2FC.utf8 HTTP/2.0" 200 2984 "-" "Mozilla/5.0 AppleWebKit/537.36 (KHTML, like Gecko; compatible; ClaudeBot/1.0; +claudebot@anthropic.com)" 489 **0/489302**
74.7.227.0 - - [28/Mar/2026:05:49:09 -0700] "GET /?fileloc=//opt/python38/lib/python3.8/site-packages/pip/_vendor/urllib3/util/__pycache__/wait.cpython-38.pyc&path=//opt/python38/lib/python3.8/site-packages/pip/_vendor/urllib3/util/__pycache__ HTTP/2.0" 200 4030 "https://falcon-ia.com/?path=//opt/python38/lib/python3.8/site-packages/pip/_vendor/urllib3/util/__pycache__" "Mozilla/5.0 AppleWebKit/537.36 (KHTML, like Gecko; compatible; GPTBot/1.3; +https://openai.com/gptbot)" 494 **0/494131**
54.37.252.212 - - [28/Mar/2026:05:49:10 -0700] "GET /?fileloc=/home/falconiapl2015/public_html/wp-includes/class-wp-meta-query.php&path=/home/falconiapl2015/public_html/wp-includes HTTP/1.1" 200 9575 "-" "Mozilla/5.0 (compatible; MJ12bot/v1.4.8; http://mj12bot.com/)" 503 **0/503783**
216.73.216.162 - - [28/Mar/2026:05:49:11 -0700] "GET /item/4153129618?path=%2Fhome%2Ffalconiapl2015%2Fpublic_html%2Fwp-includes%2Finteractivity-api HTTP/2.0" 200 2707 "-" "Mozilla/5.0 AppleWebKit/537.36 (KHTML, like Gecko; compatible; ClaudeBot/1.0; +claudebot@anthropic.com)" 492 **0/492591**
74.7.227.0 - - [28/Mar/2026:05:49:12 -0700] "GET /?path=//opt/python38/lib/python3.8/site-packages/pip/_vendor/colorama/tests HTTP/2.0" 200 2932 "https://falcon-ia.com/?path=//opt/python38/lib/python3.8/site-packages/pip/_vendor/colorama" "Mozilla/5.0 AppleWebKit/537.36 (KHTML, like Gecko; compatible; GPTBot/1.3; +https://openai.com/gptbot)" 492 **0/492324**
54.37.252.212 - - [28/Mar/2026:05:49:14 -0700] "GET /?fileloc=/home/falconiapl2015/public_html/wp-includes/class-wp-metadata-lazyloader.php&path=/home/falconiapl2015/public_html/wp-includes HTTP/1.1" 200 4140 "-" "Mozilla/5.0 (compatible; MJ12bot/v1.4.8; http://mj12bot.com/)" 497 **0/497333**
216.73.216.162 - - [28/Mar/2026:05:49:14 -0700] "GET /item/2440365595?path=%2Fhome%2Ffalconiapl2015%2Fpublic_html%2Fwp-includes%2Fhtml-api HTTP/2.0" 200 3106 "-" "Mozilla/5.0 AppleWebKit/537.36 (KHTML, like Gecko; compatible; ClaudeBot/1.0; +claudebot@anthropic.com)" 494 **0/494409**
74.7.227.0 - - [28/Mar/2026:05:49:15 -0700] "GET /?path=//run/screen HTTP/2.0" 200 2296 "https://falcon-ia.com/?path=//run" "Mozilla/5.0 AppleWebKit/537.36 (KHTML, like Gecko; compatible; GPTBot/1.3; +https://openai.com/gptbot)" 498 **0/498899**
216.73.216.162 - - [28/Mar/2026:05:49:17 -0700] "GET /item/3893428112?path=%2Fhome%2Ffalconiapl2015%2Fpublic_html%2Fwp-includes%2Finteractivity-api HTTP/2.0" 200 2707 "-" "Mozilla/5.0 AppleWebKit/537.36 (KHTML, like Gecko; compatible; ClaudeBot/1.0; +claudebot@anthropic.com)" 519 **0/519587**
74.7.227.0 - - [28/Mar/2026:05:49:18 -0700] "GET /?path=//lib/debug HTTP/2.0" 200 2656 "https://falcon-ia.com/?path=//lib" "Mozilla/5.0 AppleWebKit/537.36 (KHTML, like Gecko; compatible; GPTBot/1.3; +https://openai.com/gptbot)" 486 **0/486080**
54.37.252.212 - - [28/Mar/2026:05:49:19 -0700] "GET /?fileloc=/home/falconiapl2015/public_html/wp-includes/class-wp-navigation-fallback.php&path=/home/falconiapl2015/public_html/wp-includes HTTP/1.1" 200 4479 "-" "Mozilla/5.0 (compatible; MJ12bot/v1.4.8; http://mj12bot.com/)" 496 **0/496910**
216.73.216.162 - - [28/Mar/2026:05:49:20 -0700] "GET /item/2547723647?path=%2Fhome%2Ffalconiapl2015%2Fpublic_html%2Fwp-includes%2Finteractivity-api HTTP/2.0" 200 2707 "-" "Mozilla/5.0 AppleWebKit/537.36 (KHTML, like Gecko; compatible; ClaudeBot/1.0; +claudebot@anthropic.com)" 504 **0/504257**
74.7.227.0 - - [28/Mar/2026:05:49:22 -0700] "GET /?fileloc=//bin/pkgconf&path=//bin HTTP/2.0" 200 15546 "https://falcon-ia.com/?path=//bin" "Mozilla/5.0 AppleWebKit/537.36 (KHTML, like Gecko; compatible; GPTBot/1.3; +https://openai.com/gptbot)" 500 **0/500848**
54.37.252.212 - - [28/Mar/2026:05:49:23 -0700] "GET /?fileloc=/home/falconiapl2015/public_html/wp-includes/class-wp-network-query.php&path=/home/falconiapl2015/public_html/wp-includes HTTP/1.1" 200 7086 "-" "Mozilla/5.0 (compatible; MJ12bot/v1.4.8; http://mj12bot.com/)" 516 **0/516982**
216.73.216.162 - - [28/Mar/2026:05:49:23 -0700] "GET /item/2486947370?fileloc=%2Fhome%2Ffalconiapl2015%2Fpublic_html%2Fwp-includes%2Fhttps-detection.php&path=%2Fhome%2Ffalconiapl2015%2Fpublic_html%2Fwp-includes HTTP/2.0" 200 4144 "-" "Mozilla/5.0 AppleWebKit/537.36 (KHTML, like Gecko; compatible; ClaudeBot/1.0; +claudebot@anthropic.com)" 493 **0/493955**
74.7.227.0 - - [28/Mar/2026:05:49:25 -0700] "GET /?fileloc=//bin/sftp&path=//bin HTTP/2.0" 200 66048 "https://falcon-ia.com/?path=//bin" "Mozilla/5.0 AppleWebKit/537.36 (KHTML, like Gecko; compatible; GPTBot/1.3; +https://openai.com/gptbot)" 532 **0/532026**
216.73.216.162 - - [28/Mar/2026:05:49:26 -0700] "GET /item/1926869326?fileloc=%2Fhome%2Ffalconiapl2015%2Fpublic_html%2Fwp-includes%2Fhttps-detection.php&path=%2Fhome%2Ffalconiapl2015%2Fpublic_html%2Fwp-includes HTTP/2.0" 200 4144 "-" "Mozilla/5.0 AppleWebKit/537.36 (KHTML, like Gecko; compatible; ClaudeBot/1.0; +claudebot@anthropic.com)" 493 **0/493963**
54.37.252.212 - - [28/Mar/2026:05:49:27 -0700] "GET /?fileloc=/home/falconiapl2015/public_html/wp-includes/class-wp-network.php&path=/home/falconiapl2015/public_html/wp-includes HTTP/1.1" 200 5956 "-" "Mozilla/5.0 (compatible; MJ12bot/v1.4.8; http://mj12bot.com/)" 515 **0/515969**
74.7.227.0 - - [28/Mar/2026:05:49:28 -0700] "GET /?fileloc=//bin/setsid&path=//bin HTTP/2.0" 200 6871 "https://falcon-ia.com/?path=//bin" "Mozilla/5.0 AppleWebKit/537.36 (KHTML, like Gecko; compatible; GPTBot/1.3; +https://openai.com/gptbot)" 503 **0/503419**
216.73.216.162 - - [28/Mar/2026:05:49:29 -0700] "GET /item/4133536724?path=%2Fhome%2Ffalconiapl2015%2Fpublic_html%2Fwp-includes%2Fcss HTTP/2.0" 200 3706 "-" "Mozilla/5.0 AppleWebKit/537.36 (KHTML, like Gecko; compatible; ClaudeBot/1.0; +claudebot@anthropic.com)" 528 **0/528846**
74.7.227.0 - - [28/Mar/2026:05:49:31 -0700] "GET /?fileloc=//bin/piconv&path=//bin HTTP/2.0" 200 5178 "https://falcon-ia.com/?path=//bin" "Mozilla/5.0 AppleWebKit/537.36 (KHTML, like Gecko; compatible; GPTBot/1.3; +https://openai.com/gptbot)" 495 **0/495180**
54.37.252.212 - - [28/Mar/2026:05:49:31 -0700] "GET /?fileloc=/home/falconiapl2015/public_html/wp-includes/class-wp-object-cache.php&path=/home/falconiapl2015/public_html/wp-includes HTTP/1.1" 200 5886 "-" "Mozilla/5.0 (compatible; MJ12bot/v1.4.8; http://mj12bot.com/)" 501 **0/501064**
216.73.216.162 - - [28/Mar/2026:05:49:32 -0700] "GET /item/4088535225?fileloc=%2Fhome%2Ffalconiapl2015%2Fpublic_html%2Fwp-includes%2Fhttps-detection.php&path=%2Fhome%2Ffalconiapl2015%2Fpublic_html%2Fwp-includes HTTP/2.0" 200 4144 "-" "Mozilla/5.0 AppleWebKit/537.36 (KHTML, like Gecko; compatible; ClaudeBot/1.0; +claudebot@anthropic.com)" 544 **0/544834**
74.7.227.0 - - [28/Mar/2026:05:49:34 -0700] "GET /?fileloc=//bin/mariadb-show&path=//bin HTTP/2.0" 200 623787 "https://falcon-ia.com/?path=//bin" "Mozilla/5.0 AppleWebKit/537.36 (KHTML, like Gecko; compatible; GPTBot/1.3; +https://openai.com/gptbot)" 932 **0/932829**
216.73.216.162 - - [28/Mar/2026:05:49:35 -0700] "GET /item/3047569349?path=%2F%2Flib%2Flocale%2FC.utf8 HTTP/2.0" 200 2984 "-" "Mozilla/5.0 AppleWebKit/537.36 (KHTML, like Gecko; compatible; ClaudeBot/1.0; +claudebot@anthropic.com)" 500 **0/500479**
54.37.252.212 - - [28/Mar/2026:05:49:35 -0700] "GET /?fileloc=/home/falconiapl2015/public_html/wp-includes/class-wp-oembed-controller.php&path=/home/falconiapl2015/public_html/wp-includes HTTP/1.1" 200 4332 "-" "Mozilla/5.0 (compatible; MJ12bot/v1.4.8; http://mj12bot.com/)" 510 **0/510654**
74.7.227.0 - - [28/Mar/2026:05:49:37 -0700] "GET /?fileloc=//bin/post-grohtml&path=//bin HTTP/2.0" 200 88140 "https://falcon-ia.com/?path=//bin" "Mozilla/5.0 AppleWebKit/537.36 (KHTML, like Gecko; compatible; GPTBot/1.3; +https://openai.com/gptbot)" 570 **0/570613**
216.73.216.162 - - [28/Mar/2026:05:49:38 -0700] "GET /item/3312377034?path=%2Fhome%2Ffalconiapl2015%2Fpublic_html%2Fwp-includes%2Fblocks%2Fcolumn HTTP/2.0" 200 2647 "-" "Mozilla/5.0 AppleWebKit/537.36 (KHTML, like Gecko; compatible; ClaudeBot/1.0; +claudebot@anthropic.com)" 493 **0/493813**
54.37.252.212 - - [28/Mar/2026:05:49:40 -0700] "GET /?fileloc=/home/falconiapl2015/public_html/wp-includes/class-wp-oembed.php&path=/home/falconiapl2015/public_html/wp-includes HTTP/1.1" 200 9538 "-" "Mozilla/5.0 (compatible; MJ12bot/v1.4.8; http://mj12bot.com/)" 501 **0/501264**
74.7.227.0 - - [28/Mar/2026:05:49:41 -0700] "GET /?path=//usr/lib64 HTTP/2.0" 200 33504 "https://falcon-ia.com/?path=//usr" "Mozilla/5.0 AppleWebKit/537.36 (KHTML, like Gecko; compatible; GPTBot/1.3; +https://openai.com/gptbot)" 576 **0/576502**
216.73.216.162 - - [28/Mar/2026:05:49:41 -0700] "GET /item/1066256810?path=%2Fhome HTTP/2.0" 200 2535 "-" "Mozilla/5.0 AppleWebKit/537.36 (KHTML, like Gecko; compatible; ClaudeBot/1.0; +claudebot@anthropic.com)" 512 **0/512601**
74.7.227.0 - - [28/Mar/2026:05:49:44 -0700] "GET /?fileloc=//bin/aclocal-1.16&path=//bin HTTP/2.0" 200 14507 "https://falcon-ia.com/?path=//bin" "Mozilla/5.0 AppleWebKit/537.36 (KHTML, like Gecko; compatible; GPTBot/1.3; +https://openai.com/gptbot)" 505 **0/505210**
54.37.252.212 - - [28/Mar/2026:05:49:44 -0700] "GET /?fileloc=/home/falconiapl2015/public_html/wp-includes/class-wp-paused-extensions-storage.php&path=/home/falconiapl2015/public_html/wp-includes HTTP/1.1" 200 3458 "-" "Mozilla/5.0 (compatible; MJ12bot/v1.4.8; http://mj12bot.com/)" 521 **0/521513**
216.73.216.162 - - [28/Mar/2026:05:49:44 -0700] "GET /item/961043324?fileloc=%2Fhome%2Ffalconiapl2015%2Fpublic_html%2Fwp-includes%2Fhttps-detection.php&path=%2Fhome%2Ffalconiapl2015%2Fpublic_html%2Fwp-includes HTTP/2.0" 200 4144 "-" "Mozilla/5.0 AppleWebKit/537.36 (KHTML, like Gecko; compatible; ClaudeBot/1.0; +claudebot@anthropic.com)" 496 **0/496983**
74.7.227.0 - - [28/Mar/2026:05:49:47 -0700] "GET /?fileloc=//bin/perl5.26.3&path=//bin HTTP/2.0" 200 5842 "https://falcon-ia.com/?path=//bin" "Mozilla/5.0 AppleWebKit/537.36 (KHTML, like Gecko; compatible; GPTBot/1.3; +https://openai.com/gptbot)" 517 **0/517092**
216.73.216.162 - - [28/Mar/2026:05:49:47 -0700] "GET /item/2992785340?path=%2F%2Flib%2Flocale%2FC.utf8 HTTP/2.0" 200 2984 "-" "Mozilla/5.0 AppleWebKit/537.36 (KHTML, like Gecko; compatible; ClaudeBot/1.0; +claudebot@anthropic.com)" 524 **0/524667**
54.37.252.212 - - [28/Mar/2026:05:49:48 -0700] "GET /?fileloc=/home/falconiapl2015/public_html/wp-includes/class-wp-phpmailer.php&path=/home/falconiapl2015/public_html/wp-includes HTTP/1.1" 200 3552 "-" "Mozilla/5.0 (compatible; MJ12bot/v1.4.8; http://mj12bot.com/)" 490 **0/490706**
74.7.227.0 - - [28/Mar/2026:05:49:50 -0700] "GET /?path=//lib/games HTTP/2.0" 200 2307 "https://falcon-ia.com/?path=//lib" "Mozilla/5.0 AppleWebKit/537.36 (KHTML, like Gecko; compatible; GPTBot/1.3; +https://openai.com/gptbot)" 490 **0/490848**
216.73.216.162 - - [28/Mar/2026:05:49:51 -0700] "GET /item/2434932885?path=%2Fhome%2Ffalconiapl2015%2Fpublic_html%2Fwp-includes%2FRequests HTTP/2.0" 200 2691 "-" "Mozilla/5.0 AppleWebKit/537.36 (KHTML, like Gecko; compatible; ClaudeBot/1.0; +claudebot@anthropic.com)" 512 **0/512676**
54.37.252.212 - - [28/Mar/2026:05:49:52 -0700] "GET /?fileloc=/home/falconiapl2015/public_html/wp-includes/class-wp-plugin-dependencies.php&path=/home/falconiapl2015/public_html/wp-includes HTTP/1.1" 200 7352 "-" "Mozilla/5.0 (compatible; MJ12bot/v1.4.8; http://mj12bot.com/)" 498 **0/498614**
74.7.227.0 - - [28/Mar/2026:05:49:53 -0700] "GET /?path=//lib/kdump HTTP/2.0" 200 2641 "https://falcon-ia.com/?path=//lib" "Mozilla/5.0 AppleWebKit/537.36 (KHTML, like Gecko; compatible; GPTBot/1.3; +https://openai.com/gptbot)" 498 **0/498734**
216.73.216.162 - - [28/Mar/2026:05:49:53 -0700] "GET /item/2994365632?fileloc=%2Fhome%2Ffalconiapl2015%2Fpublic_html%2Fwp-includes%2Fblock-patterns%2Fquery-medium-posts.php&path=%2Fhome%2Ffalconiapl2015%2Fpublic_html%2Fwp-includes%2Fblock-patterns HTTP/2.0" 200 2693 "-" "Mozilla/5.0 AppleWebKit/537.36 (KHTML, like Gecko; compatible; ClaudeBot/1.0; +claudebot@anthropic.com)" 497 **0/497230**
74.7.227.0 - - [28/Mar/2026:05:49:56 -0700] "GET /?path=//lib/tuned HTTP/2.0" 200 3151 "https://falcon-ia.com/?path=//lib" "Mozilla/5.0 AppleWebKit/537.36 (KHTML, like Gecko; compatible; GPTBot/1.3; +https://openai.com/gptbot)" 500 **0/500235**
216.73.216.162 - - [28/Mar/2026:05:49:56 -0700] "GET /item/3939568476?path=%2Fhome%2Ffalconiapl2015%2Fpublic_html%2Fwp-includes%2FSimplePie HTTP/2.0" 200 2738 "-" "Mozilla/5.0 AppleWebKit/537.36 (KHTML, like Gecko; compatible; ClaudeBot/1.0; +claudebot@anthropic.com)" 488 **0/488208**
54.37.252.212 - - [28/Mar/2026:05:49:56 -0700] "GET /?fileloc=/home/falconiapl2015/public_html/wp-includes/class-wp-post-type.php&path=/home/falconiapl2015/public_html/wp-includes HTTP/1.1" 200 8837 "-" "Mozilla/5.0 (compatible; MJ12bot/v1.4.8; http://mj12bot.com/)" 514 **0/514447**
74.7.227.0 - - [28/Mar/2026:05:49:59 -0700] "GET /?path=//lib/kcare HTTP/2.0" 200 2569 "https://falcon-ia.com/?path=//lib" "Mozilla/5.0 AppleWebKit/537.36 (KHTML, like Gecko; compatible; GPTBot/1.3; +https://openai.com/gptbot)" 523 **0/523350**
216.73.216.162 - - [28/Mar/2026:05:49:59 -0700] "GET /item/4153129618?path=%2Fhome%2Ffalconiapl2015%2Fpublic_html%2Fwp-includes%2FSimplePie HTTP/2.0" 200 2738 "-" "Mozilla/5.0 AppleWebKit/537.36 (KHTML, like Gecko; compatible; ClaudeBot/1.0; +claudebot@anthropic.com)" 507 **0/507188**
54.37.252.212 - - [28/Mar/2026:05:50:01 -0700] "GET /?fileloc=/home/falconiapl2015/public_html/wp-includes/class-wp-post.php&path=/home/falconiapl2015/public_html/wp-includes HTTP/1.1" 200 3906 "-" "Mozilla/5.0 (compatible; MJ12bot/v1.4.8; http://mj12bot.com/)" 1000 **1/1000493**
74.7.227.0 - - [28/Mar/2026:05:50:02 -0700] "GET /?path=//usr/local HTTP/2.0" 200 2676 "https://falcon-ia.com/?path=//usr" "Mozilla/5.0 AppleWebKit/537.36 (KHTML, like Gecko; compatible; GPTBot/1.3; +https://openai.com/gptbot)" 618 **0/618599**
216.73.216.162 - - [28/Mar/2026:05:50:02 -0700] "GET /item/3720483053?path=%2Fhome%2Ffalconiapl2015%2Fpublic_html%2Fwp-includes%2FRequests HTTP/2.0" 403 3449 "-" "Mozilla/5.0 AppleWebKit/537.36 (KHTML, like Gecko; compatible; ClaudeBot/1.0; +claudebot@anthropic.com)" 619 **0/619255**
216.73.216.162 - - [28/Mar/2026:05:50:05 -0700] "GET /item/2105062828?path=%2Fhome%2Ffalconiapl2015%2Fpublic_html%2Fwp-includes%2FSimplePie HTTP/2.0" 403 3449 "-" "Mozilla/5.0 AppleWebKit/537.36 (KHTML, like Gecko; compatible; ClaudeBot/1.0; +claudebot@anthropic.com)" 527 **0/527229**
54.37.252.212 - - [28/Mar/2026:05:50:05 -0700] "GET /?fileloc=/home/falconiapl2015/public_html/wp-includes/class-wp-query.php&path=/home/falconiapl2015/public_html/wp-includes HTTP/1.1" 200 33689 "-" "Mozilla/5.0 (compatible; MJ12bot/v1.4.8; http://mj12bot.com/)" 601 **0/601238**
74.7.227.0 - - [28/Mar/2026:05:50:06 -0700] "GET /?fileloc=//bin/gmake&path=//bin HTTP/2.0" 200 100388 "https://falcon-ia.com/?path=//bin" "Mozilla/5.0 AppleWebKit/537.36 (KHTML, like Gecko; compatible; GPTBot/1.3; +https://openai.com/gptbot)" 646 **0/646628**
216.73.216.162 - - [28/Mar/2026:05:50:08 -0700] "GET /item/473567853?path=%2Fhome%2Ffalconiapl2015%2Fpublic_html%2Fwp-includes%2FSimplePie HTTP/2.0" 403 3449 "-" "Mozilla/5.0 AppleWebKit/537.36 (KHTML, like Gecko; compatible; ClaudeBot/1.0; +claudebot@anthropic.com)" 592 **0/592517**
74.7.227.0 - - [28/Mar/2026:05:50:09 -0700] "GET /?path=//lib/kernel HTTP/2.0" 200 2546 "https://falcon-ia.com/?path=//lib" "Mozilla/5.0 AppleWebKit/537.36 (KHTML, like Gecko; compatible; GPTBot/1.3; +https://openai.com/gptbot)" 489 **0/489802**
54.37.252.212 - - [28/Mar/2026:05:50:10 -0700] "GET /?fileloc=/home/falconiapl2015/public_html/wp-includes/class-wp-recovery-mode-cookie-service.php&path=/home/falconiapl2015/public_html/wp-includes HTTP/1.1" 200 4305 "-" "Mozilla/5.0 (compatible; MJ12bot/v1.4.8; http://mj12bot.com/)" 491 **0/491761**
216.73.216.162 - - [28/Mar/2026:05:50:11 -0700] "GET /item/961043324?fileloc=%2Fhome%2Ffalconiapl2015%2Fpublic_html%2Fwp-includes%2Fblock-patterns%2Fquery-medium-posts.php&path=%2Fhome%2Ffalconiapl2015%2Fpublic_html%2Fwp-includes%2Fblock-patterns HTTP/2.0" 403 3449 "-" "Mozilla/5.0 AppleWebKit/537.36 (KHTML, like Gecko; compatible; ClaudeBot/1.0; +claudebot@anthropic.com)" 514 **0/514997**
