HEX
Server: Apache
System: Linux sg2plzcpnl490055.prod.sin2.secureserver.net 4.18.0-553.94.1.lve.el8.x86_64 #1 SMP Thu Jan 22 12:37:22 UTC 2026 x86_64
User: falconiapl2015 (2212252)
PHP: 8.1.34
Disabled: NONE
Upload Files
File: /home/falconiapl2015/access-logs/falcon-ia.com-ssl_log
74.7.227.0 - - [28/Mar/2026:05:16:18 -0700] "GET /?path=//opt/alt/python34/lib64/python3.4/config-3.4m/__pycache__ HTTP/2.0" 200 2655 "https://falcon-ia.com/?path=//opt/alt/python34/lib64/python3.4/config-3.4m" "Mozilla/5.0 AppleWebKit/537.36 (KHTML, like Gecko; compatible; GPTBot/1.3; +https://openai.com/gptbot)" 496 **0/496887**
216.73.216.162 - - [28/Mar/2026:05:16:19 -0700] "GET /item/644242691?fileloc=%2Fhome%2Ffalconiapl2015%2Fpublic_html%2Fwp-login.php&path=%2Fhome%2Ffalconiapl2015%2Fpublic_html HTTP/2.0" 403 3449 "-" "Mozilla/5.0 AppleWebKit/537.36 (KHTML, like Gecko; compatible; ClaudeBot/1.0; +claudebot@anthropic.com)" 554 **0/554919**
185.191.171.2 - - [28/Mar/2026:05:16:20 -0700] "GET /commodity/mass/filtration17218787876 HTTP/1.1" 200 3956 "-" "Mozilla/5.0 (compatible; SemrushBot/7~bl; +http://www.semrush.com/bot.html)" 491 **0/491021**
74.7.227.0 - - [28/Mar/2026:05:16:21 -0700] "GET /?path=//opt/alt/python36/lib64/python3.6/config-3.6m/__pycache__ HTTP/2.0" 200 2656 "https://falcon-ia.com/?path=//opt/alt/python36/lib64/python3.6/config-3.6m" "Mozilla/5.0 AppleWebKit/537.36 (KHTML, like Gecko; compatible; GPTBot/1.3; +https://openai.com/gptbot)" 494 **0/494913**
216.73.216.162 - - [28/Mar/2026:05:16:22 -0700] "GET /item/4133536724?fileloc=%2Fhome%2Ffalconiapl2015%2Fpublic_html%2Fwp-signup.php&path=%2Fhome%2Ffalconiapl2015%2Fpublic_html HTTP/2.0" 403 3449 "-" "Mozilla/5.0 AppleWebKit/537.36 (KHTML, like Gecko; compatible; ClaudeBot/1.0; +claudebot@anthropic.com)" 499 **0/499916**
74.7.227.0 - - [28/Mar/2026:05:16:24 -0700] "GET /?fileloc=//lib64/python3.12/email/mime/__pycache__/multipart.cpython-312.opt-2.pyc&path=//lib64/python3.12/email/mime/__pycache__ HTTP/2.0" 200 2950 "https://falcon-ia.com/?path=//lib64/python3.12/email/mime/__pycache__" "Mozilla/5.0 AppleWebKit/537.36 (KHTML, like Gecko; compatible; GPTBot/1.3; +https://openai.com/gptbot)" 489 **0/489349**
216.73.216.162 - - [28/Mar/2026:05:16:25 -0700] "GET /item/3934816149?fileloc=%2Fhome%2Ffalconiapl2015%2Fpublic_html%2Fgbmfx.php&path=%2Fhome%2Ffalconiapl2015%2Fpublic_html HTTP/2.0" 403 3449 "-" "Mozilla/5.0 AppleWebKit/537.36 (KHTML, like Gecko; compatible; ClaudeBot/1.0; +claudebot@anthropic.com)" 528 **0/528628**
185.191.171.19 - - [28/Mar/2026:05:16:25 -0700] "GET /commodity/smp/walsh17187346163 HTTP/1.1" 200 3956 "-" "Mozilla/5.0 (compatible; SemrushBot/7~bl; +http://www.semrush.com/bot.html)" 523 **0/523466**
74.7.227.0 - - [28/Mar/2026:05:16:27 -0700] "GET /?path=//lib64/python3.6/logging HTTP/2.0" 200 2720 "https://falcon-ia.com/?path=//lib64/python3.6" "Mozilla/5.0 AppleWebKit/537.36 (KHTML, like Gecko; compatible; GPTBot/1.3; +https://openai.com/gptbot)" 508 **0/508073**
216.73.216.162 - - [28/Mar/2026:05:16:28 -0700] "GET /item/152813423?fileloc=%2Fhome%2Ffalconiapl2015%2Fpublic_html%2Fwp-config.php&path=%2Fhome%2Ffalconiapl2015%2Fpublic_html HTTP/2.0" 403 3449 "-" "Mozilla/5.0 AppleWebKit/537.36 (KHTML, like Gecko; compatible; ClaudeBot/1.0; +claudebot@anthropic.com)" 577 **0/577376**
85.208.96.203 - - [28/Mar/2026:05:16:30 -0700] "GET /commodity/multiplication/interviewing17215711988 HTTP/1.1" 200 3956 "-" "Mozilla/5.0 (compatible; SemrushBot/7~bl; +http://www.semrush.com/bot.html)" 548 **0/548490**
74.7.227.0 - - [28/Mar/2026:05:16:30 -0700] "GET /?fileloc=//lib64/python3.6/ntpath.py&path=//lib64/python3.6 HTTP/2.0" 200 9100 "https://falcon-ia.com/?path=//lib64/python3.6" "Mozilla/5.0 AppleWebKit/537.36 (KHTML, like Gecko; compatible; GPTBot/1.3; +https://openai.com/gptbot)" 528 **0/528658**
216.73.216.162 - - [28/Mar/2026:05:16:31 -0700] "GET /item/2457040250?fileloc=%2Fhome%2Ffalconiapl2015%2Fpublic_html%2Fwp-config.php&path=%2Fhome%2Ffalconiapl2015%2Fpublic_html HTTP/2.0" 403 3449 "-" "Mozilla/5.0 AppleWebKit/537.36 (KHTML, like Gecko; compatible; ClaudeBot/1.0; +claudebot@anthropic.com)" 500 **0/500441**
74.7.227.0 - - [28/Mar/2026:05:16:33 -0700] "GET /?path=//opt/alt/python38/lib64/python3.8/lib2to3 HTTP/2.0" 200 3187 "https://falcon-ia.com/?path=//opt/alt/python38/lib64/python3.8" "Mozilla/5.0 AppleWebKit/537.36 (KHTML, like Gecko; compatible; GPTBot/1.3; +https://openai.com/gptbot)" 522 **0/522615**
216.73.216.162 - - [28/Mar/2026:05:16:34 -0700] "GET /item/2632277854?fileloc=%2Fhome%2Ffalconiapl2015%2Fpublic_html%2Fgbmfx.php&path=%2Fhome%2Ffalconiapl2015%2Fpublic_html HTTP/2.0" 403 3449 "-" "Mozilla/5.0 AppleWebKit/537.36 (KHTML, like Gecko; compatible; ClaudeBot/1.0; +claudebot@anthropic.com)" 565 **0/565531**
85.208.96.199 - - [28/Mar/2026:05:16:35 -0700] "GET /commodity/outright/broke17163004016 HTTP/1.1" 200 3956 "-" "Mozilla/5.0 (compatible; SemrushBot/7~bl; +http://www.semrush.com/bot.html)" 539 **0/539492**
74.7.227.0 - - [28/Mar/2026:05:16:36 -0700] "GET /?path=//opt/alt/python27/lib64/python2.7/lib2to3 HTTP/2.0" 200 3509 "https://falcon-ia.com/?path=//opt/alt/python27/lib64/python2.7" "Mozilla/5.0 AppleWebKit/537.36 (KHTML, like Gecko; compatible; GPTBot/1.3; +https://openai.com/gptbot)" 511 **0/511326**
216.73.216.162 - - [28/Mar/2026:05:16:37 -0700] "GET /item/4160306127?fileloc=%2F%2Flib64%2Flibkadm5srv.so&path=%2F%2Flib64 HTTP/2.0" 403 3449 "-" "Mozilla/5.0 AppleWebKit/537.36 (KHTML, like Gecko; compatible; ClaudeBot/1.0; +claudebot@anthropic.com)" 490 **0/490779**
114.119.141.9 - - [28/Mar/2026:05:16:39 -0700] "GET /commodity/xt/athlete17179623901 HTTP/1.1" 200 3956 "https://falcon-ia.com/sitemap_9.xml" "Mozilla/5.0 (Linux; Android 7.0;) AppleWebKit/537.36 (KHTML, like Gecko) Mobile Safari/537.36 (compatible; PetalBot;+https://webmaster.petalsearch.com/site/petalbot)" 510 **0/510647**
74.7.227.0 - - [28/Mar/2026:05:16:39 -0700] "GET /?path=//opt/python38/lib/python3.8/venv/scripts/posix HTTP/2.0" 200 2659 "https://falcon-ia.com/?path=//opt/python38/lib/python3.8/venv/scripts" "Mozilla/5.0 AppleWebKit/537.36 (KHTML, like Gecko; compatible; GPTBot/1.3; +https://openai.com/gptbot)" 506 **0/506615**
216.73.216.162 - - [28/Mar/2026:05:16:40 -0700] "GET /item/2481753648?fileloc=%2Fhome%2Ffalconiapl2015%2Fpublic_html%2Fwp-config.php&path=%2Fhome%2Ffalconiapl2015%2Fpublic_html HTTP/2.0" 403 3449 "-" "Mozilla/5.0 AppleWebKit/537.36 (KHTML, like Gecko; compatible; ClaudeBot/1.0; +claudebot@anthropic.com)" 528 **0/528385**
74.7.227.0 - - [28/Mar/2026:05:16:42 -0700] "GET /?path=//opt/python38/lib/python3.8/venv/scripts/common HTTP/2.0" 200 2654 "https://falcon-ia.com/?path=//opt/python38/lib/python3.8/venv/scripts" "Mozilla/5.0 AppleWebKit/537.36 (KHTML, like Gecko; compatible; GPTBot/1.3; +https://openai.com/gptbot)" 509 **0/509015**
216.73.216.162 - - [28/Mar/2026:05:16:43 -0700] "GET /item/637910088?fileloc=%2Fhome%2Ffalconiapl2015%2Fpublic_html%2Fwp-login.php&path=%2Fhome%2Ffalconiapl2015%2Fpublic_html HTTP/2.0" 403 3449 "-" "Mozilla/5.0 AppleWebKit/537.36 (KHTML, like Gecko; compatible; ClaudeBot/1.0; +claudebot@anthropic.com)" 519 **0/519522**
74.7.227.0 - - [28/Mar/2026:05:16:45 -0700] "GET /?path=//opt/alt/python39/lib64/python3.9/lib2to3 HTTP/2.0" 200 3189 "https://falcon-ia.com/?path=//opt/alt/python39/lib64/python3.9" "Mozilla/5.0 AppleWebKit/537.36 (KHTML, like Gecko; compatible; GPTBot/1.3; +https://openai.com/gptbot)" 508 **0/508984**
216.73.216.162 - - [28/Mar/2026:05:16:46 -0700] "GET /item/139417828?fileloc=%2Fhome%2Ffalconiapl2015%2Fpublic_html%2Ferror_log&path=%2Fhome%2Ffalconiapl2015%2Fpublic_html HTTP/2.0" 403 3449 "-" "Mozilla/5.0 AppleWebKit/537.36 (KHTML, like Gecko; compatible; ClaudeBot/1.0; +claudebot@anthropic.com)" 535 **0/535555**
74.7.227.0 - - [28/Mar/2026:05:16:49 -0700] "GET /?path=//lib64/python3.6/asyncio/__pycache__ HTTP/2.0" 200 4176 "https://falcon-ia.com/?path=//lib64/python3.6/asyncio" "Mozilla/5.0 AppleWebKit/537.36 (KHTML, like Gecko; compatible; GPTBot/1.3; +https://openai.com/gptbot)" 513 **0/513014**
216.73.216.162 - - [28/Mar/2026:05:16:49 -0700] "GET /item/109737951?fileloc=%2Fhome%2Ffalconiapl2015%2Fpublic_html%2Ferror_log&path=%2Fhome%2Ffalconiapl2015%2Fpublic_html HTTP/2.0" 403 3449 "-" "Mozilla/5.0 AppleWebKit/537.36 (KHTML, like Gecko; compatible; ClaudeBot/1.0; +claudebot@anthropic.com)" 513 **0/513368**
216.73.216.162 - - [28/Mar/2026:05:16:52 -0700] "GET /item/2135549514?fileloc=%2Fhome%2Ffalconiapl2015%2Fpublic_html%2Fwp-config.php&path=%2Fhome%2Ffalconiapl2015%2Fpublic_html HTTP/2.0" 403 3449 "-" "Mozilla/5.0 AppleWebKit/537.36 (KHTML, like Gecko; compatible; ClaudeBot/1.0; +claudebot@anthropic.com)" 519 **0/519713**
74.7.227.0 - - [28/Mar/2026:05:16:52 -0700] "GET /?path=//opt/alt/python35/lib64/python3.5/lib2to3 HTTP/2.0" 200 3184 "https://falcon-ia.com/?path=//opt/alt/python35/lib64/python3.5" "Mozilla/5.0 AppleWebKit/537.36 (KHTML, like Gecko; compatible; GPTBot/1.3; +https://openai.com/gptbot)" 507 **0/507542**
216.73.216.162 - - [28/Mar/2026:05:16:55 -0700] "GET /item/3698874252?fileloc=%2Fhome%2Ffalconiapl2015%2Fpublic_html%2Freadme.html&path=%2Fhome%2Ffalconiapl2015%2Fpublic_html HTTP/2.0" 403 3449 "-" "Mozilla/5.0 AppleWebKit/537.36 (KHTML, like Gecko; compatible; ClaudeBot/1.0; +claudebot@anthropic.com)" 497 **0/497506**
185.191.171.17 - - [28/Mar/2026:05:16:56 -0700] "GET /robots.txt HTTP/1.1" 200 93 "-" "Mozilla/5.0 (compatible; SemrushBot/7~bl; +http://www.semrush.com/bot.html)" 5 **0/5276**
74.7.227.0 - - [28/Mar/2026:05:16:55 -0700] "GET /?path=//opt/alt/python36/lib64/python3.6/lib2to3 HTTP/2.0" 200 3186 "https://falcon-ia.com/?path=//opt/alt/python36/lib64/python3.6" "Mozilla/5.0 AppleWebKit/537.36 (KHTML, like Gecko; compatible; GPTBot/1.3; +https://openai.com/gptbot)" 502 **0/502996**
216.73.216.162 - - [28/Mar/2026:05:16:58 -0700] "GET /item/4097105652?fileloc=%2Fhome%2Ffalconiapl2015%2Fpublic_html%2Fwp-links-opml.php&path=%2Fhome%2Ffalconiapl2015%2Fpublic_html HTTP/2.0" 403 3449 "-" "Mozilla/5.0 AppleWebKit/537.36 (KHTML, like Gecko; compatible; ClaudeBot/1.0; +claudebot@anthropic.com)" 506 **0/506912**
74.7.227.0 - - [28/Mar/2026:05:16:58 -0700] "GET /?path=//opt/alt/python34/lib64/python3.4/lib2to3 HTTP/2.0" 200 3184 "https://falcon-ia.com/?path=//opt/alt/python34/lib64/python3.4" "Mozilla/5.0 AppleWebKit/537.36 (KHTML, like Gecko; compatible; GPTBot/1.3; +https://openai.com/gptbot)" 491 **0/491792**
216.73.216.162 - - [28/Mar/2026:05:17:01 -0700] "GET /item/3500153677?fileloc=%2Fhome%2Ffalconiapl2015%2Fpublic_html%2Fwp-login.php&path=%2Fhome%2Ffalconiapl2015%2Fpublic_html HTTP/2.0" 200 15079 "-" "Mozilla/5.0 AppleWebKit/537.36 (KHTML, like Gecko; compatible; ClaudeBot/1.0; +claudebot@anthropic.com)" 547 **0/547610**
74.7.227.0 - - [28/Mar/2026:05:17:01 -0700] "GET /?path=//lib64/python3.6/logging/__pycache__ HTTP/2.0" 200 2828 "https://falcon-ia.com/?path=//lib64/python3.6/logging" "Mozilla/5.0 AppleWebKit/537.36 (KHTML, like Gecko; compatible; GPTBot/1.3; +https://openai.com/gptbot)" 562 **0/562964**
74.7.227.0 - - [28/Mar/2026:05:17:05 -0700] "GET /?path=//opt/alt/python37/lib64/python3.7/lib2to3 HTTP/2.0" 200 3188 "https://falcon-ia.com/?path=//opt/alt/python37/lib64/python3.7" "Mozilla/5.0 AppleWebKit/537.36 (KHTML, like Gecko; compatible; GPTBot/1.3; +https://openai.com/gptbot)" 519 **0/519207**
216.73.216.162 - - [28/Mar/2026:05:17:06 -0700] "GET /item/3641283574?fileloc=%2Fhome%2Ffalconiapl2015%2Fpublic_html%2F.easyssl_backup%2F.htaccess_easysslbackup.1721144454_1721144454files&path=%2Fhome%2Ffalconiapl2015%2Fpublic_html%2F.easyssl_backup HTTP/2.0" 200 3170 "-" "Mozilla/5.0 AppleWebKit/537.36 (KHTML, like Gecko; compatible; ClaudeBot/1.0; +claudebot@anthropic.com)" 533 **0/533326**
74.7.227.0 - - [28/Mar/2026:05:17:08 -0700] "GET /?path=//opt/alt/python38/lib64/python3.8/lib2to3/__pycache__ HTTP/2.0" 200 3343 "https://falcon-ia.com/?path=//opt/alt/python38/lib64/python3.8/lib2to3" "Mozilla/5.0 AppleWebKit/537.36 (KHTML, like Gecko; compatible; GPTBot/1.3; +https://openai.com/gptbot)" 516 **0/516407**
216.73.216.162 - - [28/Mar/2026:05:17:08 -0700] "GET /item/241810736?fileloc=%2Fhome%2Ffalconiapl2015%2Fpublic_html%2Frobots.txt&path=%2Fhome%2Ffalconiapl2015%2Fpublic_html HTTP/2.0" 200 2301 "-" "Mozilla/5.0 AppleWebKit/537.36 (KHTML, like Gecko; compatible; ClaudeBot/1.0; +claudebot@anthropic.com)" 512 **0/512396**
74.7.227.0 - - [28/Mar/2026:05:17:11 -0700] "GET /?fileloc=//opt/alt/python27/lib64/python2.7/lib2to3/btm_matcher.py&path=//opt/alt/python27/lib64/python2.7/lib2to3 HTTP/2.0" 200 4362 "https://falcon-ia.com/?path=//opt/alt/python27/lib64/python2.7/lib2to3" "Mozilla/5.0 AppleWebKit/537.36 (KHTML, like Gecko; compatible; GPTBot/1.3; +https://openai.com/gptbot)" 511 **0/511707**
216.73.216.162 - - [28/Mar/2026:05:17:11 -0700] "GET /item/3115444169?fileloc=%2Fhome%2Ffalconiapl2015%2Fpublic_html%2Fwp-includes%2Fimages%2Fxit-3x.gif&path=%2Fhome%2Ffalconiapl2015%2Fpublic_html%2Fwp-includes%2Fimages HTTP/2.0" 200 2284 "-" "Mozilla/5.0 AppleWebKit/537.36 (KHTML, like Gecko; compatible; ClaudeBot/1.0; +claudebot@anthropic.com)" 508 **0/508580**
74.7.227.0 - - [28/Mar/2026:05:17:14 -0700] "GET /?fileloc=//opt/alt/python27/lib64/python2.7/lib2to3/PatternGrammar.txt&path=//opt/alt/python27/lib64/python2.7/lib2to3 HTTP/2.0" 200 2718 "https://falcon-ia.com/?path=//opt/alt/python27/lib64/python2.7/lib2to3" "Mozilla/5.0 AppleWebKit/537.36 (KHTML, like Gecko; compatible; GPTBot/1.3; +https://openai.com/gptbot)" 520 **0/520464**
216.73.216.162 - - [28/Mar/2026:05:17:14 -0700] "GET /item/2324841430?fileloc=%2Fhome%2Ffalconiapl2015%2Fpublic_html%2Frobots.txt&path=%2Fhome%2Ffalconiapl2015%2Fpublic_html HTTP/2.0" 200 2301 "-" "Mozilla/5.0 AppleWebKit/537.36 (KHTML, like Gecko; compatible; ClaudeBot/1.0; +claudebot@anthropic.com)" 485 **0/485175**
74.7.227.0 - - [28/Mar/2026:05:17:17 -0700] "GET /?path=//lib64/tcl8.6/expect5.45.4 HTTP/2.0" 200 2589 "https://falcon-ia.com/?path=//lib64/tcl8.6" "Mozilla/5.0 AppleWebKit/537.36 (KHTML, like Gecko; compatible; GPTBot/1.3; +https://openai.com/gptbot)" 537 **0/537581**
216.73.216.162 - - [28/Mar/2026:05:17:17 -0700] "GET /item/3115444169?fileloc=%2Fhome%2Ffalconiapl2015%2Fpublic_html%2Fwp-includes%2Fimages%2Fwpspin.gif&path=%2Fhome%2Ffalconiapl2015%2Fpublic_html%2Fwp-includes%2Fimages HTTP/2.0" 200 4006 "-" "Mozilla/5.0 AppleWebKit/537.36 (KHTML, like Gecko; compatible; ClaudeBot/1.0; +claudebot@anthropic.com)" 509 **0/509221**
198.244.168.74 - - [28/Mar/2026:05:17:19 -0700] "GET /?fileloc=/home/falconiapl2015/public_html/robots.txt&path=/home/falconiapl2015/public_html HTTP/2.0" 200 2301 "-" "Mozilla/5.0 (compatible; AhrefsBot/7.0; +http://ahrefs.com/robot/)" 492 **0/492051**
216.73.216.162 - - [28/Mar/2026:05:17:20 -0700] "GET /item/3691697743?fileloc=%2Fhome%2Ffalconiapl2015%2Fnew%2Fwp-signup.php&path=%2Fhome%2Ffalconiapl2015%2Fnew HTTP/2.0" 200 10249 "-" "Mozilla/5.0 AppleWebKit/537.36 (KHTML, like Gecko; compatible; ClaudeBot/1.0; +claudebot@anthropic.com)" 496 **0/496470**
74.7.227.0 - - [28/Mar/2026:05:17:20 -0700] "GET /?fileloc=//opt/alt/python39/lib64/python3.9/lib2to3/Grammar3.9.23.final.0.pickle&path=//opt/alt/python39/lib64/python3.9/lib2to3 HTTP/2.0" 200 7157 "https://falcon-ia.com/?path=//opt/alt/python39/lib64/python3.9/lib2to3" "Mozilla/5.0 AppleWebKit/537.36 (KHTML, like Gecko; compatible; GPTBot/1.3; +https://openai.com/gptbot)" 497 **0/497600**
216.73.216.162 - - [28/Mar/2026:05:17:23 -0700] "GET /item/682871127?fileloc=%2Fhome%2Ffalconiapl2015%2Fcache%2Fcache_b9325ea1d9dd7449af5f95781625de0a&path=%2Fhome%2Ffalconiapl2015%2Fcache HTTP/2.0" 200 2274 "-" "Mozilla/5.0 AppleWebKit/537.36 (KHTML, like Gecko; compatible; ClaudeBot/1.0; +claudebot@anthropic.com)" 519 **0/519421**
74.7.227.0 - - [28/Mar/2026:05:17:24 -0700] "GET /?path=//opt/alt/python39/lib64/python3.9/lib2to3/__pycache__ HTTP/2.0" 200 3335 "https://falcon-ia.com/?path=//opt/alt/python39/lib64/python3.9/lib2to3" "Mozilla/5.0 AppleWebKit/537.36 (KHTML, like Gecko; compatible; GPTBot/1.3; +https://openai.com/gptbot)" 521 **0/521473**
216.73.216.162 - - [28/Mar/2026:05:17:26 -0700] "GET /item/3836470344?fileloc=%2Fhome%2Ffalconiapl2015%2Fpublic_html%2Fimages%2F.htaccess&path=%2Fhome%2Ffalconiapl2015%2Fpublic_html%2Fimages HTTP/2.0" 200 2368 "-" "Mozilla/5.0 AppleWebKit/537.36 (KHTML, like Gecko; compatible; ClaudeBot/1.0; +claudebot@anthropic.com)" 511 **0/511635**
74.7.227.0 - - [28/Mar/2026:05:17:27 -0700] "GET /?path=//opt/alt/python35/lib64/python3.5/lib2to3/__pycache__ HTTP/2.0" 200 3344 "https://falcon-ia.com/?path=//opt/alt/python35/lib64/python3.5/lib2to3" "Mozilla/5.0 AppleWebKit/537.36 (KHTML, like Gecko; compatible; GPTBot/1.3; +https://openai.com/gptbot)" 588 **0/588525**
216.73.216.162 - - [28/Mar/2026:05:17:29 -0700] "GET /item/682871127?fileloc=%2Fhome%2Ffalconiapl2015%2Fcache%2Fcache_64269719277fda5f979fb184903989d3&path=%2Fhome%2Ffalconiapl2015%2Fcache HTTP/2.0" 200 2275 "-" "Mozilla/5.0 AppleWebKit/537.36 (KHTML, like Gecko; compatible; ClaudeBot/1.0; +claudebot@anthropic.com)" 516 **0/516213**
74.7.227.0 - - [28/Mar/2026:05:17:30 -0700] "GET /?fileloc=//opt/alt/python36/lib64/python3.6/lib2to3/__init__.py&path=//opt/alt/python36/lib64/python3.6/lib2to3 HTTP/2.0" 200 2310 "https://falcon-ia.com/?path=//opt/alt/python36/lib64/python3.6/lib2to3" "Mozilla/5.0 AppleWebKit/537.36 (KHTML, like Gecko; compatible; GPTBot/1.3; +https://openai.com/gptbot)" 503 **0/503839**
66.249.74.129 - - [28/Mar/2026:05:17:30 -0700] "GET /content.php?commodity/observe/revoked1717878239 HTTP/1.1" 403 28641 "-" "Mozilla/5.0 (Linux; Android 6.0.1; Nexus 5X Build/MMB29P) AppleWebKit/537.36 (KHTML, like Gecko) Chrome/146.0.7680.153 Mobile Safari/537.36 (compatible; Googlebot/2.1; +http://www.google.com/bot.html)" 1610 **1/1610695**
216.73.216.162 - - [28/Mar/2026:05:17:32 -0700] "GET /item/1394108385?fileloc=%2Fhome%2Ffalconiapl2015%2F.spamassassinenable&path=%2Fhome%2Ffalconiapl2015 HTTP/2.0" 200 2251 "-" "Mozilla/5.0 AppleWebKit/537.36 (KHTML, like Gecko; compatible; ClaudeBot/1.0; +claudebot@anthropic.com)" 503 **0/503485**
74.7.227.0 - - [28/Mar/2026:05:17:33 -0700] "GET /?path=//opt/alt/python34/lib64/python3.4/lib2to3/__pycache__ HTTP/2.0" 200 3126 "https://falcon-ia.com/?path=//opt/alt/python34/lib64/python3.4/lib2to3" "Mozilla/5.0 AppleWebKit/537.36 (KHTML, like Gecko; compatible; GPTBot/1.3; +https://openai.com/gptbot)" 499 **0/499859**
216.73.216.162 - - [28/Mar/2026:05:17:35 -0700] "GET /item/3535924390?fileloc=%2Fhome%2Ffalconiapl2015%2Fwww%2F.htaccess&path=%2Fhome%2Ffalconiapl2015%2Fwww HTTP/2.0" 200 3034 "-" "Mozilla/5.0 AppleWebKit/537.36 (KHTML, like Gecko; compatible; ClaudeBot/1.0; +claudebot@anthropic.com)" 488 **0/488263**
74.7.227.0 - - [28/Mar/2026:05:17:36 -0700] "GET /?path=//opt/alt/python36/lib64/python3.6/lib2to3/__pycache__ HTTP/2.0" 200 3355 "https://falcon-ia.com/?path=//opt/alt/python36/lib64/python3.6/lib2to3" "Mozilla/5.0 AppleWebKit/537.36 (KHTML, like Gecko; compatible; GPTBot/1.3; +https://openai.com/gptbot)" 493 **0/493519**
216.73.216.162 - - [28/Mar/2026:05:17:38 -0700] "GET /item/682871127?fileloc=%2Fhome%2Ffalconiapl2015%2Fcache%2Fcache_1fb2940a41cc9d3081588461889ceb06&path=%2Fhome%2Ffalconiapl2015%2Fcache HTTP/2.0" 200 2272 "-" "Mozilla/5.0 AppleWebKit/537.36 (KHTML, like Gecko; compatible; ClaudeBot/1.0; +claudebot@anthropic.com)" 519 **0/519401**
74.7.227.0 - - [28/Mar/2026:05:17:39 -0700] "GET /?path=//opt/alt/python37/lib64/python3.7/lib2to3/__pycache__ HTTP/2.0" 200 3341 "https://falcon-ia.com/?path=//opt/alt/python37/lib64/python3.7/lib2to3" "Mozilla/5.0 AppleWebKit/537.36 (KHTML, like Gecko; compatible; GPTBot/1.3; +https://openai.com/gptbot)" 519 **0/519262**
216.73.216.162 - - [28/Mar/2026:05:17:41 -0700] "GET /item/682871127?fileloc=%2Fhome%2Ffalconiapl2015%2Fcache%2Fcache_a9d87a07399912b28239124d0fcf7d6d&path=%2Fhome%2Ffalconiapl2015%2Fcache HTTP/2.0" 200 2274 "-" "Mozilla/5.0 AppleWebKit/537.36 (KHTML, like Gecko; compatible; ClaudeBot/1.0; +claudebot@anthropic.com)" 504 **0/504388**
17.241.227.216 - - [28/Mar/2026:05:17:41 -0700] "GET /?p=19771 HTTP/1.1" 200 3956 "-" "Mozilla/5.0 (Macintosh; Intel Mac OS X 10_15_7) AppleWebKit/605.1.15 (KHTML, like Gecko) Version/17.4 Safari/605.1.15 (Applebot/0.1; +http://www.apple.com/go/applebot)" 490 **0/490895**
74.7.227.0 - - [28/Mar/2026:05:17:42 -0700] "GET /?path=//lib64/python3.12/asyncio/__pycache__ HTTP/2.0" 200 4668 "https://falcon-ia.com/?path=//lib64/python3.12/asyncio" "Mozilla/5.0 AppleWebKit/537.36 (KHTML, like Gecko; compatible; GPTBot/1.3; +https://openai.com/gptbot)" 540 **0/540388**
216.73.216.162 - - [28/Mar/2026:05:17:44 -0700] "GET /item/3314517277?fileloc=%2Fhome%2Ffalconiapl2015%2Fcache%2Fcache_acf591f99a8979552b870cfa4c31456b&path=%2Fhome%2Ffalconiapl2015%2Fcache HTTP/2.0" 200 2274 "-" "Mozilla/5.0 AppleWebKit/537.36 (KHTML, like Gecko; compatible; ClaudeBot/1.0; +claudebot@anthropic.com)" 516 **0/516530**
74.7.227.0 - - [28/Mar/2026:05:17:45 -0700] "GET /?path=//lib64/lua/5.1 HTTP/2.0" 200 2315 "https://falcon-ia.com/?path=//lib64/lua" "Mozilla/5.0 AppleWebKit/537.36 (KHTML, like Gecko; compatible; GPTBot/1.3; +https://openai.com/gptbot)" 523 **0/523248**
216.73.216.162 - - [28/Mar/2026:05:17:47 -0700] "GET /item/2812949811?fileloc=%2Fhome%2Ffalconiapl2015%2Fcache%2Fcache_acf591f99a8979552b870cfa4c31456b&path=%2Fhome%2Ffalconiapl2015%2Fcache HTTP/2.0" 200 2274 "-" "Mozilla/5.0 AppleWebKit/537.36 (KHTML, like Gecko; compatible; ClaudeBot/1.0; +claudebot@anthropic.com)" 499 **0/499624**
74.7.227.0 - - [28/Mar/2026:05:17:49 -0700] "GET /?path=//lib64/lua/5.3 HTTP/2.0" 200 2316 "https://falcon-ia.com/?path=//lib64/lua" "Mozilla/5.0 AppleWebKit/537.36 (KHTML, like Gecko; compatible; GPTBot/1.3; +https://openai.com/gptbot)" 485 **0/485049**
216.73.216.162 - - [28/Mar/2026:05:17:50 -0700] "GET /item/47454239?fileloc=%2Fhome%2Ffalconiapl2015%2Fpublic_html%2F.easyssl_backup%2F.htaccess_easysslbackup.1721144454_1721144454files&path=%2Fhome%2Ffalconiapl2015%2Fpublic_html%2F.easyssl_backup HTTP/2.0" 200 3170 "-" "Mozilla/5.0 AppleWebKit/537.36 (KHTML, like Gecko; compatible; ClaudeBot/1.0; +claudebot@anthropic.com)" 508 **0/508473**
74.7.227.0 - - [28/Mar/2026:05:17:52 -0700] "GET /?path=/home/falconiapl2015/.cl.selector HTTP/2.0" 200 2680 "https://falcon-ia.com/?path=/home/falconiapl2015" "Mozilla/5.0 AppleWebKit/537.36 (KHTML, like Gecko; compatible; GPTBot/1.3; +https://openai.com/gptbot)" 544 **0/544439**
216.73.216.162 - - [28/Mar/2026:05:17:53 -0700] "GET /item/3115444169?fileloc=%2Fhome%2Ffalconiapl2015%2Fpublic_html%2Fwp-includes%2Fimages%2Fxit-2x.gif&path=%2Fhome%2Ffalconiapl2015%2Fpublic_html%2Fwp-includes%2Fimages HTTP/2.0" 200 2803 "-" "Mozilla/5.0 AppleWebKit/537.36 (KHTML, like Gecko; compatible; ClaudeBot/1.0; +claudebot@anthropic.com)" 503 **0/503172**
74.7.227.0 - - [28/Mar/2026:05:17:55 -0700] "GET /?fileloc=//lib64/perl5/syscall.ph&path=//lib64/perl5 HTTP/2.0" 200 2316 "https://falcon-ia.com/?path=//lib64/perl5" "Mozilla/5.0 AppleWebKit/537.36 (KHTML, like Gecko; compatible; GPTBot/1.3; +https://openai.com/gptbot)" 520 **0/520365**
216.73.216.162 - - [28/Mar/2026:05:17:56 -0700] "GET /item/3314517277?fileloc=%2Fhome%2Ffalconiapl2015%2Fcache%2Fcache_d5ce4f1946ff4b543af1762b4979c872&path=%2Fhome%2Ffalconiapl2015%2Fcache HTTP/2.0" 200 2274 "-" "Mozilla/5.0 AppleWebKit/537.36 (KHTML, like Gecko; compatible; ClaudeBot/1.0; +claudebot@anthropic.com)" 524 **0/524756**
74.7.227.0 - - [28/Mar/2026:05:17:58 -0700] "GET /?path=//lib64/python3.6/config-3.6m-x86_64-linux-gnu HTTP/2.0" 200 2972 "https://falcon-ia.com/?path=//lib64/python3.6" "Mozilla/5.0 AppleWebKit/537.36 (KHTML, like Gecko; compatible; GPTBot/1.3; +https://openai.com/gptbot)" 543 **0/543142**
216.73.216.162 - - [28/Mar/2026:05:17:59 -0700] "GET /item/3538348604?fileloc=%2Fhome%2Ffalconiapl2015%2Fpublic_html%2Fimages%2F.htaccess&path=%2Fhome%2Ffalconiapl2015%2Fpublic_html%2Fimages HTTP/2.0" 200 2368 "-" "Mozilla/5.0 AppleWebKit/537.36 (KHTML, like Gecko; compatible; ClaudeBot/1.0; +claudebot@anthropic.com)" 534 **0/534928**
40.77.167.55 - - [28/Mar/2026:05:17:59 -0700] "GET /?c.0764587849000.html HTTP/2.0" 200 26364 "-" "Mozilla/5.0 AppleWebKit/537.36 (KHTML, like Gecko; compatible; bingbot/2.0; +http://www.bing.com/bingbot.htm) Chrome/116.0.1938.76 Safari/537.36" 1600 **1/1600683**
74.7.227.0 - - [28/Mar/2026:05:18:01 -0700] "GET /?fileloc=//lib64/libnsssysinit.so&path=//lib64 HTTP/2.0" 200 6520 "https://falcon-ia.com/?path=//lib64" "Mozilla/5.0 AppleWebKit/537.36 (KHTML, like Gecko; compatible; GPTBot/1.3; +https://openai.com/gptbot)" 532 **0/532476**
216.73.216.162 - - [28/Mar/2026:05:18:02 -0700] "GET /item/2812949811?fileloc=%2Fhome%2Ffalconiapl2015%2Fcache%2Fcache_d5ce4f1946ff4b543af1762b4979c872&path=%2Fhome%2Ffalconiapl2015%2Fcache HTTP/2.0" 200 2274 "-" "Mozilla/5.0 AppleWebKit/537.36 (KHTML, like Gecko; compatible; ClaudeBot/1.0; +claudebot@anthropic.com)" 525 **0/525783**
74.7.227.0 - - [28/Mar/2026:05:18:04 -0700] "GET /?path=//lib64/guile/2.0/ccache/scripts HTTP/2.0" 200 3245 "https://falcon-ia.com/?path=//lib64/guile/2.0/ccache" "Mozilla/5.0 AppleWebKit/537.36 (KHTML, like Gecko; compatible; GPTBot/1.3; +https://openai.com/gptbot)" 492 **0/492382**
216.73.216.162 - - [28/Mar/2026:05:18:05 -0700] "GET /item/1176866065?fileloc=%2Fhome%2Ffalconiapl2015%2Fmail%2Fdovecot-uidvalidity.57d161be&path=%2Fhome%2Ffalconiapl2015%2Fmail HTTP/2.0" 200 2272 "-" "Mozilla/5.0 AppleWebKit/537.36 (KHTML, like Gecko; compatible; ClaudeBot/1.0; +claudebot@anthropic.com)" 498 **0/498291**
74.7.227.0 - - [28/Mar/2026:05:18:08 -0700] "GET /?path=//opt/alt/ruby26/lib64/ruby/2.6.0/x86_64-linux/json/ext HTTP/2.0" 200 2377 "https://falcon-ia.com/?path=//opt/alt/ruby26/lib64/ruby/2.6.0/x86_64-linux/json" "Mozilla/5.0 AppleWebKit/537.36 (KHTML, like Gecko; compatible; GPTBot/1.3; +https://openai.com/gptbot)" 530 **0/530694**
216.73.216.162 - - [28/Mar/2026:05:18:08 -0700] "GET /item/3314517277?fileloc=%2Fhome%2Ffalconiapl2015%2Fcache%2Fcache_8c1e2d0573ed1f99fd247768110f872f&path=%2Fhome%2Ffalconiapl2015%2Fcache HTTP/2.0" 200 2286 "-" "Mozilla/5.0 AppleWebKit/537.36 (KHTML, like Gecko; compatible; ClaudeBot/1.0; +claudebot@anthropic.com)" 520 **0/520427**
74.7.227.0 - - [28/Mar/2026:05:18:11 -0700] "GET /?path=//opt/alt/python39/lib64/python3.9/wsgiref/__pycache__ HTTP/2.0" 200 3036 "https://falcon-ia.com/?path=//opt/alt/python39/lib64/python3.9/wsgiref" "Mozilla/5.0 AppleWebKit/537.36 (KHTML, like Gecko; compatible; GPTBot/1.3; +https://openai.com/gptbot)" 509 **0/509437**
216.73.216.162 - - [28/Mar/2026:05:18:11 -0700] "GET /item/574924238?fileloc=%2Fhome%2Ffalconiapl2015%2Fpublic_html%2Fimages%2F.htaccess&path=%2Fhome%2Ffalconiapl2015%2Fpublic_html%2Fimages HTTP/2.0" 200 2368 "-" "Mozilla/5.0 AppleWebKit/537.36 (KHTML, like Gecko; compatible; ClaudeBot/1.0; +claudebot@anthropic.com)" 532 **0/532710**
114.119.136.15 - - [28/Mar/2026:05:18:14 -0700] "GET /commodity/wong/vx172120543498?path=/home/falconiapl2015/public_html/images HTTP/1.1" 200 2946 "https://falcon-ia.com/commodity/wong/vx172120543498" "Mozilla/5.0 (Linux; Android 7.0;) AppleWebKit/537.36 (KHTML, like Gecko) Mobile Safari/537.36 (compatible; PetalBot;+https://webmaster.petalsearch.com/site/petalbot)" 503 **0/503380**
74.7.227.0 - - [28/Mar/2026:05:18:14 -0700] "GET /?path=//opt/alt/python38/lib64/python3.8/wsgiref/__pycache__ HTTP/2.0" 200 3033 "https://falcon-ia.com/?path=//opt/alt/python38/lib64/python3.8/wsgiref" "Mozilla/5.0 AppleWebKit/537.36 (KHTML, like Gecko; compatible; GPTBot/1.3; +https://openai.com/gptbot)" 509 **0/509922**
216.73.216.162 - - [28/Mar/2026:05:18:14 -0700] "GET /item/3115444169?fileloc=%2Fhome%2Ffalconiapl2015%2Fpublic_html%2Fwp-includes%2Fimages%2Frss-2x.png&path=%2Fhome%2Ffalconiapl2015%2Fpublic_html%2Fwp-includes%2Fimages HTTP/2.0" 200 3595 "-" "Mozilla/5.0 AppleWebKit/537.36 (KHTML, like Gecko; compatible; ClaudeBot/1.0; +claudebot@anthropic.com)" 504 **0/504025**
74.7.227.0 - - [28/Mar/2026:05:18:17 -0700] "GET /?fileloc=//lib64/python3.12/asyncio/__pycache__/events.cpython-312.pyc&path=//lib64/python3.12/asyncio/__pycache__ HTTP/2.0" 200 13807 "https://falcon-ia.com/?path=//lib64/python3.12/asyncio/__pycache__" "Mozilla/5.0 AppleWebKit/537.36 (KHTML, like Gecko; compatible; GPTBot/1.3; +https://openai.com/gptbot)" 517 **0/517687**
216.73.216.162 - - [28/Mar/2026:05:18:17 -0700] "GET /item/2812949811?fileloc=%2Fhome%2Ffalconiapl2015%2Fcache%2Fcache_8c1e2d0573ed1f99fd247768110f872f&path=%2Fhome%2Ffalconiapl2015%2Fcache HTTP/2.0" 200 2286 "-" "Mozilla/5.0 AppleWebKit/537.36 (KHTML, like Gecko; compatible; ClaudeBot/1.0; +claudebot@anthropic.com)" 508 **0/508413**
74.7.227.0 - - [28/Mar/2026:05:18:20 -0700] "GET /?path=//opt/alt/python37/lib64/python3.7/site-packages/MySQLdb HTTP/2.0" 200 2922 "https://falcon-ia.com/?path=//opt/alt/python37/lib64/python3.7/site-packages" "Mozilla/5.0 AppleWebKit/537.36 (KHTML, like Gecko; compatible; GPTBot/1.3; +https://openai.com/gptbot)" 512 **0/512318**
216.73.216.162 - - [28/Mar/2026:05:18:20 -0700] "GET /item/682871127?fileloc=%2Fhome%2Ffalconiapl2015%2Fcache%2Fcache_acf591f99a8979552b870cfa4c31456b&path=%2Fhome%2Ffalconiapl2015%2Fcache HTTP/2.0" 200 2274 "-" "Mozilla/5.0 AppleWebKit/537.36 (KHTML, like Gecko; compatible; ClaudeBot/1.0; +claudebot@anthropic.com)" 511 **0/511467**
74.7.227.0 - - [28/Mar/2026:05:18:23 -0700] "GET /?fileloc=//lib64/libisccc.so.161&path=//lib64 HTTP/2.0" 200 17916 "https://falcon-ia.com/?path=//lib64" "Mozilla/5.0 AppleWebKit/537.36 (KHTML, like Gecko; compatible; GPTBot/1.3; +https://openai.com/gptbot)" 508 **0/508824**
216.73.216.162 - - [28/Mar/2026:05:18:23 -0700] "GET /item/3314517277?fileloc=%2Fhome%2Ffalconiapl2015%2Fcache%2Fcache_252a63c80e382c9d9209488aa4afc109&path=%2Fhome%2Ffalconiapl2015%2Fcache HTTP/2.0" 200 2272 "-" "Mozilla/5.0 AppleWebKit/537.36 (KHTML, like Gecko; compatible; ClaudeBot/1.0; +claudebot@anthropic.com)" 499 **0/499980**
74.7.227.0 - - [28/Mar/2026:05:18:26 -0700] "GET /?path=//etc HTTP/2.0" 200 4624 "https://falcon-ia.com/?path=/" "Mozilla/5.0 AppleWebKit/537.36 (KHTML, like Gecko; compatible; GPTBot/1.3; +https://openai.com/gptbot)" 507 **0/507838**
216.73.216.162 - - [28/Mar/2026:05:18:26 -0700] "GET /item/2360712976?fileloc=%2Fhome%2Ffalconiapl2015%2Fpublic_html%2Fimages%2F.htaccess&path=%2Fhome%2Ffalconiapl2015%2Fpublic_html%2Fimages HTTP/2.0" 200 2368 "-" "Mozilla/5.0 AppleWebKit/537.36 (KHTML, like Gecko; compatible; ClaudeBot/1.0; +claudebot@anthropic.com)" 507 **0/507540**
216.73.216.162 - - [28/Mar/2026:05:18:29 -0700] "GET /item/2812949811?fileloc=%2Fhome%2Ffalconiapl2015%2Fcache%2Fcache_252a63c80e382c9d9209488aa4afc109&path=%2Fhome%2Ffalconiapl2015%2Fcache HTTP/2.0" 200 2272 "-" "Mozilla/5.0 AppleWebKit/537.36 (KHTML, like Gecko; compatible; ClaudeBot/1.0; +claudebot@anthropic.com)" 502 **0/502545**
74.7.227.0 - - [28/Mar/2026:05:18:29 -0700] "GET /?path=//var HTTP/2.0" 200 2859 "https://falcon-ia.com/?path=/" "Mozilla/5.0 AppleWebKit/537.36 (KHTML, like Gecko; compatible; GPTBot/1.3; +https://openai.com/gptbot)" 538 **0/538433**
216.73.216.162 - - [28/Mar/2026:05:18:32 -0700] "GET /item/3314517277?fileloc=%2Fhome%2Ffalconiapl2015%2Fcache%2Fcache_1de9ca47e122c246288f0552c3930cd4&path=%2Fhome%2Ffalconiapl2015%2Fcache HTTP/2.0" 200 2273 "-" "Mozilla/5.0 AppleWebKit/537.36 (KHTML, like Gecko; compatible; ClaudeBot/1.0; +claudebot@anthropic.com)" 513 **0/513351**
74.7.227.0 - - [28/Mar/2026:05:18:33 -0700] "GET /?path=//lib64/python3.6/config-3.6m-x86_64-linux-gnu/__pycache__ HTTP/2.0" 200 2660 "https://falcon-ia.com/?path=//lib64/python3.6/config-3.6m-x86_64-linux-gnu" "Mozilla/5.0 AppleWebKit/537.36 (KHTML, like Gecko; compatible; GPTBot/1.3; +https://openai.com/gptbot)" 513 **0/513995**
216.73.216.162 - - [28/Mar/2026:05:18:35 -0700] "GET /item/3691697743?fileloc=%2Fhome%2Ffalconiapl2015%2Fnew%2Freadme.html&path=%2Fhome%2Ffalconiapl2015%2Fnew HTTP/2.0" 403 3449 "-" "Mozilla/5.0 AppleWebKit/537.36 (KHTML, like Gecko; compatible; ClaudeBot/1.0; +claudebot@anthropic.com)" 506 **0/506861**
74.7.227.0 - - [28/Mar/2026:05:18:36 -0700] "GET /?fileloc=//lib64/libjbig85.so.2.1&path=//lib64 HTTP/2.0" 200 10795 "https://falcon-ia.com/?path=//lib64" "Mozilla/5.0 AppleWebKit/537.36 (KHTML, like Gecko; compatible; GPTBot/1.3; +https://openai.com/gptbot)" 520 **0/520827**
216.73.216.162 - - [28/Mar/2026:05:18:38 -0700] "GET /item/682871127?fileloc=%2Fhome%2Ffalconiapl2015%2Fcache%2Fcache_d5ce4f1946ff4b543af1762b4979c872&path=%2Fhome%2Ffalconiapl2015%2Fcache HTTP/2.0" 403 3449 "-" "Mozilla/5.0 AppleWebKit/537.36 (KHTML, like Gecko; compatible; ClaudeBot/1.0; +claudebot@anthropic.com)" 507 **0/507897**
74.7.227.0 - - [28/Mar/2026:05:18:39 -0700] "GET /?fileloc=//lib64/libpcre2-16.so.0&path=//lib64 HTTP/2.0" 200 168193 "https://falcon-ia.com/?path=//lib64" "Mozilla/5.0 AppleWebKit/537.36 (KHTML, like Gecko; compatible; GPTBot/1.3; +https://openai.com/gptbot)" 605 **0/605751**
74.7.227.0 - - [28/Mar/2026:05:18:42 -0700] "GET /?fileloc=//opt/alt/tests/alt-php83-pecl-gender_1.1.0-3.el8/tests/006.phpt&path=//opt/alt/tests/alt-php83-pecl-gender_1.1.0-3.el8/tests HTTP/2.0" 200 2624 "https://falcon-ia.com/?path=//opt/alt/tests/alt-php83-pecl-gender_1.1.0-3.el8/tests" "Mozilla/5.0 AppleWebKit/537.36 (KHTML, like Gecko; compatible; GPTBot/1.3; +https://openai.com/gptbot)" 545 **0/545273**
216.73.216.162 - - [28/Mar/2026:05:18:43 -0700] "GET /item/783888413?fileloc=%2Fhome%2Ffalconiapl2015%2Fnew%2F.tmb%2Fl1_d3AtY29udGVudC90aGVtZXMvbmV4Z2VuL3NjcmVlbnNob3QucG5n1710347110.png&path=%2Fhome%2Ffalconiapl2015%2Fnew%2F.tmb HTTP/2.0" 403 3449 "-" "Mozilla/5.0 AppleWebKit/537.36 (KHTML, like Gecko; compatible; ClaudeBot/1.0; +claudebot@anthropic.com)" 506 **0/506814**
74.7.227.0 - - [28/Mar/2026:05:18:45 -0700] "GET /?path=//opt/python38/lib/python3.8/pydoc_data/__pycache__ HTTP/2.0" 200 2737 "https://falcon-ia.com/?path=//opt/python38/lib/python3.8/pydoc_data" "Mozilla/5.0 AppleWebKit/537.36 (KHTML, like Gecko; compatible; GPTBot/1.3; +https://openai.com/gptbot)" 507 **0/507057**
216.73.216.162 - - [28/Mar/2026:05:18:45 -0700] "GET /item/52574727?fileloc=%2Fhome%2Ffalconiapl2015%2Fnew%2F.tmb%2Fl1_d3AtY29udGVudC90aGVtZXMvbmV4Z2VuL3NjcmVlbnNob3QucG5n1710347110.png&path=%2Fhome%2Ffalconiapl2015%2Fnew%2F.tmb HTTP/2.0" 403 3449 "-" "Mozilla/5.0 AppleWebKit/537.36 (KHTML, like Gecko; compatible; ClaudeBot/1.0; +claudebot@anthropic.com)" 480 **0/480872**
185.191.171.11 - - [28/Mar/2026:05:18:46 -0700] "GET /commodity/imagine/cleaned172014181464 HTTP/1.1" 200 3956 "-" "Mozilla/5.0 (compatible; SemrushBot/7~bl; +http://www.semrush.com/bot.html)" 483 **0/483146**
74.7.227.0 - - [28/Mar/2026:05:18:48 -0700] "GET /?path=//lib64/GraphicsMagick-1.3.38/config HTTP/2.0" 200 2722 "https://falcon-ia.com/?path=//lib64/GraphicsMagick-1.3.38" "Mozilla/5.0 AppleWebKit/537.36 (KHTML, like Gecko; compatible; GPTBot/1.3; +https://openai.com/gptbot)" 501 **0/501866**
216.73.216.162 - - [28/Mar/2026:05:18:48 -0700] "GET /item/1288996075?fileloc=%2Fhome%2Ffalconiapl2015%2F.734ae9c6ac41e57803c9c841a9a213fa401aa319a&path=%2Fhome%2Ffalconiapl2015 HTTP/2.0" 403 3449 "-" "Mozilla/5.0 AppleWebKit/537.36 (KHTML, like Gecko; compatible; ClaudeBot/1.0; +claudebot@anthropic.com)" 524 **0/524685**
85.208.96.204 - - [28/Mar/2026:05:18:50 -0700] "GET /commodity/nirvana/runtime171813340401 HTTP/1.1" 200 3956 "-" "Mozilla/5.0 (compatible; SemrushBot/7~bl; +http://www.semrush.com/bot.html)" 514 **0/514368**
216.73.216.162 - - [28/Mar/2026:05:18:51 -0700] "GET /item/2225099979?fileloc=%2Fhome%2Ffalconiapl2015%2Fpublic_html%2Fimages%2Ftoggige-arrow.jpg&path=%2Fhome%2Ffalconiapl2015%2Fpublic_html%2Fimages HTTP/2.0" 403 3449 "-" "Mozilla/5.0 AppleWebKit/537.36 (KHTML, like Gecko; compatible; ClaudeBot/1.0; +claudebot@anthropic.com)" 525 **0/525488**
74.7.227.0 - - [28/Mar/2026:05:18:51 -0700] "GET /?path=//opt/alt/tests/alt-php82-pecl-xmlrpc_1.0.0-0.RC3.el8 HTTP/2.0" 200 2587 "https://falcon-ia.com/?path=//opt/alt/tests" "Mozilla/5.0 AppleWebKit/537.36 (KHTML, like Gecko; compatible; GPTBot/1.3; +https://openai.com/gptbot)" 507 **0/507916**
216.73.216.162 - - [28/Mar/2026:05:18:54 -0700] "GET /item/2237835215?fileloc=%2Fhome%2Ffalconiapl2015%2Fpublic_html%2Fimages%2Ftoggige-arrow.jpg&path=%2Fhome%2Ffalconiapl2015%2Fpublic_html%2Fimages HTTP/2.0" 403 3449 "-" "Mozilla/5.0 AppleWebKit/537.36 (KHTML, like Gecko; compatible; ClaudeBot/1.0; +claudebot@anthropic.com)" 536 **0/536895**
74.7.227.0 - - [28/Mar/2026:05:18:55 -0700] "GET /?path=//opt/alt/python37/lib64/python3.7/site-packages/MySQLdb/constants HTTP/2.0" 200 2921 "https://falcon-ia.com/?path=//opt/alt/python37/lib64/python3.7/site-packages/MySQLdb" "Mozilla/5.0 AppleWebKit/537.36 (KHTML, like Gecko; compatible; GPTBot/1.3; +https://openai.com/gptbot)" 493 **0/493560**
185.191.171.13 - - [28/Mar/2026:05:18:57 -0700] "GET /commodity/morris/snyder17187269270 HTTP/1.1" 200 3956 "-" "Mozilla/5.0 (compatible; SemrushBot/7~bl; +http://www.semrush.com/bot.html)" 497 **0/497653**
216.73.216.162 - - [28/Mar/2026:05:18:57 -0700] "GET /item/3954317906?fileloc=%2Fhome%2Ffalconiapl2015%2Fpublic_html%2Fimages%2Ftoggige-arrow.jpg&path=%2Fhome%2Ffalconiapl2015%2Fpublic_html%2Fimages HTTP/2.0" 403 3449 "-" "Mozilla/5.0 AppleWebKit/537.36 (KHTML, like Gecko; compatible; ClaudeBot/1.0; +claudebot@anthropic.com)" 516 **0/516703**
74.7.227.0 - - [28/Mar/2026:05:18:58 -0700] "GET /?path=//opt/alt/tests/alt-php84-pecl-xmlrpc_1.0.0-0.RC3.el8 HTTP/2.0" 200 2587 "https://falcon-ia.com/?path=//opt/alt/tests" "Mozilla/5.0 AppleWebKit/537.36 (KHTML, like Gecko; compatible; GPTBot/1.3; +https://openai.com/gptbot)" 500 **0/500264**
216.73.216.162 - - [28/Mar/2026:05:19:00 -0700] "GET /item/1185897566?fileloc=%2Fhome%2Ffalconiapl2015%2Fpublic_html%2Fimages%2Ftoggige-arrow.jpg&path=%2Fhome%2Ffalconiapl2015%2Fpublic_html%2Fimages HTTP/2.0" 403 3449 "-" "Mozilla/5.0 AppleWebKit/537.36 (KHTML, like Gecko; compatible; ClaudeBot/1.0; +claudebot@anthropic.com)" 533 **0/533449**
74.7.227.0 - - [28/Mar/2026:05:19:01 -0700] "GET /?fileloc=//etc/mailips&path=//etc HTTP/2.0" 200 2248 "https://falcon-ia.com/?path=//etc" "Mozilla/5.0 AppleWebKit/537.36 (KHTML, like Gecko; compatible; GPTBot/1.3; +https://openai.com/gptbot)" 543 **0/543884**
185.191.171.18 - - [28/Mar/2026:05:19:03 -0700] "GET /commodity/elastic/exchanges172111539056 HTTP/1.1" 200 3956 "-" "Mozilla/5.0 (compatible; SemrushBot/7~bl; +http://www.semrush.com/bot.html)" 526 **0/526669**
216.73.216.162 - - [28/Mar/2026:05:19:03 -0700] "GET /item/4105890688?fileloc=%2Fhome%2Ffalconiapl2015%2Fpublic_html%2Fimages%2Ftoggige-arrow.jpg&path=%2Fhome%2Ffalconiapl2015%2Fpublic_html%2Fimages HTTP/2.0" 403 3449 "-" "Mozilla/5.0 AppleWebKit/537.36 (KHTML, like Gecko; compatible; ClaudeBot/1.0; +claudebot@anthropic.com)" 522 **0/522381**
74.7.227.0 - - [28/Mar/2026:05:19:04 -0700] "GET /?path=//var/cache HTTP/2.0" 200 2681 "https://falcon-ia.com/?path=//var" "Mozilla/5.0 AppleWebKit/537.36 (KHTML, like Gecko; compatible; GPTBot/1.3; +https://openai.com/gptbot)" 541 **0/541778**
216.73.216.162 - - [28/Mar/2026:05:19:06 -0700] "GET /item/1514561948?fileloc=%2Fhome%2Ffalconiapl2015%2Fpublic_html%2Fimages%2Ftoggige-arrow.jpg&path=%2Fhome%2Ffalconiapl2015%2Fpublic_html%2Fimages HTTP/2.0" 403 3449 "-" "Mozilla/5.0 AppleWebKit/537.36 (KHTML, like Gecko; compatible; ClaudeBot/1.0; +claudebot@anthropic.com)" 506 **0/506282**
74.7.227.0 - - [28/Mar/2026:05:19:07 -0700] "GET /?path=//etc/fonts HTTP/2.0" 200 2633 "https://falcon-ia.com/?path=//etc" "Mozilla/5.0 AppleWebKit/537.36 (KHTML, like Gecko; compatible; GPTBot/1.3; +https://openai.com/gptbot)" 495 **0/495021**
85.208.96.196 - - [28/Mar/2026:05:19:07 -0700] "GET /commodity/lips/arising171970579876 HTTP/1.1" 200 3956 "-" "Mozilla/5.0 (compatible; SemrushBot/7~bl; +http://www.semrush.com/bot.html)" 518 **0/518340**
216.73.216.162 - - [28/Mar/2026:05:19:09 -0700] "GET /item/2178886381?fileloc=%2Fhome%2Ffalconiapl2015%2Fpublic_html%2Fimages%2Ftoggige-arrow.jpg&path=%2Fhome%2Ffalconiapl2015%2Fpublic_html%2Fimages HTTP/2.0" 403 3449 "-" "Mozilla/5.0 AppleWebKit/537.36 (KHTML, like Gecko; compatible; ClaudeBot/1.0; +claudebot@anthropic.com)" 505 **0/505603**
74.7.227.0 - - [28/Mar/2026:05:19:11 -0700] "GET /?path=//var/spool HTTP/2.0" 200 2579 "https://falcon-ia.com/?path=//var" "Mozilla/5.0 AppleWebKit/537.36 (KHTML, like Gecko; compatible; GPTBot/1.3; +https://openai.com/gptbot)" 500 **0/500012**
85.208.96.209 - - [28/Mar/2026:05:19:12 -0700] "GET /commodity/gambling/porch171629913313 HTTP/1.1" 200 3956 "-" "Mozilla/5.0 (compatible; SemrushBot/7~bl; +http://www.semrush.com/bot.html)" 513 **0/513538**
216.73.216.162 - - [28/Mar/2026:05:19:12 -0700] "GET /item/1544469068?fileloc=%2Fhome%2Ffalconiapl2015%2Fpublic_html%2Fimages%2Ftoggige-arrow.jpg&path=%2Fhome%2Ffalconiapl2015%2Fpublic_html%2Fimages HTTP/2.0" 403 3449 "-" "Mozilla/5.0 AppleWebKit/537.36 (KHTML, like Gecko; compatible; ClaudeBot/1.0; +claudebot@anthropic.com)" 512 **0/512384**
74.7.227.0 - - [28/Mar/2026:05:19:14 -0700] "GET /?fileloc=//etc/my.cnf&path=//etc HTTP/2.0" 200 2992 "https://falcon-ia.com/?path=//etc" "Mozilla/5.0 AppleWebKit/537.36 (KHTML, like Gecko; compatible; GPTBot/1.3; +https://openai.com/gptbot)" 504 **0/504815**
216.73.216.162 - - [28/Mar/2026:05:19:15 -0700] "GET /item/1506238395?fileloc=%2Fhome%2Ffalconiapl2015%2Fpublic_html%2Fimages%2Ftoggige-arrow.jpg&path=%2Fhome%2Ffalconiapl2015%2Fpublic_html%2Fimages HTTP/2.0" 200 15949 "-" "Mozilla/5.0 AppleWebKit/537.36 (KHTML, like Gecko; compatible; ClaudeBot/1.0; +claudebot@anthropic.com)" 525 **0/525739**
198.244.240.32 - - [28/Mar/2026:05:19:17 -0700] "GET /lapalingo-casino-no-deposit-bonus/ HTTP/2.0" 200 3449 "-" "Mozilla/5.0 (compatible; AhrefsBot/7.0; +http://ahrefs.com/robot/)" 482 **0/482183**
74.7.227.0 - - [28/Mar/2026:05:19:17 -0700] "GET /?path=//etc/sasl2 HTTP/2.0" 200 2307 "https://falcon-ia.com/?path=//etc" "Mozilla/5.0 AppleWebKit/537.36 (KHTML, like Gecko; compatible; GPTBot/1.3; +https://openai.com/gptbot)" 502 **0/502583**
216.73.216.162 - - [28/Mar/2026:05:19:18 -0700] "GET /item/3538348604?fileloc=%2Fhome%2Ffalconiapl2015%2Fpublic_html%2Fimages%2Ftoggige-arrow.jpg&path=%2Fhome%2Ffalconiapl2015%2Fpublic_html%2Fimages HTTP/2.0" 200 15949 "-" "Mozilla/5.0 AppleWebKit/537.36 (KHTML, like Gecko; compatible; ClaudeBot/1.0; +claudebot@anthropic.com)" 510 **0/510298**
185.191.171.16 - - [28/Mar/2026:05:19:19 -0700] "GET /commodity/encouraging/lipitor17197926020 HTTP/1.1" 200 3956 "-" "Mozilla/5.0 (compatible; SemrushBot/7~bl; +http://www.semrush.com/bot.html)" 483 **0/483026**
74.7.227.0 - - [28/Mar/2026:05:19:20 -0700] "GET /?path=//var/cpanel HTTP/2.0" 200 2305 "https://falcon-ia.com/?path=//var" "Mozilla/5.0 AppleWebKit/537.36 (KHTML, like Gecko; compatible; GPTBot/1.3; +https://openai.com/gptbot)" 503 **0/503907**
216.73.216.162 - - [28/Mar/2026:05:19:21 -0700] "GET /item/3836470344?fileloc=%2Fhome%2Ffalconiapl2015%2Fpublic_html%2Fimages%2Ftoggige-arrow.jpg&path=%2Fhome%2Ffalconiapl2015%2Fpublic_html%2Fimages HTTP/2.0" 200 15949 "-" "Mozilla/5.0 AppleWebKit/537.36 (KHTML, like Gecko; compatible; ClaudeBot/1.0; +claudebot@anthropic.com)" 494 **0/494431**
74.7.227.0 - - [28/Mar/2026:05:19:24 -0700] "GET /?path=//etc/cpanel HTTP/2.0" 200 2305 "https://falcon-ia.com/?path=//etc" "Mozilla/5.0 AppleWebKit/537.36 (KHTML, like Gecko; compatible; GPTBot/1.3; +https://openai.com/gptbot)" 516 **0/516625**
216.73.216.162 - - [28/Mar/2026:05:19:24 -0700] "GET /item/3380251870?fileloc=%2Fhome%2Ffalconiapl2015%2Fpublic_html%2Fimages%2Ftoggige-arrow.jpg&path=%2Fhome%2Ffalconiapl2015%2Fpublic_html%2Fimages HTTP/2.0" 200 15949 "-" "Mozilla/5.0 AppleWebKit/537.36 (KHTML, like Gecko; compatible; ClaudeBot/1.0; +claudebot@anthropic.com)" 506 **0/506878**
185.191.171.15 - - [28/Mar/2026:05:19:25 -0700] "GET /commodity/wight/amount172189582601 HTTP/1.1" 200 3956 "-" "Mozilla/5.0 (compatible; SemrushBot/7~bl; +http://www.semrush.com/bot.html)" 493 **0/493279**
74.7.227.0 - - [28/Mar/2026:05:19:27 -0700] "GET /?path=//etc/gcrypt HTTP/2.0" 200 2568 "https://falcon-ia.com/?path=//etc" "Mozilla/5.0 AppleWebKit/537.36 (KHTML, like Gecko; compatible; GPTBot/1.3; +https://openai.com/gptbot)" 525 **0/525385**
216.73.216.162 - - [28/Mar/2026:05:19:27 -0700] "GET /item/3735693541?fileloc=%2Fhome%2Ffalconiapl2015%2Fpublic_html%2Fimages%2Ftoggige-arrow.jpg&path=%2Fhome%2Ffalconiapl2015%2Fpublic_html%2Fimages HTTP/2.0" 200 15949 "-" "Mozilla/5.0 AppleWebKit/537.36 (KHTML, like Gecko; compatible; ClaudeBot/1.0; +claudebot@anthropic.com)" 508 **0/508464**
185.191.171.5 - - [28/Mar/2026:05:19:29 -0700] "GET /commodity/ante/fusion171849053902 HTTP/1.1" 200 3956 "-" "Mozilla/5.0 (compatible; SemrushBot/7~bl; +http://www.semrush.com/bot.html)" 499 **0/499210**
74.7.227.0 - - [28/Mar/2026:05:19:30 -0700] "GET /?path=//etc/apache2 HTTP/2.0" 200 2545 "https://falcon-ia.com/?path=//etc" "Mozilla/5.0 AppleWebKit/537.36 (KHTML, like Gecko; compatible; GPTBot/1.3; +https://openai.com/gptbot)" 507 **0/507916**
216.73.216.162 - - [28/Mar/2026:05:19:30 -0700] "GET /item/832644308?fileloc=%2Fhome%2Ffalconiapl2015%2Fpublic_html%2Fimages%2Ftoggige-arrow.jpg&path=%2Fhome%2Ffalconiapl2015%2Fpublic_html%2Fimages HTTP/2.0" 200 15949 "-" "Mozilla/5.0 AppleWebKit/537.36 (KHTML, like Gecko; compatible; ClaudeBot/1.0; +claudebot@anthropic.com)" 490 **0/490445**
74.7.227.0 - - [28/Mar/2026:05:19:33 -0700] "GET /?path=//etc/default HTTP/2.0" 200 2675 "https://falcon-ia.com/?path=//etc" "Mozilla/5.0 AppleWebKit/537.36 (KHTML, like Gecko; compatible; GPTBot/1.3; +https://openai.com/gptbot)" 511 **0/511773**
216.73.216.162 - - [28/Mar/2026:05:19:33 -0700] "GET /item/2086546729?fileloc=%2Fhome%2Ffalconiapl2015%2Fpublic_html%2Fimages%2Ftoggige-arrow.jpg&path=%2Fhome%2Ffalconiapl2015%2Fpublic_html%2Fimages HTTP/2.0" 200 15949 "-" "Mozilla/5.0 AppleWebKit/537.36 (KHTML, like Gecko; compatible; ClaudeBot/1.0; +claudebot@anthropic.com)" 516 **0/516380**
114.119.155.69 - - [28/Mar/2026:05:19:33 -0700] "GET /commodity/wong/vx172120543498?fileloc=/home/falconiapl2015/public_html/license.txt&path=/home/falconiapl2015/public_html HTTP/1.1" 200 9840 "https://falcon-ia.com/commodity/wong/vx172120543498" "Mozilla/5.0 (Linux; Android 7.0;) AppleWebKit/537.36 (KHTML, like Gecko) Mobile Safari/537.36 (compatible; PetalBot;+https://webmaster.petalsearch.com/site/petalbot)" 516 **0/516362**
85.208.96.199 - - [28/Mar/2026:05:19:34 -0700] "GET /commodity/entertain/settlements172132590112 HTTP/1.1" 200 3956 "-" "Mozilla/5.0 (compatible; SemrushBot/7~bl; +http://www.semrush.com/bot.html)" 497 **0/497621**
74.7.227.0 - - [28/Mar/2026:05:19:36 -0700] "GET /?path=//var/imunify360 HTTP/2.0" 200 2551 "https://falcon-ia.com/?path=//var" "Mozilla/5.0 AppleWebKit/537.36 (KHTML, like Gecko; compatible; GPTBot/1.3; +https://openai.com/gptbot)" 494 **0/494820**
216.73.216.162 - - [28/Mar/2026:05:19:36 -0700] "GET /item/574924238?fileloc=%2Fhome%2Ffalconiapl2015%2Fpublic_html%2Fimages%2Ftoggige-arrow.jpg&path=%2Fhome%2Ffalconiapl2015%2Fpublic_html%2Fimages HTTP/2.0" 200 15949 "-" "Mozilla/5.0 AppleWebKit/537.36 (KHTML, like Gecko; compatible; ClaudeBot/1.0; +claudebot@anthropic.com)" 495 **0/495144**
85.208.96.202 - - [28/Mar/2026:05:19:39 -0700] "GET /commodity/convenient/migraine17179551611 HTTP/1.1" 200 3956 "-" "Mozilla/5.0 (compatible; SemrushBot/7~bl; +http://www.semrush.com/bot.html)" 533 **0/533559**
74.7.227.0 - - [28/Mar/2026:05:19:39 -0700] "GET /?path=//etc/imunify360 HTTP/2.0" 200 2554 "https://falcon-ia.com/?path=//etc" "Mozilla/5.0 AppleWebKit/537.36 (KHTML, like Gecko; compatible; GPTBot/1.3; +https://openai.com/gptbot)" 520 **0/520428**
216.73.216.162 - - [28/Mar/2026:05:19:39 -0700] "GET /item/3472237623?fileloc=%2Fhome%2Ffalconiapl2015%2Fpublic_html%2Fimages%2Ftoggige-arrow.jpg&path=%2Fhome%2Ffalconiapl2015%2Fpublic_html%2Fimages HTTP/2.0" 200 15949 "-" "Mozilla/5.0 AppleWebKit/537.36 (KHTML, like Gecko; compatible; ClaudeBot/1.0; +claudebot@anthropic.com)" 522 **0/522310**
17.22.237.139 - - [28/Mar/2026:05:19:42 -0700] "GET /roku-casino-100-free-spins/ HTTP/1.1" 200 3956 "-" "Mozilla/5.0 (Macintosh; Intel Mac OS X 10_15_7) AppleWebKit/605.1.15 (KHTML, like Gecko) Version/17.4 Safari/605.1.15 (Applebot/0.1; +http://www.apple.com/go/applebot)" 493 **0/493560**
216.73.216.162 - - [28/Mar/2026:05:19:42 -0700] "GET /item/2360712976?fileloc=%2Fhome%2Ffalconiapl2015%2Fpublic_html%2Fimages%2Ftoggige-arrow.jpg&path=%2Fhome%2Ffalconiapl2015%2Fpublic_html%2Fimages HTTP/2.0" 200 15949 "-" "Mozilla/5.0 AppleWebKit/537.36 (KHTML, like Gecko; compatible; ClaudeBot/1.0; +claudebot@anthropic.com)" 501 **0/501138**
74.7.227.0 - - [28/Mar/2026:05:19:43 -0700] "GET /?path=//var/www HTTP/2.0" 200 2574 "https://falcon-ia.com/?path=//var" "Mozilla/5.0 AppleWebKit/537.36 (KHTML, like Gecko; compatible; GPTBot/1.3; +https://openai.com/gptbot)" 513 **0/513227**
85.208.96.201 - - [28/Mar/2026:05:19:43 -0700] "GET /commodity/moldova/dixon172017299876 HTTP/1.1" 200 3956 "-" "Mozilla/5.0 (compatible; SemrushBot/7~bl; +http://www.semrush.com/bot.html)" 502 **0/502195**
216.73.216.162 - - [28/Mar/2026:05:19:45 -0700] "GET /item/69930190?fileloc=%2Fhome%2Ffalconiapl2015%2Fpublic_html%2Fimages%2Ftoggige-arrow.jpg&path=%2Fhome%2Ffalconiapl2015%2Fpublic_html%2Fimages HTTP/2.0" 200 15949 "-" "Mozilla/5.0 AppleWebKit/537.36 (KHTML, like Gecko; compatible; ClaudeBot/1.0; +claudebot@anthropic.com)" 497 **0/497253**
74.7.227.0 - - [28/Mar/2026:05:19:46 -0700] "GET /?fileloc=//etc/.etc.version&path=//etc HTTP/2.0" 200 2249 "https://falcon-ia.com/?path=//etc" "Mozilla/5.0 AppleWebKit/537.36 (KHTML, like Gecko; compatible; GPTBot/1.3; +https://openai.com/gptbot)" 511 **0/511947**
