74.7.227.0 - - [28/Mar/2026:05:50:12 -0700] "GET /?path=//lib/locale HTTP/2.0" 200 3471 "https://falcon-ia.com/?path=//lib" "Mozilla/5.0 AppleWebKit/537.36 (KHTML, like Gecko; compatible; GPTBot/1.3; +https://openai.com/gptbot)" 527 **0/527164**
54.37.252.212 - - [28/Mar/2026:05:50:14 -0700] "GET /?fileloc=/home/falconiapl2015/public_html/wp-includes/class-wp-recovery-mode-email-service.php&path=/home/falconiapl2015/public_html/wp-includes HTTP/1.1" 200 5703 "-" "Mozilla/5.0 (compatible; MJ12bot/v1.4.8; http://mj12bot.com/)" 506 **0/506763**
216.73.216.162 - - [28/Mar/2026:05:50:14 -0700] "GET /item/1034558009?path=%2Fhome%2Ffalconiapl2015%2F.cache HTTP/2.0" 403 3449 "-" "Mozilla/5.0 AppleWebKit/537.36 (KHTML, like Gecko; compatible; ClaudeBot/1.0; +claudebot@anthropic.com)" 508 **0/508578**
74.7.227.0 - - [28/Mar/2026:05:50:15 -0700] "GET /?fileloc=//usr/lib64/libssh2.so.1.0.1&path=//usr/lib64 HTTP/2.0" 200 97630 "https://falcon-ia.com/?path=//usr/lib64" "Mozilla/5.0 AppleWebKit/537.36 (KHTML, like Gecko; compatible; GPTBot/1.3; +https://openai.com/gptbot)" 581 **0/581624**
216.73.216.162 - - [28/Mar/2026:05:50:17 -0700] "GET /item/4153129618?path=%2Fhome%2Ffalconiapl2015%2Fpublic_html%2Fwp-includes%2FRequests HTTP/2.0" 403 3449 "-" "Mozilla/5.0 AppleWebKit/537.36 (KHTML, like Gecko; compatible; ClaudeBot/1.0; +claudebot@anthropic.com)" 500 **0/500214**
54.37.252.212 - - [28/Mar/2026:05:50:18 -0700] "GET /?fileloc=/home/falconiapl2015/public_html/wp-includes/class-wp-recovery-mode-key-service.php&path=/home/falconiapl2015/public_html/wp-includes HTTP/1.1" 200 3606 "-" "Mozilla/5.0 (compatible; MJ12bot/v1.4.8; http://mj12bot.com/)" 482 **0/482942**
74.7.227.0 - - [28/Mar/2026:05:50:18 -0700] "GET /?fileloc=//usr/lib64/libtss2-mu.so.0.0.0&path=//usr/lib64 HTTP/2.0" 200 60066 "https://falcon-ia.com/?path=//usr/lib64" "Mozilla/5.0 AppleWebKit/537.36 (KHTML, like Gecko; compatible; GPTBot/1.3; +https://openai.com/gptbot)" 526 **0/526021**
216.73.216.162 - - [28/Mar/2026:05:50:20 -0700] "GET /item/2188300321?path=%2Fhome%2Ffalconiapl2015%2F.cache HTTP/2.0" 403 3449 "-" "Mozilla/5.0 AppleWebKit/537.36 (KHTML, like Gecko; compatible; ClaudeBot/1.0; +claudebot@anthropic.com)" 502 **0/502429**
74.7.227.0 - - [28/Mar/2026:05:50:21 -0700] "GET /?fileloc=//usr/lib64/librpmsign.so.8.2.0&path=//usr/lib64 HTTP/2.0" 200 11049 "https://falcon-ia.com/?path=//usr/lib64" "Mozilla/5.0 AppleWebKit/537.36 (KHTML, like Gecko; compatible; GPTBot/1.3; +https://openai.com/gptbot)" 518 **0/518110**
114.119.151.172 - - [28/Mar/2026:05:50:22 -0700] "GET /commodity/vegetation/flights171896699596?path=/ HTTP/1.1" 200 3255 "https://falcon-ia.com/commodity/vegetation/flights171896699596" "Mozilla/5.0 (Linux; Android 7.0;) AppleWebKit/537.36 (KHTML, like Gecko) Mobile Safari/537.36 (compatible; PetalBot;+https://webmaster.petalsearch.com/site/petalbot)" 533 **0/533487**
54.37.252.212 - - [28/Mar/2026:05:50:22 -0700] "GET /?fileloc=/home/falconiapl2015/public_html/wp-includes/class-wp-recovery-mode-link-service.php&path=/home/falconiapl2015/public_html/wp-includes HTTP/1.1" 200 3375 "-" "Mozilla/5.0 (compatible; MJ12bot/v1.4.8; http://mj12bot.com/)" 518 **0/518627**
216.73.216.162 - - [28/Mar/2026:05:50:23 -0700] "GET /item/637910088?path=%2Fhome%2Ffalconiapl2015%2F.cache HTTP/2.0" 403 3449 "-" "Mozilla/5.0 AppleWebKit/537.36 (KHTML, like Gecko; compatible; ClaudeBot/1.0; +claudebot@anthropic.com)" 507 **0/507596**
74.7.227.0 - - [28/Mar/2026:05:50:25 -0700] "GET /?fileloc=//usr/lib64/libpixman-1.so.0.38.4&path=//usr/lib64 HTTP/2.0" 200 220681 "https://falcon-ia.com/?path=//usr/lib64" "Mozilla/5.0 AppleWebKit/537.36 (KHTML, like Gecko; compatible; GPTBot/1.3; +https://openai.com/gptbot)" 650 **0/650342**
54.37.252.212 - - [28/Mar/2026:05:50:26 -0700] "GET /?fileloc=/home/falconiapl2015/public_html/wp-includes/class-wp-recovery-mode.php&path=/home/falconiapl2015/public_html/wp-includes HTTP/1.1" 200 5359 "-" "Mozilla/5.0 (compatible; MJ12bot/v1.4.8; http://mj12bot.com/)" 509 **0/509828**
216.73.216.162 - - [28/Mar/2026:05:50:26 -0700] "GET /item/2911296009?path=%2Fhome%2Ffalconiapl2015%2F.cache HTTP/2.0" 403 3449 "-" "Mozilla/5.0 AppleWebKit/537.36 (KHTML, like Gecko; compatible; ClaudeBot/1.0; +claudebot@anthropic.com)" 500 **0/500159**
74.7.227.0 - - [28/Mar/2026:05:50:28 -0700] "GET /?fileloc=//usr/lib64/libxtables.so.12.3.0&path=//usr/lib64 HTTP/2.0" 200 25076 "https://falcon-ia.com/?path=//usr/lib64" "Mozilla/5.0 AppleWebKit/537.36 (KHTML, like Gecko; compatible; GPTBot/1.3; +https://openai.com/gptbot)" 582 **0/582792**
216.73.216.162 - - [28/Mar/2026:05:50:29 -0700] "GET /item/3099356623?path=%2Fhome%2Ffalconiapl2015%2Fpublic_html%2Fwp-includes%2FSimplePie HTTP/2.0" 403 3449 "-" "Mozilla/5.0 AppleWebKit/537.36 (KHTML, like Gecko; compatible; ClaudeBot/1.0; +claudebot@anthropic.com)" 553 **0/553913**
54.37.252.212 - - [28/Mar/2026:05:50:31 -0700] "GET /?fileloc=/home/falconiapl2015/public_html/wp-includes/class-wp-role.php&path=/home/falconiapl2015/public_html/wp-includes HTTP/1.1" 200 2989 "-" "Mozilla/5.0 (compatible; MJ12bot/v1.4.8; http://mj12bot.com/)" 531 **0/531062**
74.7.227.0 - - [28/Mar/2026:05:50:31 -0700] "GET /?fileloc=//usr/lib64/libxcb-xkb.so&path=//usr/lib64 HTTP/2.0" 200 30085 "https://falcon-ia.com/?path=//usr/lib64" "Mozilla/5.0 AppleWebKit/537.36 (KHTML, like Gecko; compatible; GPTBot/1.3; +https://openai.com/gptbot)" 537 **0/537441**
216.73.216.162 - - [28/Mar/2026:05:50:32 -0700] "GET /item/3939568476?path=%2Fhome%2Ffalconiapl2015%2Fpublic_html%2Fwp-includes%2FRequests HTTP/2.0" 403 3449 "-" "Mozilla/5.0 AppleWebKit/537.36 (KHTML, like Gecko; compatible; ClaudeBot/1.0; +claudebot@anthropic.com)" 570 **0/570717**
74.7.227.0 - - [28/Mar/2026:05:50:34 -0700] "GET /?fileloc=//usr/lib64/libdrm_radeon.so.1&path=//usr/lib64 HTTP/2.0" 200 21154 "https://falcon-ia.com/?path=//usr/lib64" "Mozilla/5.0 AppleWebKit/537.36 (KHTML, like Gecko; compatible; GPTBot/1.3; +https://openai.com/gptbot)" 528 **0/528335**
54.37.252.212 - - [28/Mar/2026:05:50:35 -0700] "GET /?fileloc=/home/falconiapl2015/public_html/wp-includes/class-wp-script-modules.php&path=/home/falconiapl2015/public_html/wp-includes HTTP/1.1" 200 9823 "-" "Mozilla/5.0 (compatible; MJ12bot/v1.4.8; http://mj12bot.com/)" 530 **0/530450**
216.73.216.162 - - [28/Mar/2026:05:50:35 -0700] "GET /item/788457145?path=%2Fhome%2Ffalconiapl2015%2Fpublic_html%2Fwp-includes%2FSimplePie HTTP/2.0" 403 3449 "-" "Mozilla/5.0 AppleWebKit/537.36 (KHTML, like Gecko; compatible; ClaudeBot/1.0; +claudebot@anthropic.com)" 502 **0/502874**
74.7.227.0 - - [28/Mar/2026:05:50:37 -0700] "GET /?path=//usr/lib64/tk8.6 HTTP/2.0" 200 2580 "https://falcon-ia.com/?path=//usr/lib64" "Mozilla/5.0 AppleWebKit/537.36 (KHTML, like Gecko; compatible; GPTBot/1.3; +https://openai.com/gptbot)" 510 **0/510802**
216.73.216.162 - - [28/Mar/2026:05:50:38 -0700] "GET /item/2105062828?path=%2Fhome%2Ffalconiapl2015%2Fpublic_html%2Fwp-includes%2FRequests HTTP/2.0" 403 3449 "-" "Mozilla/5.0 AppleWebKit/537.36 (KHTML, like Gecko; compatible; ClaudeBot/1.0; +claudebot@anthropic.com)" 517 **0/517694**
54.37.252.212 - - [28/Mar/2026:05:50:39 -0700] "GET /?fileloc=/home/falconiapl2015/public_html/wp-includes/class-wp-scripts.php&path=/home/falconiapl2015/public_html/wp-includes HTTP/1.1" 200 10115 "-" "Mozilla/5.0 (compatible; MJ12bot/v1.4.8; http://mj12bot.com/)" 518 **0/518774**
74.7.227.0 - - [28/Mar/2026:05:50:40 -0700] "GET /?path=//lib/dracut HTTP/2.0" 200 2888 "https://falcon-ia.com/?path=//lib" "Mozilla/5.0 AppleWebKit/537.36 (KHTML, like Gecko; compatible; GPTBot/1.3; +https://openai.com/gptbot)" 491 **0/491630**
216.73.216.162 - - [28/Mar/2026:05:50:41 -0700] "GET /item/4160306127?path=%2F%2Flib%2Flocale%2Fde_BE.utf8 HTTP/2.0" 403 3449 "-" "Mozilla/5.0 AppleWebKit/537.36 (KHTML, like Gecko; compatible; ClaudeBot/1.0; +claudebot@anthropic.com)" 508 **0/508764**
54.37.252.212 - - [28/Mar/2026:05:50:43 -0700] "GET /?fileloc=/home/falconiapl2015/public_html/wp-includes/class-wp-session-tokens.php&path=/home/falconiapl2015/public_html/wp-includes HTTP/1.1" 200 4078 "-" "Mozilla/5.0 (compatible; MJ12bot/v1.4.8; http://mj12bot.com/)" 491 **0/491744**
74.7.227.0 - - [28/Mar/2026:05:50:44 -0700] "GET /?fileloc=//bin/dnstap-read&path=//bin HTTP/2.0" 200 8209 "https://falcon-ia.com/?path=//bin" "Mozilla/5.0 AppleWebKit/537.36 (KHTML, like Gecko; compatible; GPTBot/1.3; +https://openai.com/gptbot)" 531 **0/531191**
216.73.216.162 - - [28/Mar/2026:05:50:44 -0700] "GET /item/3541337044?path=%2Fhome%2Ffalconiapl2015%2Fpublic_html%2Fwp-includes%2FSimplePie HTTP/2.0" 200 2738 "-" "Mozilla/5.0 AppleWebKit/537.36 (KHTML, like Gecko; compatible; ClaudeBot/1.0; +claudebot@anthropic.com)" 489 **0/489597**
74.7.227.0 - - [28/Mar/2026:05:50:47 -0700] "GET /?path=//usr/lib64/tcl8.6 HTTP/2.0" 200 2676 "https://falcon-ia.com/?path=//usr/lib64" "Mozilla/5.0 AppleWebKit/537.36 (KHTML, like Gecko; compatible; GPTBot/1.3; +https://openai.com/gptbot)" 500 **0/500586**
54.37.252.212 - - [28/Mar/2026:05:50:47 -0700] "GET /?fileloc=/home/falconiapl2015/public_html/wp-includes/class-wp-simplepie-file.php&path=/home/falconiapl2015/public_html/wp-includes HTTP/1.1" 200 3628 "-" "Mozilla/5.0 (compatible; MJ12bot/v1.4.8; http://mj12bot.com/)" 513 **0/513906**
216.73.216.162 - - [28/Mar/2026:05:50:47 -0700] "GET /item/3377275916?path=%2Fhome%2Ffalconiapl2015%2Fpublic_html%2Fwp-includes%2FSimplePie HTTP/2.0" 200 2738 "-" "Mozilla/5.0 AppleWebKit/537.36 (KHTML, like Gecko; compatible; ClaudeBot/1.0; +claudebot@anthropic.com)" 493 **0/493758**
74.7.227.0 - - [28/Mar/2026:05:50:50 -0700] "GET /?path=//usr/lib64/gdk-pixbuf-2.0 HTTP/2.0" 200 2565 "https://falcon-ia.com/?path=//usr/lib64" "Mozilla/5.0 AppleWebKit/537.36 (KHTML, like Gecko; compatible; GPTBot/1.3; +https://openai.com/gptbot)" 502 **0/502050**
216.73.216.162 - - [28/Mar/2026:05:50:50 -0700] "GET /item/473567853?path=%2Fhome%2Ffalconiapl2015%2Fpublic_html%2Fwp-includes%2FRequests HTTP/2.0" 200 2691 "-" "Mozilla/5.0 AppleWebKit/537.36 (KHTML, like Gecko; compatible; ClaudeBot/1.0; +claudebot@anthropic.com)" 497 **0/497540**
54.37.252.212 - - [28/Mar/2026:05:50:52 -0700] "GET /?fileloc=/home/falconiapl2015/public_html/wp-includes/class-wp-simplepie-sanitize-kses.php&path=/home/falconiapl2015/public_html/wp-includes HTTP/1.1" 200 3145 "-" "Mozilla/5.0 (compatible; MJ12bot/v1.4.8; http://mj12bot.com/)" 537 **0/537248**
74.7.227.0 - - [28/Mar/2026:05:50:53 -0700] "GET /?path=//usr/lib64/engines-1.1 HTTP/2.0" 200 2700 "https://falcon-ia.com/?path=//usr/lib64" "Mozilla/5.0 AppleWebKit/537.36 (KHTML, like Gecko; compatible; GPTBot/1.3; +https://openai.com/gptbot)" 504 **0/504693**
216.73.216.162 - - [28/Mar/2026:05:50:55 -0700] "GET /item/2628369433?path=%2Fhome%2Ffalconiapl2015%2Fpublic_html%2Fwp-admin HTTP/2.0" 200 5481 "-" "Mozilla/5.0 AppleWebKit/537.36 (KHTML, like Gecko; compatible; ClaudeBot/1.0; +claudebot@anthropic.com)" 495 **0/495288**
54.37.252.212 - - [28/Mar/2026:05:50:56 -0700] "GET /?fileloc=/home/falconiapl2015/public_html/wp-includes/class-wp-site-query.php&path=/home/falconiapl2015/public_html/wp-includes HTTP/1.1" 200 8930 "-" "Mozilla/5.0 (compatible; MJ12bot/v1.4.8; http://mj12bot.com/)" 536 **0/536293**
74.7.227.0 - - [28/Mar/2026:05:50:56 -0700] "GET /?path=//lib/python3.12 HTTP/2.0" 200 2554 "https://falcon-ia.com/?path=//lib" "Mozilla/5.0 AppleWebKit/537.36 (KHTML, like Gecko; compatible; GPTBot/1.3; +https://openai.com/gptbot)" 490 **0/490222**
216.73.216.162 - - [28/Mar/2026:05:50:57 -0700] "GET /item/53255110?path=%2Fhome%2Ffalconiapl2015%2Fpublic_html%2Fwp-includes HTTP/2.0" 200 10191 "-" "Mozilla/5.0 AppleWebKit/537.36 (KHTML, like Gecko; compatible; ClaudeBot/1.0; +claudebot@anthropic.com)" 551 **0/551927**
74.7.227.0 - - [28/Mar/2026:05:51:00 -0700] "GET /?path=//usr/libexec HTTP/2.0" 200 2934 "https://falcon-ia.com/?path=//usr" "Mozilla/5.0 AppleWebKit/537.36 (KHTML, like Gecko; compatible; GPTBot/1.3; +https://openai.com/gptbot)" 499 **0/499486**
54.37.252.212 - - [28/Mar/2026:05:51:00 -0700] "GET /?fileloc=/home/falconiapl2015/public_html/wp-includes/class-wp-site.php&path=/home/falconiapl2015/public_html/wp-includes HTTP/1.1" 200 4277 "-" "Mozilla/5.0 (compatible; MJ12bot/v1.4.8; http://mj12bot.com/)" 500 **0/500324**
216.73.216.162 - - [28/Mar/2026:05:51:00 -0700] "GET /item/2105062828?path=%2Fhome%2Ffalconiapl2015%2Fpublic_html%2Fwp-includes%2Fblock-bindings HTTP/2.0" 200 2739 "-" "Mozilla/5.0 AppleWebKit/537.36 (KHTML, like Gecko; compatible; ClaudeBot/1.0; +claudebot@anthropic.com)" 496 **0/496380**
74.7.227.0 - - [28/Mar/2026:05:51:03 -0700] "GET /?path=//lib/modules HTTP/2.0" 200 2638 "https://falcon-ia.com/?path=//lib" "Mozilla/5.0 AppleWebKit/537.36 (KHTML, like Gecko; compatible; GPTBot/1.3; +https://openai.com/gptbot)" 534 **0/534882**
216.73.216.162 - - [28/Mar/2026:05:51:03 -0700] "GET /item/4279915768?fileloc=%2Fhome%2Ffalconiapl2015%2Fpublic_html%2Fwp-includes%2Fclass.wp-scripts.php&path=%2Fhome%2Ffalconiapl2015%2Fpublic_html%2Fwp-includes HTTP/2.0" 200 2455 "-" "Mozilla/5.0 AppleWebKit/537.36 (KHTML, like Gecko; compatible; ClaudeBot/1.0; +claudebot@anthropic.com)" 509 **0/509952**
54.37.252.212 - - [28/Mar/2026:05:51:04 -0700] "GET /?fileloc=/home/falconiapl2015/public_html/wp-includes/class-wp-speculation-rules.php&path=/home/falconiapl2015/public_html/wp-includes HTTP/1.1" 200 3960 "-" "Mozilla/5.0 (compatible; MJ12bot/v1.4.8; http://mj12bot.com/)" 499 **0/499559**
74.7.227.0 - - [28/Mar/2026:05:51:06 -0700] "GET /?path=//usr/include HTTP/2.0" 200 9114 "https://falcon-ia.com/?path=//usr" "Mozilla/5.0 AppleWebKit/537.36 (KHTML, like Gecko; compatible; GPTBot/1.3; +https://openai.com/gptbot)" 526 **0/526263**
52.167.144.171 - - [28/Mar/2026:05:51:05 -0700] "GET /commodity/richter/atreyu17205172292 HTTP/2.0" 200 28918 "-" "Mozilla/5.0 AppleWebKit/537.36 (KHTML, like Gecko; compatible; bingbot/2.0; +http://www.bing.com/bingbot.htm) Chrome/116.0.1938.76 Safari/537.36" 1635 **1/1635856**
216.73.216.162 - - [28/Mar/2026:05:51:06 -0700] "GET /item/664367285?path=%2Fhome%2Ffalconiapl2015%2Fpublic_html HTTP/2.0" 200 3449 "-" "Mozilla/5.0 AppleWebKit/537.36 (KHTML, like Gecko; compatible; ClaudeBot/1.0; +claudebot@anthropic.com)" 497 **0/497708**
54.37.252.212 - - [28/Mar/2026:05:51:08 -0700] "GET /?fileloc=/home/falconiapl2015/public_html/wp-includes/class-wp-styles.php&path=/home/falconiapl2015/public_html/wp-includes HTTP/1.1" 200 5822 "-" "Mozilla/5.0 (compatible; MJ12bot/v1.4.8; http://mj12bot.com/)" 523 **0/523095**
74.7.227.0 - - [28/Mar/2026:05:51:09 -0700] "GET /?path=//usr/lib64/krb5 HTTP/2.0" 200 2555 "https://falcon-ia.com/?path=//usr/lib64" "Mozilla/5.0 AppleWebKit/537.36 (KHTML, like Gecko; compatible; GPTBot/1.3; +https://openai.com/gptbot)" 506 **0/506689**
216.73.216.162 - - [28/Mar/2026:05:51:09 -0700] "GET /item/3720483053?path=%2Fhome%2Ffalconiapl2015%2Fpublic_html%2Fwp-includes%2Fblock-bindings HTTP/2.0" 200 2739 "-" "Mozilla/5.0 AppleWebKit/537.36 (KHTML, like Gecko; compatible; ClaudeBot/1.0; +claudebot@anthropic.com)" 485 **0/485652**
74.7.227.0 - - [28/Mar/2026:05:51:12 -0700] "GET /?path=//usr/lib64/sse2 HTTP/2.0" 200 2316 "https://falcon-ia.com/?path=//usr/lib64" "Mozilla/5.0 AppleWebKit/537.36 (KHTML, like Gecko; compatible; GPTBot/1.3; +https://openai.com/gptbot)" 526 **0/526044**
54.37.252.212 - - [28/Mar/2026:05:51:12 -0700] "GET /?fileloc=/home/falconiapl2015/public_html/wp-includes/class-wp-tax-query.php&path=/home/falconiapl2015/public_html/wp-includes HTTP/1.1" 200 7510 "-" "Mozilla/5.0 (compatible; MJ12bot/v1.4.8; http://mj12bot.com/)" 517 **0/517676**
216.73.216.162 - - [28/Mar/2026:05:51:12 -0700] "GET /item/1366320565?path=%2Fhome%2Ffalconiapl2015%2Fpublic_html%2F.easyssl_backup%2Fwp-includes HTTP/2.0" 200 2670 "-" "Mozilla/5.0 AppleWebKit/537.36 (KHTML, like Gecko; compatible; ClaudeBot/1.0; +claudebot@anthropic.com)" 518 **0/518601**
85.208.96.202 - - [28/Mar/2026:05:51:15 -0700] "GET /commodity/sander/overcast171878967682 HTTP/1.1" 200 3956 "-" "Mozilla/5.0 (compatible; SemrushBot/7~bl; +http://www.semrush.com/bot.html)" 510 **0/510149**
74.7.227.0 - - [28/Mar/2026:05:51:15 -0700] "GET /?path=//lib/icinga2 HTTP/2.0" 200 2610 "https://falcon-ia.com/?path=//lib" "Mozilla/5.0 AppleWebKit/537.36 (KHTML, like Gecko; compatible; GPTBot/1.3; +https://openai.com/gptbot)" 488 **0/488181**
216.73.216.162 - - [28/Mar/2026:05:51:15 -0700] "GET /item/3053370252?path=%2Fhome%2Ffalconiapl2015%2Fpublic_html%2Fwp-includes HTTP/2.0" 200 10191 "-" "Mozilla/5.0 AppleWebKit/537.36 (KHTML, like Gecko; compatible; ClaudeBot/1.0; +claudebot@anthropic.com)" 503 **0/503746**
54.37.252.212 - - [28/Mar/2026:05:51:17 -0700] "GET /?fileloc=/home/falconiapl2015/public_html/wp-includes/class-wp-taxonomy.php&path=/home/falconiapl2015/public_html/wp-includes HTTP/1.1" 200 6637 "-" "Mozilla/5.0 (compatible; MJ12bot/v1.4.8; http://mj12bot.com/)" 535 **0/535105**
216.73.216.162 - - [28/Mar/2026:05:51:18 -0700] "GET /item/2242035754?path=%2Fhome%2Ffalconiapl2015%2Fpublic_html%2F.easyssl_backup%2Fwp-includes HTTP/2.0" 200 2670 "-" "Mozilla/5.0 AppleWebKit/537.36 (KHTML, like Gecko; compatible; ClaudeBot/1.0; +claudebot@anthropic.com)" 513 **0/513487**
74.7.227.0 - - [28/Mar/2026:05:51:18 -0700] "GET /?path=//usr/lib64/python3.12 HTTP/2.0" 200 7893 "https://falcon-ia.com/?path=//usr/lib64" "Mozilla/5.0 AppleWebKit/537.36 (KHTML, like Gecko; compatible; GPTBot/1.3; +https://openai.com/gptbot)" 540 **0/540245**
40.77.167.24 - - [28/Mar/2026:05:51:18 -0700] "GET /canl%C4%B1-rulet-depozito-yok-say%C4%B1-analiz/ HTTP/2.0" 200 30079 "-" "Mozilla/5.0 AppleWebKit/537.36 (KHTML, like Gecko; compatible; bingbot/2.0; +http://www.bing.com/bingbot.htm) Chrome/116.0.1938.76 Safari/537.36" 1709 **1/1709145**
185.191.171.5 - - [28/Mar/2026:05:51:20 -0700] "GET /commodity/contraception/premiere171745358518 HTTP/1.1" 200 3956 "-" "Mozilla/5.0 (compatible; SemrushBot/7~bl; +http://www.semrush.com/bot.html)" 494 **0/494105**
54.37.252.212 - - [28/Mar/2026:05:51:21 -0700] "GET /?fileloc=/home/falconiapl2015/public_html/wp-includes/class-wp-term-plain.php&path=/home/falconiapl2015/public_html/wp-includes HTTP/1.1" 200 2280 "-" "Mozilla/5.0 (compatible; MJ12bot/v1.4.8; http://mj12bot.com/)" 531 **0/531156**
216.73.216.162 - - [28/Mar/2026:05:51:21 -0700] "GET /item/514587713?fileloc=%2Fhome%2Ffalconiapl2015%2Fpublic_html%2Fwp-includes%2Fclass-wp-script-modules.php&path=%2Fhome%2Ffalconiapl2015%2Fpublic_html%2Fwp-includes HTTP/2.0" 200 9823 "-" "Mozilla/5.0 AppleWebKit/537.36 (KHTML, like Gecko; compatible; ClaudeBot/1.0; +claudebot@anthropic.com)" 510 **0/510738**
74.7.227.0 - - [28/Mar/2026:05:51:22 -0700] "GET /?fileloc=//bin/ps2pdf14&path=//bin HTTP/2.0" 200 2385 "https://falcon-ia.com/?path=//bin" "Mozilla/5.0 AppleWebKit/537.36 (KHTML, like Gecko; compatible; GPTBot/1.3; +https://openai.com/gptbot)" 501 **0/501471**
216.73.216.162 - - [28/Mar/2026:05:51:24 -0700] "GET /item/3502849983?path=%2Fhome%2Ffalconiapl2015%2Fpublic_html%2Fwp-admin HTTP/2.0" 200 5481 "-" "Mozilla/5.0 AppleWebKit/537.36 (KHTML, like Gecko; compatible; ClaudeBot/1.0; +claudebot@anthropic.com)" 523 **0/523600**
85.208.96.212 - - [28/Mar/2026:05:51:25 -0700] "GET /commodity/admission/lan171657167597 HTTP/1.1" 200 3956 "-" "Mozilla/5.0 (compatible; SemrushBot/7~bl; +http://www.semrush.com/bot.html)" 488 **0/488065**
74.7.227.0 - - [28/Mar/2026:05:51:25 -0700] "GET /?fileloc=//bin/ps2pdf13&path=//bin HTTP/2.0" 200 2385 "https://falcon-ia.com/?path=//bin" "Mozilla/5.0 AppleWebKit/537.36 (KHTML, like Gecko; compatible; GPTBot/1.3; +https://openai.com/gptbot)" 532 **0/532592**
54.37.252.212 - - [28/Mar/2026:05:51:25 -0700] "GET /?fileloc=/home/falconiapl2015/public_html/wp-includes/class-wp-term-query.php&path=/home/falconiapl2015/public_html/wp-includes HTTP/1.1" 200 11391 "-" "Mozilla/5.0 (compatible; MJ12bot/v1.4.8; http://mj12bot.com/)" 516 **0/516005**
216.73.216.162 - - [28/Mar/2026:05:51:27 -0700] "GET /item/3939568476?path=%2Fhome%2Ffalconiapl2015%2Fpublic_html%2Fwp-includes%2Fblock-bindings HTTP/2.0" 200 2739 "-" "Mozilla/5.0 AppleWebKit/537.36 (KHTML, like Gecko; compatible; ClaudeBot/1.0; +claudebot@anthropic.com)" 530 **0/530111**
74.7.227.0 - - [28/Mar/2026:05:51:28 -0700] "GET /?path=//run/cagefs HTTP/2.0" 200 2551 "https://falcon-ia.com/?path=//run" "Mozilla/5.0 AppleWebKit/537.36 (KHTML, like Gecko; compatible; GPTBot/1.3; +https://openai.com/gptbot)" 495 **0/495029**
54.37.252.212 - - [28/Mar/2026:05:51:29 -0700] "GET /?fileloc=/home/falconiapl2015/public_html/wp-includes/class-wp-text-diff-renderer-inline.php&path=/home/falconiapl2015/public_html/wp-includes HTTP/1.1" 200 2747 "-" "Mozilla/5.0 (compatible; MJ12bot/v1.4.8; http://mj12bot.com/)" 514 **0/514050**
185.191.171.2 - - [28/Mar/2026:05:51:29 -0700] "GET /commodity/strauss/understands171913522581 HTTP/1.1" 200 3956 "-" "Mozilla/5.0 (compatible; SemrushBot/7~bl; +http://www.semrush.com/bot.html)" 488 **0/488643**
216.73.216.162 - - [28/Mar/2026:05:51:31 -0700] "GET /item/4039807140?path=%2Fhome%2Ffalconiapl2015%2Fpublic_html%2Fwp-includes%2Fjs HTTP/2.0" 200 5595 "-" "Mozilla/5.0 AppleWebKit/537.36 (KHTML, like Gecko; compatible; ClaudeBot/1.0; +claudebot@anthropic.com)" 504 **0/504890**
74.7.227.0 - - [28/Mar/2026:05:51:31 -0700] "GET /?path=//usr/lib64/python2.7 HTTP/2.0" 200 14418 "https://falcon-ia.com/?path=//usr/lib64" "Mozilla/5.0 AppleWebKit/537.36 (KHTML, like Gecko; compatible; GPTBot/1.3; +https://openai.com/gptbot)" 559 **0/559591**
54.37.252.212 - - [28/Mar/2026:05:51:33 -0700] "GET /?fileloc=/home/falconiapl2015/public_html/wp-includes/class-wp-token-map.php&path=/home/falconiapl2015/public_html/wp-includes HTTP/1.1" 200 10166 "-" "Mozilla/5.0 (compatible; MJ12bot/v1.4.8; http://mj12bot.com/)" 512 **0/512380**
216.73.216.162 - - [28/Mar/2026:05:51:34 -0700] "GET /item/1954883964?path=%2Fhome%2Ffalconiapl2015%2Fpublic_html%2Fwp-admin HTTP/2.0" 200 5481 "-" "Mozilla/5.0 AppleWebKit/537.36 (KHTML, like Gecko; compatible; ClaudeBot/1.0; +claudebot@anthropic.com)" 507 **0/507233**
74.7.227.0 - - [28/Mar/2026:05:51:34 -0700] "GET /?path=//lib/systemd HTTP/2.0" 200 4300 "https://falcon-ia.com/?path=//lib" "Mozilla/5.0 AppleWebKit/537.36 (KHTML, like Gecko; compatible; GPTBot/1.3; +https://openai.com/gptbot)" 493 **0/493465**
185.191.171.2 - - [28/Mar/2026:05:51:34 -0700] "GET /commodity/anglican/safeguards17212514777 HTTP/1.1" 200 3956 "-" "Mozilla/5.0 (compatible; SemrushBot/7~bl; +http://www.semrush.com/bot.html)" 491 **0/491928**
216.73.216.162 - - [28/Mar/2026:05:51:37 -0700] "GET /item/2829936279?path=%2Fhome%2Ffalconiapl2015%2Fpublic_html%2Fwp-includes%2Fjs HTTP/2.0" 200 5595 "-" "Mozilla/5.0 AppleWebKit/537.36 (KHTML, like Gecko; compatible; ClaudeBot/1.0; +claudebot@anthropic.com)" 505 **0/505894**
74.7.227.0 - - [28/Mar/2026:05:51:37 -0700] "GET /?path=//run/console HTTP/2.0" 200 2307 "https://falcon-ia.com/?path=//run" "Mozilla/5.0 AppleWebKit/537.36 (KHTML, like Gecko; compatible; GPTBot/1.3; +https://openai.com/gptbot)" 540 **0/540199**
54.37.252.212 - - [28/Mar/2026:05:51:38 -0700] "GET /?fileloc=/home/falconiapl2015/public_html/wp-includes/class-wp-url-pattern-prefixer.php&path=/home/falconiapl2015/public_html/wp-includes HTTP/1.1" 200 3813 "-" "Mozilla/5.0 (compatible; MJ12bot/v1.4.8; http://mj12bot.com/)" 509 **0/509372**
185.191.171.1 - - [28/Mar/2026:05:51:39 -0700] "GET /commodity/gamer/identifiable172126736550 HTTP/1.1" 200 3956 "-" "Mozilla/5.0 (compatible; SemrushBot/7~bl; +http://www.semrush.com/bot.html)" 508 **0/508369**
216.73.216.162 - - [28/Mar/2026:05:51:40 -0700] "GET /item/1527957511?path=%2Fhome%2Ffalconiapl2015%2Fpublic_html%2Fwp-includes%2Fblocks%2Fnavigation-submenu HTTP/2.0" 200 2779 "-" "Mozilla/5.0 AppleWebKit/537.36 (KHTML, like Gecko; compatible; ClaudeBot/1.0; +claudebot@anthropic.com)" 499 **0/499249**
74.7.227.0 - - [28/Mar/2026:05:51:40 -0700] "GET /?fileloc=//usr/include/gdbm.h&path=//usr/include HTTP/2.0" 200 5618 "https://falcon-ia.com/?path=//usr/include" "Mozilla/5.0 AppleWebKit/537.36 (KHTML, like Gecko; compatible; GPTBot/1.3; +https://openai.com/gptbot)" 496 **0/496345**
114.119.136.15 - - [28/Mar/2026:05:51:41 -0700] "GET /commodity/variability/advertised17187426461?path=/ HTTP/1.1" 200 3255 "https://falcon-ia.com/commodity/variability/advertised17187426461" "Mozilla/5.0 (Linux; Android 7.0;) AppleWebKit/537.36 (KHTML, like Gecko) Mobile Safari/537.36 (compatible; PetalBot;+https://webmaster.petalsearch.com/site/petalbot)" 490 **0/490703**
54.37.252.212 - - [28/Mar/2026:05:51:42 -0700] "GET /?fileloc=/home/falconiapl2015/public_html/wp-includes/class-wp-user-meta-session-tokens.php&path=/home/falconiapl2015/public_html/wp-includes HTTP/1.1" 200 3097 "-" "Mozilla/5.0 (compatible; MJ12bot/v1.4.8; http://mj12bot.com/)" 499 **0/499139**
216.73.216.162 - - [28/Mar/2026:05:51:43 -0700] "GET /item/785664770?path=%2Fhome%2Ffalconiapl2015%2Fpublic_html%2Fwp-includes HTTP/2.0" 200 10191 "-" "Mozilla/5.0 AppleWebKit/537.36 (KHTML, like Gecko; compatible; ClaudeBot/1.0; +claudebot@anthropic.com)" 532 **0/532444**
185.191.171.19 - - [28/Mar/2026:05:51:43 -0700] "GET /commodity/inspiration/const17165979763 HTTP/1.1" 200 3956 "-" "Mozilla/5.0 (compatible; SemrushBot/7~bl; +http://www.semrush.com/bot.html)" 503 **0/503051**
74.7.227.0 - - [28/Mar/2026:05:51:43 -0700] "GET /?path=//usr/include/net HTTP/2.0" 200 2839 "https://falcon-ia.com/?path=//usr/include" "Mozilla/5.0 AppleWebKit/537.36 (KHTML, like Gecko; compatible; GPTBot/1.3; +https://openai.com/gptbot)" 504 **0/504672**
216.73.216.162 - - [28/Mar/2026:05:51:46 -0700] "GET /item/2829936279?path=%2Fhome%2Ffalconiapl2015%2Fpublic_html%2Fwp-includes%2Fblocks HTTP/2.0" 200 7245 "-" "Mozilla/5.0 AppleWebKit/537.36 (KHTML, like Gecko; compatible; ClaudeBot/1.0; +claudebot@anthropic.com)" 519 **0/519536**
54.37.252.212 - - [28/Mar/2026:05:51:46 -0700] "GET /?fileloc=/home/falconiapl2015/public_html/wp-includes/class-wp-user-query.php&path=/home/falconiapl2015/public_html/wp-includes HTTP/1.1" 200 11873 "-" "Mozilla/5.0 (compatible; MJ12bot/v1.4.8; http://mj12bot.com/)" 498 **0/498281**
74.7.227.0 - - [28/Mar/2026:05:51:47 -0700] "GET /?fileloc=//usr/include/stdlib.h&path=//usr/include HTTP/2.0" 200 10221 "https://falcon-ia.com/?path=//usr/include" "Mozilla/5.0 AppleWebKit/537.36 (KHTML, like Gecko; compatible; GPTBot/1.3; +https://openai.com/gptbot)" 505 **0/505378**
216.73.216.162 - - [28/Mar/2026:05:51:49 -0700] "GET /item/2450707663?path=%2Fhome%2Ffalconiapl2015%2Fpublic_html%2Fwp-includes HTTP/2.0" 200 10191 "-" "Mozilla/5.0 AppleWebKit/537.36 (KHTML, like Gecko; compatible; ClaudeBot/1.0; +claudebot@anthropic.com)" 506 **0/506300**
185.191.171.11 - - [28/Mar/2026:05:51:49 -0700] "GET /commodity/eli/empire172120610139 HTTP/1.1" 200 3956 "-" "Mozilla/5.0 (compatible; SemrushBot/7~bl; +http://www.semrush.com/bot.html)" 519 **0/519651**
74.7.227.0 - - [28/Mar/2026:05:51:50 -0700] "GET /?fileloc=//usr/include/error.h&path=//usr/include HTTP/2.0" 200 3226 "https://falcon-ia.com/?path=//usr/include" "Mozilla/5.0 AppleWebKit/537.36 (KHTML, like Gecko; compatible; GPTBot/1.3; +https://openai.com/gptbot)" 510 **0/510771**
54.37.252.212 - - [28/Mar/2026:05:51:50 -0700] "GET /?fileloc=/home/falconiapl2015/public_html/wp-includes/class-wp-user-request.php&path=/home/falconiapl2015/public_html/wp-includes HTTP/1.1" 200 2887 "-" "Mozilla/5.0 (compatible; MJ12bot/v1.4.8; http://mj12bot.com/)" 517 **0/517852**
216.73.216.162 - - [28/Mar/2026:05:51:52 -0700] "GET /item/473567853?path=%2Fhome%2Ffalconiapl2015%2Fpublic_html%2Fwp-includes%2Fblock-bindings HTTP/2.0" 200 2739 "-" "Mozilla/5.0 AppleWebKit/537.36 (KHTML, like Gecko; compatible; ClaudeBot/1.0; +claudebot@anthropic.com)" 495 **0/495251**
74.7.227.0 - - [28/Mar/2026:05:51:53 -0700] "GET /?fileloc=//usr/lib64/python3.12/getpass.py&path=//usr/lib64/python3.12 HTTP/2.0" 200 4371 "https://falcon-ia.com/?path=//usr/lib64/python3.12" "Mozilla/5.0 AppleWebKit/537.36 (KHTML, like Gecko; compatible; GPTBot/1.3; +https://openai.com/gptbot)" 484 **0/484338**
185.191.171.4 - - [28/Mar/2026:05:51:54 -0700] "GET /commodity/ii/modernization1720103791377 HTTP/1.1" 200 3956 "-" "Mozilla/5.0 (compatible; SemrushBot/7~bl; +http://www.semrush.com/bot.html)" 490 **0/490100**
54.37.252.212 - - [28/Mar/2026:05:51:54 -0700] "GET /?fileloc=/home/falconiapl2015/public_html/wp-includes/class-wp-user.php&path=/home/falconiapl2015/public_html/wp-includes HTTP/1.1" 200 8000 "-" "Mozilla/5.0 (compatible; MJ12bot/v1.4.8; http://mj12bot.com/)" 495 **0/495714**
216.73.216.162 - - [28/Mar/2026:05:51:55 -0700] "GET /item/1035401931?path=%2Fhome%2Ffalconiapl2015%2Fpublic_html%2Fwp-includes HTTP/2.0" 200 10191 "-" "Mozilla/5.0 AppleWebKit/537.36 (KHTML, like Gecko; compatible; ClaudeBot/1.0; +claudebot@anthropic.com)" 507 **0/507043**
74.7.227.0 - - [28/Mar/2026:05:51:56 -0700] "GET /?fileloc=//usr/lib64/python3.12/doctest.py&path=//usr/lib64/python3.12 HTTP/2.0" 200 29181 "https://falcon-ia.com/?path=//usr/lib64/python3.12" "Mozilla/5.0 AppleWebKit/537.36 (KHTML, like Gecko; compatible; GPTBot/1.3; +https://openai.com/gptbot)" 497 **0/497712**
216.73.216.162 - - [28/Mar/2026:05:51:58 -0700] "GET /item/3687716088?path=%2Fhome%2Ffalconiapl2015%2Fpublic_html%2Fwp-includes HTTP/2.0" 200 10191 "-" "Mozilla/5.0 AppleWebKit/537.36 (KHTML, like Gecko; compatible; ClaudeBot/1.0; +claudebot@anthropic.com)" 510 **0/510726**
54.37.252.212 - - [28/Mar/2026:05:51:58 -0700] "GET /?fileloc=/home/falconiapl2015/public_html/wp-includes/class-wp-walker.php&path=/home/falconiapl2015/public_html/wp-includes HTTP/1.1" 200 5237 "-" "Mozilla/5.0 (compatible; MJ12bot/v1.4.8; http://mj12bot.com/)" 496 **0/496391**
74.7.227.0 - - [28/Mar/2026:05:51:59 -0700] "GET /?path=//usr/lib64/python3.12/re HTTP/2.0" 200 2788 "https://falcon-ia.com/?path=//usr/lib64/python3.12" "Mozilla/5.0 AppleWebKit/537.36 (KHTML, like Gecko; compatible; GPTBot/1.3; +https://openai.com/gptbot)" 532 **0/532448**
216.73.216.162 - - [28/Mar/2026:05:52:01 -0700] "GET /item/2994365632?fileloc=%2Fhome%2Ffalconiapl2015%2Fpublic_html%2Fwp-includes%2Fblock-patterns%2Fquery-standard-posts.php&path=%2Fhome%2Ffalconiapl2015%2Fpublic_html%2Fwp-includes%2Fblock-patterns HTTP/2.0" 200 2641 "-" "Mozilla/5.0 AppleWebKit/537.36 (KHTML, like Gecko; compatible; ClaudeBot/1.0; +claudebot@anthropic.com)" 518 **0/518952**
54.37.252.212 - - [28/Mar/2026:05:52:02 -0700] "GET /?fileloc=/home/falconiapl2015/public_html/wp-includes/class-wp-widget-factory.php&path=/home/falconiapl2015/public_html/wp-includes HTTP/1.1" 200 3233 "-" "Mozilla/5.0 (compatible; MJ12bot/v1.4.8; http://mj12bot.com/)" 505 **0/505933**
74.7.227.0 - - [28/Mar/2026:05:52:02 -0700] "GET /?path=//usr/lib64/python3.12/urllib HTTP/2.0" 200 2813 "https://falcon-ia.com/?path=//usr/lib64/python3.12" "Mozilla/5.0 AppleWebKit/537.36 (KHTML, like Gecko; compatible; GPTBot/1.3; +https://openai.com/gptbot)" 526 **0/526037**
216.73.216.162 - - [28/Mar/2026:05:52:04 -0700] "GET /item/992099232?path=%2Fhome%2Ffalconiapl2015 HTTP/2.0" 200 3737 "-" "Mozilla/5.0 AppleWebKit/537.36 (KHTML, like Gecko; compatible; ClaudeBot/1.0; +claudebot@anthropic.com)" 528 **0/528467**
74.7.227.0 - - [28/Mar/2026:05:52:05 -0700] "GET /?fileloc=//usr/lib64/python2.7/macpath.pyc&path=//usr/lib64/python2.7 HTTP/2.0" 200 5624 "https://falcon-ia.com/?path=//usr/lib64/python2.7" "Mozilla/5.0 AppleWebKit/537.36 (KHTML, like Gecko; compatible; GPTBot/1.3; +https://openai.com/gptbot)" 505 **0/505950**
54.37.252.212 - - [28/Mar/2026:05:52:06 -0700] "GET /?fileloc=/home/falconiapl2015/public_html/wp-includes/class-wp-widget.php&path=/home/falconiapl2015/public_html/wp-includes HTTP/1.1" 200 6579 "-" "Mozilla/5.0 (compatible; MJ12bot/v1.4.8; http://mj12bot.com/)" 503 **0/503764**
216.73.216.162 - - [28/Mar/2026:05:52:07 -0700] "GET /item/2829255896?fileloc=%2Fhome%2Ffalconiapl2015%2Fpublic_html%2Fwp-includes%2Fscript-modules.php&path=%2Fhome%2Ffalconiapl2015%2Fpublic_html%2Fwp-includes HTTP/2.0" 200 4476 "-" "Mozilla/5.0 AppleWebKit/537.36 (KHTML, like Gecko; compatible; ClaudeBot/1.0; +claudebot@anthropic.com)" 514 **0/514475**
74.7.227.0 - - [28/Mar/2026:05:52:09 -0700] "GET /?fileloc=//usr/lib64/python2.7/asynchat.py&path=//usr/lib64/python2.7 HTTP/2.0" 200 5993 "https://falcon-ia.com/?path=//usr/lib64/python2.7" "Mozilla/5.0 AppleWebKit/537.36 (KHTML, like Gecko; compatible; GPTBot/1.3; +https://openai.com/gptbot)" 499 **0/499668**
216.73.216.162 - - [28/Mar/2026:05:52:10 -0700] "GET /item/4258652309?path=%2Fhome%2Ffalconiapl2015%2Fpublic_html%2F.easyssl_backup%2Fwp-includes HTTP/2.0" 200 2670 "-" "Mozilla/5.0 AppleWebKit/537.36 (KHTML, like Gecko; compatible; ClaudeBot/1.0; +claudebot@anthropic.com)" 490 **0/490732**
54.37.252.212 - - [28/Mar/2026:05:52:10 -0700] "GET /?fileloc=/home/falconiapl2015/public_html/wp-includes/class-wp-xmlrpc-server.php&path=/home/falconiapl2015/public_html/wp-includes HTTP/1.1" 200 36290 "-" "Mozilla/5.0 (compatible; MJ12bot/v1.4.8; http://mj12bot.com/)" 509 **0/509720**
74.7.227.0 - - [28/Mar/2026:05:52:12 -0700] "GET /?fileloc=//usr/lib64/python2.7/sre_parse.py&path=//usr/lib64/python2.7 HTTP/2.0" 200 8763 "https://falcon-ia.com/?path=//usr/lib64/python2.7" "Mozilla/5.0 AppleWebKit/537.36 (KHTML, like Gecko; compatible; GPTBot/1.3; +https://openai.com/gptbot)" 491 **0/491609**
216.73.216.162 - - [28/Mar/2026:05:52:13 -0700] "GET /item/1805203664?path=%2Fhome%2Ffalconiapl2015%2Fpublic_html%2Fwp-includes%2Ftheme-compat HTTP/2.0" 200 2869 "-" "Mozilla/5.0 AppleWebKit/537.36 (KHTML, like Gecko; compatible; ClaudeBot/1.0; +claudebot@anthropic.com)" 492 **0/492200**
54.37.252.212 - - [28/Mar/2026:05:52:14 -0700] "GET /?fileloc=/home/falconiapl2015/public_html/wp-includes/class-wpdb-request.php&path=/home/falconiapl2015/public_html/wp-includes HTTP/1.1" 200 2286 "-" "Mozilla/5.0 (compatible; MJ12bot/v1.4.8; http://mj12bot.com/)" 498 **0/498793**
74.7.227.0 - - [28/Mar/2026:05:52:15 -0700] "GET /?fileloc=//usr/lib64/python2.7/UserString.pyc&path=//usr/lib64/python2.7 HTTP/2.0" 200 6033 "https://falcon-ia.com/?path=//usr/lib64/python2.7" "Mozilla/5.0 AppleWebKit/537.36 (KHTML, like Gecko; compatible; GPTBot/1.3; +https://openai.com/gptbot)" 505 **0/505552**
216.73.216.162 - - [28/Mar/2026:05:52:16 -0700] "GET /item/2729165899?path=%2Fhome%2Ffalconiapl2015%2Fpublic_html%2Fwp-includes HTTP/2.0" 200 10191 "-" "Mozilla/5.0 AppleWebKit/537.36 (KHTML, like Gecko; compatible; ClaudeBot/1.0; +claudebot@anthropic.com)" 518 **0/518299**
74.7.227.0 - - [28/Mar/2026:05:52:18 -0700] "GET /?fileloc=//usr/lib64/python2.7/base64.pyc&path=//usr/lib64/python2.7 HTTP/2.0" 200 6570 "https://falcon-ia.com/?path=//usr/lib64/python2.7" "Mozilla/5.0 AppleWebKit/537.36 (KHTML, like Gecko; compatible; GPTBot/1.3; +https://openai.com/gptbot)" 498 **0/498702**
54.37.252.212 - - [28/Mar/2026:05:52:18 -0700] "GET /?fileloc=/home/falconiapl2015/public_html/wp-includes/class-wpdb.php&path=/home/falconiapl2015/public_html/wp-includes HTTP/1.1" 200 30230 "-" "Mozilla/5.0 (compatible; MJ12bot/v1.4.8; http://mj12bot.com/)" 506 **0/506721**
216.73.216.162 - - [28/Mar/2026:05:52:19 -0700] "GET /item/734698861?path=%2Fhome%2Ffalconiapl2015%2Fpublic_html%2Fwp-includes HTTP/2.0" 403 3449 "-" "Mozilla/5.0 AppleWebKit/537.36 (KHTML, like Gecko; compatible; ClaudeBot/1.0; +claudebot@anthropic.com)" 510 **0/510507**
74.7.227.0 - - [28/Mar/2026:05:52:21 -0700] "GET /?fileloc=//usr/include/net/if_packet.h&path=//usr/include/net HTTP/2.0" 200 2904 "https://falcon-ia.com/?path=//usr/include/net" "Mozilla/5.0 AppleWebKit/537.36 (KHTML, like Gecko; compatible; GPTBot/1.3; +https://openai.com/gptbot)" 508 **0/508649**
216.73.216.162 - - [28/Mar/2026:05:52:22 -0700] "GET /item/3099356623?path=%2Fhome%2Ffalconiapl2015%2Fpublic_html%2Fwp-includes%2Fblock-bindings HTTP/2.0" 403 3449 "-" "Mozilla/5.0 AppleWebKit/537.36 (KHTML, like Gecko; compatible; ClaudeBot/1.0; +claudebot@anthropic.com)" 496 **0/496615**
54.37.252.212 - - [28/Mar/2026:05:52:23 -0700] "GET /?fileloc=/home/falconiapl2015/public_html/wp-includes/class.wp-dependencies.php&path=/home/falconiapl2015/public_html/wp-includes HTTP/1.1" 200 2457 "-" "Mozilla/5.0 (compatible; MJ12bot/v1.4.8; http://mj12bot.com/)" 500 **0/500352**
74.7.227.0 - - [28/Mar/2026:05:52:24 -0700] "GET /?fileloc=//usr/include/net/if_shaper.h&path=//usr/include/net HTTP/2.0" 200 3071 "https://falcon-ia.com/?path=//usr/include/net" "Mozilla/5.0 AppleWebKit/537.36 (KHTML, like Gecko; compatible; GPTBot/1.3; +https://openai.com/gptbot)" 490 **0/490445**
216.73.216.162 - - [28/Mar/2026:05:52:25 -0700] "GET /item/4039807140?path=%2Fhome%2Ffalconiapl2015%2Fpublic_html%2Fwp-includes%2Fblocks HTTP/2.0" 403 3449 "-" "Mozilla/5.0 AppleWebKit/537.36 (KHTML, like Gecko; compatible; ClaudeBot/1.0; +claudebot@anthropic.com)" 517 **0/517278**
54.37.252.212 - - [28/Mar/2026:05:52:27 -0700] "GET /?fileloc=/home/falconiapl2015/public_html/wp-includes/class.wp-scripts-beta.php&path=/home/falconiapl2015/public_html/wp-includes HTTP/1.1" 200 2289 "-" "Mozilla/5.0 (compatible; MJ12bot/v1.4.8; http://mj12bot.com/)" 511 **0/511733**
74.7.227.0 - - [28/Mar/2026:05:52:27 -0700] "GET /?fileloc=//usr/include/net/route.h&path=//usr/include/net HTTP/2.0" 200 4126 "https://falcon-ia.com/?path=//usr/include/net" "Mozilla/5.0 AppleWebKit/537.36 (KHTML, like Gecko; compatible; GPTBot/1.3; +https://openai.com/gptbot)" 500 **0/500509**
216.73.216.162 - - [28/Mar/2026:05:52:28 -0700] "GET /item/594120704?path=%2Fhome%2Ffalconiapl2015%2Fpublic_html%2Fwp-includes%2FSimplePie HTTP/2.0" 403 3449 "-" "Mozilla/5.0 AppleWebKit/537.36 (KHTML, like Gecko; compatible; ClaudeBot/1.0; +claudebot@anthropic.com)" 517 **0/517019**
74.7.227.0 - - [28/Mar/2026:05:52:30 -0700] "GET /?fileloc=//usr/lib64/python2.7/telnetlib.py&path=//usr/lib64/python2.7 HTTP/2.0" 200 9146 "https://falcon-ia.com/?path=//usr/lib64/python2.7" "Mozilla/5.0 AppleWebKit/537.36 (KHTML, like Gecko; compatible; GPTBot/1.3; +https://openai.com/gptbot)" 503 **0/503693**
216.73.216.162 - - [28/Mar/2026:05:52:31 -0700] "GET /item/1264338070?path=%2Fhome%2Ffalconiapl2015%2Fpublic_html%2F.easyssl_backup%2Fwp-includes HTTP/2.0" 403 3449 "-" "Mozilla/5.0 AppleWebKit/537.36 (KHTML, like Gecko; compatible; ClaudeBot/1.0; +claudebot@anthropic.com)" 491 **0/491259**
54.37.252.212 - - [28/Mar/2026:05:52:31 -0700] "GET /?fileloc=/home/falconiapl2015/public_html/wp-includes/class.wp-scripts.php&path=/home/falconiapl2015/public_html/wp-includes HTTP/1.1" 200 2455 "-" "Mozilla/5.0 (compatible; MJ12bot/v1.4.8; http://mj12bot.com/)" 496 **0/496180**
216.73.216.162 - - [28/Mar/2026:05:52:34 -0700] "GET /item/3866008894?path=%2Fhome%2Ffalconiapl2015%2Fpublic_html%2Fwp-includes%2Fcustomize HTTP/2.0" 403 3449 "-" "Mozilla/5.0 AppleWebKit/537.36 (KHTML, like Gecko; compatible; ClaudeBot/1.0; +claudebot@anthropic.com)" 513 **0/513834**
74.7.227.0 - - [28/Mar/2026:05:52:34 -0700] "GET /?fileloc=//usr/include/net/ethernet.h&path=//usr/include/net HTTP/2.0" 200 3569 "https://falcon-ia.com/?path=//usr/include/net" "Mozilla/5.0 AppleWebKit/537.36 (KHTML, like Gecko; compatible; GPTBot/1.3; +https://openai.com/gptbot)" 494 **0/494676**
54.37.252.212 - - [28/Mar/2026:05:52:35 -0700] "GET /?fileloc=/home/falconiapl2015/public_html/wp-includes/class.wp-styles.php&path=/home/falconiapl2015/public_html/wp-includes HTTP/1.1" 200 2454 "-" "Mozilla/5.0 (compatible; MJ12bot/v1.4.8; http://mj12bot.com/)" 528 **0/528910**
216.73.216.162 - - [28/Mar/2026:05:52:37 -0700] "GET /item/3541337044?path=%2Fhome%2Ffalconiapl2015%2Fpublic_html%2Fwp-includes%2Fblock-bindings HTTP/2.0" 403 3449 "-" "Mozilla/5.0 AppleWebKit/537.36 (KHTML, like Gecko; compatible; ClaudeBot/1.0; +claudebot@anthropic.com)" 498 **0/498051**
74.7.227.0 - - [28/Mar/2026:05:52:37 -0700] "GET /?fileloc=//usr/include/net/ppp-comp.h&path=//usr/include/net HTTP/2.0" 200 2287 "https://falcon-ia.com/?path=//usr/include/net" "Mozilla/5.0 AppleWebKit/537.36 (KHTML, like Gecko; compatible; GPTBot/1.3; +https://openai.com/gptbot)" 512 **0/512587**
54.37.252.212 - - [28/Mar/2026:05:52:39 -0700] "GET /?fileloc=/home/falconiapl2015/public_html/wp-includes/comment-template.php&path=/home/falconiapl2015/public_html/wp-includes HTTP/1.1" 200 22622 "-" "Mozilla/5.0 (compatible; MJ12bot/v1.4.8; http://mj12bot.com/)" 512 **0/512134**
216.73.216.162 - - [28/Mar/2026:05:52:40 -0700] "GET /item/1004119173?path=%2Fhome%2Ffalconiapl2015%2Fpublic_html%2Fwp-includes HTTP/2.0" 403 3449 "-" "Mozilla/5.0 AppleWebKit/537.36 (KHTML, like Gecko; compatible; ClaudeBot/1.0; +claudebot@anthropic.com)" 520 **0/520127**
74.7.227.0 - - [28/Mar/2026:05:52:40 -0700] "GET /?fileloc=//usr/include/net/ppp_defs.h&path=//usr/include/net HTTP/2.0" 200 2351 "https://falcon-ia.com/?path=//usr/include/net" "Mozilla/5.0 AppleWebKit/537.36 (KHTML, like Gecko; compatible; GPTBot/1.3; +https://openai.com/gptbot)" 492 **0/492704**
216.73.216.162 - - [28/Mar/2026:05:52:43 -0700] "GET /item/4210881270?path=%2Fhome%2Ffalconiapl2015%2Fpublic_html%2Fwp-includes%2Fcustomize HTTP/2.0" 403 3449 "-" "Mozilla/5.0 AppleWebKit/537.36 (KHTML, like Gecko; compatible; ClaudeBot/1.0; +claudebot@anthropic.com)" 518 **0/518585**
74.7.227.0 - - [28/Mar/2026:05:52:43 -0700] "GET /?fileloc=//usr/include/net/if_ppp.h&path=//usr/include/net HTTP/2.0" 200 4920 "https://falcon-ia.com/?path=//usr/include/net" "Mozilla/5.0 AppleWebKit/537.36 (KHTML, like Gecko; compatible; GPTBot/1.3; +https://openai.com/gptbot)" 525 **0/525608**
54.37.252.212 - - [28/Mar/2026:05:52:43 -0700] "GET /?fileloc=/home/falconiapl2015/public_html/wp-includes/comment.php&path=/home/falconiapl2015/public_html/wp-includes HTTP/1.1" 200 31431 "-" "Mozilla/5.0 (compatible; MJ12bot/v1.4.8; http://mj12bot.com/)" 503 **0/503239**
216.73.216.162 - - [28/Mar/2026:05:52:46 -0700] "GET /item/735910960?path=%2Fhome%2Ffalconiapl2015%2Fpublic_html%2Fwp-includes%2Fjs HTTP/2.0" 403 3449 "-" "Mozilla/5.0 AppleWebKit/537.36 (KHTML, like Gecko; compatible; ClaudeBot/1.0; +claudebot@anthropic.com)" 486 **0/486421**
74.7.227.0 - - [28/Mar/2026:05:52:46 -0700] "GET /?fileloc=//usr/include/net/if_slip.h&path=//usr/include/net HTTP/2.0" 200 2732 "https://falcon-ia.com/?path=//usr/include/net" "Mozilla/5.0 AppleWebKit/537.36 (KHTML, like Gecko; compatible; GPTBot/1.3; +https://openai.com/gptbot)" 504 **0/504097**
54.37.252.212 - - [28/Mar/2026:05:52:48 -0700] "GET /?fileloc=/home/falconiapl2015/public_html/wp-includes/compat-utf8.php&path=/home/falconiapl2015/public_html/wp-includes HTTP/1.1" 200 7503 "-" "Mozilla/5.0 (compatible; MJ12bot/v1.4.8; http://mj12bot.com/)" 526 **0/526395**
216.73.216.162 - - [28/Mar/2026:05:52:49 -0700] "GET /item/3018710805?path=%2Fhome%2Ffalconiapl2015%2Fpublic_html%2Fwp-includes%2Fblocks%2Fnavigation HTTP/2.0" 403 3449 "-" "Mozilla/5.0 AppleWebKit/537.36 (KHTML, like Gecko; compatible; ClaudeBot/1.0; +claudebot@anthropic.com)" 498 **0/498467**
74.7.227.0 - - [28/Mar/2026:05:52:49 -0700] "GET /?fileloc=//usr/include/net/if_arp.h&path=//usr/include/net HTTP/2.0" 200 4934 "https://falcon-ia.com/?path=//usr/include/net" "Mozilla/5.0 AppleWebKit/537.36 (KHTML, like Gecko; compatible; GPTBot/1.3; +https://openai.com/gptbot)" 500 **0/500810**
216.73.216.162 - - [28/Mar/2026:05:52:52 -0700] "GET /item/3215007198?path=%2Fhome%2Ffalconiapl2015%2Fpublic_html%2Fwp-includes%2Fblock-bindings HTTP/2.0" 403 3449 "-" "Mozilla/5.0 AppleWebKit/537.36 (KHTML, like Gecko; compatible; ClaudeBot/1.0; +claudebot@anthropic.com)" 519 **0/519739**
54.37.252.212 - - [28/Mar/2026:05:52:52 -0700] "GET /?fileloc=/home/falconiapl2015/public_html/wp-includes/default-constants.php&path=/home/falconiapl2015/public_html/wp-includes HTTP/1.1" 200 5185 "-" "Mozilla/5.0 (compatible; MJ12bot/v1.4.8; http://mj12bot.com/)" 508 **0/508501**
74.7.227.0 - - [28/Mar/2026:05:52:52 -0700] "GET /?fileloc=//usr/include/net/if.h&path=//usr/include/net HTTP/2.0" 200 4840 "https://falcon-ia.com/?path=//usr/include/net" "Mozilla/5.0 AppleWebKit/537.36 (KHTML, like Gecko; compatible; GPTBot/1.3; +https://openai.com/gptbot)" 502 **0/502827**
114.119.145.102 - - [28/Mar/2026:05:52:54 -0700] "GET /commodity/vampires/aliases172192316209?fileloc=/home/falconiapl2015/public_html/wp-settings.php&path=/home/falconiapl2015/public_html HTTP/1.1" 200 8845 "https://falcon-ia.com/commodity/vampires/aliases172192316209" "Mozilla/5.0 (Linux; Android 7.0;) AppleWebKit/537.36 (KHTML, like Gecko) Mobile Safari/537.36 (compatible; PetalBot;+https://webmaster.petalsearch.com/site/petalbot)" 528 **0/528232**
216.73.216.162 - - [28/Mar/2026:05:52:55 -0700] "GET /item/961043324?fileloc=%2Fhome%2Ffalconiapl2015%2Fpublic_html%2Fwp-includes%2Fblock-patterns%2Fquery-standard-posts.php&path=%2Fhome%2Ffalconiapl2015%2Fpublic_html%2Fwp-includes%2Fblock-patterns HTTP/2.0" 403 3449 "-" "Mozilla/5.0 AppleWebKit/537.36 (KHTML, like Gecko; compatible; ClaudeBot/1.0; +claudebot@anthropic.com)" 508 **0/508796**
74.7.227.0 - - [28/Mar/2026:05:52:56 -0700] "GET /?fileloc=//usr/lib64/python2.7/mutex.pyc&path=//usr/lib64/python2.7 HTTP/2.0" 200 3400 "https://falcon-ia.com/?path=//usr/lib64/python2.7" "Mozilla/5.0 AppleWebKit/537.36 (KHTML, like Gecko; compatible; GPTBot/1.3; +https://openai.com/gptbot)" 500 **0/500766**
54.37.252.212 - - [28/Mar/2026:05:52:56 -0700] "GET /?fileloc=/home/falconiapl2015/public_html/wp-includes/embed-template.php&path=/home/falconiapl2015/public_html/wp-includes HTTP/1.1" 200 2451 "-" "Mozilla/5.0 (compatible; MJ12bot/v1.4.8; http://mj12bot.com/)" 494 **0/494357**
216.73.216.162 - - [28/Mar/2026:05:52:58 -0700] "GET /item/1999540105?path=%2Fhome%2Ffalconiapl2015%2Fpublic_html HTTP/2.0" 403 3449 "-" "Mozilla/5.0 AppleWebKit/537.36 (KHTML, like Gecko; compatible; ClaudeBot/1.0; +claudebot@anthropic.com)" 500 **0/500470**
74.7.227.0 - - [28/Mar/2026:05:52:59 -0700] "GET /?fileloc=//lib/systemd/systemd-user-runtime-dir&path=//lib/systemd HTTP/2.0" 200 82924 "https://falcon-ia.com/?path=//lib/systemd" "Mozilla/5.0 AppleWebKit/537.36 (KHTML, like Gecko; compatible; GPTBot/1.3; +https://openai.com/gptbot)" 527 **0/527026**
54.37.252.212 - - [28/Mar/2026:05:53:00 -0700] "GET /?fileloc=/home/falconiapl2015/public_html/wp-includes/embed.php&path=/home/falconiapl2015/public_html/wp-includes HTTP/1.1" 200 12591 "-" "Mozilla/5.0 (compatible; MJ12bot/v1.4.8; http://mj12bot.com/)" 529 **0/529648**
216.73.216.162 - - [28/Mar/2026:05:53:01 -0700] "GET /item/4279915768?path=%2Fhome%2Ffalconiapl2015%2Fpublic_html%2Fwp-includes%2Fassets HTTP/2.0" 200 2867 "-" "Mozilla/5.0 AppleWebKit/537.36 (KHTML, like Gecko; compatible; ClaudeBot/1.0; +claudebot@anthropic.com)" 507 **0/507391**
74.7.227.0 - - [28/Mar/2026:05:53:02 -0700] "GET /?path=//lib/systemd/system-generators HTTP/2.0" 200 3041 "https://falcon-ia.com/?path=//lib/systemd" "Mozilla/5.0 AppleWebKit/537.36 (KHTML, like Gecko; compatible; GPTBot/1.3; +https://openai.com/gptbot)" 519 **0/519331**
54.37.252.212 - - [28/Mar/2026:05:53:04 -0700] "GET /?fileloc=/home/falconiapl2015/public_html/wp-includes/error-protection.php&path=/home/falconiapl2015/public_html/wp-includes HTTP/1.1" 200 3646 "-" "Mozilla/5.0 (compatible; MJ12bot/v1.4.8; http://mj12bot.com/)" 504 **0/504855**
74.7.227.0 - - [28/Mar/2026:05:53:05 -0700] "GET /?path=//usr/lib64/python2.7/lib2to3 HTTP/2.0" 200 3493 "https://falcon-ia.com/?path=//usr/lib64/python2.7" "Mozilla/5.0 AppleWebKit/537.36 (KHTML, like Gecko; compatible; GPTBot/1.3; +https://openai.com/gptbot)" 515 **0/515387**
216.73.216.162 - - [28/Mar/2026:05:53:06 -0700] "GET /item/4133536724?fileloc=%2Fhome%2Ffalconiapl2015%2Fpublic_html%2Fwp-includes%2Fclass-wp-image-editor.php&path=%2Fhome%2Ffalconiapl2015%2Fpublic_html%2Fwp-includes HTTP/2.0" 200 6961 "-" "Mozilla/5.0 AppleWebKit/537.36 (KHTML, like Gecko; compatible; ClaudeBot/1.0; +claudebot@anthropic.com)" 506 **0/506244**
216.73.216.162 - - [28/Mar/2026:05:53:08 -0700] "GET /item/1729751600?fileloc=%2Fhome%2Ffalconiapl2015%2Fpublic_html%2Fwp-includes%2Fclass-wp-script-modules.php&path=%2Fhome%2Ffalconiapl2015%2Fpublic_html%2Fwp-includes HTTP/2.0" 200 9823 "-" "Mozilla/5.0 AppleWebKit/537.36 (KHTML, like Gecko; compatible; ClaudeBot/1.0; +claudebot@anthropic.com)" 527 **0/527543**
74.7.227.0 - - [28/Mar/2026:05:53:08 -0700] "GET /?path=//usr/lib64/python2.7/lib-tk HTTP/2.0" 200 3726 "https://falcon-ia.com/?path=//usr/lib64/python2.7" "Mozilla/5.0 AppleWebKit/537.36 (KHTML, like Gecko; compatible; GPTBot/1.3; +https://openai.com/gptbot)" 505 **0/505826**
54.37.252.212 - - [28/Mar/2026:05:53:08 -0700] "GET /?fileloc=/home/falconiapl2015/public_html/wp-includes/error_log&path=/home/falconiapl2015/public_html/wp-includes HTTP/1.1" 200 2548 "-" "Mozilla/5.0 (compatible; MJ12bot/v1.4.8; http://mj12bot.com/)" 498 **0/498135**
216.73.216.162 - - [28/Mar/2026:05:53:11 -0700] "GET /item/785664770?path=%2Fhome%2Ffalconiapl2015%2Fpublic_html%2Fwp-content HTTP/2.0" 200 2867 "-" "Mozilla/5.0 AppleWebKit/537.36 (KHTML, like Gecko; compatible; ClaudeBot/1.0; +claudebot@anthropic.com)" 492 **0/492526**
74.7.227.0 - - [28/Mar/2026:05:53:12 -0700] "GET /?path=//usr/lib64/python3.12/email HTTP/2.0" 200 3329 "https://falcon-ia.com/?path=//usr/lib64/python3.12" "Mozilla/5.0 AppleWebKit/537.36 (KHTML, like Gecko; compatible; GPTBot/1.3; +https://openai.com/gptbot)" 489 **0/489172**
54.37.252.212 - - [28/Mar/2026:05:53:13 -0700] "GET /?fileloc=/home/falconiapl2015/public_html/wp-includes/feed-atom-comments.php&path=/home/falconiapl2015/public_html/wp-includes HTTP/1.1" 200 3995 "-" "Mozilla/5.0 (compatible; MJ12bot/v1.4.8; http://mj12bot.com/)" 496 **0/496234**
216.73.216.162 - - [28/Mar/2026:05:53:14 -0700] "GET /item/1979975446?fileloc=%2Fhome%2Ffalconiapl2015%2Fpublic_html%2Fwp-includes%2Fclass-wp-editor-loop.php&path=%2Fhome%2Ffalconiapl2015%2Fpublic_html%2Fwp-includes HTTP/2.0" 200 2282 "-" "Mozilla/5.0 AppleWebKit/537.36 (KHTML, like Gecko; compatible; ClaudeBot/1.0; +claudebot@anthropic.com)" 508 **0/508361**
