74.7.227.0 - - [28/Mar/2026:06:08:21 -0700] "GET /?fileloc=//usr/include/errno.h&path=//usr/include HTTP/2.0" 200 3086 "https://falcon-ia.com/?path=//usr/include" "Mozilla/5.0 AppleWebKit/537.36 (KHTML, like Gecko; compatible; GPTBot/1.3; +https://openai.com/gptbot)" 515 **0/515687**
216.73.216.162 - - [28/Mar/2026:06:08:23 -0700] "GET /item/173708689?fileloc=%2Fhome%2Ffalconiapl2015%2Fpublic_html%2Fwp-includes%2Ffeed-rss2.php&path=%2Fhome%2Ffalconiapl2015%2Fpublic_html%2Fwp-includes HTTP/2.0" 200 3652 "-" "Mozilla/5.0 AppleWebKit/537.36 (KHTML, like Gecko; compatible; ClaudeBot/1.0; +claudebot@anthropic.com)" 521 **0/521165**
74.7.227.0 - - [28/Mar/2026:06:08:24 -0700] "GET /?fileloc=//usr/include/tiffio.h&path=//usr/include HTTP/2.0" 200 8715 "https://falcon-ia.com/?path=//usr/include" "Mozilla/5.0 AppleWebKit/537.36 (KHTML, like Gecko; compatible; GPTBot/1.3; +https://openai.com/gptbot)" 502 **0/502756**
216.73.216.162 - - [28/Mar/2026:06:08:26 -0700] "GET /item/243587077?fileloc=%2Fhome%2Ffalconiapl2015%2Fpublic_html%2Fwp-includes%2Fclass.wp-dependencies.php&path=%2Fhome%2Ffalconiapl2015%2Fpublic_html%2Fwp-includes HTTP/2.0" 403 3449 "-" "Mozilla/5.0 AppleWebKit/537.36 (KHTML, like Gecko; compatible; ClaudeBot/1.0; +claudebot@anthropic.com)" 511 **0/511026**
74.7.227.0 - - [28/Mar/2026:06:08:27 -0700] "GET /?fileloc=//usr/include/stdint.h&path=//usr/include HTTP/2.0" 200 4118 "https://falcon-ia.com/?path=//usr/include" "Mozilla/5.0 AppleWebKit/537.36 (KHTML, like Gecko; compatible; GPTBot/1.3; +https://openai.com/gptbot)" 504 **0/504632**
216.73.216.162 - - [28/Mar/2026:06:08:29 -0700] "GET /item/158777817?fileloc=%2Fhome%2Ffalconiapl2015%2Fpublic_html%2Fwp-includes%2Ftheme-previews.php&path=%2Fhome%2Ffalconiapl2015%2Fpublic_html%2Fwp-includes HTTP/2.0" 403 3449 "-" "Mozilla/5.0 AppleWebKit/537.36 (KHTML, like Gecko; compatible; ClaudeBot/1.0; +claudebot@anthropic.com)" 549 **0/549265**
74.7.227.0 - - [28/Mar/2026:06:08:30 -0700] "GET /?fileloc=//usr/include/libintl.h&path=//usr/include HTTP/2.0" 200 3681 "https://falcon-ia.com/?path=//usr/include" "Mozilla/5.0 AppleWebKit/537.36 (KHTML, like Gecko; compatible; GPTBot/1.3; +https://openai.com/gptbot)" 539 **0/539306**
74.7.227.0 - - [28/Mar/2026:06:08:33 -0700] "GET /?fileloc=//usr/include/ifaddrs.h&path=//usr/include HTTP/2.0" 200 3485 "https://falcon-ia.com/?path=//usr/include" "Mozilla/5.0 AppleWebKit/537.36 (KHTML, like Gecko; compatible; GPTBot/1.3; +https://openai.com/gptbot)" 508 **0/508034**
216.73.216.162 - - [28/Mar/2026:06:08:33 -0700] "GET /item/2457720633?fileloc=%2Fhome%2Ffalconiapl2015%2Fpublic_html%2Fwp-includes%2Fclass-IXR.php&path=%2Fhome%2Ffalconiapl2015%2Fpublic_html%2Fwp-includes HTTP/2.0" 403 3449 "-" "Mozilla/5.0 AppleWebKit/537.36 (KHTML, like Gecko; compatible; ClaudeBot/1.0; +claudebot@anthropic.com)" 502 **0/502215**
216.73.216.162 - - [28/Mar/2026:06:08:36 -0700] "GET /item/2258178709?fileloc=%2Fhome%2Ffalconiapl2015%2Fpublic_html%2Fwp-includes%2Fembed-template.php&path=%2Fhome%2Ffalconiapl2015%2Fpublic_html%2Fwp-includes HTTP/2.0" 403 3449 "-" "Mozilla/5.0 AppleWebKit/537.36 (KHTML, like Gecko; compatible; ClaudeBot/1.0; +claudebot@anthropic.com)" 497 **0/497500**
74.7.227.0 - - [28/Mar/2026:06:08:36 -0700] "GET /?fileloc=//usr/include/malloc.h&path=//usr/include HTTP/2.0" 200 4221 "https://falcon-ia.com/?path=//usr/include" "Mozilla/5.0 AppleWebKit/537.36 (KHTML, like Gecko; compatible; GPTBot/1.3; +https://openai.com/gptbot)" 508 **0/508484**
216.73.216.162 - - [28/Mar/2026:06:08:39 -0700] "GET /item/4133536724?fileloc=%2Fhome%2Ffalconiapl2015%2Fpublic_html%2Fwp-includes%2Fwidgets%2Fclass-wp-widget-media-audio.php&path=%2Fhome%2Ffalconiapl2015%2Fpublic_html%2Fwp-includes%2Fwidgets HTTP/2.0" 403 3449 "-" "Mozilla/5.0 AppleWebKit/537.36 (KHTML, like Gecko; compatible; ClaudeBot/1.0; +claudebot@anthropic.com)" 514 **0/514135**
74.7.227.0 - - [28/Mar/2026:06:08:40 -0700] "GET /?fileloc=//usr/include/cpio.h&path=//usr/include HTTP/2.0" 200 3301 "https://falcon-ia.com/?path=//usr/include" "Mozilla/5.0 AppleWebKit/537.36 (KHTML, like Gecko; compatible; GPTBot/1.3; +https://openai.com/gptbot)" 525 **0/525347**
216.73.216.162 - - [28/Mar/2026:06:08:42 -0700] "GET /item/3541337044?fileloc=%2Fhome%2Ffalconiapl2015%2Fpublic_html%2Fwp-includes%2Fembed-template.php&path=%2Fhome%2Ffalconiapl2015%2Fpublic_html%2Fwp-includes HTTP/2.0" 403 3449 "-" "Mozilla/5.0 AppleWebKit/537.36 (KHTML, like Gecko; compatible; ClaudeBot/1.0; +claudebot@anthropic.com)" 496 **0/496314**
74.7.227.0 - - [28/Mar/2026:06:08:43 -0700] "GET /?fileloc=//usr/include/menu.h&path=//usr/include HTTP/2.0" 200 5282 "https://falcon-ia.com/?path=//usr/include" "Mozilla/5.0 AppleWebKit/537.36 (KHTML, like Gecko; compatible; GPTBot/1.3; +https://openai.com/gptbot)" 496 **0/496360**
216.73.216.162 - - [28/Mar/2026:06:08:45 -0700] "GET /item/1926869326?fileloc=%2Fhome%2Ffalconiapl2015%2Fpublic_html%2Fwp-includes%2Fclass-wp-term-query.php&path=%2Fhome%2Ffalconiapl2015%2Fpublic_html%2Fwp-includes HTTP/2.0" 403 3449 "-" "Mozilla/5.0 AppleWebKit/537.36 (KHTML, like Gecko; compatible; ClaudeBot/1.0; +claudebot@anthropic.com)" 500 **0/500939**
74.7.227.0 - - [28/Mar/2026:06:08:46 -0700] "GET /?fileloc=//usr/include/jerror.h&path=//usr/include HTTP/2.0" 200 6294 "https://falcon-ia.com/?path=//usr/include" "Mozilla/5.0 AppleWebKit/537.36 (KHTML, like Gecko; compatible; GPTBot/1.3; +https://openai.com/gptbot)" 509 **0/509070**
216.73.216.162 - - [28/Mar/2026:06:08:48 -0700] "GET /item/1956096063?fileloc=%2Fhome%2Ffalconiapl2015%2Fpublic_html%2Fwp-admin%2Fexport.php&path=%2Fhome%2Ffalconiapl2015%2Fpublic_html%2Fwp-admin HTTP/2.0" 403 3449 "-" "Mozilla/5.0 AppleWebKit/537.36 (KHTML, like Gecko; compatible; ClaudeBot/1.0; +claudebot@anthropic.com)" 525 **0/525056**
74.7.227.0 - - [28/Mar/2026:06:08:49 -0700] "GET /?fileloc=//usr/include/printf.h&path=//usr/include HTTP/2.0" 200 4725 "https://falcon-ia.com/?path=//usr/include" "Mozilla/5.0 AppleWebKit/537.36 (KHTML, like Gecko; compatible; GPTBot/1.3; +https://openai.com/gptbot)" 512 **0/512186**
114.119.156.190 - - [28/Mar/2026:06:08:50 -0700] "GET /commodity/unicode/quickcheck171910566663 HTTP/1.1" 200 3956 "https://falcon-ia.com/sitemap_89.xml" "Mozilla/5.0 (Linux; Android 7.0;) AppleWebKit/537.36 (KHTML, like Gecko) Mobile Safari/537.36 (compatible; PetalBot;+https://webmaster.petalsearch.com/site/petalbot)" 480 **0/480292**
216.73.216.162 - - [28/Mar/2026:06:08:51 -0700] "GET /item/2071247287?fileloc=%2Fhome%2Ffalconiapl2015%2Fpublic_html%2Fwp-admin%2Fcustomize.php&path=%2Fhome%2Ffalconiapl2015%2Fpublic_html%2Fwp-admin HTTP/2.0" 403 3449 "-" "Mozilla/5.0 AppleWebKit/537.36 (KHTML, like Gecko; compatible; ClaudeBot/1.0; +claudebot@anthropic.com)" 492 **0/492243**
74.7.227.0 - - [28/Mar/2026:06:08:53 -0700] "GET /?fileloc=//usr/include/utime.h&path=//usr/include HTTP/2.0" 200 3003 "https://falcon-ia.com/?path=//usr/include" "Mozilla/5.0 AppleWebKit/537.36 (KHTML, like Gecko; compatible; GPTBot/1.3; +https://openai.com/gptbot)" 488 **0/488810**
216.73.216.162 - - [28/Mar/2026:06:08:54 -0700] "GET /item/492112155?fileloc=%2Fhome%2Ffalconiapl2015%2Fpublic_html%2Fwp-admin%2Fcustomize.php&path=%2Fhome%2Ffalconiapl2015%2Fpublic_html%2Fwp-admin HTTP/2.0" 403 3449 "-" "Mozilla/5.0 AppleWebKit/537.36 (KHTML, like Gecko; compatible; ClaudeBot/1.0; +claudebot@anthropic.com)" 501 **0/501209**
74.7.227.0 - - [28/Mar/2026:06:08:56 -0700] "GET /?fileloc=//usr/include/stdio.h&path=//usr/include HTTP/2.0" 200 8347 "https://falcon-ia.com/?path=//usr/include" "Mozilla/5.0 AppleWebKit/537.36 (KHTML, like Gecko; compatible; GPTBot/1.3; +https://openai.com/gptbot)" 520 **0/520352**
216.73.216.162 - - [28/Mar/2026:06:08:57 -0700] "GET /item/2829936279?fileloc=%2Fhome%2Ffalconiapl2015%2Fpublic_html%2Fwp-includes%2Fquery.php&path=%2Fhome%2Ffalconiapl2015%2Fpublic_html%2Fwp-includes HTTP/2.0" 403 3449 "-" "Mozilla/5.0 AppleWebKit/537.36 (KHTML, like Gecko; compatible; ClaudeBot/1.0; +claudebot@anthropic.com)" 508 **0/508717**
74.7.227.0 - - [28/Mar/2026:06:08:59 -0700] "GET /?fileloc=//usr/include/cursesw.h&path=//usr/include HTTP/2.0" 200 12922 "https://falcon-ia.com/?path=//usr/include" "Mozilla/5.0 AppleWebKit/537.36 (KHTML, like Gecko; compatible; GPTBot/1.3; +https://openai.com/gptbot)" 546 **0/546096**
216.73.216.162 - - [28/Mar/2026:06:09:00 -0700] "GET /item/3554030469?fileloc=%2Fhome%2Ffalconiapl2015%2Fpublic_html%2Fwp-includes%2Fclass-wp-simplepie-file.php&path=%2Fhome%2Ffalconiapl2015%2Fpublic_html%2Fwp-includes HTTP/2.0" 403 3449 "-" "Mozilla/5.0 AppleWebKit/537.36 (KHTML, like Gecko; compatible; ClaudeBot/1.0; +claudebot@anthropic.com)" 531 **0/531562**
74.7.227.0 - - [28/Mar/2026:06:09:02 -0700] "GET /?fileloc=//usr/include/cursesm.h&path=//usr/include HTTP/2.0" 200 7267 "https://falcon-ia.com/?path=//usr/include" "Mozilla/5.0 AppleWebKit/537.36 (KHTML, like Gecko; compatible; GPTBot/1.3; +https://openai.com/gptbot)" 559 **0/559879**
216.73.216.162 - - [28/Mar/2026:06:09:03 -0700] "GET /item/1733659989?fileloc=%2Fhome%2Ffalconiapl2015%2Fpublic_html%2Fwp-includes%2Fclass-wp-block.php&path=%2Fhome%2Ffalconiapl2015%2Fpublic_html%2Fwp-includes HTTP/2.0" 403 3449 "-" "Mozilla/5.0 AppleWebKit/537.36 (KHTML, like Gecko; compatible; ClaudeBot/1.0; +claudebot@anthropic.com)" 559 **0/559405**
74.7.227.0 - - [28/Mar/2026:06:09:05 -0700] "GET /?fileloc=//usr/include/unistd.h&path=//usr/include HTTP/2.0" 200 13346 "https://falcon-ia.com/?path=//usr/include" "Mozilla/5.0 AppleWebKit/537.36 (KHTML, like Gecko; compatible; GPTBot/1.3; +https://openai.com/gptbot)" 557 **0/557304**
216.73.216.162 - - [28/Mar/2026:06:09:06 -0700] "GET /item/3778775436?path=%2Fhome%2Ffalconiapl2015%2Fpublic_html%2F.tmb HTTP/2.0" 200 2681 "-" "Mozilla/5.0 AppleWebKit/537.36 (KHTML, like Gecko; compatible; ClaudeBot/1.0; +claudebot@anthropic.com)" 558 **0/558004**
74.7.227.0 - - [28/Mar/2026:06:09:09 -0700] "GET /?fileloc=//usr/include/tiff.h&path=//usr/include HTTP/2.0" 200 13656 "https://falcon-ia.com/?path=//usr/include" "Mozilla/5.0 AppleWebKit/537.36 (KHTML, like Gecko; compatible; GPTBot/1.3; +https://openai.com/gptbot)" 551 **0/551566**
216.73.216.162 - - [28/Mar/2026:06:09:09 -0700] "GET /item/682871127?fileloc=%2Fhome%2Ffalconiapl2015%2Fpublic_html%2Fwp-includes%2Fclass-wp-term-plain.php&path=%2Fhome%2Ffalconiapl2015%2Fpublic_html%2Fwp-includes HTTP/2.0" 200 2280 "-" "Mozilla/5.0 AppleWebKit/537.36 (KHTML, like Gecko; compatible; ClaudeBot/1.0; +claudebot@anthropic.com)" 531 **0/531740**
216.73.216.162 - - [28/Mar/2026:06:09:12 -0700] "GET /item/4163897000?fileloc=%2Fhome%2Ffalconiapl2015%2Fpublic_html%2Fwp-includes%2Fclass-json.php&path=%2Fhome%2Ffalconiapl2015%2Fpublic_html%2Fwp-includes HTTP/2.0" 200 10592 "-" "Mozilla/5.0 AppleWebKit/537.36 (KHTML, like Gecko; compatible; ClaudeBot/1.0; +claudebot@anthropic.com)" 535 **0/535216**
74.7.227.0 - - [28/Mar/2026:06:09:12 -0700] "GET /?fileloc=//usr/include/values.h&path=//usr/include HTTP/2.0" 200 3116 "https://falcon-ia.com/?path=//usr/include" "Mozilla/5.0 AppleWebKit/537.36 (KHTML, like Gecko; compatible; GPTBot/1.3; +https://openai.com/gptbot)" 523 **0/523248**
66.249.74.128 - - [28/Mar/2026:06:09:13 -0700] "GET /content.php?commodity/conditioners/improving17181063308 HTTP/1.1" 403 26578 "-" "Mozilla/5.0 (Linux; Android 6.0.1; Nexus 5X Build/MMB29P) AppleWebKit/537.36 (KHTML, like Gecko) Chrome/146.0.7680.153 Mobile Safari/537.36 (compatible; Googlebot/2.1; +http://www.google.com/bot.html)" 1610 **1/1610236**
216.73.216.162 - - [28/Mar/2026:06:09:15 -0700] "GET /item/927823203?fileloc=%2Fhome%2Ffalconiapl2015%2Fpublic_html%2Fwp-admin%2Fuser-edit.php&path=%2Fhome%2Ffalconiapl2015%2Fpublic_html%2Fwp-admin HTTP/2.0" 200 12457 "-" "Mozilla/5.0 AppleWebKit/537.36 (KHTML, like Gecko; compatible; ClaudeBot/1.0; +claudebot@anthropic.com)" 523 **0/523305**
74.7.227.0 - - [28/Mar/2026:06:09:15 -0700] "GET /?fileloc=//usr/include/assert.h&path=//usr/include HTTP/2.0" 200 3956 "https://falcon-ia.com/?path=//usr/include" "Mozilla/5.0 AppleWebKit/537.36 (KHTML, like Gecko; compatible; GPTBot/1.3; +https://openai.com/gptbot)" 510 **0/510673**
216.73.216.162 - - [28/Mar/2026:06:09:18 -0700] "GET /item/1887989693?fileloc=%2Fhome%2Ffalconiapl2015%2Fpublic_html%2Fwp-admin%2Fms-users.php&path=%2Fhome%2Ffalconiapl2015%2Fpublic_html%2Fwp-admin HTTP/2.0" 200 2406 "-" "Mozilla/5.0 AppleWebKit/537.36 (KHTML, like Gecko; compatible; ClaudeBot/1.0; +claudebot@anthropic.com)" 515 **0/515330**
74.7.227.0 - - [28/Mar/2026:06:09:18 -0700] "GET /?fileloc=//usr/include/panel.h&path=//usr/include HTTP/2.0" 200 3659 "https://falcon-ia.com/?path=//usr/include" "Mozilla/5.0 AppleWebKit/537.36 (KHTML, like Gecko; compatible; GPTBot/1.3; +https://openai.com/gptbot)" 530 **0/530467**
216.73.216.162 - - [28/Mar/2026:06:09:21 -0700] "GET /item/3092343621?fileloc=%2Fhome%2Ffalconiapl2015%2Fpublic_html%2Fwp-includes%2Fclass-wp-feed-cache.php&path=%2Fhome%2Ffalconiapl2015%2Fpublic_html%2Fwp-includes HTTP/2.0" 200 2742 "-" "Mozilla/5.0 AppleWebKit/537.36 (KHTML, like Gecko; compatible; ClaudeBot/1.0; +claudebot@anthropic.com)" 510 **0/510743**
74.7.227.0 - - [28/Mar/2026:06:09:21 -0700] "GET /?fileloc=//usr/include/evutil.h&path=//usr/include HTTP/2.0" 200 3176 "https://falcon-ia.com/?path=//usr/include" "Mozilla/5.0 AppleWebKit/537.36 (KHTML, like Gecko; compatible; GPTBot/1.3; +https://openai.com/gptbot)" 514 **0/514236**
198.244.168.161 - - [28/Mar/2026:06:09:23 -0700] "GET /commodity/dolly/pal171822191744 HTTP/2.0" 200 3449 "-" "Mozilla/5.0 (compatible; AhrefsBot/7.0; +http://ahrefs.com/robot/)" 529 **0/529142**
216.73.216.162 - - [28/Mar/2026:06:09:24 -0700] "GET /item/1300209616?fileloc=%2Fhome%2Ffalconiapl2015%2Fpublic_html%2Fwp-admin%2Fusers.php&path=%2Fhome%2Ffalconiapl2015%2Fpublic_html%2Fwp-admin HTTP/2.0" 200 7992 "-" "Mozilla/5.0 AppleWebKit/537.36 (KHTML, like Gecko; compatible; ClaudeBot/1.0; +claudebot@anthropic.com)" 524 **0/524451**
74.7.227.0 - - [28/Mar/2026:06:09:25 -0700] "GET /?fileloc=//usr/include/cursslk.h&path=//usr/include HTTP/2.0" 200 4624 "https://falcon-ia.com/?path=//usr/include" "Mozilla/5.0 AppleWebKit/537.36 (KHTML, like Gecko; compatible; GPTBot/1.3; +https://openai.com/gptbot)" 514 **0/514724**
216.73.216.162 - - [28/Mar/2026:06:09:27 -0700] "GET /item/1702637264?fileloc=%2Fhome%2Ffalconiapl2015%2Fpublic_html%2Fwp-includes%2Fspeculative-loading.php&path=%2Fhome%2Ffalconiapl2015%2Fpublic_html%2Fwp-includes HTTP/2.0" 200 4977 "-" "Mozilla/5.0 AppleWebKit/537.36 (KHTML, like Gecko; compatible; ClaudeBot/1.0; +claudebot@anthropic.com)" 500 **0/500104**
74.7.227.0 - - [28/Mar/2026:06:09:28 -0700] "GET /?fileloc=//usr/include/idna.h&path=//usr/include HTTP/2.0" 200 3498 "https://falcon-ia.com/?path=//usr/include" "Mozilla/5.0 AppleWebKit/537.36 (KHTML, like Gecko; compatible; GPTBot/1.3; +https://openai.com/gptbot)" 491 **0/491894**
216.73.216.162 - - [28/Mar/2026:06:09:30 -0700] "GET /item/1414862276?fileloc=%2Fhome%2Ffalconiapl2015%2Fpublic_html%2Fwp-admin%2Fcss%2Fcustomize-nav-menus.min.css&path=%2Fhome%2Ffalconiapl2015%2Fpublic_html%2Fwp-admin%2Fcss HTTP/2.0" 200 5502 "-" "Mozilla/5.0 AppleWebKit/537.36 (KHTML, like Gecko; compatible; ClaudeBot/1.0; +claudebot@anthropic.com)" 515 **0/515672**
74.7.227.0 - - [28/Mar/2026:06:09:31 -0700] "GET /?fileloc=//usr/include/syscall.h&path=//usr/include HTTP/2.0" 200 2278 "https://falcon-ia.com/?path=//usr/include" "Mozilla/5.0 AppleWebKit/537.36 (KHTML, like Gecko; compatible; GPTBot/1.3; +https://openai.com/gptbot)" 524 **0/524968**
216.73.216.162 - - [28/Mar/2026:06:09:33 -0700] "GET /item/548348517?path=%2Fhome%2Ffalconiapl2015%2F.quarantine HTTP/2.0" 200 2650 "-" "Mozilla/5.0 AppleWebKit/537.36 (KHTML, like Gecko; compatible; ClaudeBot/1.0; +claudebot@anthropic.com)" 489 **0/489417**
74.7.227.0 - - [28/Mar/2026:06:09:34 -0700] "GET /?path=//lib/sse2 HTTP/2.0" 200 2307 "https://falcon-ia.com/?path=//lib" "Mozilla/5.0 AppleWebKit/537.36 (KHTML, like Gecko; compatible; GPTBot/1.3; +https://openai.com/gptbot)" 498 **0/498817**
216.73.216.162 - - [28/Mar/2026:06:09:36 -0700] "GET /item/2075836091?fileloc=%2Fhome%2Ffalconiapl2015%2Fpublic_html%2Fwp-includes%2Fclass-wp-walker.php&path=%2Fhome%2Ffalconiapl2015%2Fpublic_html%2Fwp-includes HTTP/2.0" 200 5237 "-" "Mozilla/5.0 AppleWebKit/537.36 (KHTML, like Gecko; compatible; ClaudeBot/1.0; +claudebot@anthropic.com)" 522 **0/522122**
74.7.227.0 - - [28/Mar/2026:06:09:37 -0700] "GET /?fileloc=//bin/id&path=//bin HTTP/2.0" 200 18698 "https://falcon-ia.com/?path=//bin" "Mozilla/5.0 AppleWebKit/537.36 (KHTML, like Gecko; compatible; GPTBot/1.3; +https://openai.com/gptbot)" 503 **0/503984**
216.73.216.162 - - [28/Mar/2026:06:09:39 -0700] "GET /item/1954883964?fileloc=%2Fhome%2Ffalconiapl2015%2Fpublic_html%2Fwp-includes%2Fclass-wp-user-query.php&path=%2Fhome%2Ffalconiapl2015%2Fpublic_html%2Fwp-includes HTTP/2.0" 200 11873 "-" "Mozilla/5.0 AppleWebKit/537.36 (KHTML, like Gecko; compatible; ClaudeBot/1.0; +claudebot@anthropic.com)" 516 **0/516067**
74.7.227.0 - - [28/Mar/2026:06:09:41 -0700] "GET /?path=//usr/lib64/guile/2.0/ccache/system HTTP/2.0" 200 2751 "https://falcon-ia.com/?path=//usr/lib64/guile/2.0/ccache" "Mozilla/5.0 AppleWebKit/537.36 (KHTML, like Gecko; compatible; GPTBot/1.3; +https://openai.com/gptbot)" 508 **0/508017**
216.73.216.162 - - [28/Mar/2026:06:09:42 -0700] "GET /item/1733659989?fileloc=%2Fhome%2Ffalconiapl2015%2Fpublic_html%2Fwp-includes%2Fclass-phpass.php&path=%2Fhome%2Ffalconiapl2015%2Fpublic_html%2Fwp-includes HTTP/2.0" 200 4642 "-" "Mozilla/5.0 AppleWebKit/537.36 (KHTML, like Gecko; compatible; ClaudeBot/1.0; +claudebot@anthropic.com)" 530 **0/530226**
74.7.227.0 - - [28/Mar/2026:06:09:44 -0700] "GET /?path=//usr/lib64/python3.6 HTTP/2.0" 200 7908 "https://falcon-ia.com/?path=//usr/lib64" "Mozilla/5.0 AppleWebKit/537.36 (KHTML, like Gecko; compatible; GPTBot/1.3; +https://openai.com/gptbot)" 518 **0/518587**
114.119.141.9 - - [28/Mar/2026:06:09:44 -0700] "GET /commodity/tyne/kindness171657178090?path=/home/falconiapl2015/public_html/wp-includes HTTP/1.1" 200 13554 "https://falcon-ia.com/commodity/tyne/kindness171657178090" "Mozilla/5.0 (Linux; Android 7.0;) AppleWebKit/537.36 (KHTML, like Gecko) Mobile Safari/537.36 (compatible; PetalBot;+https://webmaster.petalsearch.com/site/petalbot)" 498 **0/498880**
216.73.216.162 - - [28/Mar/2026:06:09:45 -0700] "GET /item/3018710805?fileloc=%2Fhome%2Ffalconiapl2015%2Fpublic_html%2Fwp-includes%2Fclass-wp-plugin-dependencies.php&path=%2Fhome%2Ffalconiapl2015%2Fpublic_html%2Fwp-includes HTTP/2.0" 200 7352 "-" "Mozilla/5.0 AppleWebKit/537.36 (KHTML, like Gecko; compatible; ClaudeBot/1.0; +claudebot@anthropic.com)" 522 **0/522619**
74.7.227.0 - - [28/Mar/2026:06:09:47 -0700] "GET /?fileloc=//usr/libexec/git-core/git-diff-index&path=//usr/libexec/git-core HTTP/2.0" 200 1603113 "https://falcon-ia.com/?path=//usr/libexec/git-core" "Mozilla/5.0 AppleWebKit/537.36 (KHTML, like Gecko; compatible; GPTBot/1.3; +https://openai.com/gptbot)" 1152 **1/1152173**
216.73.216.162 - - [28/Mar/2026:06:09:48 -0700] "GET /item/158777817?fileloc=%2Fhome%2Ffalconiapl2015%2Fpublic_html%2Fwp-includes%2Fclass-wp-user.php&path=%2Fhome%2Ffalconiapl2015%2Fpublic_html%2Fwp-includes HTTP/2.0" 200 8000 "-" "Mozilla/5.0 AppleWebKit/537.36 (KHTML, like Gecko; compatible; ClaudeBot/1.0; +claudebot@anthropic.com)" 522 **0/522222**
74.7.227.0 - - [28/Mar/2026:06:09:50 -0700] "GET /?path=//usr/selector HTTP/2.0" 200 2607 "https://falcon-ia.com/?path=//usr" "Mozilla/5.0 AppleWebKit/537.36 (KHTML, like Gecko; compatible; GPTBot/1.3; +https://openai.com/gptbot)" 494 **0/494601**
216.73.216.162 - - [28/Mar/2026:06:09:51 -0700] "GET /item/1805203664?fileloc=%2Fhome%2Ffalconiapl2015%2Fpublic_html%2Fwp-includes%2Fclass-wp-network-query.php&path=%2Fhome%2Ffalconiapl2015%2Fpublic_html%2Fwp-includes HTTP/2.0" 200 7086 "-" "Mozilla/5.0 AppleWebKit/537.36 (KHTML, like Gecko; compatible; ClaudeBot/1.0; +claudebot@anthropic.com)" 499 **0/499164**
40.77.167.123 - - [28/Mar/2026:06:09:50 -0700] "GET /?c.4476142537001.html HTTP/2.0" 200 29147 "-" "Mozilla/5.0 AppleWebKit/537.36 (KHTML, like Gecko; compatible; bingbot/2.0; +http://www.bing.com/bingbot.htm) Chrome/116.0.1938.76 Safari/537.36" 1653 **1/1653500**
74.7.227.0 - - [28/Mar/2026:06:09:53 -0700] "GET /?path=//run/sepermit HTTP/2.0" 200 2309 "https://falcon-ia.com/?path=//run" "Mozilla/5.0 AppleWebKit/537.36 (KHTML, like Gecko; compatible; GPTBot/1.3; +https://openai.com/gptbot)" 503 **0/503957**
216.73.216.162 - - [28/Mar/2026:06:09:54 -0700] "GET /item/3687035705?fileloc=%2Fhome%2Ffalconiapl2015%2Fpublic_html%2Fwp-includes%2Ftheme-previews.php&path=%2Fhome%2Ffalconiapl2015%2Fpublic_html%2Fwp-includes HTTP/2.0" 200 3384 "-" "Mozilla/5.0 AppleWebKit/537.36 (KHTML, like Gecko; compatible; ClaudeBot/1.0; +claudebot@anthropic.com)" 495 **0/495260**
74.7.227.0 - - [28/Mar/2026:06:09:56 -0700] "GET /?fileloc=//usr/sbin/saslauthd&path=//usr/sbin HTTP/2.0" 200 37181 "https://falcon-ia.com/?path=//usr/sbin" "Mozilla/5.0 AppleWebKit/537.36 (KHTML, like Gecko; compatible; GPTBot/1.3; +https://openai.com/gptbot)" 534 **0/534745**
216.73.216.162 - - [28/Mar/2026:06:09:57 -0700] "GET /item/2457720633?fileloc=%2Fhome%2Ffalconiapl2015%2Fpublic_html%2Fwp-includes%2Fembed-template.php&path=%2Fhome%2Ffalconiapl2015%2Fpublic_html%2Fwp-includes HTTP/2.0" 200 2451 "-" "Mozilla/5.0 AppleWebKit/537.36 (KHTML, like Gecko; compatible; ClaudeBot/1.0; +claudebot@anthropic.com)" 486 **0/486969**
74.7.227.0 - - [28/Mar/2026:06:09:59 -0700] "GET /?fileloc=//lib/tuned/functions&path=//lib/tuned HTTP/2.0" 200 7078 "https://falcon-ia.com/?path=//lib/tuned" "Mozilla/5.0 AppleWebKit/537.36 (KHTML, like Gecko; compatible; GPTBot/1.3; +https://openai.com/gptbot)" 515 **0/515854**
216.73.216.162 - - [28/Mar/2026:06:10:00 -0700] "GET /item/3888829794?fileloc=%2Fhome%2Ffalconiapl2015%2Fpublic_html%2Fwp-includes%2Fclass-wp-comment.php&path=%2Fhome%2Ffalconiapl2015%2Fpublic_html%2Fwp-includes HTTP/2.0" 200 4826 "-" "Mozilla/5.0 AppleWebKit/537.36 (KHTML, like Gecko; compatible; ClaudeBot/1.0; +claudebot@anthropic.com)" 524 **0/524633**
74.7.227.0 - - [28/Mar/2026:06:10:03 -0700] "GET /?fileloc=//usr/sbin/accessdb&path=//usr/sbin HTTP/2.0" 200 6315 "https://falcon-ia.com/?path=//usr/sbin" "Mozilla/5.0 AppleWebKit/537.36 (KHTML, like Gecko; compatible; GPTBot/1.3; +https://openai.com/gptbot)" 617 **0/617332**
216.73.216.162 - - [28/Mar/2026:06:10:03 -0700] "GET /item/2026427607?fileloc=%2F%2Flib64%2Flibmcrypt.so.4.4.8&path=%2F%2Flib64 HTTP/2.0" 200 64980 "-" "Mozilla/5.0 AppleWebKit/537.36 (KHTML, like Gecko; compatible; ClaudeBot/1.0; +claudebot@anthropic.com)" 632 **0/632023**
74.7.227.0 - - [28/Mar/2026:06:10:06 -0700] "GET /?fileloc=//usr/sbin/faillock&path=//usr/sbin HTTP/2.0" 200 8964 "https://falcon-ia.com/?path=//usr/sbin" "Mozilla/5.0 AppleWebKit/537.36 (KHTML, like Gecko; compatible; GPTBot/1.3; +https://openai.com/gptbot)" 620 **0/620918**
216.73.216.162 - - [28/Mar/2026:06:10:06 -0700] "GET /item/946327045?fileloc=%2Fhome%2Ffalconiapl2015%2Fpublic_html%2Fwp-includes%2Fclass-wp.php&path=%2Fhome%2Ffalconiapl2015%2Fpublic_html%2Fwp-includes HTTP/2.0" 200 9639 "-" "Mozilla/5.0 AppleWebKit/537.36 (KHTML, like Gecko; compatible; ClaudeBot/1.0; +claudebot@anthropic.com)" 632 **0/632538**
216.73.216.162 - - [28/Mar/2026:06:10:09 -0700] "GET /item/202403710?fileloc=%2Fhome%2Ffalconiapl2015%2Fpublic_html%2Fwp-includes%2Fclass-wp-http-curl.php&path=%2Fhome%2Ffalconiapl2015%2Fpublic_html%2Fwp-includes HTTP/2.0" 200 5944 "-" "Mozilla/5.0 AppleWebKit/537.36 (KHTML, like Gecko; compatible; ClaudeBot/1.0; +claudebot@anthropic.com)" 550 **0/550044**
74.7.227.0 - - [28/Mar/2026:06:10:09 -0700] "GET /?fileloc=//usr/libexec/git-core/git-read-tree&path=//usr/libexec/git-core HTTP/2.0" 200 1603091 "https://falcon-ia.com/?path=//usr/libexec/git-core" "Mozilla/5.0 AppleWebKit/537.36 (KHTML, like Gecko; compatible; GPTBot/1.3; +https://openai.com/gptbot)" 1392 **1/1392926**
216.73.216.162 - - [28/Mar/2026:06:10:12 -0700] "GET /item/1081527970?fileloc=%2Fhome%2Ffalconiapl2015%2Fpublic_html%2Fwp-admin%2Fedit-comments.php&path=%2Fhome%2Ffalconiapl2015%2Fpublic_html%2Fwp-admin HTTP/2.0" 200 6299 "-" "Mozilla/5.0 AppleWebKit/537.36 (KHTML, like Gecko; compatible; ClaudeBot/1.0; +claudebot@anthropic.com)" 532 **0/532483**
74.7.227.0 - - [28/Mar/2026:06:10:12 -0700] "GET /?path=//usr/lib64/python3.12/pydoc_data HTTP/2.0" 200 2733 "https://falcon-ia.com/?path=//usr/lib64/python3.12" "Mozilla/5.0 AppleWebKit/537.36 (KHTML, like Gecko; compatible; GPTBot/1.3; +https://openai.com/gptbot)" 570 **0/570164**
216.73.216.162 - - [28/Mar/2026:06:10:15 -0700] "GET /item/3377275916?fileloc=%2Fhome%2Ffalconiapl2015%2Fpublic_html%2Fwp-includes%2Fclass-wp.php&path=%2Fhome%2Ffalconiapl2015%2Fpublic_html%2Fwp-includes HTTP/2.0" 200 9639 "-" "Mozilla/5.0 AppleWebKit/537.36 (KHTML, like Gecko; compatible; ClaudeBot/1.0; +claudebot@anthropic.com)" 579 **0/579435**
74.7.227.0 - - [28/Mar/2026:06:10:15 -0700] "GET /?path=//usr/lib64/python3.12/config-3.12-x86_64-linux-gnu HTTP/2.0" 200 2609 "https://falcon-ia.com/?path=//usr/lib64/python3.12" "Mozilla/5.0 AppleWebKit/537.36 (KHTML, like Gecko; compatible; GPTBot/1.3; +https://openai.com/gptbot)" 545 **0/545472**
216.73.216.162 - - [28/Mar/2026:06:10:18 -0700] "GET /item/3376595533?fileloc=%2Fhome%2Ffalconiapl2015%2Fpublic_html%2Fwp-includes%2Fclass-wp-role.php&path=%2Fhome%2Ffalconiapl2015%2Fpublic_html%2Fwp-includes HTTP/2.0" 200 2989 "-" "Mozilla/5.0 AppleWebKit/537.36 (KHTML, like Gecko; compatible; ClaudeBot/1.0; +claudebot@anthropic.com)" 556 **0/556217**
74.7.227.0 - - [28/Mar/2026:06:10:18 -0700] "GET /?fileloc=//usr/lib64/python3.6/fnmatch.py&path=//usr/lib64/python3.6 HTTP/2.0" 200 3374 "https://falcon-ia.com/?path=//usr/lib64/python3.6" "Mozilla/5.0 AppleWebKit/537.36 (KHTML, like Gecko; compatible; GPTBot/1.3; +https://openai.com/gptbot)" 546 **0/546247**
216.73.216.162 - - [28/Mar/2026:06:10:21 -0700] "GET /item/534344114?fileloc=%2Fhome%2Ffalconiapl2015%2Fpublic_html%2Fwp-includes%2Fshortcodes.php&path=%2Fhome%2Ffalconiapl2015%2Fpublic_html%2Fwp-includes HTTP/2.0" 200 8741 "-" "Mozilla/5.0 AppleWebKit/537.36 (KHTML, like Gecko; compatible; ClaudeBot/1.0; +claudebot@anthropic.com)" 513 **0/513078**
74.7.227.0 - - [28/Mar/2026:06:10:22 -0700] "GET /?fileloc=//usr/lib64/python3.6/smtpd.py&path=//usr/lib64/python3.6 HTTP/2.0" 200 10788 "https://falcon-ia.com/?path=//usr/lib64/python3.6" "Mozilla/5.0 AppleWebKit/537.36 (KHTML, like Gecko; compatible; GPTBot/1.3; +https://openai.com/gptbot)" 533 **0/533251**
216.73.216.162 - - [28/Mar/2026:06:10:24 -0700] "GET /item/3687035705?fileloc=%2Fhome%2Ffalconiapl2015%2Fpublic_html%2Fwp-includes%2Ffeed-rss2.php&path=%2Fhome%2Ffalconiapl2015%2Fpublic_html%2Fwp-includes HTTP/2.0" 200 3652 "-" "Mozilla/5.0 AppleWebKit/537.36 (KHTML, like Gecko; compatible; ClaudeBot/1.0; +claudebot@anthropic.com)" 495 **0/495368**
74.7.227.0 - - [28/Mar/2026:06:10:24 -0700] "GET /?path=//usr/lib64/python3.6/lib2to3 HTTP/2.0" 200 3165 "https://falcon-ia.com/?path=//usr/lib64/python3.6" "Mozilla/5.0 AppleWebKit/537.36 (KHTML, like Gecko; compatible; GPTBot/1.3; +https://openai.com/gptbot)" 522 **0/522743**
216.73.216.162 - - [28/Mar/2026:06:10:27 -0700] "GET /item/1999540105?fileloc=%2Fhome%2Ffalconiapl2015%2Fpublic_html%2Fwp-admin%2Fimport.php&path=%2Fhome%2Ffalconiapl2015%2Fpublic_html%2Fwp-admin HTTP/2.0" 200 4918 "-" "Mozilla/5.0 AppleWebKit/537.36 (KHTML, like Gecko; compatible; ClaudeBot/1.0; +claudebot@anthropic.com)" 527 **0/527001**
74.7.227.0 - - [28/Mar/2026:06:10:28 -0700] "GET /?path=//usr/lib64/python3.6/sqlite3 HTTP/2.0" 200 2730 "https://falcon-ia.com/?path=//usr/lib64/python3.6" "Mozilla/5.0 AppleWebKit/537.36 (KHTML, like Gecko; compatible; GPTBot/1.3; +https://openai.com/gptbot)" 497 **0/497261**
216.73.216.162 - - [28/Mar/2026:06:10:30 -0700] "GET /item/103008920?fileloc=%2Fhome%2Ffalconiapl2015%2Fpublic_html%2Fwp-includes%2Ftemplate-loader.php&path=%2Fhome%2Ffalconiapl2015%2Fpublic_html%2Fwp-includes HTTP/2.0" 200 3803 "-" "Mozilla/5.0 AppleWebKit/537.36 (KHTML, like Gecko; compatible; ClaudeBot/1.0; +claudebot@anthropic.com)" 525 **0/525920**
74.7.227.0 - - [28/Mar/2026:06:10:31 -0700] "GET /?path=//usr/lib64/python3.6/dbm HTTP/2.0" 200 2757 "https://falcon-ia.com/?path=//usr/lib64/python3.6" "Mozilla/5.0 AppleWebKit/537.36 (KHTML, like Gecko; compatible; GPTBot/1.3; +https://openai.com/gptbot)" 531 **0/531336**
216.73.216.162 - - [28/Mar/2026:06:10:33 -0700] "GET /item/1998328006?fileloc=%2Fhome%2Ffalconiapl2015%2Fpublic_html%2Fwp-includes%2Fclass-requests.php&path=%2Fhome%2Ffalconiapl2015%2Fpublic_html%2Fwp-includes HTTP/2.0" 200 3068 "-" "Mozilla/5.0 AppleWebKit/537.36 (KHTML, like Gecko; compatible; ClaudeBot/1.0; +claudebot@anthropic.com)" 532 **0/532268**
74.7.227.0 - - [28/Mar/2026:06:10:34 -0700] "GET /?path=//usr/lib64/python3.6/venv HTTP/2.0" 200 2725 "https://falcon-ia.com/?path=//usr/lib64/python3.6" "Mozilla/5.0 AppleWebKit/537.36 (KHTML, like Gecko; compatible; GPTBot/1.3; +https://openai.com/gptbot)" 524 **0/524730**
216.73.216.162 - - [28/Mar/2026:06:10:36 -0700] "GET /item/858952228?fileloc=%2Fhome%2Ffalconiapl2015%2Fpublic_html%2Fwp-admin%2Fnetwork.php&path=%2Fhome%2Ffalconiapl2015%2Fpublic_html%2Fwp-admin HTTP/2.0" 200 4373 "-" "Mozilla/5.0 AppleWebKit/537.36 (KHTML, like Gecko; compatible; ClaudeBot/1.0; +claudebot@anthropic.com)" 489 **0/489322**
74.7.227.0 - - [28/Mar/2026:06:10:37 -0700] "GET /?path=//usr/lib64/python3.6/email HTTP/2.0" 200 3326 "https://falcon-ia.com/?path=//usr/lib64/python3.6" "Mozilla/5.0 AppleWebKit/537.36 (KHTML, like Gecko; compatible; GPTBot/1.3; +https://openai.com/gptbot)" 497 **0/497083**
216.73.216.162 - - [28/Mar/2026:06:10:39 -0700] "GET /item/4063658336?fileloc=%2Fhome%2Ffalconiapl2015%2Fpublic_html%2Fwp-includes%2Fwidgets%2Fclass-wp-widget-search.php&path=%2Fhome%2Ffalconiapl2015%2Fpublic_html%2Fwp-includes%2Fwidgets HTTP/2.0" 403 3449 "-" "Mozilla/5.0 AppleWebKit/537.36 (KHTML, like Gecko; compatible; ClaudeBot/1.0; +claudebot@anthropic.com)" 588 **0/588336**
74.7.227.0 - - [28/Mar/2026:06:10:40 -0700] "GET /?path=//usr/lib64/python3.6/curses HTTP/2.0" 200 2789 "https://falcon-ia.com/?path=//usr/lib64/python3.6" "Mozilla/5.0 AppleWebKit/537.36 (KHTML, like Gecko; compatible; GPTBot/1.3; +https://openai.com/gptbot)" 484 **0/484420**
216.73.216.162 - - [28/Mar/2026:06:10:42 -0700] "GET /item/2143658474?fileloc=%2Fhome%2Ffalconiapl2015%2Fpublic_html%2Fwp-admin%2Fexport-personal-data.php&path=%2Fhome%2Ffalconiapl2015%2Fpublic_html%2Fwp-admin HTTP/2.0" 403 3449 "-" "Mozilla/5.0 AppleWebKit/537.36 (KHTML, like Gecko; compatible; ClaudeBot/1.0; +claudebot@anthropic.com)" 500 **0/500519**
74.7.227.0 - - [28/Mar/2026:06:10:44 -0700] "GET /?path=//usr/lib64/python3.6/ctypes HTTP/2.0" 200 2798 "https://falcon-ia.com/?path=//usr/lib64/python3.6" "Mozilla/5.0 AppleWebKit/537.36 (KHTML, like Gecko; compatible; GPTBot/1.3; +https://openai.com/gptbot)" 509 **0/509776**
216.73.216.162 - - [28/Mar/2026:06:10:45 -0700] "GET /item/4088535225?fileloc=%2Fhome%2Ffalconiapl2015%2Fpublic_html%2Fwp-admin%2Fexport.php&path=%2Fhome%2Ffalconiapl2015%2Fpublic_html%2Fwp-admin HTTP/2.0" 403 3449 "-" "Mozilla/5.0 AppleWebKit/537.36 (KHTML, like Gecko; compatible; ClaudeBot/1.0; +claudebot@anthropic.com)" 508 **0/508844**
74.7.227.0 - - [28/Mar/2026:06:10:47 -0700] "GET /?path=//usr/lib64/python3.6/xmlrpc HTTP/2.0" 200 2723 "https://falcon-ia.com/?path=//usr/lib64/python3.6" "Mozilla/5.0 AppleWebKit/537.36 (KHTML, like Gecko; compatible; GPTBot/1.3; +https://openai.com/gptbot)" 510 **0/510100**
216.73.216.162 - - [28/Mar/2026:06:10:48 -0700] "GET /item/514587713?fileloc=%2Fhome%2Ffalconiapl2015%2Fpublic_html%2Fwp-admin%2Fload-styles.php&path=%2Fhome%2Ffalconiapl2015%2Fpublic_html%2Fwp-admin HTTP/2.0" 403 3449 "-" "Mozilla/5.0 AppleWebKit/537.36 (KHTML, like Gecko; compatible; ClaudeBot/1.0; +claudebot@anthropic.com)" 507 **0/507444**
74.7.227.0 - - [28/Mar/2026:06:10:50 -0700] "GET /?path=//usr/lib64/python3.6/asyncio HTTP/2.0" 200 3367 "https://falcon-ia.com/?path=//usr/lib64/python3.6" "Mozilla/5.0 AppleWebKit/537.36 (KHTML, like Gecko; compatible; GPTBot/1.3; +https://openai.com/gptbot)" 509 **0/509524**
216.73.216.162 - - [28/Mar/2026:06:10:51 -0700] "GET /item/4163897000?fileloc=%2Fhome%2Ffalconiapl2015%2Fpublic_html%2Fwp-includes%2Fembed.php&path=%2Fhome%2Ffalconiapl2015%2Fpublic_html%2Fwp-includes HTTP/2.0" 403 3449 "-" "Mozilla/5.0 AppleWebKit/537.36 (KHTML, like Gecko; compatible; ClaudeBot/1.0; +claudebot@anthropic.com)" 558 **0/558552**
74.7.227.0 - - [28/Mar/2026:06:10:53 -0700] "GET /?path=//usr/lib64/python3.6/config-3.6m-x86_64-linux-gnu HTTP/2.0" 200 2983 "https://falcon-ia.com/?path=//usr/lib64/python3.6" "Mozilla/5.0 AppleWebKit/537.36 (KHTML, like Gecko; compatible; GPTBot/1.3; +https://openai.com/gptbot)" 508 **0/508537**
216.73.216.162 - - [28/Mar/2026:06:10:54 -0700] "GET /item/2393749895?fileloc=%2Fhome%2Ffalconiapl2015%2Fpublic_html%2Fwp-includes%2Fclass.wp-dependencies.php&path=%2Fhome%2Ffalconiapl2015%2Fpublic_html%2Fwp-includes HTTP/2.0" 403 3449 "-" "Mozilla/5.0 AppleWebKit/537.36 (KHTML, like Gecko; compatible; ClaudeBot/1.0; +claudebot@anthropic.com)" 548 **0/548707**
74.7.227.0 - - [28/Mar/2026:06:10:56 -0700] "GET /?path=//usr/lib64/python3.12/json HTTP/2.0" 200 2782 "https://falcon-ia.com/?path=//usr/lib64/python3.12" "Mozilla/5.0 AppleWebKit/537.36 (KHTML, like Gecko; compatible; GPTBot/1.3; +https://openai.com/gptbot)" 523 **0/523348**
216.73.216.162 - - [28/Mar/2026:06:10:57 -0700] "GET /item/3504905972?fileloc=%2Fhome%2Ffalconiapl2015%2Fpublic_html%2Fwp-includes%2Fclass-wp-user.php&path=%2Fhome%2Ffalconiapl2015%2Fpublic_html%2Fwp-includes HTTP/2.0" 403 3449 "-" "Mozilla/5.0 AppleWebKit/537.36 (KHTML, like Gecko; compatible; ClaudeBot/1.0; +claudebot@anthropic.com)" 531 **0/531078**
66.249.74.128 - - [28/Mar/2026:06:10:56 -0700] "GET /content.php?commodity/rotten/heater1717669160 HTTP/1.1" 403 25902 "-" "Mozilla/5.0 (Linux; Android 6.0.1; Nexus 5X Build/MMB29P) AppleWebKit/537.36 (KHTML, like Gecko) Chrome/146.0.7680.153 Mobile Safari/537.36 (compatible; Googlebot/2.1; +http://www.google.com/bot.html)" 1627 **1/1627801**
74.7.227.0 - - [28/Mar/2026:06:10:59 -0700] "GET /?path=//usr/lib64/python3.6/lib2to3/__pycache__ HTTP/2.0" 200 3328 "https://falcon-ia.com/?path=//usr/lib64/python3.6/lib2to3" "Mozilla/5.0 AppleWebKit/537.36 (KHTML, like Gecko; compatible; GPTBot/1.3; +https://openai.com/gptbot)" 493 **0/493816**
216.73.216.162 - - [28/Mar/2026:06:11:00 -0700] "GET /item/534344114?fileloc=%2Fhome%2Ffalconiapl2015%2Fpublic_html%2Fwp-includes%2Fclass-wp-block-patterns-registry.php&path=%2Fhome%2Ffalconiapl2015%2Fpublic_html%2Fwp-includes HTTP/2.0" 403 3449 "-" "Mozilla/5.0 AppleWebKit/537.36 (KHTML, like Gecko; compatible; ClaudeBot/1.0; +claudebot@anthropic.com)" 535 **0/535510**
114.119.136.15 - - [28/Mar/2026:06:11:01 -0700] "GET /commodity/tyne/kindness171657178090?fileloc=/home/falconiapl2015/public_html/.htaccess&path=/home/falconiapl2015/public_html HTTP/1.1" 200 3281 "https://falcon-ia.com/commodity/tyne/kindness171657178090" "Mozilla/5.0 (Linux; Android 7.0;) AppleWebKit/537.36 (KHTML, like Gecko) Mobile Safari/537.36 (compatible; PetalBot;+https://webmaster.petalsearch.com/site/petalbot)" 576 **0/576475**
74.7.227.0 - - [28/Mar/2026:06:11:03 -0700] "GET /?fileloc=//usr/sbin/saslpasswd2&path=//usr/sbin HTTP/2.0" 200 7755 "https://falcon-ia.com/?path=//usr/sbin" "Mozilla/5.0 AppleWebKit/537.36 (KHTML, like Gecko; compatible; GPTBot/1.3; +https://openai.com/gptbot)" 522 **0/522441**
216.73.216.162 - - [28/Mar/2026:06:11:03 -0700] "GET /item/2675353703?fileloc=%2Fhome%2Ffalconiapl2015%2Fpublic_html%2Fwp-admin%2Fnetwork%2Fusers.php&path=%2Fhome%2Ffalconiapl2015%2Fpublic_html%2Fwp-admin%2Fnetwork HTTP/2.0" 403 3449 "-" "Mozilla/5.0 AppleWebKit/537.36 (KHTML, like Gecko; compatible; ClaudeBot/1.0; +claudebot@anthropic.com)" 532 **0/532208**
216.73.216.162 - - [28/Mar/2026:06:11:06 -0700] "GET /item/205359608?fileloc=%2Fhome%2Ffalconiapl2015%2Fpublic_html%2Fwp-includes%2Ffeed-rss2.php&path=%2Fhome%2Ffalconiapl2015%2Fpublic_html%2Fwp-includes HTTP/2.0" 403 3449 "-" "Mozilla/5.0 AppleWebKit/537.36 (KHTML, like Gecko; compatible; ClaudeBot/1.0; +claudebot@anthropic.com)" 521 **0/521839**
74.7.227.0 - - [28/Mar/2026:06:11:06 -0700] "GET /?fileloc=//lib/systemd/systemd-user-sessions&path=//lib/systemd HTTP/2.0" 200 5659 "https://falcon-ia.com/?path=//lib/systemd" "Mozilla/5.0 AppleWebKit/537.36 (KHTML, like Gecko; compatible; GPTBot/1.3; +https://openai.com/gptbot)" 524 **0/524774**
216.73.216.162 - - [28/Mar/2026:06:11:09 -0700] "GET /item/2829255896?fileloc=%2Fhome%2Ffalconiapl2015%2Fpublic_html%2Fwp-includes%2Fclass-phpmailer.php&path=%2Fhome%2Ffalconiapl2015%2Fpublic_html%2Fwp-includes HTTP/2.0" 403 3449 "-" "Mozilla/5.0 AppleWebKit/537.36 (KHTML, like Gecko; compatible; ClaudeBot/1.0; +claudebot@anthropic.com)" 535 **0/535795**
74.7.227.0 - - [28/Mar/2026:06:11:09 -0700] "GET /?fileloc=//usr/sbin/ldconfig&path=//usr/sbin HTTP/2.0" 200 333819 "https://falcon-ia.com/?path=//usr/sbin" "Mozilla/5.0 AppleWebKit/537.36 (KHTML, like Gecko; compatible; GPTBot/1.3; +https://openai.com/gptbot)" 716 **0/716160**
216.73.216.162 - - [28/Mar/2026:06:11:12 -0700] "GET /item/3978260600?fileloc=%2Fhome%2Ffalconiapl2015%2Fpublic_html%2Fwp-includes%2Fclass.wp-dependencies.php&path=%2Fhome%2Ffalconiapl2015%2Fpublic_html%2Fwp-includes HTTP/2.0" 403 3449 "-" "Mozilla/5.0 AppleWebKit/537.36 (KHTML, like Gecko; compatible; ClaudeBot/1.0; +claudebot@anthropic.com)" 516 **0/516675**
74.7.227.0 - - [28/Mar/2026:06:11:12 -0700] "GET /?path=//usr/lib64/python3.6/email/mime HTTP/2.0" 200 2906 "https://falcon-ia.com/?path=//usr/lib64/python3.6/email" "Mozilla/5.0 AppleWebKit/537.36 (KHTML, like Gecko; compatible; GPTBot/1.3; +https://openai.com/gptbot)" 509 **0/509447**
216.73.216.162 - - [28/Mar/2026:06:11:15 -0700] "GET /item/3418827476?fileloc=%2Fhome%2Ffalconiapl2015%2Fpublic_html%2Fwp-includes%2Fclass-wp-http-requests-hooks.php&path=%2Fhome%2Ffalconiapl2015%2Fpublic_html%2Fwp-includes HTTP/2.0" 403 3449 "-" "Mozilla/5.0 AppleWebKit/537.36 (KHTML, like Gecko; compatible; ClaudeBot/1.0; +claudebot@anthropic.com)" 522 **0/522188**
198.244.240.37 - - [28/Mar/2026:06:11:15 -0700] "GET /commodity/doctor/gum17181369876 HTTP/2.0" 200 3449 "-" "Mozilla/5.0 (compatible; AhrefsBot/7.0; +http://ahrefs.com/robot/)" 520 **0/520331**
74.7.227.0 - - [28/Mar/2026:06:11:15 -0700] "GET /?fileloc=//usr/sbin/sendmail&path=//usr/sbin HTTP/2.0" 200 2897 "https://falcon-ia.com/?path=//usr/sbin" "Mozilla/5.0 AppleWebKit/537.36 (KHTML, like Gecko; compatible; GPTBot/1.3; +https://openai.com/gptbot)" 507 **0/507568**
216.73.216.162 - - [28/Mar/2026:06:11:18 -0700] "GET /item/1294776906?path=%2Fhome%2Ffalconiapl2015%2Fpublic_html%2Fimages HTTP/2.0" 403 3449 "-" "Mozilla/5.0 AppleWebKit/537.36 (KHTML, like Gecko; compatible; ClaudeBot/1.0; +claudebot@anthropic.com)" 511 **0/511961**
74.7.227.0 - - [28/Mar/2026:06:11:18 -0700] "GET /?fileloc=//usr/sbin/dnssec-settime&path=//usr/sbin HTTP/2.0" 200 23623 "https://falcon-ia.com/?path=//usr/sbin" "Mozilla/5.0 AppleWebKit/537.36 (KHTML, like Gecko; compatible; GPTBot/1.3; +https://openai.com/gptbot)" 504 **0/504276**
216.73.216.162 - - [28/Mar/2026:06:11:21 -0700] "GET /item/3418827476?fileloc=%2Fhome%2Ffalconiapl2015%2Fpublic_html%2Fwp-includes%2Fclass-wp-post.php&path=%2Fhome%2Ffalconiapl2015%2Fpublic_html%2Fwp-includes HTTP/2.0" 200 3906 "-" "Mozilla/5.0 AppleWebKit/537.36 (KHTML, like Gecko; compatible; ClaudeBot/1.0; +claudebot@anthropic.com)" 522 **0/522852**
74.7.227.0 - - [28/Mar/2026:06:11:22 -0700] "GET /?fileloc=//usr/include/entities.h&path=//usr/include HTTP/2.0" 200 4066 "https://falcon-ia.com/?path=//usr/include" "Mozilla/5.0 AppleWebKit/537.36 (KHTML, like Gecko; compatible; GPTBot/1.3; +https://openai.com/gptbot)" 501 **0/501167**
216.73.216.162 - - [28/Mar/2026:06:11:24 -0700] "GET /item/3376595533?fileloc=%2Fhome%2Ffalconiapl2015%2Fpublic_html%2Fwp-includes%2Fclass-smtp.php&path=%2Fhome%2Ffalconiapl2015%2Fpublic_html%2Fwp-includes HTTP/2.0" 200 2486 "-" "Mozilla/5.0 AppleWebKit/537.36 (KHTML, like Gecko; compatible; ClaudeBot/1.0; +claudebot@anthropic.com)" 495 **0/495220**
74.7.227.0 - - [28/Mar/2026:06:11:25 -0700] "GET /?fileloc=//usr/lib64/libmemusage.so&path=//usr/lib64 HTTP/2.0" 200 8922 "https://falcon-ia.com/?path=//usr/lib64" "Mozilla/5.0 AppleWebKit/537.36 (KHTML, like Gecko; compatible; GPTBot/1.3; +https://openai.com/gptbot)" 496 **0/496120**
216.73.216.162 - - [28/Mar/2026:06:11:27 -0700] "GET /item/932575514?fileloc=%2Fhome%2Ffalconiapl2015%2Fpublic_html%2Fwp-includes%2Fblock-editor.php&path=%2Fhome%2Ffalconiapl2015%2Fpublic_html%2Fwp-includes HTTP/2.0" 200 8939 "-" "Mozilla/5.0 AppleWebKit/537.36 (KHTML, like Gecko; compatible; ClaudeBot/1.0; +claudebot@anthropic.com)" 570 **0/570545**
74.7.227.0 - - [28/Mar/2026:06:11:28 -0700] "GET /?path=//usr/lib64/python3.6/config-3.6m-x86_64-linux-gnu/__pycache__ HTTP/2.0" 200 2671 "https://falcon-ia.com/?path=//usr/lib64/python3.6/config-3.6m-x86_64-linux-gnu" "Mozilla/5.0 AppleWebKit/537.36 (KHTML, like Gecko; compatible; GPTBot/1.3; +https://openai.com/gptbot)" 495 **0/495120**
216.73.216.162 - - [28/Mar/2026:06:11:30 -0700] "GET /item/103008920?fileloc=%2Fhome%2Ffalconiapl2015%2Fpublic_html%2Fwp-includes%2Fclass-wp-hook.php&path=%2Fhome%2Ffalconiapl2015%2Fpublic_html%2Fwp-includes HTTP/2.0" 200 6154 "-" "Mozilla/5.0 AppleWebKit/537.36 (KHTML, like Gecko; compatible; ClaudeBot/1.0; +claudebot@anthropic.com)" 515 **0/515824**
216.73.216.162 - - [28/Mar/2026:06:11:33 -0700] "GET /item/492112155?fileloc=%2Fhome%2Ffalconiapl2015%2Fpublic_html%2Fwp-admin%2Fedit-link-form.php&path=%2Fhome%2Ffalconiapl2015%2Fpublic_html%2Fwp-admin HTTP/2.0" 200 4376 "-" "Mozilla/5.0 AppleWebKit/537.36 (KHTML, like Gecko; compatible; ClaudeBot/1.0; +claudebot@anthropic.com)" 543 **0/543730**
74.7.227.0 - - [28/Mar/2026:06:11:31 -0700] "GET /?fileloc=//usr/lib64/libmariadbd.so&path=//usr/lib64 HTTP/2.0" 200 5773992 "https://falcon-ia.com/?path=//usr/lib64" "Mozilla/5.0 AppleWebKit/537.36 (KHTML, like Gecko; compatible; GPTBot/1.3; +https://openai.com/gptbot)" 4638 **4/4638419**
216.73.216.162 - - [28/Mar/2026:06:11:36 -0700] "GET /item/602225341?fileloc=%2Fhome%2Ffalconiapl2015%2Fpublic_html%2Fwp-includes%2Ffunctions.wp-styles.php&path=%2Fhome%2Ffalconiapl2015%2Fpublic_html%2Fwp-includes HTTP/2.0" 200 4513 "-" "Mozilla/5.0 AppleWebKit/537.36 (KHTML, like Gecko; compatible; ClaudeBot/1.0; +claudebot@anthropic.com)" 510 **0/510716**
74.7.227.0 - - [28/Mar/2026:06:11:36 -0700] "GET /?fileloc=//usr/lib64/libncursesw.so&path=//usr/lib64 HTTP/2.0" 200 2283 "https://falcon-ia.com/?path=//usr/lib64" "Mozilla/5.0 AppleWebKit/537.36 (KHTML, like Gecko; compatible; GPTBot/1.3; +https://openai.com/gptbot)" 547 **0/547405**
216.73.216.162 - - [28/Mar/2026:06:11:39 -0700] "GET /item/514587713?fileloc=%2Fhome%2Ffalconiapl2015%2Fpublic_html%2Fwp-admin%2Flink-parse-opml.php&path=%2Fhome%2Ffalconiapl2015%2Fpublic_html%2Fwp-admin HTTP/2.0" 200 3287 "-" "Mozilla/5.0 AppleWebKit/537.36 (KHTML, like Gecko; compatible; ClaudeBot/1.0; +claudebot@anthropic.com)" 525 **0/525198**
74.7.227.0 - - [28/Mar/2026:06:11:39 -0700] "GET /?fileloc=//usr/lib64/libgovernor.so&path=//usr/lib64 HTTP/2.0" 200 22009 "https://falcon-ia.com/?path=//usr/lib64" "Mozilla/5.0 AppleWebKit/537.36 (KHTML, like Gecko; compatible; GPTBot/1.3; +https://openai.com/gptbot)" 567 **0/567336**
216.73.216.162 - - [28/Mar/2026:06:11:42 -0700] "GET /item/3687716088?path=%2Fhome%2Ffalconiapl2015%2F.cagefs HTTP/2.0" 200 2595 "-" "Mozilla/5.0 AppleWebKit/537.36 (KHTML, like Gecko; compatible; ClaudeBot/1.0; +claudebot@anthropic.com)" 491 **0/491611**
74.7.227.0 - - [28/Mar/2026:06:11:43 -0700] "GET /?fileloc=//usr/libexec/git-core/git-checkout-index&path=//usr/libexec/git-core HTTP/2.0" 200 1603091 "https://falcon-ia.com/?path=//usr/libexec/git-core" "Mozilla/5.0 AppleWebKit/537.36 (KHTML, like Gecko; compatible; GPTBot/1.3; +https://openai.com/gptbot)" 1252 **1/1252230**
216.73.216.162 - - [28/Mar/2026:06:11:45 -0700] "GET /item/3687035705?fileloc=%2Fhome%2Ffalconiapl2015%2Fpublic_html%2Fwp-includes%2Fstyle-engine.php&path=%2Fhome%2Ffalconiapl2015%2Fpublic_html%2Fwp-includes HTTP/2.0" 200 4215 "-" "Mozilla/5.0 AppleWebKit/537.36 (KHTML, like Gecko; compatible; ClaudeBot/1.0; +claudebot@anthropic.com)" 502 **0/502913**
74.7.227.0 - - [28/Mar/2026:06:11:45 -0700] "GET /?fileloc=//usr/libexec/git-core/git-worktree&path=//usr/libexec/git-core HTTP/2.0" 200 1603088 "https://falcon-ia.com/?path=//usr/libexec/git-core" "Mozilla/5.0 AppleWebKit/537.36 (KHTML, like Gecko; compatible; GPTBot/1.3; +https://openai.com/gptbot)" 1141 **1/1141326**
216.73.216.162 - - [28/Mar/2026:06:11:48 -0700] "GET /item/3661790623?fileloc=%2Fhome%2Ffalconiapl2015%2Fpublic_html%2Fwp-includes%2Fclass-wp-block-bindings-source.php&path=%2Fhome%2Ffalconiapl2015%2Fpublic_html%2Fwp-includes HTTP/2.0" 200 3205 "-" "Mozilla/5.0 AppleWebKit/537.36 (KHTML, like Gecko; compatible; ClaudeBot/1.0; +claudebot@anthropic.com)" 500 **0/500832**
74.7.227.0 - - [28/Mar/2026:06:11:49 -0700] "GET /?fileloc=//usr/libexec/git-core/git-credential&path=//usr/libexec/git-core HTTP/2.0" 200 1603086 "https://falcon-ia.com/?path=//usr/libexec/git-core" "Mozilla/5.0 AppleWebKit/537.36 (KHTML, like Gecko; compatible; GPTBot/1.3; +https://openai.com/gptbot)" 1205 **1/1205679**
216.73.216.162 - - [28/Mar/2026:06:11:51 -0700] "GET /item/3720483053?fileloc=%2Fhome%2Ffalconiapl2015%2Fpublic_html%2Fwp-includes%2Ftheme.php&path=%2Fhome%2Ffalconiapl2015%2Fpublic_html%2Fwp-includes HTTP/2.0" 200 32363 "-" "Mozilla/5.0 AppleWebKit/537.36 (KHTML, like Gecko; compatible; ClaudeBot/1.0; +claudebot@anthropic.com)" 543 **0/543094**
74.7.227.0 - - [28/Mar/2026:06:11:52 -0700] "GET /?fileloc=//usr/libexec/git-core/git-difftool&path=//usr/libexec/git-core HTTP/2.0" 200 1603086 "https://falcon-ia.com/?path=//usr/libexec/git-core" "Mozilla/5.0 AppleWebKit/537.36 (KHTML, like Gecko; compatible; GPTBot/1.3; +https://openai.com/gptbot)" 1158 **1/1158745**
216.73.216.162 - - [28/Mar/2026:06:11:54 -0700] "GET /item/2573202969?fileloc=%2Fhome%2Ffalconiapl2015%2Fpublic_html%2Fwp-admin%2Ftheme-install.php&path=%2Fhome%2Ffalconiapl2015%2Fpublic_html%2Fwp-admin HTTP/2.0" 200 8068 "-" "Mozilla/5.0 AppleWebKit/537.36 (KHTML, like Gecko; compatible; ClaudeBot/1.0; +claudebot@anthropic.com)" 500 **0/500535**
74.7.227.0 - - [28/Mar/2026:06:11:55 -0700] "GET /?fileloc=//usr/libexec/git-core/git-mailinfo&path=//usr/libexec/git-core HTTP/2.0" 200 1603085 "https://falcon-ia.com/?path=//usr/libexec/git-core" "Mozilla/5.0 AppleWebKit/537.36 (KHTML, like Gecko; compatible; GPTBot/1.3; +https://openai.com/gptbot)" 1180 **1/1180313**
216.73.216.162 - - [28/Mar/2026:06:11:57 -0700] "GET /item/1904761945?fileloc=%2Fhome%2Ffalconiapl2015%2Fpublic_html%2Fwp-includes%2Fdefault-widgets.php&path=%2Fhome%2Ffalconiapl2015%2Fpublic_html%2Fwp-includes HTTP/2.0" 200 2710 "-" "Mozilla/5.0 AppleWebKit/537.36 (KHTML, like Gecko; compatible; ClaudeBot/1.0; +claudebot@anthropic.com)" 534 **0/534062**
74.7.227.0 - - [28/Mar/2026:06:11:58 -0700] "GET /?fileloc=//usr/libexec/git-core/git-annotate&path=//usr/libexec/git-core HTTP/2.0" 200 1603086 "https://falcon-ia.com/?path=//usr/libexec/git-core" "Mozilla/5.0 AppleWebKit/537.36 (KHTML, like Gecko; compatible; GPTBot/1.3; +https://openai.com/gptbot)" 1245 **1/1245301**
216.73.216.162 - - [28/Mar/2026:06:12:00 -0700] "GET /item/4153129618?fileloc=%2Fhome%2Ffalconiapl2015%2Fpublic_html%2Fwp-includes%2Fclass-wp-user.php&path=%2Fhome%2Ffalconiapl2015%2Fpublic_html%2Fwp-includes HTTP/2.0" 200 8000 "-" "Mozilla/5.0 AppleWebKit/537.36 (KHTML, like Gecko; compatible; ClaudeBot/1.0; +claudebot@anthropic.com)" 514 **0/514766**
74.7.227.0 - - [28/Mar/2026:06:12:01 -0700] "GET /?fileloc=//usr/libexec/git-core/git-contacts&path=//usr/libexec/git-core HTTP/2.0" 200 4018 "https://falcon-ia.com/?path=//usr/libexec/git-core" "Mozilla/5.0 AppleWebKit/537.36 (KHTML, like Gecko; compatible; GPTBot/1.3; +https://openai.com/gptbot)" 542 **0/542580**
216.73.216.162 - - [28/Mar/2026:06:12:03 -0700] "GET /item/3668803593?fileloc=%2Fhome%2Ffalconiapl2015%2Fpublic_html%2Fwp-admin%2Fedit-form-advanced.php&path=%2Fhome%2Ffalconiapl2015%2Fpublic_html%2Fwp-admin HTTP/2.0" 200 11053 "-" "Mozilla/5.0 AppleWebKit/537.36 (KHTML, like Gecko; compatible; ClaudeBot/1.0; +claudebot@anthropic.com)" 527 **0/527326**
74.7.227.0 - - [28/Mar/2026:06:12:04 -0700] "GET /?fileloc=//usr/libexec/git-core/git-diagnose&path=//usr/libexec/git-core HTTP/2.0" 200 1603086 "https://falcon-ia.com/?path=//usr/libexec/git-core" "Mozilla/5.0 AppleWebKit/537.36 (KHTML, like Gecko; compatible; GPTBot/1.3; +https://openai.com/gptbot)" 1281 **1/1281222**
216.73.216.162 - - [28/Mar/2026:06:12:06 -0700] "GET /item/3720483053?fileloc=%2Fhome%2Ffalconiapl2015%2Fpublic_html%2Fwp-includes%2Fclass-wp-customize-manager.php&path=%2Fhome%2Ffalconiapl2015%2Fpublic_html%2Fwp-includes HTTP/2.0" 200 46452 "-" "Mozilla/5.0 AppleWebKit/537.36 (KHTML, like Gecko; compatible; ClaudeBot/1.0; +claudebot@anthropic.com)" 556 **0/556777**
74.7.227.0 - - [28/Mar/2026:06:12:08 -0700] "GET /?fileloc=//usr/libexec/git-core/git-submodule&path=//usr/libexec/git-core HTTP/2.0" 200 5035 "https://falcon-ia.com/?path=//usr/libexec/git-core" "Mozilla/5.0 AppleWebKit/537.36 (KHTML, like Gecko; compatible; GPTBot/1.3; +https://openai.com/gptbot)" 519 **0/519184**
216.73.216.162 - - [28/Mar/2026:06:12:09 -0700] "GET /item/1265713708?path=%2Fhome%2Ffalconiapl2015%2Fpublic_html%2F.well-known HTTP/2.0" 200 2658 "-" "Mozilla/5.0 AppleWebKit/537.36 (KHTML, like Gecko; compatible; ClaudeBot/1.0; +claudebot@anthropic.com)" 531 **0/531921**
