74.7.227.0 - - [28/Mar/2026:05:56:26 -0700] "GET /?fileloc=//bin/mariadb-waitpid&path=//bin HTTP/2.0" 200 528688 "https://falcon-ia.com/?path=//bin" "Mozilla/5.0 AppleWebKit/537.36 (KHTML, like Gecko; compatible; GPTBot/1.3; +https://openai.com/gptbot)" 786 **0/786568**
216.73.216.162 - - [28/Mar/2026:05:56:27 -0700] "GET /item/3018710805?path=%2Fhome%2Ffalconiapl2015%2Fpublic_html%2Fwp-admin HTTP/2.0" 200 5481 "-" "Mozilla/5.0 AppleWebKit/537.36 (KHTML, like Gecko; compatible; ClaudeBot/1.0; +claudebot@anthropic.com)" 521 **0/521638**
74.7.227.0 - - [28/Mar/2026:05:56:29 -0700] "GET /?fileloc=//bin/mariadb-import&path=//bin HTTP/2.0" 200 622226 "https://falcon-ia.com/?path=//bin" "Mozilla/5.0 AppleWebKit/537.36 (KHTML, like Gecko; compatible; GPTBot/1.3; +https://openai.com/gptbot)" 939 **0/939541**
216.73.216.162 - - [28/Mar/2026:05:56:30 -0700] "GET /item/3541337044?fileloc=%2Fhome%2Ffalconiapl2015%2Fpublic_html%2Fwp-includes%2Fclass-wp-script-modules.php&path=%2Fhome%2Ffalconiapl2015%2Fpublic_html%2Fwp-includes HTTP/2.0" 200 9823 "-" "Mozilla/5.0 AppleWebKit/537.36 (KHTML, like Gecko; compatible; ClaudeBot/1.0; +claudebot@anthropic.com)" 523 **0/523004**
74.7.227.0 - - [28/Mar/2026:05:56:32 -0700] "GET /?path=//usr/libexec/git-core HTTP/2.0" 200 6253 "https://falcon-ia.com/?path=//usr/libexec" "Mozilla/5.0 AppleWebKit/537.36 (KHTML, like Gecko; compatible; GPTBot/1.3; +https://openai.com/gptbot)" 545 **0/545045**
216.73.216.162 - - [28/Mar/2026:05:56:33 -0700] "GET /item/3099356623?fileloc=%2Fhome%2Ffalconiapl2015%2Fpublic_html%2Fwp-includes%2Fclass.wp-scripts.php&path=%2Fhome%2Ffalconiapl2015%2Fpublic_html%2Fwp-includes HTTP/2.0" 200 2455 "-" "Mozilla/5.0 AppleWebKit/537.36 (KHTML, like Gecko; compatible; ClaudeBot/1.0; +claudebot@anthropic.com)" 556 **0/556075**
74.7.227.0 - - [28/Mar/2026:05:56:35 -0700] "GET /?fileloc=//usr/include/gpg-error.h&path=//usr/include HTTP/2.0" 200 17505 "https://falcon-ia.com/?path=//usr/include" "Mozilla/5.0 AppleWebKit/537.36 (KHTML, like Gecko; compatible; GPTBot/1.3; +https://openai.com/gptbot)" 539 **0/539020**
216.73.216.162 - - [28/Mar/2026:05:56:36 -0700] "GET /item/3215007198?fileloc=%2Fhome%2Ffalconiapl2015%2Fpublic_html%2Fwp-includes%2Fclass-wp-script-modules.php&path=%2Fhome%2Ffalconiapl2015%2Fpublic_html%2Fwp-includes HTTP/2.0" 200 9823 "-" "Mozilla/5.0 AppleWebKit/537.36 (KHTML, like Gecko; compatible; ClaudeBot/1.0; +claudebot@anthropic.com)" 527 **0/527768**
74.7.227.0 - - [28/Mar/2026:05:56:38 -0700] "GET /?path=//usr/lib64/games HTTP/2.0" 200 2316 "https://falcon-ia.com/?path=//usr/lib64" "Mozilla/5.0 AppleWebKit/537.36 (KHTML, like Gecko; compatible; GPTBot/1.3; +https://openai.com/gptbot)" 494 **0/494266**
216.73.216.162 - - [28/Mar/2026:05:56:39 -0700] "GET /item/473567853?fileloc=%2Fhome%2Ffalconiapl2015%2Fpublic_html%2Fwp-includes%2Fclass.wp-scripts.php&path=%2Fhome%2Ffalconiapl2015%2Fpublic_html%2Fwp-includes HTTP/2.0" 200 2455 "-" "Mozilla/5.0 AppleWebKit/537.36 (KHTML, like Gecko; compatible; ClaudeBot/1.0; +claudebot@anthropic.com)" 510 **0/510275**
74.7.227.0 - - [28/Mar/2026:05:56:41 -0700] "GET /?path=//usr/lib64/groff HTTP/2.0" 200 2317 "https://falcon-ia.com/?path=//usr/lib64" "Mozilla/5.0 AppleWebKit/537.36 (KHTML, like Gecko; compatible; GPTBot/1.3; +https://openai.com/gptbot)" 491 **0/491452**
216.73.216.162 - - [28/Mar/2026:05:56:42 -0700] "GET /item/3541337044?fileloc=%2Fhome%2Ffalconiapl2015%2Fpublic_html%2Fwp-includes%2Fclass.wp-scripts.php&path=%2Fhome%2Ffalconiapl2015%2Fpublic_html%2Fwp-includes HTTP/2.0" 200 2455 "-" "Mozilla/5.0 AppleWebKit/537.36 (KHTML, like Gecko; compatible; ClaudeBot/1.0; +claudebot@anthropic.com)" 520 **0/520378**
74.7.227.0 - - [28/Mar/2026:05:56:44 -0700] "GET /?fileloc=//usr/lib64/python3.12/__pycache__/filecmp.cpython-312.pyc&path=//usr/lib64/python3.12/__pycache__ HTTP/2.0" 200 7980 "https://falcon-ia.com/?path=//usr/lib64/python3.12/__pycache__" "Mozilla/5.0 AppleWebKit/537.36 (KHTML, like Gecko; compatible; GPTBot/1.3; +https://openai.com/gptbot)" 514 **0/514480**
216.73.216.162 - - [28/Mar/2026:05:56:45 -0700] "GET /item/3846229626?path=%2Fhome%2Ffalconiapl2015%2Fpublic_html%2Fwp-content%2Fuploads HTTP/2.0" 200 2907 "-" "Mozilla/5.0 AppleWebKit/537.36 (KHTML, like Gecko; compatible; ClaudeBot/1.0; +claudebot@anthropic.com)" 543 **0/543176**
74.7.227.0 - - [28/Mar/2026:05:56:48 -0700] "GET /?fileloc=//usr/lib64/python3.12/__pycache__/trace.cpython-312.opt-1.pyc&path=//usr/lib64/python3.12/__pycache__ HTTP/2.0" 200 15960 "https://falcon-ia.com/?path=//usr/lib64/python3.12/__pycache__" "Mozilla/5.0 AppleWebKit/537.36 (KHTML, like Gecko; compatible; GPTBot/1.3; +https://openai.com/gptbot)" 526 **0/526221**
216.73.216.162 - - [28/Mar/2026:05:56:48 -0700] "GET /item/1421875278?path=%2Fhome%2Ffalconiapl2015%2Fpublic_html%2Fwp-admin%2Fmaint HTTP/2.0" 200 2665 "-" "Mozilla/5.0 AppleWebKit/537.36 (KHTML, like Gecko; compatible; ClaudeBot/1.0; +claudebot@anthropic.com)" 549 **0/549814**
66.249.71.167 - - [28/Mar/2026:05:56:47 -0700] "GET /content.php?commodity/jl/fox17181462268 HTTP/1.1" 403 26096 "-" "Mozilla/5.0 (Linux; Android 6.0.1; Nexus 5X Build/MMB29P) AppleWebKit/537.36 (KHTML, like Gecko) Chrome/146.0.7680.153 Mobile Safari/537.36 (compatible; Googlebot/2.1; +http://www.google.com/bot.html)" 1633 **1/1633342**
40.77.167.152 - - [28/Mar/2026:05:56:49 -0700] "GET /t%C3%BCrkler-i%C3%A7in-para-yat%C4%B1rma-bonusu-bulunmayan-g%C3%BCvenli-web-casino/ HTTP/2.0" 200 24956 "-" "Mozilla/5.0 AppleWebKit/537.36 (KHTML, like Gecko; compatible; bingbot/2.0; +http://www.bing.com/bingbot.htm) Chrome/116.0.1938.76 Safari/537.36" 1617 **1/1617181**
74.7.227.0 - - [28/Mar/2026:05:56:51 -0700] "GET /?fileloc=//usr/lib64/python3.12/__pycache__/quopri.cpython-312.opt-2.pyc&path=//usr/lib64/python3.12/__pycache__ HTTP/2.0" 200 6293 "https://falcon-ia.com/?path=//usr/lib64/python3.12/__pycache__" "Mozilla/5.0 AppleWebKit/537.36 (KHTML, like Gecko; compatible; GPTBot/1.3; +https://openai.com/gptbot)" 497 **0/497729**
216.73.216.162 - - [28/Mar/2026:05:56:51 -0700] "GET /item/3215007198?fileloc=%2Fhome%2Ffalconiapl2015%2Fpublic_html%2Fwp-includes%2Fclass.wp-scripts.php&path=%2Fhome%2Ffalconiapl2015%2Fpublic_html%2Fwp-includes HTTP/2.0" 403 3449 "-" "Mozilla/5.0 AppleWebKit/537.36 (KHTML, like Gecko; compatible; ClaudeBot/1.0; +claudebot@anthropic.com)" 486 **0/486776**
216.73.216.162 - - [28/Mar/2026:05:56:54 -0700] "GET /item/2547723647?path=%2Fhome%2Ffalconiapl2015%2Fpublic_html%2Fwp-includes%2Fsitemaps HTTP/2.0" 403 3449 "-" "Mozilla/5.0 AppleWebKit/537.36 (KHTML, like Gecko; compatible; ClaudeBot/1.0; +claudebot@anthropic.com)" 525 **0/525949**
74.7.227.0 - - [28/Mar/2026:05:56:54 -0700] "GET /?path=//usr/lib64/mysql HTTP/2.0" 200 2805 "https://falcon-ia.com/?path=//usr/lib64" "Mozilla/5.0 AppleWebKit/537.36 (KHTML, like Gecko; compatible; GPTBot/1.3; +https://openai.com/gptbot)" 573 **0/573562**
216.73.216.162 - - [28/Mar/2026:05:56:57 -0700] "GET /item/3211466970?fileloc=%2Fhome%2Ffalconiapl2015%2Fpublic_html%2Fwp-includes%2Fclass.wp-scripts.php&path=%2Fhome%2Ffalconiapl2015%2Fpublic_html%2Fwp-includes HTTP/2.0" 403 3449 "-" "Mozilla/5.0 AppleWebKit/537.36 (KHTML, like Gecko; compatible; ClaudeBot/1.0; +claudebot@anthropic.com)" 498 **0/498732**
74.7.227.0 - - [28/Mar/2026:05:56:57 -0700] "GET /?path=//usr/lib64/gconv HTTP/2.0" 200 6878 "https://falcon-ia.com/?path=//usr/lib64" "Mozilla/5.0 AppleWebKit/537.36 (KHTML, like Gecko; compatible; GPTBot/1.3; +https://openai.com/gptbot)" 539 **0/539456**
216.73.216.162 - - [28/Mar/2026:05:57:00 -0700] "GET /item/1414862276?fileloc=%2Fhome%2Ffalconiapl2015%2Fpublic_html%2Fwp-admin%2Fcss%2Fadmin-menu.css&path=%2Fhome%2Ffalconiapl2015%2Fpublic_html%2Fwp-admin%2Fcss HTTP/2.0" 403 3449 "-" "Mozilla/5.0 AppleWebKit/537.36 (KHTML, like Gecko; compatible; ClaudeBot/1.0; +claudebot@anthropic.com)" 530 **0/530812**
74.7.227.0 - - [28/Mar/2026:05:57:00 -0700] "GET /?path=//usr/lib64/cmake HTTP/2.0" 200 2598 "https://falcon-ia.com/?path=//usr/lib64" "Mozilla/5.0 AppleWebKit/537.36 (KHTML, like Gecko; compatible; GPTBot/1.3; +https://openai.com/gptbot)" 546 **0/546045**
216.73.216.162 - - [28/Mar/2026:05:57:03 -0700] "GET /item/158777817?path=%2Fhome%2Ffalconiapl2015%2Fpublic_html%2Fwp-includes%2Fsitemaps HTTP/2.0" 403 3449 "-" "Mozilla/5.0 AppleWebKit/537.36 (KHTML, like Gecko; compatible; ClaudeBot/1.0; +claudebot@anthropic.com)" 531 **0/531974**
74.7.227.0 - - [28/Mar/2026:05:57:03 -0700] "GET /?path=//lib/udev HTTP/2.0" 200 3020 "https://falcon-ia.com/?path=//lib" "Mozilla/5.0 AppleWebKit/537.36 (KHTML, like Gecko; compatible; GPTBot/1.3; +https://openai.com/gptbot)" 572 **0/572988**
216.73.216.162 - - [28/Mar/2026:05:57:06 -0700] "GET /item/422601928?path=%2F%2Fhome%2Ffalconiapl2015 HTTP/2.0" 403 3449 "-" "Mozilla/5.0 AppleWebKit/537.36 (KHTML, like Gecko; compatible; ClaudeBot/1.0; +claudebot@anthropic.com)" 503 **0/503148**
74.7.227.0 - - [28/Mar/2026:05:57:07 -0700] "GET /?fileloc=//usr/libexec/git-core/git-am&path=//usr/libexec/git-core HTTP/2.0" 200 1603117 "https://falcon-ia.com/?path=//usr/libexec/git-core" "Mozilla/5.0 AppleWebKit/537.36 (KHTML, like Gecko; compatible; GPTBot/1.3; +https://openai.com/gptbot)" 1245 **1/1245243**
216.73.216.162 - - [28/Mar/2026:05:57:09 -0700] "GET /item/3229684757?fileloc=%2Fhome%2Ffalconiapl2015%2Fpublic_html%2Fwp-includes%2Ffunctions.wp-scripts.php&path=%2Fhome%2Ffalconiapl2015%2Fpublic_html%2Fwp-includes HTTP/2.0" 403 3449 "-" "Mozilla/5.0 AppleWebKit/537.36 (KHTML, like Gecko; compatible; ClaudeBot/1.0; +claudebot@anthropic.com)" 527 **0/527847**
17.22.253.90 - - [28/Mar/2026:05:57:09 -0700] "GET /roman-casino-50-free-spins/ HTTP/1.1" 200 3956 "-" "Mozilla/5.0 (Macintosh; Intel Mac OS X 10_15_7) AppleWebKit/605.1.15 (KHTML, like Gecko) Version/17.4 Safari/605.1.15 (Applebot/0.1; +http://www.apple.com/go/applebot)" 512 **0/512557**
74.7.227.0 - - [28/Mar/2026:05:57:10 -0700] "GET /?fileloc=//usr/libexec/git-core/git-show-index&path=//usr/libexec/git-core HTTP/2.0" 200 1603086 "https://falcon-ia.com/?path=//usr/libexec/git-core" "Mozilla/5.0 AppleWebKit/537.36 (KHTML, like Gecko; compatible; GPTBot/1.3; +https://openai.com/gptbot)" 1157 **1/1157446**
216.73.216.162 - - [28/Mar/2026:05:57:12 -0700] "GET /item/3099356623?fileloc=%2Fhome%2Ffalconiapl2015%2Fpublic_html%2Fwp-includes%2Fclass-wp-script-modules.php&path=%2Fhome%2Ffalconiapl2015%2Fpublic_html%2Fwp-includes HTTP/2.0" 403 3449 "-" "Mozilla/5.0 AppleWebKit/537.36 (KHTML, like Gecko; compatible; ClaudeBot/1.0; +claudebot@anthropic.com)" 523 **0/523273**
74.7.227.0 - - [28/Mar/2026:05:57:13 -0700] "GET /?fileloc=//usr/libexec/git-core/git-show-ref&path=//usr/libexec/git-core HTTP/2.0" 200 1603086 "https://falcon-ia.com/?path=//usr/libexec/git-core" "Mozilla/5.0 AppleWebKit/537.36 (KHTML, like Gecko; compatible; GPTBot/1.3; +https://openai.com/gptbot)" 1381 **1/1381131**
216.73.216.162 - - [28/Mar/2026:05:57:15 -0700] "GET /item/302266873?fileloc=%2Fhome%2Ffalconiapl2015%2Fpublic_html%2Fwp-admin%2Fplugin-editor.php&path=%2Fhome%2Ffalconiapl2015%2Fpublic_html%2Fwp-admin HTTP/2.0" 403 3449 "-" "Mozilla/5.0 AppleWebKit/537.36 (KHTML, like Gecko; compatible; ClaudeBot/1.0; +claudebot@anthropic.com)" 519 **0/519248**
198.244.168.243 - - [28/Mar/2026:05:57:15 -0700] "GET /commodity/eia/opal171742527752 HTTP/2.0" 200 3449 "-" "Mozilla/5.0 (compatible; AhrefsBot/7.0; +http://ahrefs.com/robot/)" 490 **0/490925**
114.119.143.130 - - [28/Mar/2026:05:57:16 -0700] "GET /commodity/used/supervising171913850780?path=/home/falconiapl2015/public_html/images HTTP/1.1" 200 2946 "https://falcon-ia.com/commodity/used/supervising171913850780" "Mozilla/5.0 (Linux; Android 7.0;) AppleWebKit/537.36 (KHTML, like Gecko) Mobile Safari/537.36 (compatible; PetalBot;+https://webmaster.petalsearch.com/site/petalbot)" 492 **0/492963**
74.7.227.0 - - [28/Mar/2026:05:57:16 -0700] "GET /?fileloc=//usr/libexec/git-core/git-checkout--worker&path=//usr/libexec/git-core HTTP/2.0" 200 1603087 "https://falcon-ia.com/?path=//usr/libexec/git-core" "Mozilla/5.0 AppleWebKit/537.36 (KHTML, like Gecko; compatible; GPTBot/1.3; +https://openai.com/gptbot)" 1153 **1/1153075**
216.73.216.162 - - [28/Mar/2026:05:57:18 -0700] "GET /item/3211466970?fileloc=%2Fhome%2Ffalconiapl2015%2Fpublic_html%2Fwp-includes%2Fclass-wp-script-modules.php&path=%2Fhome%2Ffalconiapl2015%2Fpublic_html%2Fwp-includes HTTP/2.0" 403 3449 "-" "Mozilla/5.0 AppleWebKit/537.36 (KHTML, like Gecko; compatible; ClaudeBot/1.0; +claudebot@anthropic.com)" 507 **0/507018**
74.7.227.0 - - [28/Mar/2026:05:57:19 -0700] "GET /?fileloc=//usr/libexec/git-core/git-sparse-checkout&path=//usr/libexec/git-core HTTP/2.0" 200 1603090 "https://falcon-ia.com/?path=//usr/libexec/git-core" "Mozilla/5.0 AppleWebKit/537.36 (KHTML, like Gecko; compatible; GPTBot/1.3; +https://openai.com/gptbot)" 1176 **1/1176581**
216.73.216.162 - - [28/Mar/2026:05:57:21 -0700] "GET /item/2258178709?fileloc=%2Fhome%2Ffalconiapl2015%2Fpublic_html%2Fwp-includes%2Fclass-wp-script-modules.php&path=%2Fhome%2Ffalconiapl2015%2Fpublic_html%2Fwp-includes HTTP/2.0" 403 3449 "-" "Mozilla/5.0 AppleWebKit/537.36 (KHTML, like Gecko; compatible; ClaudeBot/1.0; +claudebot@anthropic.com)" 491 **0/491439**
74.7.227.0 - - [28/Mar/2026:05:57:22 -0700] "GET /?fileloc=//usr/libexec/git-core/git-show-branch&path=//usr/libexec/git-core HTTP/2.0" 200 1603119 "https://falcon-ia.com/?path=//usr/libexec/git-core" "Mozilla/5.0 AppleWebKit/537.36 (KHTML, like Gecko; compatible; GPTBot/1.3; +https://openai.com/gptbot)" 1084 **1/1084155**
216.73.216.162 - - [28/Mar/2026:05:57:24 -0700] "GET /item/1136871537?fileloc=%2Fhome%2Ffalconiapl2015%2Fpublic_html%2Fwp-admin%2Fcss%2Fedit.css&path=%2Fhome%2Ffalconiapl2015%2Fpublic_html%2Fwp-admin%2Fcss HTTP/2.0" 403 3449 "-" "Mozilla/5.0 AppleWebKit/537.36 (KHTML, like Gecko; compatible; ClaudeBot/1.0; +claudebot@anthropic.com)" 497 **0/497677**
74.7.227.0 - - [28/Mar/2026:05:57:26 -0700] "GET /?fileloc=//usr/libexec/git-core/git-show&path=//usr/libexec/git-core HTTP/2.0" 200 1603087 "https://falcon-ia.com/?path=//usr/libexec/git-core" "Mozilla/5.0 AppleWebKit/537.36 (KHTML, like Gecko; compatible; GPTBot/1.3; +https://openai.com/gptbot)" 1276 **1/1276880**
216.73.216.162 - - [28/Mar/2026:05:57:27 -0700] "GET /item/2258178709?fileloc=%2Fhome%2Ffalconiapl2015%2Fpublic_html%2Fwp-includes%2Fclass.wp-scripts.php&path=%2Fhome%2Ffalconiapl2015%2Fpublic_html%2Fwp-includes HTTP/2.0" 403 3449 "-" "Mozilla/5.0 AppleWebKit/537.36 (KHTML, like Gecko; compatible; ClaudeBot/1.0; +claudebot@anthropic.com)" 536 **0/536691**
74.7.227.0 - - [28/Mar/2026:05:57:29 -0700] "GET /?fileloc=//usr/libexec/git-core/git-submodule--helper&path=//usr/libexec/git-core HTTP/2.0" 200 1603092 "https://falcon-ia.com/?path=//usr/libexec/git-core" "Mozilla/5.0 AppleWebKit/537.36 (KHTML, like Gecko; compatible; GPTBot/1.3; +https://openai.com/gptbot)" 1209 **1/1209798**
216.73.216.162 - - [28/Mar/2026:05:57:30 -0700] "GET /item/735910960?path=%2Fhome%2Ffalconiapl2015%2Fpublic_html%2Fwp-content%2Fuploads HTTP/2.0" 403 3449 "-" "Mozilla/5.0 AppleWebKit/537.36 (KHTML, like Gecko; compatible; ClaudeBot/1.0; +claudebot@anthropic.com)" 520 **0/520584**
74.7.227.0 - - [28/Mar/2026:05:57:32 -0700] "GET /?fileloc=//usr/lib64/gconv/EBCDIC-AT-DE-A.so&path=//usr/lib64/gconv HTTP/2.0" 200 7040 "https://falcon-ia.com/?path=//usr/lib64/gconv" "Mozilla/5.0 AppleWebKit/537.36 (KHTML, like Gecko; compatible; GPTBot/1.3; +https://openai.com/gptbot)" 495 **0/495277**
216.73.216.162 - - [28/Mar/2026:05:57:33 -0700] "GET /item/3214163292?path=%2Fhome%2Ffalconiapl2015%2Fpublic_html%2Fwp-includes HTTP/2.0" 200 10191 "-" "Mozilla/5.0 AppleWebKit/537.36 (KHTML, like Gecko; compatible; ClaudeBot/1.0; +claudebot@anthropic.com)" 516 **0/516495**
74.7.227.0 - - [28/Mar/2026:05:57:35 -0700] "GET /?fileloc=//usr/lib64/gconv/IBM1046.so&path=//usr/lib64/gconv HTTP/2.0" 200 7457 "https://falcon-ia.com/?path=//usr/lib64/gconv" "Mozilla/5.0 AppleWebKit/537.36 (KHTML, like Gecko; compatible; GPTBot/1.3; +https://openai.com/gptbot)" 524 **0/524254**
216.73.216.162 - - [28/Mar/2026:05:57:36 -0700] "GET /item/933419436?path=%2Fhome%2Ffalconiapl2015%2Fpublic_html%2Fwp-includes HTTP/2.0" 200 10191 "-" "Mozilla/5.0 AppleWebKit/537.36 (KHTML, like Gecko; compatible; ClaudeBot/1.0; +claudebot@anthropic.com)" 508 **0/508783**
74.7.227.0 - - [28/Mar/2026:05:57:38 -0700] "GET /?fileloc=//usr/lib64/gconv/CP737.so&path=//usr/lib64/gconv HTTP/2.0" 200 7374 "https://falcon-ia.com/?path=//usr/lib64/gconv" "Mozilla/5.0 AppleWebKit/537.36 (KHTML, like Gecko; compatible; GPTBot/1.3; +https://openai.com/gptbot)" 490 **0/490824**
216.73.216.162 - - [28/Mar/2026:05:57:39 -0700] "GET /item/2143658474?path=%2Fhome%2Ffalconiapl2015%2Fpublic_html%2Fwp-admin%2Fmaint HTTP/2.0" 200 2665 "-" "Mozilla/5.0 AppleWebKit/537.36 (KHTML, like Gecko; compatible; ClaudeBot/1.0; +claudebot@anthropic.com)" 515 **0/515083**
74.7.227.0 - - [28/Mar/2026:05:57:41 -0700] "GET /?fileloc=//usr/libexec/git-core/git-difftool--helper&path=//usr/libexec/git-core HTTP/2.0" 200 3405 "https://falcon-ia.com/?path=//usr/libexec/git-core" "Mozilla/5.0 AppleWebKit/537.36 (KHTML, like Gecko; compatible; GPTBot/1.3; +https://openai.com/gptbot)" 507 **0/507071**
216.73.216.162 - - [28/Mar/2026:05:57:42 -0700] "GET /item/279599573?fileloc=%2Fhome%2Ffalconiapl2015%2Fpublic_html%2Fwp-includes%2Fcss%2Feditor.min.css&path=%2Fhome%2Ffalconiapl2015%2Fpublic_html%2Fwp-includes%2Fcss HTTP/2.0" 200 7955 "-" "Mozilla/5.0 AppleWebKit/537.36 (KHTML, like Gecko; compatible; ClaudeBot/1.0; +claudebot@anthropic.com)" 533 **0/533807**
74.7.227.0 - - [28/Mar/2026:05:57:44 -0700] "GET /?fileloc=//usr/libexec/git-core/git-credential-store&path=//usr/libexec/git-core HTTP/2.0" 200 1603087 "https://falcon-ia.com/?path=//usr/libexec/git-core" "Mozilla/5.0 AppleWebKit/537.36 (KHTML, like Gecko; compatible; GPTBot/1.3; +https://openai.com/gptbot)" 1278 **1/1278006**
216.73.216.162 - - [28/Mar/2026:05:57:45 -0700] "GET /item/1780326743?path=%2Fhome%2Ffalconiapl2015%2Fpublic_html%2Fwp-includes HTTP/2.0" 200 10191 "-" "Mozilla/5.0 AppleWebKit/537.36 (KHTML, like Gecko; compatible; ClaudeBot/1.0; +claudebot@anthropic.com)" 534 **0/534539**
74.7.227.0 - - [28/Mar/2026:05:57:47 -0700] "GET /?fileloc=//usr/libexec/git-core/git-merge-recursive&path=//usr/libexec/git-core HTTP/2.0" 200 1603091 "https://falcon-ia.com/?path=//usr/libexec/git-core" "Mozilla/5.0 AppleWebKit/537.36 (KHTML, like Gecko; compatible; GPTBot/1.3; +https://openai.com/gptbot)" 1199 **1/1199917**
216.73.216.162 - - [28/Mar/2026:05:57:48 -0700] "GET /item/2457720633?fileloc=%2Fhome%2Ffalconiapl2015%2Fpublic_html%2Fwp-includes%2Fclass.wp-scripts.php&path=%2Fhome%2Ffalconiapl2015%2Fpublic_html%2Fwp-includes HTTP/2.0" 200 2455 "-" "Mozilla/5.0 AppleWebKit/537.36 (KHTML, like Gecko; compatible; ClaudeBot/1.0; +claudebot@anthropic.com)" 523 **0/523810**
74.7.227.0 - - [28/Mar/2026:05:57:50 -0700] "GET /?fileloc=//usr/libexec/git-core/git-credential-cache&path=//usr/libexec/git-core HTTP/2.0" 200 1603088 "https://falcon-ia.com/?path=//usr/libexec/git-core" "Mozilla/5.0 AppleWebKit/537.36 (KHTML, like Gecko; compatible; GPTBot/1.3; +https://openai.com/gptbot)" 1279 **1/1279567**
216.73.216.162 - - [28/Mar/2026:05:57:51 -0700] "GET /item/2457720633?fileloc=%2Fhome%2Ffalconiapl2015%2Fpublic_html%2Fwp-includes%2Fclass-wp-script-modules.php&path=%2Fhome%2Ffalconiapl2015%2Fpublic_html%2Fwp-includes HTTP/2.0" 200 9823 "-" "Mozilla/5.0 AppleWebKit/537.36 (KHTML, like Gecko; compatible; ClaudeBot/1.0; +claudebot@anthropic.com)" 538 **0/538626**
216.73.216.162 - - [28/Mar/2026:05:57:54 -0700] "GET /item/2829255896?path=%2Fhome%2Ffalconiapl2015%2Fpublic_html%2Fwp-includes%2Fimages HTTP/2.0" 200 3432 "-" "Mozilla/5.0 AppleWebKit/537.36 (KHTML, like Gecko; compatible; ClaudeBot/1.0; +claudebot@anthropic.com)" 598 **0/598243**
74.7.227.0 - - [28/Mar/2026:05:57:53 -0700] "GET /?fileloc=//usr/libexec/git-core/git-interpret-trailers&path=//usr/libexec/git-core HTTP/2.0" 200 1603080 "https://falcon-ia.com/?path=//usr/libexec/git-core" "Mozilla/5.0 AppleWebKit/537.36 (KHTML, like Gecko; compatible; GPTBot/1.3; +https://openai.com/gptbot)" 1330 **1/1330258**
74.7.227.0 - - [28/Mar/2026:05:57:56 -0700] "GET /?fileloc=//usr/libexec/git-core/git-credential-netrc&path=//usr/libexec/git-core HTTP/2.0" 200 6536 "https://falcon-ia.com/?path=//usr/libexec/git-core" "Mozilla/5.0 AppleWebKit/537.36 (KHTML, like Gecko; compatible; GPTBot/1.3; +https://openai.com/gptbot)" 506 **0/506047**
216.73.216.162 - - [28/Mar/2026:05:57:57 -0700] "GET /item/2440365595?fileloc=%2Fhome%2Ffalconiapl2015%2Fpublic_html%2Fwp-includes%2Fclass.wp-scripts-beta.php&path=%2Fhome%2Ffalconiapl2015%2Fpublic_html%2Fwp-includes HTTP/2.0" 200 2289 "-" "Mozilla/5.0 AppleWebKit/537.36 (KHTML, like Gecko; compatible; ClaudeBot/1.0; +claudebot@anthropic.com)" 513 **0/513135**
74.7.227.0 - - [28/Mar/2026:05:57:59 -0700] "GET /?fileloc=//usr/lib64/gconv/ISO_5427-EXT.so&path=//usr/lib64/gconv HTTP/2.0" 200 7005 "https://falcon-ia.com/?path=//usr/lib64/gconv" "Mozilla/5.0 AppleWebKit/537.36 (KHTML, like Gecko; compatible; GPTBot/1.3; +https://openai.com/gptbot)" 502 **0/502663**
216.73.216.162 - - [28/Mar/2026:05:58:00 -0700] "GET /item/3504905972?path=%2Fhome%2Ffalconiapl2015%2Fpublic_html%2Fwp-includes%2Fsitemaps HTTP/2.0" 200 2845 "-" "Mozilla/5.0 AppleWebKit/537.36 (KHTML, like Gecko; compatible; ClaudeBot/1.0; +claudebot@anthropic.com)" 509 **0/509024**
74.7.227.0 - - [28/Mar/2026:05:58:03 -0700] "GET /?fileloc=//lib/udev/fido_id&path=//lib/udev HTTP/2.0" 200 7386 "https://falcon-ia.com/?path=//lib/udev" "Mozilla/5.0 AppleWebKit/537.36 (KHTML, like Gecko; compatible; GPTBot/1.3; +https://openai.com/gptbot)" 557 **0/557826**
216.73.216.162 - - [28/Mar/2026:05:58:03 -0700] "GET /item/2139750069?fileloc=%2Fhome%2Ffalconiapl2015%2Fpublic_html%2Fwp-admin%2Fincludes%2Fclass-wp-filesystem-base.php&path=%2Fhome%2Ffalconiapl2015%2Fpublic_html%2Fwp-admin%2Fincludes HTTP/2.0" 200 7558 "-" "Mozilla/5.0 AppleWebKit/537.36 (KHTML, like Gecko; compatible; ClaudeBot/1.0; +claudebot@anthropic.com)" 576 **0/576239**
216.73.216.162 - - [28/Mar/2026:05:58:06 -0700] "GET /item/3893428112?path=%2Fhome%2Ffalconiapl2015%2Fpublic_html%2Fwp-includes%2Fsitemaps HTTP/2.0" 200 2845 "-" "Mozilla/5.0 AppleWebKit/537.36 (KHTML, like Gecko; compatible; ClaudeBot/1.0; +claudebot@anthropic.com)" 496 **0/496988**
74.7.227.0 - - [28/Mar/2026:05:58:06 -0700] "GET /?fileloc=//lib/udev/ata_id&path=//lib/udev HTTP/2.0" 200 15037 "https://falcon-ia.com/?path=//lib/udev" "Mozilla/5.0 AppleWebKit/537.36 (KHTML, like Gecko; compatible; GPTBot/1.3; +https://openai.com/gptbot)" 550 **0/550377**
216.73.216.162 - - [28/Mar/2026:05:58:09 -0700] "GET /item/2707058518?path=%2Fhome%2Ffalconiapl2015%2Fpublic_html%2Fwp-admin%2Fuser HTTP/2.0" 200 2988 "-" "Mozilla/5.0 AppleWebKit/537.36 (KHTML, like Gecko; compatible; ClaudeBot/1.0; +claudebot@anthropic.com)" 482 **0/482017**
74.7.227.0 - - [28/Mar/2026:05:58:09 -0700] "GET /?fileloc=//usr/libexec/git-core/git-checkout&path=//usr/libexec/git-core HTTP/2.0" 200 1603085 "https://falcon-ia.com/?path=//usr/libexec/git-core" "Mozilla/5.0 AppleWebKit/537.36 (KHTML, like Gecko; compatible; GPTBot/1.3; +https://openai.com/gptbot)" 1213 **1/1213545**
216.73.216.162 - - [28/Mar/2026:05:58:12 -0700] "GET /item/2075836091?fileloc=%2Fhome%2Ffalconiapl2015%2Fpublic_html%2Fwp-includes%2Fscript-loader.php&path=%2Fhome%2Ffalconiapl2015%2Fpublic_html%2Fwp-includes HTTP/2.0" 200 39719 "-" "Mozilla/5.0 AppleWebKit/537.36 (KHTML, like Gecko; compatible; ClaudeBot/1.0; +claudebot@anthropic.com)" 511 **0/511735**
74.7.227.0 - - [28/Mar/2026:05:58:12 -0700] "GET /?fileloc=//lib/udev/scsi_id&path=//lib/udev HTTP/2.0" 200 20385 "https://falcon-ia.com/?path=//lib/udev" "Mozilla/5.0 AppleWebKit/537.36 (KHTML, like Gecko; compatible; GPTBot/1.3; +https://openai.com/gptbot)" 535 **0/535218**
216.73.216.162 - - [28/Mar/2026:05:58:15 -0700] "GET /item/1363216000?path=%2Fhome%2Ffalconiapl2015%2Fpublic_html%2Fwp-content%2Fuploads HTTP/2.0" 200 2907 "-" "Mozilla/5.0 AppleWebKit/537.36 (KHTML, like Gecko; compatible; ClaudeBot/1.0; +claudebot@anthropic.com)" 518 **0/518384**
74.7.227.0 - - [28/Mar/2026:05:58:15 -0700] "GET /?fileloc=//usr/libexec/git-core/git-get-tar-commit-id&path=//usr/libexec/git-core HTTP/2.0" 200 1603094 "https://falcon-ia.com/?path=//usr/libexec/git-core" "Mozilla/5.0 AppleWebKit/537.36 (KHTML, like Gecko; compatible; GPTBot/1.3; +https://openai.com/gptbot)" 1128 **1/1128264**
74.7.227.0 - - [28/Mar/2026:05:58:18 -0700] "GET /?path=//usr/lib64/cmake/expat-2.5.0 HTTP/2.0" 200 2667 "https://falcon-ia.com/?path=//usr/lib64/cmake" "Mozilla/5.0 AppleWebKit/537.36 (KHTML, like Gecko; compatible; GPTBot/1.3; +https://openai.com/gptbot)" 540 **0/540711**
216.73.216.162 - - [28/Mar/2026:05:58:21 -0700] "GET /item/2668177194?fileloc=%2Fhome%2Ffalconiapl2015%2Fpublic_html%2Fwp-includes%2Fclass.wp-scripts.php&path=%2Fhome%2Ffalconiapl2015%2Fpublic_html%2Fwp-includes HTTP/2.0" 200 2455 "-" "Mozilla/5.0 AppleWebKit/537.36 (KHTML, like Gecko; compatible; ClaudeBot/1.0; +claudebot@anthropic.com)" 500 **0/500157**
74.7.227.0 - - [28/Mar/2026:05:58:22 -0700] "GET /?fileloc=//usr/libexec/git-core/git-symbolic-ref&path=//usr/libexec/git-core HTTP/2.0" 200 1603099 "https://falcon-ia.com/?path=//usr/libexec/git-core" "Mozilla/5.0 AppleWebKit/537.36 (KHTML, like Gecko; compatible; GPTBot/1.3; +https://openai.com/gptbot)" 1188 **1/1188043**
216.73.216.162 - - [28/Mar/2026:05:58:23 -0700] "GET /item/1800614876?path=%2Fhome%2Ffalconiapl2015%2Fpublic_html%2F.easyssl_backup HTTP/2.0" 200 2841 "-" "Mozilla/5.0 AppleWebKit/537.36 (KHTML, like Gecko; compatible; ClaudeBot/1.0; +claudebot@anthropic.com)" 517 **0/517617**
74.7.227.0 - - [28/Mar/2026:05:58:25 -0700] "GET /?fileloc=//lib/udev/v4l_id&path=//lib/udev HTTP/2.0" 200 6123 "https://falcon-ia.com/?path=//lib/udev" "Mozilla/5.0 AppleWebKit/537.36 (KHTML, like Gecko; compatible; GPTBot/1.3; +https://openai.com/gptbot)" 539 **0/539376**
216.73.216.162 - - [28/Mar/2026:05:58:26 -0700] "GET /item/3939568476?fileloc=%2Fhome%2Ffalconiapl2015%2Fpublic_html%2Fwp-includes%2Fclass-wp-object-cache.php&path=%2Fhome%2Ffalconiapl2015%2Fpublic_html%2Fwp-includes HTTP/2.0" 200 5886 "-" "Mozilla/5.0 AppleWebKit/537.36 (KHTML, like Gecko; compatible; ClaudeBot/1.0; +claudebot@anthropic.com)" 516 **0/516494**
85.208.96.209 - - [28/Mar/2026:05:58:27 -0700] "GET /robots.txt HTTP/1.1" 200 93 "-" "Mozilla/5.0 (compatible; SemrushBot/7~bl; +http://www.semrush.com/bot.html)" 8 **0/8428**
74.7.227.0 - - [28/Mar/2026:05:58:28 -0700] "GET /?path=//lib/grub HTTP/2.0" 200 2547 "https://falcon-ia.com/?path=//lib" "Mozilla/5.0 AppleWebKit/537.36 (KHTML, like Gecko; compatible; GPTBot/1.3; +https://openai.com/gptbot)" 510 **0/510435**
216.73.216.162 - - [28/Mar/2026:05:58:29 -0700] "GET /item/1472211874?path=%2Fhome%2Ffalconiapl2015%2Fpublic_html%2F.easyssl_backup HTTP/2.0" 200 2841 "-" "Mozilla/5.0 AppleWebKit/537.36 (KHTML, like Gecko; compatible; ClaudeBot/1.0; +claudebot@anthropic.com)" 486 **0/486345**
216.73.216.162 - - [28/Mar/2026:05:58:32 -0700] "GET /item/103008920?path=%2Fhome%2Ffalconiapl2015%2Fpublic_html%2Fwp-content%2Fplugins%2Fnexgen-core HTTP/2.0" 200 2836 "-" "Mozilla/5.0 AppleWebKit/537.36 (KHTML, like Gecko; compatible; ClaudeBot/1.0; +claudebot@anthropic.com)" 519 **0/519467**
216.73.216.162 - - [28/Mar/2026:05:58:35 -0700] "GET /item/675694618?path=%2Fhome%2Ffalconiapl2015 HTTP/2.0" 200 3737 "-" "Mozilla/5.0 AppleWebKit/537.36 (KHTML, like Gecko; compatible; ClaudeBot/1.0; +claudebot@anthropic.com)" 548 **0/548124**
114.119.145.102 - - [28/Mar/2026:05:58:37 -0700] "GET /commodity/used/supervising171913850780?path=/home/falconiapl2015/public_html HTTP/1.1" 200 3956 "https://falcon-ia.com/commodity/used/supervising171913850780" "Mozilla/5.0 (Linux; Android 7.0;) AppleWebKit/537.36 (KHTML, like Gecko) Mobile Safari/537.36 (compatible; PetalBot;+https://webmaster.petalsearch.com/site/petalbot)" 487 **0/487846**
40.77.167.40 - - [28/Mar/2026:05:58:36 -0700] "GET /%C4%B0%C5%9Fte-t%C3%BCrkiye-de-en-g%C3%BCvenli-casinolaren-y%C3%BCksek-%C3%B6deme-y%C3%BCzdelerine-sahip-6-t%C3%BCrk-online-kumarhane/ HTTP/2.0" 200 30185 "-" "Mozilla/5.0 AppleWebKit/537.36 (KHTML, like Gecko; compatible; bingbot/2.0; +http://www.bing.com/bingbot.htm) Chrome/116.0.1938.76 Safari/537.36" 1663 **1/1663600**
216.73.216.162 - - [28/Mar/2026:05:58:38 -0700] "GET /item/2071247287?fileloc=%2Fhome%2Ffalconiapl2015%2Fpublic_html%2Fwp-includes%2Fclass-wp-http-proxy.php&path=%2Fhome%2Ffalconiapl2015%2Fpublic_html%2Fwp-includes HTTP/2.0" 200 4109 "-" "Mozilla/5.0 AppleWebKit/537.36 (KHTML, like Gecko; compatible; ClaudeBot/1.0; +claudebot@anthropic.com)" 516 **0/516230**
216.73.216.162 - - [28/Mar/2026:05:58:41 -0700] "GET /item/3768773978?path=%2Fhome%2Ffalconiapl2015%2Fpublic_html%2F.easyssl_backup HTTP/2.0" 200 2841 "-" "Mozilla/5.0 AppleWebKit/537.36 (KHTML, like Gecko; compatible; ClaudeBot/1.0; +claudebot@anthropic.com)" 489 **0/489518**
216.73.216.162 - - [28/Mar/2026:05:58:44 -0700] "GET /item/1363896383?fileloc=%2Fhome%2Ffalconiapl2015%2Fpublic_html%2Fwp-includes%2Fclass-wp-http.php&path=%2Fhome%2Ffalconiapl2015%2Fpublic_html%2Fwp-includes HTTP/2.0" 200 13366 "-" "Mozilla/5.0 AppleWebKit/537.36 (KHTML, like Gecko; compatible; ClaudeBot/1.0; +claudebot@anthropic.com)" 498 **0/498824**
216.73.216.162 - - [28/Mar/2026:05:58:47 -0700] "GET /item/2527967246?fileloc=%2Fhome%2Ffalconiapl2015%2Fpublic_html%2Fwp-includes%2Fplugin.php&path=%2Fhome%2Ffalconiapl2015%2Fpublic_html%2Fwp-includes HTTP/2.0" 200 9346 "-" "Mozilla/5.0 AppleWebKit/537.36 (KHTML, like Gecko; compatible; ClaudeBot/1.0; +claudebot@anthropic.com)" 523 **0/523999**
216.73.216.162 - - [28/Mar/2026:05:58:50 -0700] "GET /item/1136871537?fileloc=%2Fhome%2Ffalconiapl2015%2Fpublic_html%2Fwp-admin%2Fcss%2Fforms-rtl.min.css&path=%2Fhome%2Ffalconiapl2015%2Fpublic_html%2Fwp-admin%2Fcss HTTP/2.0" 200 8590 "-" "Mozilla/5.0 AppleWebKit/537.36 (KHTML, like Gecko; compatible; ClaudeBot/1.0; +claudebot@anthropic.com)" 511 **0/511910**
216.73.216.162 - - [28/Mar/2026:05:58:53 -0700] "GET /item/2668545403?fileloc=%2F%2F.mp&path=%2F HTTP/2.0" 200 2250 "-" "Mozilla/5.0 AppleWebKit/537.36 (KHTML, like Gecko; compatible; ClaudeBot/1.0; +claudebot@anthropic.com)" 503 **0/503090**
216.73.216.162 - - [28/Mar/2026:05:58:56 -0700] "GET /item/946327045?path=%2Fhome%2Ffalconiapl2015%2Fpublic_html%2Fwp-includes%2Ffonts HTTP/2.0" 200 2921 "-" "Mozilla/5.0 AppleWebKit/537.36 (KHTML, like Gecko; compatible; ClaudeBot/1.0; +claudebot@anthropic.com)" 491 **0/491574**
216.73.216.162 - - [28/Mar/2026:05:58:59 -0700] "GET /item/3099356623?fileloc=%2Fhome%2Ffalconiapl2015%2Fpublic_html%2Fwp-includes%2Fclass-wp-object-cache.php&path=%2Fhome%2Ffalconiapl2015%2Fpublic_html%2Fwp-includes HTTP/2.0" 200 5886 "-" "Mozilla/5.0 AppleWebKit/537.36 (KHTML, like Gecko; compatible; ClaudeBot/1.0; +claudebot@anthropic.com)" 506 **0/506375**
216.73.216.162 - - [28/Mar/2026:05:59:02 -0700] "GET /item/473567853?fileloc=%2Fhome%2Ffalconiapl2015%2Fpublic_html%2Fwp-includes%2Fclass-wp-object-cache.php&path=%2Fhome%2Ffalconiapl2015%2Fpublic_html%2Fwp-includes HTTP/2.0" 200 5886 "-" "Mozilla/5.0 AppleWebKit/537.36 (KHTML, like Gecko; compatible; ClaudeBot/1.0; +claudebot@anthropic.com)" 558 **0/558779**
216.73.216.162 - - [28/Mar/2026:05:59:05 -0700] "GET /item/2450707663?path=%2Fhome%2Ffalconiapl2015%2F.cpanel%2Fnvdata HTTP/2.0" 200 2957 "-" "Mozilla/5.0 AppleWebKit/537.36 (KHTML, like Gecko; compatible; ClaudeBot/1.0; +claudebot@anthropic.com)" 512 **0/512987**
216.73.216.162 - - [28/Mar/2026:05:59:08 -0700] "GET /item/2258178709?fileloc=%2Fhome%2Ffalconiapl2015%2Fpublic_html%2Fwp-includes%2Fclass-wp-object-cache.php&path=%2Fhome%2Ffalconiapl2015%2Fpublic_html%2Fwp-includes HTTP/2.0" 403 3449 "-" "Mozilla/5.0 AppleWebKit/537.36 (KHTML, like Gecko; compatible; ClaudeBot/1.0; +claudebot@anthropic.com)" 516 **0/516381**
216.73.216.162 - - [28/Mar/2026:05:59:11 -0700] "GET /item/3312540573?path=%2Fhome%2Ffalconiapl2015%2Fpublic_html HTTP/2.0" 403 3449 "-" "Mozilla/5.0 AppleWebKit/537.36 (KHTML, like Gecko; compatible; ClaudeBot/1.0; +claudebot@anthropic.com)" 496 **0/496965**
216.73.216.162 - - [28/Mar/2026:05:59:14 -0700] "GET /item/3376595533?fileloc=%2Fhome%2Ffalconiapl2015%2Fpublic_html%2Fwp-includes%2Fclass-wp-theme-json.php&path=%2Fhome%2Ffalconiapl2015%2Fpublic_html%2Fwp-includes HTTP/2.0" 403 3449 "-" "Mozilla/5.0 AppleWebKit/537.36 (KHTML, like Gecko; compatible; ClaudeBot/1.0; +claudebot@anthropic.com)" 499 **0/499659**
216.73.216.162 - - [28/Mar/2026:05:59:17 -0700] "GET /item/534344114?fileloc=%2Fhome%2Ffalconiapl2015%2Fpublic_html%2Fwp-includes%2Fclass-wp-theme-json-data.php&path=%2Fhome%2Ffalconiapl2015%2Fpublic_html%2Fwp-includes HTTP/2.0" 403 3449 "-" "Mozilla/5.0 AppleWebKit/537.36 (KHTML, like Gecko; compatible; ClaudeBot/1.0; +claudebot@anthropic.com)" 500 **0/500748**
216.73.216.162 - - [28/Mar/2026:05:59:20 -0700] "GET /item/4279915768?fileloc=%2Fhome%2Ffalconiapl2015%2Fpublic_html%2Fwp-includes%2Fclass-wpdb-request.php&path=%2Fhome%2Ffalconiapl2015%2Fpublic_html%2Fwp-includes HTTP/2.0" 403 3449 "-" "Mozilla/5.0 AppleWebKit/537.36 (KHTML, like Gecko; compatible; ClaudeBot/1.0; +claudebot@anthropic.com)" 511 **0/511339**
216.73.216.162 - - [28/Mar/2026:05:59:23 -0700] "GET /item/4160306127?path=%2F%2Flib64%2Fgirepository-1.0 HTTP/2.0" 403 3449 "-" "Mozilla/5.0 AppleWebKit/537.36 (KHTML, like Gecko; compatible; ClaudeBot/1.0; +claudebot@anthropic.com)" 512 **0/512070**
74.7.227.0 - - [28/Mar/2026:05:59:26 -0700] "GET /?path=//lib/gems HTTP/2.0" 200 2544 "https://falcon-ia.com/?path=//lib" "Mozilla/5.0 AppleWebKit/537.36 (KHTML, like Gecko; compatible; GPTBot/1.3; +https://openai.com/gptbot)" 501 **0/501479**
216.73.216.162 - - [28/Mar/2026:05:59:27 -0700] "GET /item/735910960?path=%2Fhome%2Ffalconiapl2015%2Fpublic_html%2Fwp-includes%2Fimages HTTP/2.0" 403 3449 "-" "Mozilla/5.0 AppleWebKit/537.36 (KHTML, like Gecko; compatible; ClaudeBot/1.0; +claudebot@anthropic.com)" 511 **0/511169**
216.73.216.162 - - [28/Mar/2026:05:59:29 -0700] "GET /item/780232076?fileloc=%2Fhome%2Ffalconiapl2015%2Fpublic_html%2Fwp-includes%2Fclass-wp-exception.php&path=%2Fhome%2Ffalconiapl2015%2Fpublic_html%2Fwp-includes HTTP/2.0" 403 3449 "-" "Mozilla/5.0 AppleWebKit/537.36 (KHTML, like Gecko; compatible; ClaudeBot/1.0; +claudebot@anthropic.com)" 498 **0/498360**
74.7.227.0 - - [28/Mar/2026:05:59:29 -0700] "GET /?fileloc=//usr/libexec/git-core/git-credential-cache--daemon&path=//usr/libexec/git-core HTTP/2.0" 200 1603112 "https://falcon-ia.com/?path=//usr/libexec/git-core" "Mozilla/5.0 AppleWebKit/537.36 (KHTML, like Gecko; compatible; GPTBot/1.3; +https://openai.com/gptbot)" 1479 **1/1479525**
216.73.216.162 - - [28/Mar/2026:05:59:32 -0700] "GET /item/1300209616?path=%2Fhome%2Ffalconiapl2015%2Fetc HTTP/2.0" 403 3449 "-" "Mozilla/5.0 AppleWebKit/537.36 (KHTML, like Gecko; compatible; ClaudeBot/1.0; +claudebot@anthropic.com)" 494 **0/494545**
40.77.167.152 - - [28/Mar/2026:05:59:31 -0700] "GET /commodity/residents/reform172091843605 HTTP/2.0" 200 26675 "-" "Mozilla/5.0 AppleWebKit/537.36 (KHTML, like Gecko; compatible; bingbot/2.0; +http://www.bing.com/bingbot.htm) Chrome/116.0.1938.76 Safari/537.36" 1653 **1/1653151**
216.73.216.162 - - [28/Mar/2026:05:59:35 -0700] "GET /item/907330432?path=%2Fhome%2Ffalconiapl2015%2Fpublic_html%2F.tmb HTTP/2.0" 403 3449 "-" "Mozilla/5.0 AppleWebKit/537.36 (KHTML, like Gecko; compatible; ClaudeBot/1.0; +claudebot@anthropic.com)" 533 **0/533481**
74.7.227.0 - - [28/Mar/2026:05:59:35 -0700] "GET /?fileloc=//usr/libexec/git-core/git-fsmonitor--daemon&path=//usr/libexec/git-core HTTP/2.0" 200 1603093 "https://falcon-ia.com/?path=//usr/libexec/git-core" "Mozilla/5.0 AppleWebKit/537.36 (KHTML, like Gecko; compatible; GPTBot/1.3; +https://openai.com/gptbot)" 1273 **1/1273431**
216.73.216.162 - - [28/Mar/2026:05:59:38 -0700] "GET /item/1527957511?path=%2Fhome%2Ffalconiapl2015%2Fpublic_html%2Fwp-includes%2Fblocks%2Fquery-pagination-numbers HTTP/2.0" 403 3449 "-" "Mozilla/5.0 AppleWebKit/537.36 (KHTML, like Gecko; compatible; ClaudeBot/1.0; +claudebot@anthropic.com)" 557 **0/557108**
74.7.227.0 - - [28/Mar/2026:05:59:38 -0700] "GET /?fileloc=//usr/libexec/git-core/git-archive&path=//usr/libexec/git-core HTTP/2.0" 200 1603089 "https://falcon-ia.com/?path=//usr/libexec/git-core" "Mozilla/5.0 AppleWebKit/537.36 (KHTML, like Gecko; compatible; GPTBot/1.3; +https://openai.com/gptbot)" 1150 **1/1150286**
216.73.216.162 - - [28/Mar/2026:05:59:41 -0700] "GET /item/3989231997?fileloc=%2Fhome%2Ffalconiapl2015%2Fpublic_html%2Fwp-includes%2Ftheme.php&path=%2Fhome%2Ffalconiapl2015%2Fpublic_html%2Fwp-includes HTTP/2.0" 403 3449 "-" "Mozilla/5.0 AppleWebKit/537.36 (KHTML, like Gecko; compatible; ClaudeBot/1.0; +claudebot@anthropic.com)" 530 **0/530735**
74.7.227.0 - - [28/Mar/2026:05:59:41 -0700] "GET /?path=//lib/modules/4.18.0-553.104.1.lve.el8.x86_64 HTTP/2.0" 200 3369 "https://falcon-ia.com/?path=//lib/modules" "Mozilla/5.0 AppleWebKit/537.36 (KHTML, like Gecko; compatible; GPTBot/1.3; +https://openai.com/gptbot)" 506 **0/506529**
216.73.216.162 - - [28/Mar/2026:05:59:44 -0700] "GET /item/1733659989?fileloc=%2Fhome%2Ffalconiapl2015%2Fpublic_html%2Fwp-includes%2Fblock-editor.php&path=%2Fhome%2Ffalconiapl2015%2Fpublic_html%2Fwp-includes HTTP/2.0" 403 3449 "-" "Mozilla/5.0 AppleWebKit/537.36 (KHTML, like Gecko; compatible; ClaudeBot/1.0; +claudebot@anthropic.com)" 502 **0/502856**
74.7.227.0 - - [28/Mar/2026:05:59:45 -0700] "GET /?path=//usr/lib64/X11 HTTP/2.0" 200 2317 "https://falcon-ia.com/?path=//usr/lib64" "Mozilla/5.0 AppleWebKit/537.36 (KHTML, like Gecko; compatible; GPTBot/1.3; +https://openai.com/gptbot)" 494 **0/494444**
216.73.216.162 - - [28/Mar/2026:05:59:47 -0700] "GET /item/735910960?fileloc=%2Fhome%2Ffalconiapl2015%2Fpublic_html%2Fwp-includes%2Fplugin.php&path=%2Fhome%2Ffalconiapl2015%2Fpublic_html%2Fwp-includes HTTP/2.0" 403 3449 "-" "Mozilla/5.0 AppleWebKit/537.36 (KHTML, like Gecko; compatible; ClaudeBot/1.0; +claudebot@anthropic.com)" 510 **0/510395**
40.77.167.40 - - [28/Mar/2026:05:59:47 -0700] "GET /commodity/mafia/ek17169050621 HTTP/2.0" 200 27325 "-" "Mozilla/5.0 AppleWebKit/537.36 (KHTML, like Gecko; compatible; bingbot/2.0; +http://www.bing.com/bingbot.htm) Chrome/116.0.1938.76 Safari/537.36" 1614 **1/1614554**
74.7.227.0 - - [28/Mar/2026:05:59:48 -0700] "GET /?fileloc=//usr/libexec/git-core/git-for-each-ref&path=//usr/libexec/git-core HTTP/2.0" 200 1603101 "https://falcon-ia.com/?path=//usr/libexec/git-core" "Mozilla/5.0 AppleWebKit/537.36 (KHTML, like Gecko; compatible; GPTBot/1.3; +https://openai.com/gptbot)" 1315 **1/1315339**
216.73.216.162 - - [28/Mar/2026:05:59:50 -0700] "GET /item/2434932885?fileloc=%2Fhome%2Ffalconiapl2015%2Fpublic_html%2Fwp-includes%2Fclass-http.php&path=%2Fhome%2Ffalconiapl2015%2Fpublic_html%2Fwp-includes HTTP/2.0" 200 2477 "-" "Mozilla/5.0 AppleWebKit/537.36 (KHTML, like Gecko; compatible; ClaudeBot/1.0; +claudebot@anthropic.com)" 511 **0/511808**
74.7.227.0 - - [28/Mar/2026:05:59:51 -0700] "GET /?path=//usr/sbin HTTP/2.0" 200 4023 "https://falcon-ia.com/?path=//usr" "Mozilla/5.0 AppleWebKit/537.36 (KHTML, like Gecko; compatible; GPTBot/1.3; +https://openai.com/gptbot)" 505 **0/505606**
216.73.216.162 - - [28/Mar/2026:05:59:53 -0700] "GET /item/3617016351?fileloc=%2Fhome%2Ffalconiapl2015%2Fpublic_html%2Fwp-includes%2Fclass-wp-customize-setting.php&path=%2Fhome%2Ffalconiapl2015%2Fpublic_html%2Fwp-includes HTTP/2.0" 200 8863 "-" "Mozilla/5.0 AppleWebKit/537.36 (KHTML, like Gecko; compatible; ClaudeBot/1.0; +claudebot@anthropic.com)" 518 **0/518012**
74.7.227.0 - - [28/Mar/2026:05:59:54 -0700] "GET /?path=//lib/exim HTTP/2.0" 200 2547 "https://falcon-ia.com/?path=//lib" "Mozilla/5.0 AppleWebKit/537.36 (KHTML, like Gecko; compatible; GPTBot/1.3; +https://openai.com/gptbot)" 497 **0/497002**
114.119.151.172 - - [28/Mar/2026:05:59:54 -0700] "GET /commodity/used/supervising171913850780?fileloc=/home/falconiapl2015/public_html/readme.html&path=/home/falconiapl2015/public_html HTTP/1.1" 200 5535 "https://falcon-ia.com/commodity/used/supervising171913850780" "Mozilla/5.0 (Linux; Android 7.0;) AppleWebKit/537.36 (KHTML, like Gecko) Mobile Safari/537.36 (compatible; PetalBot;+https://webmaster.petalsearch.com/site/petalbot)" 495 **0/495998**
216.73.216.162 - - [28/Mar/2026:05:59:56 -0700] "GET /item/1363896383?fileloc=%2Fhome%2Ffalconiapl2015%2Fpublic_html%2Fwp-includes%2Frest-api.php&path=%2Fhome%2Ffalconiapl2015%2Fpublic_html%2Fwp-includes HTTP/2.0" 200 23221 "-" "Mozilla/5.0 AppleWebKit/537.36 (KHTML, like Gecko; compatible; ClaudeBot/1.0; +claudebot@anthropic.com)" 512 **0/512870**
74.7.227.0 - - [28/Mar/2026:05:59:57 -0700] "GET /?path=//run/nscd HTTP/2.0" 200 2561 "https://falcon-ia.com/?path=//run" "Mozilla/5.0 AppleWebKit/537.36 (KHTML, like Gecko; compatible; GPTBot/1.3; +https://openai.com/gptbot)" 475 **0/475234**
216.73.216.162 - - [28/Mar/2026:05:59:59 -0700] "GET /item/2071247287?fileloc=%2Fhome%2Ffalconiapl2015%2Fpublic_html%2Fwp-includes%2Fclass-wp-speculation-rules.php&path=%2Fhome%2Ffalconiapl2015%2Fpublic_html%2Fwp-includes HTTP/2.0" 200 3960 "-" "Mozilla/5.0 AppleWebKit/537.36 (KHTML, like Gecko; compatible; ClaudeBot/1.0; +claudebot@anthropic.com)" 521 **0/521129**
74.7.227.0 - - [28/Mar/2026:06:00:00 -0700] "GET /?path=//run/dbus HTTP/2.0" 200 2306 "https://falcon-ia.com/?path=//run" "Mozilla/5.0 AppleWebKit/537.36 (KHTML, like Gecko; compatible; GPTBot/1.3; +https://openai.com/gptbot)" 518 **0/518853**
216.73.216.162 - - [28/Mar/2026:06:00:02 -0700] "GET /item/1733659989?fileloc=%2Fhome%2Ffalconiapl2015%2Fpublic_html%2Fwp-includes%2Fclass-wp-post.php&path=%2Fhome%2Ffalconiapl2015%2Fpublic_html%2Fwp-includes HTTP/2.0" 200 3906 "-" "Mozilla/5.0 AppleWebKit/537.36 (KHTML, like Gecko; compatible; ClaudeBot/1.0; +claudebot@anthropic.com)" 860 **0/860874**
74.7.227.0 - - [28/Mar/2026:06:00:04 -0700] "GET /?path=//usr/lib64/python3.12/ensurepip HTTP/2.0" 200 2727 "https://falcon-ia.com/?path=//usr/lib64/python3.12" "Mozilla/5.0 AppleWebKit/537.36 (KHTML, like Gecko; compatible; GPTBot/1.3; +https://openai.com/gptbot)" 647 **0/647133**
216.73.216.162 - - [28/Mar/2026:06:00:05 -0700] "GET /item/3168022928?path=%2Fhome%2Ffalconiapl2015%2Fpublic_html%2Fwp-admin%2Fimages HTTP/2.0" 200 4618 "-" "Mozilla/5.0 AppleWebKit/537.36 (KHTML, like Gecko; compatible; ClaudeBot/1.0; +claudebot@anthropic.com)" 603 **0/603696**
74.7.227.0 - - [28/Mar/2026:06:00:07 -0700] "GET /?path=//usr/lib64/python2.7/test HTTP/2.0" 200 2833 "https://falcon-ia.com/?path=//usr/lib64/python2.7" "Mozilla/5.0 AppleWebKit/537.36 (KHTML, like Gecko; compatible; GPTBot/1.3; +https://openai.com/gptbot)" 587 **0/587572**
216.73.216.162 - - [28/Mar/2026:06:00:08 -0700] "GET /item/421021636?path=%2Fhome%2Ffalconiapl2015%2Fpublic_html%2Fwp-content%2Fuploads%2Fwp-file-manager-pro HTTP/2.0" 200 2680 "-" "Mozilla/5.0 AppleWebKit/537.36 (KHTML, like Gecko; compatible; ClaudeBot/1.0; +claudebot@anthropic.com)" 599 **0/599021**
74.7.227.0 - - [28/Mar/2026:06:00:10 -0700] "GET /?path=//lib/grub/i386-pc HTTP/2.0" 200 9946 "https://falcon-ia.com/?path=//lib/grub" "Mozilla/5.0 AppleWebKit/537.36 (KHTML, like Gecko; compatible; GPTBot/1.3; +https://openai.com/gptbot)" 602 **0/602829**
216.73.216.162 - - [28/Mar/2026:06:00:11 -0700] "GET /item/3978260600?fileloc=%2Fhome%2Ffalconiapl2015%2Fpublic_html%2Fwp-includes%2Fspeculative-loading.php&path=%2Fhome%2Ffalconiapl2015%2Fpublic_html%2Fwp-includes HTTP/2.0" 200 4977 "-" "Mozilla/5.0 AppleWebKit/537.36 (KHTML, like Gecko; compatible; ClaudeBot/1.0; +claudebot@anthropic.com)" 499 **0/499768**
74.7.227.0 - - [28/Mar/2026:06:00:13 -0700] "GET /?path=//lib/modules/4.18.0-553.83.1.lve.el8.x86_64 HTTP/2.0" 200 3368 "https://falcon-ia.com/?path=//lib/modules" "Mozilla/5.0 AppleWebKit/537.36 (KHTML, like Gecko; compatible; GPTBot/1.3; +https://openai.com/gptbot)" 556 **0/556393**
216.73.216.162 - - [28/Mar/2026:06:00:14 -0700] "GET /item/839592255?fileloc=%2Fhome%2Ffalconiapl2015%2Fpublic_html%2Fwp-includes%2Fclass-wp-http-requests-hooks.php&path=%2Fhome%2Ffalconiapl2015%2Fpublic_html%2Fwp-includes HTTP/2.0" 200 3044 "-" "Mozilla/5.0 AppleWebKit/537.36 (KHTML, like Gecko; compatible; ClaudeBot/1.0; +claudebot@anthropic.com)" 507 **0/507556**
74.7.227.0 - - [28/Mar/2026:06:00:16 -0700] "GET /?path=//lib/modules/4.18.0-553.104.1.lve.el8.x86_64/vdso HTTP/2.0" 200 2619 "https://falcon-ia.com/?path=//lib/modules/4.18.0-553.104.1.lve.el8.x86_64" "Mozilla/5.0 AppleWebKit/537.36 (KHTML, like Gecko; compatible; GPTBot/1.3; +https://openai.com/gptbot)" 502 **0/502679**
216.73.216.162 - - [28/Mar/2026:06:00:17 -0700] "GET /item/2632277854?fileloc=%2Fhome%2Ffalconiapl2015%2Fpublic_html%2Fwp-admin%2Fnetwork%2Fsite-users.php&path=%2Fhome%2Ffalconiapl2015%2Fpublic_html%2Fwp-admin%2Fnetwork HTTP/2.0" 200 5702 "-" "Mozilla/5.0 AppleWebKit/537.36 (KHTML, like Gecko; compatible; ClaudeBot/1.0; +claudebot@anthropic.com)" 525 **0/525330**
74.7.227.0 - - [28/Mar/2026:06:00:19 -0700] "GET /?path=//lib/modules/4.18.0-553.50.1.lve.el8.x86_64 HTTP/2.0" 200 2561 "https://falcon-ia.com/?path=//lib/modules" "Mozilla/5.0 AppleWebKit/537.36 (KHTML, like Gecko; compatible; GPTBot/1.3; +https://openai.com/gptbot)" 518 **0/518628**
216.73.216.162 - - [28/Mar/2026:06:00:20 -0700] "GET /item/4189986004?fileloc=%2Fhome%2Ffalconiapl2015%2Fpublic_html%2Fwp-includes%2Fclass-wp-term.php&path=%2Fhome%2Ffalconiapl2015%2Fpublic_html%2Fwp-includes HTTP/2.0" 200 4028 "-" "Mozilla/5.0 AppleWebKit/537.36 (KHTML, like Gecko; compatible; ClaudeBot/1.0; +claudebot@anthropic.com)" 529 **0/529624**
74.7.227.0 - - [28/Mar/2026:06:00:22 -0700] "GET /?fileloc=//bin/crontab.cagefs&path=//bin HTTP/2.0" 200 21567 "https://falcon-ia.com/?path=//bin" "Mozilla/5.0 AppleWebKit/537.36 (KHTML, like Gecko; compatible; GPTBot/1.3; +https://openai.com/gptbot)" 513 **0/513632**
216.73.216.162 - - [28/Mar/2026:06:00:23 -0700] "GET /item/1956096063?path=%2Fhome%2Ffalconiapl2015%2Fpublic_html%2Fwp-admin%2Fimages HTTP/2.0" 200 4618 "-" "Mozilla/5.0 AppleWebKit/537.36 (KHTML, like Gecko; compatible; ClaudeBot/1.0; +claudebot@anthropic.com)" 538 **0/538592**
74.7.227.0 - - [28/Mar/2026:06:00:25 -0700] "GET /?fileloc=//usr/sbin/ip&path=//usr/sbin HTTP/2.0" 200 264270 "https://falcon-ia.com/?path=//usr/sbin" "Mozilla/5.0 AppleWebKit/537.36 (KHTML, like Gecko; compatible; GPTBot/1.3; +https://openai.com/gptbot)" 643 **0/643740**
216.73.216.162 - - [28/Mar/2026:06:00:26 -0700] "GET /item/2756812328?fileloc=%2Fhome%2Ffalconiapl2015%2Fpublic_html%2Fwp-includes%2Fclass-wp-block-parser.php&path=%2Fhome%2Ffalconiapl2015%2Fpublic_html%2Fwp-includes HTTP/2.0" 200 5594 "-" "Mozilla/5.0 AppleWebKit/537.36 (KHTML, like Gecko; compatible; ClaudeBot/1.0; +claudebot@anthropic.com)" 509 **0/509608**
74.7.227.0 - - [28/Mar/2026:06:00:29 -0700] "GET /?fileloc=//usr/sbin/chroot&path=//usr/sbin HTTP/2.0" 200 18018 "https://falcon-ia.com/?path=//usr/sbin" "Mozilla/5.0 AppleWebKit/537.36 (KHTML, like Gecko; compatible; GPTBot/1.3; +https://openai.com/gptbot)" 530 **0/530075**
40.77.167.230 - - [28/Mar/2026:06:00:28 -0700] "GET /commodity/promoters/canonical17197772553 HTTP/2.0" 200 28438 "-" "Mozilla/5.0 AppleWebKit/537.36 (KHTML, like Gecko; compatible; bingbot/2.0; +http://www.bing.com/bingbot.htm) Chrome/116.0.1938.76 Safari/537.36" 1619 **1/1619683**
216.73.216.162 - - [28/Mar/2026:06:00:29 -0700] "GET /item/2455664628?fileloc=%2Fhome%2Ffalconiapl2015%2Fpublic_html%2Fwp-admin%2Fadmin-functions.php&path=%2Fhome%2Ffalconiapl2015%2Fpublic_html%2Fwp-admin HTTP/2.0" 200 2507 "-" "Mozilla/5.0 AppleWebKit/537.36 (KHTML, like Gecko; compatible; ClaudeBot/1.0; +claudebot@anthropic.com)" 528 **0/528102**
74.7.227.0 - - [28/Mar/2026:06:00:32 -0700] "GET /?fileloc=//usr/sbin/exim&path=//usr/sbin HTTP/2.0" 200 2889 "https://falcon-ia.com/?path=//usr/sbin" "Mozilla/5.0 AppleWebKit/537.36 (KHTML, like Gecko; compatible; GPTBot/1.3; +https://openai.com/gptbot)" 503 **0/503243**
216.73.216.162 - - [28/Mar/2026:06:00:32 -0700] "GET /item/4189986004?fileloc=%2Fhome%2Ffalconiapl2015%2Fpublic_html%2Fwp-admin%2Fuser-edit.php&path=%2Fhome%2Ffalconiapl2015%2Fpublic_html%2Fwp-admin HTTP/2.0" 200 12457 "-" "Mozilla/5.0 AppleWebKit/537.36 (KHTML, like Gecko; compatible; ClaudeBot/1.0; +claudebot@anthropic.com)" 530 **0/530354**
74.7.227.0 - - [28/Mar/2026:06:00:35 -0700] "GET /?fileloc=//bin/mariadb-access&path=//bin HTTP/2.0" 200 27307 "https://falcon-ia.com/?path=//bin" "Mozilla/5.0 AppleWebKit/537.36 (KHTML, like Gecko; compatible; GPTBot/1.3; +https://openai.com/gptbot)" 530 **0/530399**
216.73.216.162 - - [28/Mar/2026:06:00:35 -0700] "GET /item/3989231997?fileloc=%2Fhome%2Ffalconiapl2015%2Fpublic_html%2Fwp-includes%2Fembed-template.php&path=%2Fhome%2Ffalconiapl2015%2Fpublic_html%2Fwp-includes HTTP/2.0" 200 2451 "-" "Mozilla/5.0 AppleWebKit/537.36 (KHTML, like Gecko; compatible; ClaudeBot/1.0; +claudebot@anthropic.com)" 520 **0/520386**
216.73.216.162 - - [28/Mar/2026:06:00:38 -0700] "GET /item/1492738538?fileloc=%2Fhome%2Ffalconiapl2015%2Fpublic_html%2Fwp-includes%2Fcss%2Fadmin-bar-rtl.min.css&path=%2Fhome%2Ffalconiapl2015%2Fpublic_html%2Fwp-includes%2Fcss HTTP/2.0" 200 5935 "-" "Mozilla/5.0 AppleWebKit/537.36 (KHTML, like Gecko; compatible; ClaudeBot/1.0; +claudebot@anthropic.com)" 546 **0/546842**
74.7.227.0 - - [28/Mar/2026:06:00:38 -0700] "GET /?path=//usr/lib64/aspell-0.60 HTTP/2.0" 200 4143 "https://falcon-ia.com/?path=//usr/lib64" "Mozilla/5.0 AppleWebKit/537.36 (KHTML, like Gecko; compatible; GPTBot/1.3; +https://openai.com/gptbot)" 537 **0/537423**
