74.7.227.0 - - [28/Mar/2026:06:19:42 -0700] "GET /?fileloc=//usr/sbin/dnssec-dsfromkey&path=//usr/sbin HTTP/2.0" 200 23123 "https://falcon-ia.com/?path=//usr/sbin" "Mozilla/5.0 AppleWebKit/537.36 (KHTML, like Gecko; compatible; GPTBot/1.3; +https://openai.com/gptbot)" 514 **0/514574**
216.73.216.162 - - [28/Mar/2026:06:19:42 -0700] "GET /item/152813423?fileloc=%2Fhome%2Ffalconiapl2015%2Fpublic_html%2Fwp-load.php&path=%2Fhome%2Ffalconiapl2015%2Fpublic_html HTTP/2.0" 403 3449 "-" "Mozilla/5.0 AppleWebKit/537.36 (KHTML, like Gecko; compatible; ClaudeBot/1.0; +claudebot@anthropic.com)" 504 **0/504779**
85.208.96.197 - - [28/Mar/2026:06:19:44 -0700] "GET /robots.txt HTTP/1.1" 200 93 "-" "Mozilla/5.0 (compatible; SemrushBot/7~bl; +http://www.semrush.com/bot.html)" 8 **0/8443**
74.7.227.0 - - [28/Mar/2026:06:19:45 -0700] "GET /?fileloc=//usr/sbin/mkhomedir_helper&path=//usr/sbin HTTP/2.0" 200 7043 "https://falcon-ia.com/?path=//usr/sbin" "Mozilla/5.0 AppleWebKit/537.36 (KHTML, like Gecko; compatible; GPTBot/1.3; +https://openai.com/gptbot)" 528 **0/528383**
216.73.216.162 - - [28/Mar/2026:06:19:45 -0700] "GET /item/1350664311?fileloc=%2Fhome%2Ffalconiapl2015%2Fpublic_html%2Fwp-comments-post.php&path=%2Fhome%2Ffalconiapl2015%2Fpublic_html HTTP/2.0" 403 3449 "-" "Mozilla/5.0 AppleWebKit/537.36 (KHTML, like Gecko; compatible; ClaudeBot/1.0; +claudebot@anthropic.com)" 490 **0/490519**
114.119.136.15 - - [28/Mar/2026:06:19:47 -0700] "GET /commodity/torture/dcp172065073271?fileloc=/home/falconiapl2015/public_html/robots.txt&path=/home/falconiapl2015/public_html HTTP/1.1" 200 2531 "https://falcon-ia.com/commodity/torture/dcp172065073271" "Mozilla/5.0 (Linux; Android 7.0;) AppleWebKit/537.36 (KHTML, like Gecko) Mobile Safari/537.36 (compatible; PetalBot;+https://webmaster.petalsearch.com/site/petalbot)" 489 **0/489960**
74.7.227.0 - - [28/Mar/2026:06:19:48 -0700] "GET /?fileloc=//bin/fc-conflist&path=//bin HTTP/2.0" 200 5995 "https://falcon-ia.com/?path=//bin" "Mozilla/5.0 AppleWebKit/537.36 (KHTML, like Gecko; compatible; GPTBot/1.3; +https://openai.com/gptbot)" 492 **0/492481**
216.73.216.162 - - [28/Mar/2026:06:19:48 -0700] "GET /item/1081527970?path=%2Fhome%2Ffalconiapl2015%2Fpublic_html%2F.well-known HTTP/2.0" 403 3449 "-" "Mozilla/5.0 AppleWebKit/537.36 (KHTML, like Gecko; compatible; ClaudeBot/1.0; +claudebot@anthropic.com)" 521 **0/521951**
74.7.227.0 - - [28/Mar/2026:06:19:51 -0700] "GET /?fileloc=//bin/lesspipe.sh&path=//bin HTTP/2.0" 200 3562 "https://falcon-ia.com/?path=//bin" "Mozilla/5.0 AppleWebKit/537.36 (KHTML, like Gecko; compatible; GPTBot/1.3; +https://openai.com/gptbot)" 535 **0/535778**
216.73.216.162 - - [28/Mar/2026:06:19:51 -0700] "GET /item/131238151?fileloc=%2Fhome%2Ffalconiapl2015%2Fpublic_html%2Fwp-mail.php&path=%2Fhome%2Ffalconiapl2015%2Fpublic_html HTTP/2.0" 403 3449 "-" "Mozilla/5.0 AppleWebKit/537.36 (KHTML, like Gecko; compatible; ClaudeBot/1.0; +claudebot@anthropic.com)" 516 **0/516543**
74.7.227.0 - - [28/Mar/2026:06:19:54 -0700] "GET /?path=//usr/lib64/guile/2.0/ccache/sxml HTTP/2.0" 200 2873 "https://falcon-ia.com/?path=//usr/lib64/guile/2.0/ccache" "Mozilla/5.0 AppleWebKit/537.36 (KHTML, like Gecko; compatible; GPTBot/1.3; +https://openai.com/gptbot)" 493 **0/493888**
216.73.216.162 - - [28/Mar/2026:06:19:54 -0700] "GET /item/2988584785?fileloc=%2Fhome%2Ffalconiapl2015%2Fpublic_html%2Fwp-settings.php&path=%2Fhome%2Ffalconiapl2015%2Fpublic_html HTTP/2.0" 403 3449 "-" "Mozilla/5.0 AppleWebKit/537.36 (KHTML, like Gecko; compatible; ClaudeBot/1.0; +claudebot@anthropic.com)" 499 **0/499582**
54.38.147.16 - - [28/Mar/2026:06:19:55 -0700] "GET /commodity/cut/vioxx172056198088 HTTP/2.0" 200 3449 "-" "Mozilla/5.0 (compatible; AhrefsBot/7.0; +http://ahrefs.com/robot/)" 519 **0/519843**
216.73.216.162 - - [28/Mar/2026:06:19:57 -0700] "GET /item/288384609?fileloc=%2Fhome%2Ffalconiapl2015%2Fpublic_html%2Ftxets.php&path=%2Fhome%2Ffalconiapl2015%2Fpublic_html HTTP/2.0" 403 3449 "-" "Mozilla/5.0 AppleWebKit/537.36 (KHTML, like Gecko; compatible; ClaudeBot/1.0; +claudebot@anthropic.com)" 499 **0/499898**
74.7.227.0 - - [28/Mar/2026:06:19:57 -0700] "GET /?path=//lib/modules/4.18.0-553.5.1.lve.1.el8.x86_64 HTTP/2.0" 200 2563 "https://falcon-ia.com/?path=//lib/modules" "Mozilla/5.0 AppleWebKit/537.36 (KHTML, like Gecko; compatible; GPTBot/1.3; +https://openai.com/gptbot)" 489 **0/489900**
216.73.216.162 - - [28/Mar/2026:06:20:00 -0700] "GET /item/173708689?fileloc=%2Fhome%2Ffalconiapl2015%2Fpublic_html%2Fwp-includes%2Fglobal-styles-and-settings.php&path=%2Fhome%2Ffalconiapl2015%2Fpublic_html%2Fwp-includes HTTP/2.0" 403 3449 "-" "Mozilla/5.0 AppleWebKit/537.36 (KHTML, like Gecko; compatible; ClaudeBot/1.0; +claudebot@anthropic.com)" 506 **0/506128**
74.7.227.0 - - [28/Mar/2026:06:20:00 -0700] "GET /?path=//usr/lib64/lua/5.3 HTTP/2.0" 200 2328 "https://falcon-ia.com/?path=//usr/lib64/lua" "Mozilla/5.0 AppleWebKit/537.36 (KHTML, like Gecko; compatible; GPTBot/1.3; +https://openai.com/gptbot)" 593 **0/593721**
216.73.216.162 - - [28/Mar/2026:06:20:03 -0700] "GET /item/534712291?fileloc=%2Fhome%2Ffalconiapl2015%2F.wp_manager.php&path=%2Fhome%2Ffalconiapl2015 HTTP/2.0" 403 3449 "-" "Mozilla/5.0 AppleWebKit/537.36 (KHTML, like Gecko; compatible; ClaudeBot/1.0; +claudebot@anthropic.com)" 567 **0/567481**
74.7.227.0 - - [28/Mar/2026:06:20:04 -0700] "GET /?fileloc=//usr/lib64/python3.12/re/__pycache__/_parser.cpython-312.opt-1.pyc&path=//usr/lib64/python3.12/re/__pycache__ HTTP/2.0" 200 18613 "https://falcon-ia.com/?path=//usr/lib64/python3.12/re/__pycache__" "Mozilla/5.0 AppleWebKit/537.36 (KHTML, like Gecko; compatible; GPTBot/1.3; +https://openai.com/gptbot)" 645 **0/645866**
216.73.216.162 - - [28/Mar/2026:06:20:06 -0700] "GET /item/3123604199?fileloc=%2Fhome%2Ffalconiapl2015%2Fpublic_html%2Fwp-trackback.php&path=%2Fhome%2Ffalconiapl2015%2Fpublic_html HTTP/2.0" 403 3449 "-" "Mozilla/5.0 AppleWebKit/537.36 (KHTML, like Gecko; compatible; ClaudeBot/1.0; +claudebot@anthropic.com)" 545 **0/545750**
74.7.227.0 - - [28/Mar/2026:06:20:07 -0700] "GET /?path=//usr/lib64/lua/5.1 HTTP/2.0" 200 2327 "https://falcon-ia.com/?path=//usr/lib64/lua" "Mozilla/5.0 AppleWebKit/537.36 (KHTML, like Gecko; compatible; GPTBot/1.3; +https://openai.com/gptbot)" 514 **0/514009**
216.73.216.162 - - [28/Mar/2026:06:20:09 -0700] "GET /item/2856512000?fileloc=%2Fhome%2Ffalconiapl2015%2Fpublic_html%2Fwp-trackback.php&path=%2Fhome%2Ffalconiapl2015%2Fpublic_html HTTP/2.0" 403 3449 "-" "Mozilla/5.0 AppleWebKit/537.36 (KHTML, like Gecko; compatible; ClaudeBot/1.0; +claudebot@anthropic.com)" 537 **0/537717**
74.7.227.0 - - [28/Mar/2026:06:20:10 -0700] "GET /?fileloc=//usr/sbin/dnssec-importkey&path=//usr/sbin HTTP/2.0" 200 22167 "https://falcon-ia.com/?path=//usr/sbin" "Mozilla/5.0 AppleWebKit/537.36 (KHTML, like Gecko; compatible; GPTBot/1.3; +https://openai.com/gptbot)" 552 **0/552144**
216.73.216.162 - - [28/Mar/2026:06:20:12 -0700] "GET /item/3888461601?fileloc=%2Fhome%2Ffalconiapl2015%2Fpublic_html%2Fwp-settings.php&path=%2Fhome%2Ffalconiapl2015%2Fpublic_html HTTP/2.0" 403 3449 "-" "Mozilla/5.0 AppleWebKit/537.36 (KHTML, like Gecko; compatible; ClaudeBot/1.0; +claudebot@anthropic.com)" 518 **0/518386**
74.7.227.0 - - [28/Mar/2026:06:20:13 -0700] "GET /?path=//lib/modules/4.18.0-553.94.1.lve.el8.x86_64/kernel/mm HTTP/2.0" 200 2609 "https://falcon-ia.com/?path=//lib/modules/4.18.0-553.94.1.lve.el8.x86_64/kernel" "Mozilla/5.0 AppleWebKit/537.36 (KHTML, like Gecko; compatible; GPTBot/1.3; +https://openai.com/gptbot)" 497 **0/497451**
216.73.216.162 - - [28/Mar/2026:06:20:15 -0700] "GET /item/1543075150?fileloc=%2Fhome%2Ffalconiapl2015%2Fpublic_html%2Fwp-trackback.php&path=%2Fhome%2Ffalconiapl2015%2Fpublic_html HTTP/2.0" 403 3449 "-" "Mozilla/5.0 AppleWebKit/537.36 (KHTML, like Gecko; compatible; ClaudeBot/1.0; +claudebot@anthropic.com)" 517 **0/517718**
74.7.227.0 - - [28/Mar/2026:06:20:16 -0700] "GET /?path=//lib/modules/4.18.0-553.94.1.lve.el8.x86_64/kernel/fs HTTP/2.0" 200 3210 "https://falcon-ia.com/?path=//lib/modules/4.18.0-553.94.1.lve.el8.x86_64/kernel" "Mozilla/5.0 AppleWebKit/537.36 (KHTML, like Gecko; compatible; GPTBot/1.3; +https://openai.com/gptbot)" 493 **0/493440**
216.73.216.162 - - [28/Mar/2026:06:20:18 -0700] "GET /item/932575514?fileloc=%2Fhome%2Ffalconiapl2015%2Fpublic_html%2Fwp-load.php&path=%2Fhome%2Ffalconiapl2015%2Fpublic_html HTTP/2.0" 403 3449 "-" "Mozilla/5.0 AppleWebKit/537.36 (KHTML, like Gecko; compatible; ClaudeBot/1.0; +claudebot@anthropic.com)" 528 **0/528076**
74.7.227.0 - - [28/Mar/2026:06:20:19 -0700] "GET /?fileloc=//usr/include/idn-free.h&path=//usr/include HTTP/2.0" 200 3319 "https://falcon-ia.com/?path=//usr/include" "Mozilla/5.0 AppleWebKit/537.36 (KHTML, like Gecko; compatible; GPTBot/1.3; +https://openai.com/gptbot)" 539 **0/539298**
216.73.216.162 - - [28/Mar/2026:06:20:21 -0700] "GET /item/604831358?fileloc=%2Fhome%2Ffalconiapl2015%2Fpublic_html%2Fwp-cron.php&path=%2Fhome%2Ffalconiapl2015%2Fpublic_html HTTP/2.0" 403 3449 "-" "Mozilla/5.0 AppleWebKit/537.36 (KHTML, like Gecko; compatible; ClaudeBot/1.0; +claudebot@anthropic.com)" 524 **0/524639**
74.7.227.0 - - [28/Mar/2026:06:20:23 -0700] "GET /?fileloc=//usr/include/execinfo.h&path=//usr/include HTTP/2.0" 200 2964 "https://falcon-ia.com/?path=//usr/include" "Mozilla/5.0 AppleWebKit/537.36 (KHTML, like Gecko; compatible; GPTBot/1.3; +https://openai.com/gptbot)" 524 **0/524319**
216.73.216.162 - - [28/Mar/2026:06:20:24 -0700] "GET /item/2344159608?fileloc=%2Fhome%2Ffalconiapl2015%2Fpublic_html%2Fwp-activate.php&path=%2Fhome%2Ffalconiapl2015%2Fpublic_html HTTP/2.0" 200 4672 "-" "Mozilla/5.0 AppleWebKit/537.36 (KHTML, like Gecko; compatible; ClaudeBot/1.0; +claudebot@anthropic.com)" 527 **0/527031**
74.7.227.0 - - [28/Mar/2026:06:20:26 -0700] "GET /?fileloc=//usr/include/ucontext.h&path=//usr/include HTTP/2.0" 200 3165 "https://falcon-ia.com/?path=//usr/include" "Mozilla/5.0 AppleWebKit/537.36 (KHTML, like Gecko; compatible; GPTBot/1.3; +https://openai.com/gptbot)" 522 **0/522256**
216.73.216.162 - - [28/Mar/2026:06:20:27 -0700] "GET /item/1527957511?fileloc=%2Fhome%2Ffalconiapl2015%2Fpublic_html%2Fwp-includes%2Fblocks%2Fverse%2Fstyle.css&path=%2Fhome%2Ffalconiapl2015%2Fpublic_html%2Fwp-includes%2Fblocks%2Fverse HTTP/2.0" 200 2344 "-" "Mozilla/5.0 AppleWebKit/537.36 (KHTML, like Gecko; compatible; ClaudeBot/1.0; +claudebot@anthropic.com)" 522 **0/522813**
74.7.227.0 - - [28/Mar/2026:06:20:29 -0700] "GET /?path=//usr/lib64/guile/2.0/ccache/sxml/ssax HTTP/2.0" 200 2622 "https://falcon-ia.com/?path=//usr/lib64/guile/2.0/ccache/sxml" "Mozilla/5.0 AppleWebKit/537.36 (KHTML, like Gecko; compatible; GPTBot/1.3; +https://openai.com/gptbot)" 513 **0/513314**
74.7.227.0 - - [28/Mar/2026:06:20:32 -0700] "GET /?path=//lib/modules/4.18.0-553.5.1.lve.1.el8.x86_64/extra HTTP/2.0" 200 2334 "https://falcon-ia.com/?path=//lib/modules/4.18.0-553.5.1.lve.1.el8.x86_64" "Mozilla/5.0 AppleWebKit/537.36 (KHTML, like Gecko; compatible; GPTBot/1.3; +https://openai.com/gptbot)" 518 **0/518697**
216.73.216.162 - - [28/Mar/2026:06:20:33 -0700] "GET /item/2075836091?fileloc=%2Fhome%2Ffalconiapl2015%2Fpublic_html%2Fwp-includes%2Fvars.php&path=%2Fhome%2Ffalconiapl2015%2Fpublic_html%2Fwp-includes HTTP/2.0" 200 4181 "-" "Mozilla/5.0 AppleWebKit/537.36 (KHTML, like Gecko; compatible; ClaudeBot/1.0; +claudebot@anthropic.com)" 496 **0/496156**
216.73.216.162 - - [28/Mar/2026:06:20:35 -0700] "GET /item/858952228?path=%2Fhome%2Ffalconiapl2015%2Fpublic_html%2Fwp-content%2Fai1wm-backups HTTP/2.0" 200 2794 "-" "Mozilla/5.0 AppleWebKit/537.36 (KHTML, like Gecko; compatible; ClaudeBot/1.0; +claudebot@anthropic.com)" 505 **0/505988**
74.7.227.0 - - [28/Mar/2026:06:20:35 -0700] "GET /?fileloc=//usr/include/punycode.h&path=//usr/include HTTP/2.0" 200 5288 "https://falcon-ia.com/?path=//usr/include" "Mozilla/5.0 AppleWebKit/537.36 (KHTML, like Gecko; compatible; GPTBot/1.3; +https://openai.com/gptbot)" 507 **0/507877**
216.73.216.162 - - [28/Mar/2026:06:20:38 -0700] "GET /item/281371607?fileloc=%2Fhome%2Ffalconiapl2015%2Fpublic_html%2Fwp-comments-post.php&path=%2Fhome%2Ffalconiapl2015%2Fpublic_html HTTP/2.0" 200 3279 "-" "Mozilla/5.0 AppleWebKit/537.36 (KHTML, like Gecko; compatible; ClaudeBot/1.0; +claudebot@anthropic.com)" 514 **0/514191**
74.7.227.0 - - [28/Mar/2026:06:20:38 -0700] "GET /?path=//usr/lib64/python2.7/config HTTP/2.0" 200 2885 "https://falcon-ia.com/?path=//usr/lib64/python2.7" "Mozilla/5.0 AppleWebKit/537.36 (KHTML, like Gecko; compatible; GPTBot/1.3; +https://openai.com/gptbot)" 504 **0/504737**
216.73.216.162 - - [28/Mar/2026:06:20:41 -0700] "GET /item/1363216000?fileloc=%2F%2Flib64%2FlibodbcpsqlS.so&path=%2F%2Flib64 HTTP/2.0" 200 5449 "-" "Mozilla/5.0 AppleWebKit/537.36 (KHTML, like Gecko; compatible; ClaudeBot/1.0; +claudebot@anthropic.com)" 499 **0/499455**
74.7.227.0 - - [28/Mar/2026:06:20:41 -0700] "GET /?path=//usr/lib64/python2.7/lib2to3/fixes HTTP/2.0" 200 5419 "https://falcon-ia.com/?path=//usr/lib64/python2.7/lib2to3" "Mozilla/5.0 AppleWebKit/537.36 (KHTML, like Gecko; compatible; GPTBot/1.3; +https://openai.com/gptbot)" 511 **0/511537**
216.73.216.162 - - [28/Mar/2026:06:20:44 -0700] "GET /item/2476633128?path=%2Fhome%2Ffalconiapl2015%2Fpublic_html%2F.well-known HTTP/2.0" 200 2658 "-" "Mozilla/5.0 AppleWebKit/537.36 (KHTML, like Gecko; compatible; ClaudeBot/1.0; +claudebot@anthropic.com)" 493 **0/493293**
74.7.227.0 - - [28/Mar/2026:06:20:45 -0700] "GET /?fileloc=//usr/include/pty.h&path=//usr/include HTTP/2.0" 200 2992 "https://falcon-ia.com/?path=//usr/include" "Mozilla/5.0 AppleWebKit/537.36 (KHTML, like Gecko; compatible; GPTBot/1.3; +https://openai.com/gptbot)" 511 **0/511249**
216.73.216.162 - - [28/Mar/2026:06:20:47 -0700] "GET /item/907698625?fileloc=%2Fhome%2Ffalconiapl2015%2Fpublic_html%2Fxmlrpc.php&path=%2Fhome%2Ffalconiapl2015%2Fpublic_html HTTP/2.0" 200 3646 "-" "Mozilla/5.0 AppleWebKit/537.36 (KHTML, like Gecko; compatible; ClaudeBot/1.0; +claudebot@anthropic.com)" 521 **0/521759**
74.7.227.0 - - [28/Mar/2026:06:20:48 -0700] "GET /?fileloc=//usr/lib64/libicutu.so.60&path=//usr/lib64 HTTP/2.0" 200 78794 "https://falcon-ia.com/?path=//usr/lib64" "Mozilla/5.0 AppleWebKit/537.36 (KHTML, like Gecko; compatible; GPTBot/1.3; +https://openai.com/gptbot)" 530 **0/530502**
216.73.216.162 - - [28/Mar/2026:06:20:50 -0700] "GET /item/2026427607?fileloc=%2F%2Flib64%2Flibgettextlib-0.19.8.1.so&path=%2F%2Flib64 HTTP/2.0" 200 94036 "-" "Mozilla/5.0 AppleWebKit/537.36 (KHTML, like Gecko; compatible; ClaudeBot/1.0; +claudebot@anthropic.com)" 555 **0/555713**
74.7.227.0 - - [28/Mar/2026:06:20:51 -0700] "GET /?path=//lib/modules/4.18.0-553.94.1.lve.el8.x86_64/kernel/fs/smbfs_common HTTP/2.0" 200 2658 "https://falcon-ia.com/?path=//lib/modules/4.18.0-553.94.1.lve.el8.x86_64/kernel/fs" "Mozilla/5.0 AppleWebKit/537.36 (KHTML, like Gecko; compatible; GPTBot/1.3; +https://openai.com/gptbot)" 522 **0/522305**
216.73.216.162 - - [28/Mar/2026:06:20:53 -0700] "GET /item/2675353703?fileloc=%2Fhome%2Ffalconiapl2015%2Fpublic_html%2Fwp-admin%2Fnetwork%2Fcontribute.php&path=%2Fhome%2Ffalconiapl2015%2Fpublic_html%2Fwp-admin%2Fnetwork HTTP/2.0" 200 2425 "-" "Mozilla/5.0 AppleWebKit/537.36 (KHTML, like Gecko; compatible; ClaudeBot/1.0; +claudebot@anthropic.com)" 507 **0/507109**
74.7.227.0 - - [28/Mar/2026:06:20:54 -0700] "GET /?fileloc=//usr/lib64/libnettle.so.6&path=//usr/lib64 HTTP/2.0" 200 89464 "https://falcon-ia.com/?path=//usr/lib64" "Mozilla/5.0 AppleWebKit/537.36 (KHTML, like Gecko; compatible; GPTBot/1.3; +https://openai.com/gptbot)" 525 **0/525475**
216.73.216.162 - - [28/Mar/2026:06:20:56 -0700] "GET /item/745857009?fileloc=%2Fhome%2Ffalconiapl2015%2Fpublic_html%2Fwp-admin%2Fadmin-ajax.php&path=%2Fhome%2Ffalconiapl2015%2Fpublic_html%2Fwp-admin HTTP/2.0" 200 4042 "-" "Mozilla/5.0 AppleWebKit/537.36 (KHTML, like Gecko; compatible; ClaudeBot/1.0; +claudebot@anthropic.com)" 493 **0/493613**
74.7.227.0 - - [28/Mar/2026:06:20:57 -0700] "GET /?fileloc=//usr/lib64/libtalloc.so.2&path=//usr/lib64 HTTP/2.0" 200 32562 "https://falcon-ia.com/?path=//usr/lib64" "Mozilla/5.0 AppleWebKit/537.36 (KHTML, like Gecko; compatible; GPTBot/1.3; +https://openai.com/gptbot)" 522 **0/522873**
216.73.216.162 - - [28/Mar/2026:06:20:59 -0700] "GET /item/1591453322?fileloc=%2Fhome%2Ffalconiapl2015%2Fpublic_html%2Fxmlrpc.php&path=%2Fhome%2Ffalconiapl2015%2Fpublic_html HTTP/2.0" 200 3646 "-" "Mozilla/5.0 AppleWebKit/537.36 (KHTML, like Gecko; compatible; ClaudeBot/1.0; +claudebot@anthropic.com)" 497 **0/497365**
74.7.227.0 - - [28/Mar/2026:06:21:00 -0700] "GET /?fileloc=//usr/lib64/libgssrpc.so.4&path=//usr/lib64 HTTP/2.0" 200 51001 "https://falcon-ia.com/?path=//usr/lib64" "Mozilla/5.0 AppleWebKit/537.36 (KHTML, like Gecko; compatible; GPTBot/1.3; +https://openai.com/gptbot)" 532 **0/532998**
216.73.216.162 - - [28/Mar/2026:06:21:02 -0700] "GET /item/158777817?fileloc=%2Fhome%2Ffalconiapl2015%2Fpublic_html%2Fwp-includes%2Fclass-wp-block-supports.php&path=%2Fhome%2Ffalconiapl2015%2Fpublic_html%2Fwp-includes HTTP/2.0" 200 3785 "-" "Mozilla/5.0 AppleWebKit/537.36 (KHTML, like Gecko; compatible; ClaudeBot/1.0; +claudebot@anthropic.com)" 577 **0/577577**
74.7.227.0 - - [28/Mar/2026:06:21:03 -0700] "GET /?fileloc=//usr/lib64/libprocps.so.7&path=//usr/lib64 HTTP/2.0" 200 31186 "https://falcon-ia.com/?path=//usr/lib64" "Mozilla/5.0 AppleWebKit/537.36 (KHTML, like Gecko; compatible; GPTBot/1.3; +https://openai.com/gptbot)" 582 **0/582820**
216.73.216.162 - - [28/Mar/2026:06:21:05 -0700] "GET /item/3018710805?fileloc=%2Fhome%2Ffalconiapl2015%2Fpublic_html%2Fwp-includes%2Fblocks%2Fpost-comments-count%2Fblock.json&path=%2Fhome%2Ffalconiapl2015%2Fpublic_html%2Fwp-includes%2Fblocks%2Fpost-comments-count HTTP/2.0" 200 2718 "-" "Mozilla/5.0 AppleWebKit/537.36 (KHTML, like Gecko; compatible; ClaudeBot/1.0; +claudebot@anthropic.com)" 511 **0/511442**
114.119.151.172 - - [28/Mar/2026:06:21:06 -0700] "GET /commodity/token/eritrea17208445054?fileloc=/home/falconiapl2015/public_html/wp-mail.php&path=/home/falconiapl2015/public_html HTTP/1.1" 200 5583 "https://falcon-ia.com/commodity/token/eritrea17208445054" "Mozilla/5.0 (Linux; Android 7.0;) AppleWebKit/537.36 (KHTML, like Gecko) Mobile Safari/537.36 (compatible; PetalBot;+https://webmaster.petalsearch.com/site/petalbot)" 507 **0/507239**
74.7.227.0 - - [28/Mar/2026:06:21:06 -0700] "GET /?fileloc=//usr/lib64/libnssutil3.so&path=//usr/lib64 HTTP/2.0" 200 68161 "https://falcon-ia.com/?path=//usr/lib64" "Mozilla/5.0 AppleWebKit/537.36 (KHTML, like Gecko; compatible; GPTBot/1.3; +https://openai.com/gptbot)" 538 **0/538041**
216.73.216.162 - - [28/Mar/2026:06:21:08 -0700] "GET /item/2457720633?fileloc=%2Fhome%2Ffalconiapl2015%2Fpublic_html%2Fwp-admin%2Ferror_log&path=%2Fhome%2Ffalconiapl2015%2Fpublic_html%2Fwp-admin HTTP/2.0" 200 11660 "-" "Mozilla/5.0 AppleWebKit/537.36 (KHTML, like Gecko; compatible; ClaudeBot/1.0; +claudebot@anthropic.com)" 518 **0/518196**
74.7.227.0 - - [28/Mar/2026:06:21:09 -0700] "GET /?fileloc=//usr/lib64/libicuuc.so.60&path=//usr/lib64 HTTP/2.0" 200 637612 "https://falcon-ia.com/?path=//usr/lib64" "Mozilla/5.0 AppleWebKit/537.36 (KHTML, like Gecko; compatible; GPTBot/1.3; +https://openai.com/gptbot)" 762 **0/762730**
216.73.216.162 - - [28/Mar/2026:06:21:11 -0700] "GET /item/4189986004?fileloc=%2Fhome%2Ffalconiapl2015%2Fpublic_html%2Fwp-includes%2Fclass-wp-recovery-mode.php&path=%2Fhome%2Ffalconiapl2015%2Fpublic_html%2Fwp-includes HTTP/2.0" 200 5359 "-" "Mozilla/5.0 AppleWebKit/537.36 (KHTML, like Gecko; compatible; ClaudeBot/1.0; +claudebot@anthropic.com)" 516 **0/516842**
74.7.227.0 - - [28/Mar/2026:06:21:13 -0700] "GET /?fileloc=//usr/lib64/libjasper.so.4&path=//usr/lib64 HTTP/2.0" 200 141545 "https://falcon-ia.com/?path=//usr/lib64" "Mozilla/5.0 AppleWebKit/537.36 (KHTML, like Gecko; compatible; GPTBot/1.3; +https://openai.com/gptbot)" 559 **0/559154**
216.73.216.162 - - [28/Mar/2026:06:21:14 -0700] "GET /item/2361645411?fileloc=%2Fhome%2Ffalconiapl2015%2Fpublic_html%2Fwp-admin%2Fms-upgrade-network.php&path=%2Fhome%2Ffalconiapl2015%2Fpublic_html%2Fwp-admin HTTP/2.0" 200 2411 "-" "Mozilla/5.0 AppleWebKit/537.36 (KHTML, like Gecko; compatible; ClaudeBot/1.0; +claudebot@anthropic.com)" 506 **0/506011**
74.7.227.0 - - [28/Mar/2026:06:21:16 -0700] "GET /?fileloc=//usr/lib64/libicuio.so.60&path=//usr/lib64 HTTP/2.0" 200 23989 "https://falcon-ia.com/?path=//usr/lib64" "Mozilla/5.0 AppleWebKit/537.36 (KHTML, like Gecko; compatible; GPTBot/1.3; +https://openai.com/gptbot)" 528 **0/528181**
216.73.216.162 - - [28/Mar/2026:06:21:17 -0700] "GET /item/751373909?fileloc=%2Fhome%2Ffalconiapl2015%2Fpublic_html%2Fwp-admin%2Foptions-writing.php&path=%2Fhome%2Ffalconiapl2015%2Fpublic_html%2Fwp-admin HTTP/2.0" 200 5235 "-" "Mozilla/5.0 AppleWebKit/537.36 (KHTML, like Gecko; compatible; ClaudeBot/1.0; +claudebot@anthropic.com)" 513 **0/513254**
74.7.227.0 - - [28/Mar/2026:06:21:19 -0700] "GET /?path=//lib/modules/4.18.0-553.83.1.lve.el8.x86_64/kernel/fs HTTP/2.0" 200 3215 "https://falcon-ia.com/?path=//lib/modules/4.18.0-553.83.1.lve.el8.x86_64/kernel" "Mozilla/5.0 AppleWebKit/537.36 (KHTML, like Gecko; compatible; GPTBot/1.3; +https://openai.com/gptbot)" 529 **0/529869**
216.73.216.162 - - [28/Mar/2026:06:21:20 -0700] "GET /item/2550265944?fileloc=%2Fhome%2Ffalconiapl2015%2Fpublic_html%2Fwp-admin%2Fms-delete-site.php&path=%2Fhome%2Ffalconiapl2015%2Fpublic_html%2Fwp-admin HTTP/2.0" 200 4157 "-" "Mozilla/5.0 AppleWebKit/537.36 (KHTML, like Gecko; compatible; ClaudeBot/1.0; +claudebot@anthropic.com)" 506 **0/506471**
74.7.227.0 - - [28/Mar/2026:06:21:22 -0700] "GET /?path=//usr/lib64/guile/2.0/ccache/oop/goops HTTP/2.0" 200 2933 "https://falcon-ia.com/?path=//usr/lib64/guile/2.0/ccache/oop" "Mozilla/5.0 AppleWebKit/537.36 (KHTML, like Gecko; compatible; GPTBot/1.3; +https://openai.com/gptbot)" 503 **0/503136**
216.73.216.162 - - [28/Mar/2026:06:21:23 -0700] "GET /item/367458021?fileloc=%2Fhome%2Ffalconiapl2015%2Fpublic_html%2Fwp-admin%2Fjs%2Fcomment.min.js&path=%2Fhome%2Ffalconiapl2015%2Fpublic_html%2Fwp-admin%2Fjs HTTP/2.0" 200 2863 "-" "Mozilla/5.0 AppleWebKit/537.36 (KHTML, like Gecko; compatible; ClaudeBot/1.0; +claudebot@anthropic.com)" 501 **0/501783**
74.7.227.0 - - [28/Mar/2026:06:21:25 -0700] "GET /?path=//lib/kbd HTTP/2.0" 200 2619 "https://falcon-ia.com/?path=//lib" "Mozilla/5.0 AppleWebKit/537.36 (KHTML, like Gecko; compatible; GPTBot/1.3; +https://openai.com/gptbot)" 510 **0/510190**
216.73.216.162 - - [28/Mar/2026:06:21:26 -0700] "GET /item/367458021?fileloc=%2Fhome%2Ffalconiapl2015%2Fpublic_html%2Fwp-admin%2Fjs%2Fwidgets.min.js&path=%2Fhome%2Ffalconiapl2015%2Fpublic_html%2Fwp-admin%2Fjs HTTP/2.0" 200 6045 "-" "Mozilla/5.0 AppleWebKit/537.36 (KHTML, like Gecko; compatible; ClaudeBot/1.0; +claudebot@anthropic.com)" 556 **0/556974**
74.7.227.0 - - [28/Mar/2026:06:21:28 -0700] "GET /?path=//lib/gcc HTTP/2.0" 200 2554 "https://falcon-ia.com/?path=//lib" "Mozilla/5.0 AppleWebKit/537.36 (KHTML, like Gecko; compatible; GPTBot/1.3; +https://openai.com/gptbot)" 506 **0/506966**
216.73.216.162 - - [28/Mar/2026:06:21:29 -0700] "GET /item/367458021?fileloc=%2Fhome%2Ffalconiapl2015%2Fpublic_html%2Fwp-admin%2Fjs%2Firis.min.js&path=%2Fhome%2Ffalconiapl2015%2Fpublic_html%2Fwp-admin%2Fjs HTTP/2.0" 200 10374 "-" "Mozilla/5.0 AppleWebKit/537.36 (KHTML, like Gecko; compatible; ClaudeBot/1.0; +claudebot@anthropic.com)" 524 **0/524129**
74.7.227.0 - - [28/Mar/2026:06:21:32 -0700] "GET /?path=//usr/bin HTTP/2.0" 200 14549 "https://falcon-ia.com/?path=//usr" "Mozilla/5.0 AppleWebKit/537.36 (KHTML, like Gecko; compatible; GPTBot/1.3; +https://openai.com/gptbot)" 536 **0/536323**
74.7.227.0 - - [28/Mar/2026:06:21:35 -0700] "GET /?path=//usr/lib HTTP/2.0" 200 3520 "https://falcon-ia.com/?path=//usr" "Mozilla/5.0 AppleWebKit/537.36 (KHTML, like Gecko; compatible; GPTBot/1.3; +https://openai.com/gptbot)" 516 **0/516412**
216.73.216.162 - - [28/Mar/2026:06:21:36 -0700] "GET /item/3765543364?fileloc=%2Fhome%2Ffalconiapl2015%2Fpublic_html%2Fwp-load.php&path=%2Fhome%2Ffalconiapl2015%2Fpublic_html HTTP/2.0" 200 3855 "-" "Mozilla/5.0 AppleWebKit/537.36 (KHTML, like Gecko; compatible; ClaudeBot/1.0; +claudebot@anthropic.com)" 503 **0/503853**
185.191.171.18 - - [28/Mar/2026:06:21:36 -0700] "GET /commodity/threatens/entrepreneurial17215572319 HTTP/1.1" 200 3956 "-" "Mozilla/5.0 (compatible; SemrushBot/7~bl; +http://www.semrush.com/bot.html)" 513 **0/513720**
74.7.227.0 - - [28/Mar/2026:06:21:38 -0700] "GET /?path=//lib/rpm HTTP/2.0" 200 3134 "https://falcon-ia.com/?path=//lib" "Mozilla/5.0 AppleWebKit/537.36 (KHTML, like Gecko; compatible; GPTBot/1.3; +https://openai.com/gptbot)" 565 **0/565029**
216.73.216.162 - - [28/Mar/2026:06:21:38 -0700] "GET /item/4162684901?fileloc=%2Fhome%2Ffalconiapl2015%2Fpublic_html%2Fwp-includes%2Fclass-wp-phpmailer.php&path=%2Fhome%2Ffalconiapl2015%2Fpublic_html%2Fwp-includes HTTP/2.0" 200 3552 "-" "Mozilla/5.0 AppleWebKit/537.36 (KHTML, like Gecko; compatible; ClaudeBot/1.0; +claudebot@anthropic.com)" 534 **0/534431**
85.208.96.203 - - [28/Mar/2026:06:21:41 -0700] "GET /commodity/proving/franchises171724738059 HTTP/1.1" 200 3956 "-" "Mozilla/5.0 (compatible; SemrushBot/7~bl; +http://www.semrush.com/bot.html)" 511 **0/511948**
74.7.227.0 - - [28/Mar/2026:06:21:41 -0700] "GET /?path=//usr/lib64/python3.12/importlib/resources HTTP/2.0" 200 2897 "https://falcon-ia.com/?path=//usr/lib64/python3.12/importlib" "Mozilla/5.0 AppleWebKit/537.36 (KHTML, like Gecko; compatible; GPTBot/1.3; +https://openai.com/gptbot)" 540 **0/540308**
216.73.216.162 - - [28/Mar/2026:06:21:41 -0700] "GET /item/1904761945?fileloc=%2Fhome%2Ffalconiapl2015%2Fpublic_html%2Fwp-includes%2Fclass-wp-duotone.php&path=%2Fhome%2Ffalconiapl2015%2Fpublic_html%2Fwp-includes HTTP/2.0" 200 11494 "-" "Mozilla/5.0 AppleWebKit/537.36 (KHTML, like Gecko; compatible; ClaudeBot/1.0; +claudebot@anthropic.com)" 504 **0/504850**
216.73.216.162 - - [28/Mar/2026:06:21:44 -0700] "GET /item/4160306127?fileloc=%2F%2Flib64%2FlibXext.so.6&path=%2F%2Flib64 HTTP/2.0" 200 28311 "-" "Mozilla/5.0 AppleWebKit/537.36 (KHTML, like Gecko; compatible; ClaudeBot/1.0; +claudebot@anthropic.com)" 540 **0/540918**
74.7.227.0 - - [28/Mar/2026:06:21:44 -0700] "GET /?fileloc=//bin/mysqlimport&path=//bin HTTP/2.0" 200 622212 "https://falcon-ia.com/?path=//bin" "Mozilla/5.0 AppleWebKit/537.36 (KHTML, like Gecko; compatible; GPTBot/1.3; +https://openai.com/gptbot)" 959 **0/959467**
198.244.242.46 - - [28/Mar/2026:06:21:45 -0700] "GET /commodity/crap/bayer17202237081 HTTP/2.0" 200 3449 "-" "Mozilla/5.0 (compatible; AhrefsBot/7.0; +http://ahrefs.com/robot/)" 516 **0/516115**
85.208.96.196 - - [28/Mar/2026:06:21:46 -0700] "GET /commodity/lending/overall171836956984 HTTP/1.1" 200 3956 "-" "Mozilla/5.0 (compatible; SemrushBot/7~bl; +http://www.semrush.com/bot.html)" 493 **0/493588**
74.7.227.0 - - [28/Mar/2026:06:21:47 -0700] "GET /?fileloc=//bin/ssh-copy-id&path=//bin HTTP/2.0" 200 6713 "https://falcon-ia.com/?path=//bin" "Mozilla/5.0 AppleWebKit/537.36 (KHTML, like Gecko; compatible; GPTBot/1.3; +https://openai.com/gptbot)" 515 **0/515395**
216.73.216.162 - - [28/Mar/2026:06:21:47 -0700] "GET /item/3661790623?fileloc=%2Fhome%2Ffalconiapl2015%2Fpublic_html%2Fwp-includes%2Fms-blogs.php&path=%2Fhome%2Ffalconiapl2015%2Fpublic_html%2Fwp-includes HTTP/2.0" 200 8334 "-" "Mozilla/5.0 AppleWebKit/537.36 (KHTML, like Gecko; compatible; ClaudeBot/1.0; +claudebot@anthropic.com)" 530 **0/530361**
85.208.96.199 - - [28/Mar/2026:06:21:50 -0700] "GET /commodity/italia/colleges17202361876 HTTP/1.1" 200 3956 "-" "Mozilla/5.0 (compatible; SemrushBot/7~bl; +http://www.semrush.com/bot.html)" 494 **0/494093**
216.73.216.162 - - [28/Mar/2026:06:21:50 -0700] "GET /item/2756812328?fileloc=%2Fhome%2Ffalconiapl2015%2Fpublic_html%2Fwp-includes%2Fclass-wp-tax-query.php&path=%2Fhome%2Ffalconiapl2015%2Fpublic_html%2Fwp-includes HTTP/2.0" 200 7510 "-" "Mozilla/5.0 AppleWebKit/537.36 (KHTML, like Gecko; compatible; ClaudeBot/1.0; +claudebot@anthropic.com)" 494 **0/494916**
74.7.227.0 - - [28/Mar/2026:06:21:50 -0700] "GET /?path=//usr/lib64/guile/2.0/ccache/scripts HTTP/2.0" 200 3257 "https://falcon-ia.com/?path=//usr/lib64/guile/2.0/ccache" "Mozilla/5.0 AppleWebKit/537.36 (KHTML, like Gecko; compatible; GPTBot/1.3; +https://openai.com/gptbot)" 505 **0/505074**
216.73.216.162 - - [28/Mar/2026:06:21:53 -0700] "GET /item/2675353703?path=%2Fhome%2Ffalconiapl2015%2Fnew HTTP/2.0" 200 3374 "-" "Mozilla/5.0 AppleWebKit/537.36 (KHTML, like Gecko; compatible; ClaudeBot/1.0; +claudebot@anthropic.com)" 529 **0/529816**
74.7.227.0 - - [28/Mar/2026:06:21:54 -0700] "GET /?path=//lib/modules/4.18.0-553.83.1.lve.el8.x86_64/kernel/fs/overlayfs HTTP/2.0" 200 2615 "https://falcon-ia.com/?path=//lib/modules/4.18.0-553.83.1.lve.el8.x86_64/kernel/fs" "Mozilla/5.0 AppleWebKit/537.36 (KHTML, like Gecko; compatible; GPTBot/1.3; +https://openai.com/gptbot)" 497 **0/497577**
185.191.171.16 - - [28/Mar/2026:06:21:55 -0700] "GET /commodity/surrender/constants172135649589 HTTP/1.1" 200 3956 "-" "Mozilla/5.0 (compatible; SemrushBot/7~bl; +http://www.semrush.com/bot.html)" 507 **0/507841**
216.73.216.162 - - [28/Mar/2026:06:21:56 -0700] "GET /item/2511456098?fileloc=%2Fhome%2Ffalconiapl2015%2Fpublic_html%2Fwp-comments-post.php&path=%2Fhome%2Ffalconiapl2015%2Fpublic_html HTTP/2.0" 200 3279 "-" "Mozilla/5.0 AppleWebKit/537.36 (KHTML, like Gecko; compatible; ClaudeBot/1.0; +claudebot@anthropic.com)" 487 **0/487936**
74.7.227.0 - - [28/Mar/2026:06:21:57 -0700] "GET /?path=//usr/lib64/python3.12/http/__pycache__ HTTP/2.0" 200 2960 "https://falcon-ia.com/?path=//usr/lib64/python3.12/http" "Mozilla/5.0 AppleWebKit/537.36 (KHTML, like Gecko; compatible; GPTBot/1.3; +https://openai.com/gptbot)" 512 **0/512914**
216.73.216.162 - - [28/Mar/2026:06:21:59 -0700] "GET /item/1336640688?fileloc=%2Fhome%2Ffalconiapl2015%2Fpublic_html%2Fwp-admin%2Fnav-menus.php&path=%2Fhome%2Ffalconiapl2015%2Fpublic_html%2Fwp-admin HTTP/2.0" 200 13252 "-" "Mozilla/5.0 AppleWebKit/537.36 (KHTML, like Gecko; compatible; ClaudeBot/1.0; +claudebot@anthropic.com)" 514 **0/514546**
74.7.227.0 - - [28/Mar/2026:06:22:00 -0700] "GET /?path=//lib/modules/4.18.0-553.83.1.lve.el8.x86_64/kernel/mm HTTP/2.0" 200 2613 "https://falcon-ia.com/?path=//lib/modules/4.18.0-553.83.1.lve.el8.x86_64/kernel" "Mozilla/5.0 AppleWebKit/537.36 (KHTML, like Gecko; compatible; GPTBot/1.3; +https://openai.com/gptbot)" 523 **0/523763**
185.191.171.2 - - [28/Mar/2026:06:22:00 -0700] "GET /commodity/destructive/hamas171612063527 HTTP/1.1" 200 3956 "-" "Mozilla/5.0 (compatible; SemrushBot/7~bl; +http://www.semrush.com/bot.html)" 508 **0/508579**
216.73.216.162 - - [28/Mar/2026:06:22:02 -0700] "GET /item/2440365595?fileloc=%2Fhome%2Ffalconiapl2015%2Fpublic_html%2Fwp-admin%2Flink-add.php&path=%2Fhome%2Ffalconiapl2015%2Fpublic_html%2Fwp-admin HTTP/2.0" 403 3449 "-" "Mozilla/5.0 AppleWebKit/537.36 (KHTML, like Gecko; compatible; ClaudeBot/1.0; +claudebot@anthropic.com)" 494 **0/494676**
74.7.227.0 - - [28/Mar/2026:06:22:03 -0700] "GET /?path=//lib/gcc/x86_64-redhat-linux HTTP/2.0" 200 2561 "https://falcon-ia.com/?path=//lib/gcc" "Mozilla/5.0 AppleWebKit/537.36 (KHTML, like Gecko; compatible; GPTBot/1.3; +https://openai.com/gptbot)" 526 **0/526160**
216.73.216.162 - - [28/Mar/2026:06:22:05 -0700] "GET /item/1363896383?fileloc=%2Fhome%2Ffalconiapl2015%2Fpublic_html%2Fwp-settings.php&path=%2Fhome%2Ffalconiapl2015%2Fpublic_html HTTP/2.0" 403 3449 "-" "Mozilla/5.0 AppleWebKit/537.36 (KHTML, like Gecko; compatible; ClaudeBot/1.0; +claudebot@anthropic.com)" 524 **0/524170**
74.7.227.0 - - [28/Mar/2026:06:22:06 -0700] "GET /?fileloc=//usr/bin/pkgconf&path=//usr/bin HTTP/2.0" 200 15552 "https://falcon-ia.com/?path=//usr/bin" "Mozilla/5.0 AppleWebKit/537.36 (KHTML, like Gecko; compatible; GPTBot/1.3; +https://openai.com/gptbot)" 500 **0/500062**
216.73.216.162 - - [28/Mar/2026:06:22:08 -0700] "GET /item/3941460958?path=%2Fhome%2Ffalconiapl2015%2Fpublic_html%2F.well-known HTTP/2.0" 403 3449 "-" "Mozilla/5.0 AppleWebKit/537.36 (KHTML, like Gecko; compatible; ClaudeBot/1.0; +claudebot@anthropic.com)" 491 **0/491152**
74.7.227.0 - - [28/Mar/2026:06:22:09 -0700] "GET /?fileloc=//usr/bin/post-grohtml&path=//usr/bin HTTP/2.0" 200 88136 "https://falcon-ia.com/?path=//usr/bin" "Mozilla/5.0 AppleWebKit/537.36 (KHTML, like Gecko; compatible; GPTBot/1.3; +https://openai.com/gptbot)" 543 **0/543436**
216.73.216.162 - - [28/Mar/2026:06:22:11 -0700] "GET /item/1643730241?fileloc=%2Fhome%2Ffalconiapl2015%2Fpublic_html%2Fwp-admin%2Fload-styles.php&path=%2Fhome%2Ffalconiapl2015%2Fpublic_html%2Fwp-admin HTTP/2.0" 403 3449 "-" "Mozilla/5.0 AppleWebKit/537.36 (KHTML, like Gecko; compatible; ClaudeBot/1.0; +claudebot@anthropic.com)" 489 **0/489916**
74.7.227.0 - - [28/Mar/2026:06:22:12 -0700] "GET /?fileloc=//usr/bin/mandb&path=//usr/bin HTTP/2.0" 200 48313 "https://falcon-ia.com/?path=//usr/bin" "Mozilla/5.0 AppleWebKit/537.36 (KHTML, like Gecko; compatible; GPTBot/1.3; +https://openai.com/gptbot)" 514 **0/514957**
66.249.74.129 - - [28/Mar/2026:06:22:13 -0700] "GET /content.php?commodity/maria/spun17181417434 HTTP/1.1" 403 28293 "-" "Mozilla/5.0 (Linux; Android 6.0.1; Nexus 5X Build/MMB29P) AppleWebKit/537.36 (KHTML, like Gecko) Chrome/146.0.7680.153 Mobile Safari/537.36 (compatible; Googlebot/2.1; +http://www.google.com/bot.html)" 1631 **1/1631788**
216.73.216.162 - - [28/Mar/2026:06:22:14 -0700] "GET /item/1527957511?fileloc=%2Fhome%2Ffalconiapl2015%2Fpublic_html%2Fwp-includes%2Fblocks%2Fsearch.php&path=%2Fhome%2Ffalconiapl2015%2Fpublic_html%2Fwp-includes%2Fblocks HTTP/2.0" 403 3449 "-" "Mozilla/5.0 AppleWebKit/537.36 (KHTML, like Gecko; compatible; ClaudeBot/1.0; +claudebot@anthropic.com)" 534 **0/534128**
74.7.227.0 - - [28/Mar/2026:06:22:16 -0700] "GET /?fileloc=//usr/bin/ps2epsi&path=//usr/bin HTTP/2.0" 200 3501 "https://falcon-ia.com/?path=//usr/bin" "Mozilla/5.0 AppleWebKit/537.36 (KHTML, like Gecko; compatible; GPTBot/1.3; +https://openai.com/gptbot)" 504 **0/504829**
216.73.216.162 - - [28/Mar/2026:06:22:17 -0700] "GET /item/2801468485?fileloc=%2Fhome%2Ffalconiapl2015%2Fpublic_html%2Fwp-activate.php&path=%2Fhome%2Ffalconiapl2015%2Fpublic_html HTTP/2.0" 403 3449 "-" "Mozilla/5.0 AppleWebKit/537.36 (KHTML, like Gecko; compatible; ClaudeBot/1.0; +claudebot@anthropic.com)" 500 **0/500335**
74.7.227.0 - - [28/Mar/2026:06:22:19 -0700] "GET /?fileloc=//usr/bin/fc-list&path=//usr/bin HTTP/2.0" 200 6665 "https://falcon-ia.com/?path=//usr/bin" "Mozilla/5.0 AppleWebKit/537.36 (KHTML, like Gecko; compatible; GPTBot/1.3; +https://openai.com/gptbot)" 504 **0/504803**
216.73.216.162 - - [28/Mar/2026:06:22:20 -0700] "GET /item/2756812328?fileloc=%2Fhome%2Ffalconiapl2015%2Fpublic_html%2Fwp-includes%2Flocale.php&path=%2Fhome%2Ffalconiapl2015%2Fpublic_html%2Fwp-includes HTTP/2.0" 403 3449 "-" "Mozilla/5.0 AppleWebKit/537.36 (KHTML, like Gecko; compatible; ClaudeBot/1.0; +claudebot@anthropic.com)" 501 **0/501327**
74.7.227.0 - - [28/Mar/2026:06:22:22 -0700] "GET /?fileloc=//usr/bin/sed&path=//usr/bin HTTP/2.0" 200 50307 "https://falcon-ia.com/?path=//usr/bin" "Mozilla/5.0 AppleWebKit/537.36 (KHTML, like Gecko; compatible; GPTBot/1.3; +https://openai.com/gptbot)" 520 **0/520191**
216.73.216.162 - - [28/Mar/2026:06:22:23 -0700] "GET /item/4210881270?fileloc=%2Fhome%2Ffalconiapl2015%2Fpublic_html%2Fwp-includes%2Fclass-wp-session-tokens.php&path=%2Fhome%2Ffalconiapl2015%2Fpublic_html%2Fwp-includes HTTP/2.0" 403 3449 "-" "Mozilla/5.0 AppleWebKit/537.36 (KHTML, like Gecko; compatible; ClaudeBot/1.0; +claudebot@anthropic.com)" 513 **0/513089**
74.7.227.0 - - [28/Mar/2026:06:22:25 -0700] "GET /?fileloc=//usr/bin/gpg-error&path=//usr/bin HTTP/2.0" 200 12443 "https://falcon-ia.com/?path=//usr/bin" "Mozilla/5.0 AppleWebKit/537.36 (KHTML, like Gecko; compatible; GPTBot/1.3; +https://openai.com/gptbot)" 505 **0/505230**
216.73.216.162 - - [28/Mar/2026:06:22:26 -0700] "GET /item/547136434?fileloc=%2Fhome%2Ffalconiapl2015%2Fpublic_html%2Fwp-includes%2Fclass-wp-paused-extensions-storage.php&path=%2Fhome%2Ffalconiapl2015%2Fpublic_html%2Fwp-includes HTTP/2.0" 403 3449 "-" "Mozilla/5.0 AppleWebKit/537.36 (KHTML, like Gecko; compatible; ClaudeBot/1.0; +claudebot@anthropic.com)" 501 **0/501208**
74.7.227.0 - - [28/Mar/2026:06:22:28 -0700] "GET /?fileloc=//usr/bin/mariadb-show&path=//usr/bin HTTP/2.0" 200 622557 "https://falcon-ia.com/?path=//usr/bin" "Mozilla/5.0 AppleWebKit/537.36 (KHTML, like Gecko; compatible; GPTBot/1.3; +https://openai.com/gptbot)" 838 **0/838370**
216.73.216.162 - - [28/Mar/2026:06:22:29 -0700] "GET /item/1363216000?fileloc=%2F%2Flib64%2Flibss.so.2.0&path=%2F%2Flib64 HTTP/2.0" 403 3449 "-" "Mozilla/5.0 AppleWebKit/537.36 (KHTML, like Gecko; compatible; ClaudeBot/1.0; +claudebot@anthropic.com)" 523 **0/523014**
74.7.227.0 - - [28/Mar/2026:06:22:31 -0700] "GET /?fileloc=//usr/bin/mknod&path=//usr/bin HTTP/2.0" 200 31194 "https://falcon-ia.com/?path=//usr/bin" "Mozilla/5.0 AppleWebKit/537.36 (KHTML, like Gecko; compatible; GPTBot/1.3; +https://openai.com/gptbot)" 504 **0/504998**
74.7.227.0 - - [28/Mar/2026:06:22:34 -0700] "GET /?fileloc=//usr/bin/gmake&path=//usr/bin HTTP/2.0" 200 100389 "https://falcon-ia.com/?path=//usr/bin" "Mozilla/5.0 AppleWebKit/537.36 (KHTML, like Gecko; compatible; GPTBot/1.3; +https://openai.com/gptbot)" 569 **0/569023**
216.73.216.162 - - [28/Mar/2026:06:22:37 -0700] "GET /item/734698861?fileloc=%2Fhome%2Ffalconiapl2015%2Fpublic_html%2Ftxets.php&path=%2Fhome%2Ffalconiapl2015%2Fpublic_html HTTP/2.0" 403 3449 "-" "Mozilla/5.0 AppleWebKit/537.36 (KHTML, like Gecko; compatible; ClaudeBot/1.0; +claudebot@anthropic.com)" 504 **0/504265**
74.7.227.0 - - [28/Mar/2026:06:22:37 -0700] "GET /?fileloc=//usr/bin/gzexe&path=//usr/bin HTTP/2.0" 200 4697 "https://falcon-ia.com/?path=//usr/bin" "Mozilla/5.0 AppleWebKit/537.36 (KHTML, like Gecko; compatible; GPTBot/1.3; +https://openai.com/gptbot)" 498 **0/498713**
216.73.216.162 - - [28/Mar/2026:06:22:39 -0700] "GET /item/2026427607?fileloc=%2F%2Flib64%2Flibsz.so.2.0.1&path=%2F%2Flib64 HTTP/2.0" 403 3449 "-" "Mozilla/5.0 AppleWebKit/537.36 (KHTML, like Gecko; compatible; ClaudeBot/1.0; +claudebot@anthropic.com)" 517 **0/517874**
74.7.227.0 - - [28/Mar/2026:06:22:41 -0700] "GET /?fileloc=//usr/bin/pwdx&path=//usr/bin HTTP/2.0" 200 6793 "https://falcon-ia.com/?path=//usr/bin" "Mozilla/5.0 AppleWebKit/537.36 (KHTML, like Gecko; compatible; GPTBot/1.3; +https://openai.com/gptbot)" 514 **0/514581**
216.73.216.162 - - [28/Mar/2026:06:22:42 -0700] "GET /item/1729751600?fileloc=%2Fhome%2Ffalconiapl2015%2Fpublic_html%2Fwp-admin%2Fjs%2Fcommon.min.js&path=%2Fhome%2Ffalconiapl2015%2Fpublic_html%2Fwp-admin%2Fjs HTTP/2.0" 200 10244 "-" "Mozilla/5.0 AppleWebKit/537.36 (KHTML, like Gecko; compatible; ClaudeBot/1.0; +claudebot@anthropic.com)" 507 **0/507536**
74.7.227.0 - - [28/Mar/2026:06:22:44 -0700] "GET /?fileloc=//usr/bin/gawk&path=//usr/bin HTTP/2.0" 200 287018 "https://falcon-ia.com/?path=//usr/bin" "Mozilla/5.0 AppleWebKit/537.36 (KHTML, like Gecko; compatible; GPTBot/1.3; +https://openai.com/gptbot)" 638 **0/638809**
216.73.216.162 - - [28/Mar/2026:06:22:45 -0700] "GET /item/1363216000?fileloc=%2F%2Flib64%2Flibnss_compat-2.28.so&path=%2F%2Flib64 HTTP/2.0" 200 15249 "-" "Mozilla/5.0 AppleWebKit/537.36 (KHTML, like Gecko; compatible; ClaudeBot/1.0; +claudebot@anthropic.com)" 499 **0/499465**
114.119.136.15 - - [28/Mar/2026:06:22:46 -0700] "GET /commodity/titles/jukebox172120581206?fileloc=/home/falconiapl2015/public_html/wp-load.php&path=/home/falconiapl2015/public_html HTTP/1.1" 200 4153 "https://falcon-ia.com/commodity/titles/jukebox172120581206" "Mozilla/5.0 (Linux; Android 7.0;) AppleWebKit/537.36 (KHTML, like Gecko) Mobile Safari/537.36 (compatible; PetalBot;+https://webmaster.petalsearch.com/site/petalbot)" 492 **0/492915**
74.7.227.0 - - [28/Mar/2026:06:22:47 -0700] "GET /?fileloc=//usr/bin/xmlwf&path=//usr/bin HTTP/2.0" 200 14413 "https://falcon-ia.com/?path=//usr/bin" "Mozilla/5.0 AppleWebKit/537.36 (KHTML, like Gecko; compatible; GPTBot/1.3; +https://openai.com/gptbot)" 495 **0/495105**
216.73.216.162 - - [28/Mar/2026:06:22:48 -0700] "GET /item/3778095053?fileloc=%2Fhome%2Ffalconiapl2015%2Fpublic_html%2Fwp-config.php&path=%2Fhome%2Ffalconiapl2015%2Fpublic_html HTTP/2.0" 200 3422 "-" "Mozilla/5.0 AppleWebKit/537.36 (KHTML, like Gecko; compatible; ClaudeBot/1.0; +claudebot@anthropic.com)" 496 **0/496246**
74.7.227.0 - - [28/Mar/2026:06:22:50 -0700] "GET /?fileloc=//usr/bin/ps2pdf12&path=//usr/bin HTTP/2.0" 200 2398 "https://falcon-ia.com/?path=//usr/bin" "Mozilla/5.0 AppleWebKit/537.36 (KHTML, like Gecko; compatible; GPTBot/1.3; +https://openai.com/gptbot)" 504 **0/504659**
216.73.216.162 - - [28/Mar/2026:06:22:51 -0700] "GET /item/2026427607?fileloc=%2F%2Flib64%2Flibpwquality.so.1.0.2&path=%2F%2Flib64 HTTP/2.0" 200 11709 "-" "Mozilla/5.0 AppleWebKit/537.36 (KHTML, like Gecko; compatible; ClaudeBot/1.0; +claudebot@anthropic.com)" 504 **0/504159**
74.7.227.0 - - [28/Mar/2026:06:22:53 -0700] "GET /?fileloc=//lib/rpm/tgpg&path=//lib/rpm HTTP/2.0" 200 2722 "https://falcon-ia.com/?path=//lib/rpm" "Mozilla/5.0 AppleWebKit/537.36 (KHTML, like Gecko; compatible; GPTBot/1.3; +https://openai.com/gptbot)" 536 **0/536681**
216.73.216.162 - - [28/Mar/2026:06:22:54 -0700] "GET /item/659246797?fileloc=%2Fhome%2Ffalconiapl2015%2Fpublic_html%2Fgbmfx.php&path=%2Fhome%2Ffalconiapl2015%2Fpublic_html HTTP/2.0" 200 5547 "-" "Mozilla/5.0 AppleWebKit/537.36 (KHTML, like Gecko; compatible; ClaudeBot/1.0; +claudebot@anthropic.com)" 498 **0/498935**
74.7.227.0 - - [28/Mar/2026:06:22:56 -0700] "GET /?fileloc=//lib/rpm/rpmrc&path=//lib/rpm HTTP/2.0" 200 5399 "https://falcon-ia.com/?path=//lib/rpm" "Mozilla/5.0 AppleWebKit/537.36 (KHTML, like Gecko; compatible; GPTBot/1.3; +https://openai.com/gptbot)" 497 **0/497110**
216.73.216.162 - - [28/Mar/2026:06:22:57 -0700] "GET /item/637910088?fileloc=%2Fhome%2Ffalconiapl2015%2Fpublic_html%2Fwp-content%2Fuploads%2F.htaccess&path=%2Fhome%2Ffalconiapl2015%2Fpublic_html%2Fwp-content%2Fuploads HTTP/2.0" 200 2383 "-" "Mozilla/5.0 AppleWebKit/537.36 (KHTML, like Gecko; compatible; ClaudeBot/1.0; +claudebot@anthropic.com)" 520 **0/520300**
216.73.216.162 - - [28/Mar/2026:06:23:00 -0700] "GET /item/4115486447?fileloc=%2Fhome%2Ffalconiapl2015%2Fpublic_html%2Fwp-config.php&path=%2Fhome%2Ffalconiapl2015%2Fpublic_html HTTP/2.0" 200 3422 "-" "Mozilla/5.0 AppleWebKit/537.36 (KHTML, like Gecko; compatible; ClaudeBot/1.0; +claudebot@anthropic.com)" 496 **0/496110**
74.7.227.0 - - [28/Mar/2026:06:23:00 -0700] "GET /?fileloc=//usr/bin/mktemp&path=//usr/bin HTTP/2.0" 200 19440 "https://falcon-ia.com/?path=//usr/bin" "Mozilla/5.0 AppleWebKit/537.36 (KHTML, like Gecko; compatible; GPTBot/1.3; +https://openai.com/gptbot)" 512 **0/512087**
216.73.216.162 - - [28/Mar/2026:06:23:03 -0700] "GET /item/4162684901?fileloc=%2Fhome%2Ffalconiapl2015%2Fpublic_html%2Fwp-includes%2Fassets%2Findex.php&path=%2Fhome%2Ffalconiapl2015%2Fpublic_html%2Fwp-includes%2Fassets HTTP/2.0" 200 2279 "-" "Mozilla/5.0 AppleWebKit/537.36 (KHTML, like Gecko; compatible; ClaudeBot/1.0; +claudebot@anthropic.com)" 517 **0/517669**
74.7.227.0 - - [28/Mar/2026:06:23:03 -0700] "GET /?fileloc=//usr/bin/less&path=//usr/bin HTTP/2.0" 200 72638 "https://falcon-ia.com/?path=//usr/bin" "Mozilla/5.0 AppleWebKit/537.36 (KHTML, like Gecko; compatible; GPTBot/1.3; +https://openai.com/gptbot)" 622 **0/622245**
216.73.216.162 - - [28/Mar/2026:06:23:06 -0700] "GET /item/2026427607?fileloc=%2F%2Flib64%2Flibjansson.so.4&path=%2F%2Flib64 HTTP/2.0" 200 26009 "-" "Mozilla/5.0 AppleWebKit/537.36 (KHTML, like Gecko; compatible; ClaudeBot/1.0; +claudebot@anthropic.com)" 517 **0/517257**
74.7.227.0 - - [28/Mar/2026:06:23:06 -0700] "GET /?fileloc=//usr/bin/curl&path=//usr/bin HTTP/2.0" 200 110527 "https://falcon-ia.com/?path=//usr/bin" "Mozilla/5.0 AppleWebKit/537.36 (KHTML, like Gecko; compatible; GPTBot/1.3; +https://openai.com/gptbot)" 569 **0/569392**
216.73.216.162 - - [28/Mar/2026:06:23:09 -0700] "GET /item/1926869326?fileloc=%2Fhome%2Ffalconiapl2015%2Fpublic_html%2Fwp-trackback.php&path=%2Fhome%2Ffalconiapl2015%2Fpublic_html HTTP/2.0" 200 4108 "-" "Mozilla/5.0 AppleWebKit/537.36 (KHTML, like Gecko; compatible; ClaudeBot/1.0; +claudebot@anthropic.com)" 524 **0/524437**
74.7.227.0 - - [28/Mar/2026:06:23:09 -0700] "GET /?fileloc=//usr/bin/users&path=//usr/bin HTTP/2.0" 200 15377 "https://falcon-ia.com/?path=//usr/bin" "Mozilla/5.0 AppleWebKit/537.36 (KHTML, like Gecko; compatible; GPTBot/1.3; +https://openai.com/gptbot)" 510 **0/510667**
216.73.216.162 - - [28/Mar/2026:06:23:12 -0700] "GET /item/3948353480?fileloc=%2Fhome%2Ffalconiapl2015%2Fpublic_html%2Fwp-login.php&path=%2Fhome%2Ffalconiapl2015%2Fpublic_html HTTP/2.0" 200 15079 "-" "Mozilla/5.0 AppleWebKit/537.36 (KHTML, like Gecko; compatible; ClaudeBot/1.0; +claudebot@anthropic.com)" 505 **0/505838**
74.7.227.0 - - [28/Mar/2026:06:23:12 -0700] "GET /?fileloc=//usr/bin/bison&path=//usr/bin HTTP/2.0" 200 165298 "https://falcon-ia.com/?path=//usr/bin" "Mozilla/5.0 AppleWebKit/537.36 (KHTML, like Gecko; compatible; GPTBot/1.3; +https://openai.com/gptbot)" 586 **0/586293**
216.73.216.162 - - [28/Mar/2026:06:23:15 -0700] "GET /item/3211466970?fileloc=%2Fhome%2Ffalconiapl2015%2Fpublic_html%2Fwp-includes%2Ftheme-i18n.json&path=%2Fhome%2Ffalconiapl2015%2Fpublic_html%2Fwp-includes HTTP/2.0" 200 2686 "-" "Mozilla/5.0 AppleWebKit/537.36 (KHTML, like Gecko; compatible; ClaudeBot/1.0; +claudebot@anthropic.com)" 505 **0/505255**
74.7.227.0 - - [28/Mar/2026:06:23:16 -0700] "GET /?fileloc=//usr/bin/libtool&path=//usr/bin HTTP/2.0" 200 88888 "https://falcon-ia.com/?path=//usr/bin" "Mozilla/5.0 AppleWebKit/537.36 (KHTML, like Gecko; compatible; GPTBot/1.3; +https://openai.com/gptbot)" 539 **0/539746**
216.73.216.162 - - [28/Mar/2026:06:23:18 -0700] "GET /item/3211466970?path=%2Fhome%2Ffalconiapl2015%2Fwww%2F.well-known HTTP/2.0" 200 2654 "-" "Mozilla/5.0 AppleWebKit/537.36 (KHTML, like Gecko; compatible; ClaudeBot/1.0; +claudebot@anthropic.com)" 496 **0/496586**
74.7.227.0 - - [28/Mar/2026:06:23:19 -0700] "GET /?fileloc=//usr/bin/ranlib&path=//usr/bin HTTP/2.0" 200 26320 "https://falcon-ia.com/?path=//usr/bin" "Mozilla/5.0 AppleWebKit/537.36 (KHTML, like Gecko; compatible; GPTBot/1.3; +https://openai.com/gptbot)" 508 **0/508781**
216.73.216.162 - - [28/Mar/2026:06:23:21 -0700] "GET /item/3888829794?fileloc=%2Fhome%2Ffalconiapl2015%2Fpublic_html%2Fwp-cron.php&path=%2Fhome%2Ffalconiapl2015%2Fpublic_html HTTP/2.0" 200 4272 "-" "Mozilla/5.0 AppleWebKit/537.36 (KHTML, like Gecko; compatible; ClaudeBot/1.0; +claudebot@anthropic.com)" 493 **0/493436**
74.7.227.0 - - [28/Mar/2026:06:23:22 -0700] "GET /?fileloc=//usr/bin/ispell&path=//usr/bin HTTP/2.0" 200 2688 "https://falcon-ia.com/?path=//usr/bin" "Mozilla/5.0 AppleWebKit/537.36 (KHTML, like Gecko; compatible; GPTBot/1.3; +https://openai.com/gptbot)" 536 **0/536435**
198.244.183.91 - - [28/Mar/2026:06:23:23 -0700] "GET /commodity/crane/cyber1716166420 HTTP/2.0" 200 3449 "-" "Mozilla/5.0 (compatible; AhrefsBot/7.0; +http://ahrefs.com/robot/)" 501 **0/501743**
216.73.216.162 - - [28/Mar/2026:06:23:24 -0700] "GET /item/4139897546?fileloc=%2Fhome%2Ffalconiapl2015%2Fpublic_html%2Findex.php&path=%2Fhome%2Ffalconiapl2015%2Fpublic_html HTTP/2.0" 200 10878 "-" "Mozilla/5.0 AppleWebKit/537.36 (KHTML, like Gecko; compatible; ClaudeBot/1.0; +claudebot@anthropic.com)" 499 **0/499262**
74.7.227.0 - - [28/Mar/2026:06:23:25 -0700] "GET /?fileloc=//lib/rpm/macros&path=//lib/rpm HTTP/2.0" 200 15742 "https://falcon-ia.com/?path=//lib/rpm" "Mozilla/5.0 AppleWebKit/537.36 (KHTML, like Gecko; compatible; GPTBot/1.3; +https://openai.com/gptbot)" 535 **0/535652**
216.73.216.162 - - [28/Mar/2026:06:23:27 -0700] "GET /item/3651816748?fileloc=%2Fhome%2Ffalconiapl2015%2Fpublic_html%2Fwp-includes%2Fblock-supports%2Felements.php&path=%2Fhome%2Ffalconiapl2015%2Fpublic_html%2Fwp-includes%2Fblock-supports HTTP/2.0" 200 4522 "-" "Mozilla/5.0 AppleWebKit/537.36 (KHTML, like Gecko; compatible; ClaudeBot/1.0; +claudebot@anthropic.com)" 523 **0/523081**
17.241.219.168 - - [28/Mar/2026:06:23:27 -0700] "GET /flashdash-casino-no-deposit-bonus/ HTTP/1.1" 200 3956 "-" "Mozilla/5.0 (Macintosh; Intel Mac OS X 10_15_7) AppleWebKit/605.1.15 (KHTML, like Gecko) Version/17.4 Safari/605.1.15 (Applebot/0.1; +http://www.apple.com/go/applebot)" 495 **0/495139**
74.7.227.0 - - [28/Mar/2026:06:23:28 -0700] "GET /?fileloc=//usr/bin/md5sum&path=//usr/bin HTTP/2.0" 200 19135 "https://falcon-ia.com/?path=//usr/bin" "Mozilla/5.0 AppleWebKit/537.36 (KHTML, like Gecko; compatible; GPTBot/1.3; +https://openai.com/gptbot)" 563 **0/563402**
216.73.216.162 - - [28/Mar/2026:06:23:30 -0700] "GET /item/103008920?fileloc=%2Fhome%2Ffalconiapl2015%2Fpublic_html%2Fwp-mail.php&path=%2Fhome%2Ffalconiapl2015%2Fpublic_html HTTP/2.0" 200 5289 "-" "Mozilla/5.0 AppleWebKit/537.36 (KHTML, like Gecko; compatible; ClaudeBot/1.0; +claudebot@anthropic.com)" 532 **0/532159**
74.7.227.0 - - [28/Mar/2026:06:23:31 -0700] "GET /?fileloc=//usr/bin/objdump&path=//usr/bin HTTP/2.0" 200 161828 "https://falcon-ia.com/?path=//usr/bin" "Mozilla/5.0 AppleWebKit/537.36 (KHTML, like Gecko; compatible; GPTBot/1.3; +https://openai.com/gptbot)" 547 **0/547509**
216.73.216.162 - - [28/Mar/2026:06:23:33 -0700] "GET /item/3941460958?path=%2Fhome%2Ffalconiapl2015%2Fpublic_html%2Fimages%2Fimages HTTP/2.0" 200 2732 "-" "Mozilla/5.0 AppleWebKit/537.36 (KHTML, like Gecko; compatible; ClaudeBot/1.0; +claudebot@anthropic.com)" 515 **0/515875**
74.7.227.0 - - [28/Mar/2026:06:23:35 -0700] "GET /?fileloc=//usr/bin/mogrify&path=//usr/bin HTTP/2.0" 200 5448 "https://falcon-ia.com/?path=//usr/bin" "Mozilla/5.0 AppleWebKit/537.36 (KHTML, like Gecko; compatible; GPTBot/1.3; +https://openai.com/gptbot)" 500 **0/500023**
