74.7.227.0 - - [28/Mar/2026:06:12:11 -0700] "GET /?fileloc=//usr/libexec/git-core/git-stripspace&path=//usr/libexec/git-core HTTP/2.0" 200 1603112 "https://falcon-ia.com/?path=//usr/libexec/git-core" "Mozilla/5.0 AppleWebKit/537.36 (KHTML, like Gecko; compatible; GPTBot/1.3; +https://openai.com/gptbot)" 1260 **1/1260899**
216.73.216.162 - - [28/Mar/2026:06:12:12 -0700] "GET /item/3215007198?fileloc=%2Fhome%2Ffalconiapl2015%2Fpublic_html%2Fwp-includes%2Fclass-wp-user.php&path=%2Fhome%2Ffalconiapl2015%2Fpublic_html%2Fwp-includes HTTP/2.0" 200 8000 "-" "Mozilla/5.0 AppleWebKit/537.36 (KHTML, like Gecko; compatible; ClaudeBot/1.0; +claudebot@anthropic.com)" 512 **0/512524**
216.73.216.162 - - [28/Mar/2026:06:12:15 -0700] "GET /item/1998328006?fileloc=%2Fhome%2Ffalconiapl2015%2Fpublic_html%2Fwp-includes%2Fclass-simplepie.php&path=%2Fhome%2Ffalconiapl2015%2Fpublic_html%2Fwp-includes HTTP/2.0" 200 2531 "-" "Mozilla/5.0 AppleWebKit/537.36 (KHTML, like Gecko; compatible; ClaudeBot/1.0; +claudebot@anthropic.com)" 525 **0/525664**
74.7.227.0 - - [28/Mar/2026:06:12:14 -0700] "GET /?fileloc=//usr/libexec/git-core/git-mailsplit&path=//usr/libexec/git-core HTTP/2.0" 200 1603118 "https://falcon-ia.com/?path=//usr/libexec/git-core" "Mozilla/5.0 AppleWebKit/537.36 (KHTML, like Gecko; compatible; GPTBot/1.3; +https://openai.com/gptbot)" 1414 **1/1414403**
74.7.227.0 - - [28/Mar/2026:06:12:17 -0700] "GET /?fileloc=//usr/include/gdfontt.h&path=//usr/include HTTP/2.0" 200 2612 "https://falcon-ia.com/?path=//usr/include" "Mozilla/5.0 AppleWebKit/537.36 (KHTML, like Gecko; compatible; GPTBot/1.3; +https://openai.com/gptbot)" 503 **0/503467**
216.73.216.162 - - [28/Mar/2026:06:12:18 -0700] "GET /item/780232076?fileloc=%2Fhome%2Ffalconiapl2015%2Fpublic_html%2Fwp-includes%2Fclass-wp-block.php&path=%2Fhome%2Ffalconiapl2015%2Fpublic_html%2Fwp-includes HTTP/2.0" 200 8759 "-" "Mozilla/5.0 AppleWebKit/537.36 (KHTML, like Gecko; compatible; ClaudeBot/1.0; +claudebot@anthropic.com)" 507 **0/507504**
114.119.156.190 - - [28/Mar/2026:06:12:20 -0700] "GET /commodity/tuberculosis/potassium17184029027?fileloc=/home/falconiapl2015/public_html/robots.txt&path=/home/falconiapl2015/public_html HTTP/1.1" 200 2531 "https://falcon-ia.com/commodity/tuberculosis/potassium17184029027" "Mozilla/5.0 (Linux; Android 7.0;) AppleWebKit/537.36 (KHTML, like Gecko) Mobile Safari/537.36 (compatible; PetalBot;+https://webmaster.petalsearch.com/site/petalbot)" 510 **0/510963**
74.7.227.0 - - [28/Mar/2026:06:12:20 -0700] "GET /?fileloc=//usr/include/gdfontl.h&path=//usr/include HTTP/2.0" 200 2613 "https://falcon-ia.com/?path=//usr/include" "Mozilla/5.0 AppleWebKit/537.36 (KHTML, like Gecko; compatible; GPTBot/1.3; +https://openai.com/gptbot)" 501 **0/501052**
216.73.216.162 - - [28/Mar/2026:06:12:21 -0700] "GET /item/2990729319?fileloc=%2Fhome%2Ffalconiapl2015%2Fpublic_html%2Fwp-admin%2Fsetup-config.php&path=%2Fhome%2Ffalconiapl2015%2Fpublic_html%2Fwp-admin HTTP/2.0" 200 7951 "-" "Mozilla/5.0 AppleWebKit/537.36 (KHTML, like Gecko; compatible; ClaudeBot/1.0; +claudebot@anthropic.com)" 500 **0/500480**
74.7.227.0 - - [28/Mar/2026:06:12:23 -0700] "GET /?fileloc=//usr/include/re_comp.h&path=//usr/include HTTP/2.0" 200 2746 "https://falcon-ia.com/?path=//usr/include" "Mozilla/5.0 AppleWebKit/537.36 (KHTML, like Gecko; compatible; GPTBot/1.3; +https://openai.com/gptbot)" 541 **0/541148**
216.73.216.162 - - [28/Mar/2026:06:12:24 -0700] "GET /item/839592255?fileloc=%2Fhome%2Ffalconiapl2015%2Fpublic_html%2Fwp-includes%2Fsession.php&path=%2Fhome%2Ffalconiapl2015%2Fpublic_html%2Fwp-includes HTTP/2.0" 200 2414 "-" "Mozilla/5.0 AppleWebKit/537.36 (KHTML, like Gecko; compatible; ClaudeBot/1.0; +claudebot@anthropic.com)" 511 **0/511519**
74.7.227.0 - - [28/Mar/2026:06:12:27 -0700] "GET /?fileloc=//usr/include/wctype.h&path=//usr/include HTTP/2.0" 200 3763 "https://falcon-ia.com/?path=//usr/include" "Mozilla/5.0 AppleWebKit/537.36 (KHTML, like Gecko; compatible; GPTBot/1.3; +https://openai.com/gptbot)" 503 **0/503732**
216.73.216.162 - - [28/Mar/2026:06:12:27 -0700] "GET /item/1926869326?fileloc=%2Fhome%2Ffalconiapl2015%2Fpublic_html%2Fwp-includes%2Ffeed-rss2-comments.php&path=%2Fhome%2Ffalconiapl2015%2Fpublic_html%2Fwp-includes HTTP/2.0" 200 3706 "-" "Mozilla/5.0 AppleWebKit/537.36 (KHTML, like Gecko; compatible; ClaudeBot/1.0; +claudebot@anthropic.com)" 530 **0/530081**
74.7.227.0 - - [28/Mar/2026:06:12:30 -0700] "GET /?fileloc=//usr/include/pngconf.h&path=//usr/include HTTP/2.0" 200 9175 "https://falcon-ia.com/?path=//usr/include" "Mozilla/5.0 AppleWebKit/537.36 (KHTML, like Gecko; compatible; GPTBot/1.3; +https://openai.com/gptbot)" 548 **0/548933**
216.73.216.162 - - [28/Mar/2026:06:12:30 -0700] "GET /item/514587713?fileloc=%2Fhome%2Ffalconiapl2015%2Fpublic_html%2Fwp-includes%2Ftheme-compat%2Ffooter-embed.php&path=%2Fhome%2Ffalconiapl2015%2Fpublic_html%2Fwp-includes%2Ftheme-compat HTTP/2.0" 200 2509 "-" "Mozilla/5.0 AppleWebKit/537.36 (KHTML, like Gecko; compatible; ClaudeBot/1.0; +claudebot@anthropic.com)" 568 **0/568708**
74.7.227.0 - - [28/Mar/2026:06:12:33 -0700] "GET /?fileloc=//usr/include/gdfontg.h&path=//usr/include HTTP/2.0" 200 2618 "https://falcon-ia.com/?path=//usr/include" "Mozilla/5.0 AppleWebKit/537.36 (KHTML, like Gecko; compatible; GPTBot/1.3; +https://openai.com/gptbot)" 527 **0/527677**
216.73.216.162 - - [28/Mar/2026:06:12:33 -0700] "GET /item/3418827476?fileloc=%2Fhome%2Ffalconiapl2015%2Fpublic_html%2Fwp-includes%2Fclass-wp-exception.php&path=%2Fhome%2Ffalconiapl2015%2Fpublic_html%2Fwp-includes HTTP/2.0" 200 2389 "-" "Mozilla/5.0 AppleWebKit/537.36 (KHTML, like Gecko; compatible; ClaudeBot/1.0; +claudebot@anthropic.com)" 508 **0/508549**
74.7.227.0 - - [28/Mar/2026:06:12:36 -0700] "GET /?fileloc=//usr/include/wordexp.h&path=//usr/include HTTP/2.0" 200 3426 "https://falcon-ia.com/?path=//usr/include" "Mozilla/5.0 AppleWebKit/537.36 (KHTML, like Gecko; compatible; GPTBot/1.3; +https://openai.com/gptbot)" 492 **0/492677**
216.73.216.162 - - [28/Mar/2026:06:12:36 -0700] "GET /item/2071247287?fileloc=%2Fhome%2Ffalconiapl2015%2Fpublic_html%2Fwp-admin%2Fasync-upload.php&path=%2Fhome%2Ffalconiapl2015%2Fpublic_html%2Fwp-admin HTTP/2.0" 200 4468 "-" "Mozilla/5.0 AppleWebKit/537.36 (KHTML, like Gecko; compatible; ClaudeBot/1.0; +claudebot@anthropic.com)" 512 **0/512431**
216.73.216.162 - - [28/Mar/2026:06:12:39 -0700] "GET /item/2098730225?fileloc=%2Fhome%2Ffalconiapl2015%2Fpublic_html%2Fwp-admin%2Fcustom-header.php&path=%2Fhome%2Ffalconiapl2015%2Fpublic_html%2Fwp-admin HTTP/2.0" 200 2510 "-" "Mozilla/5.0 AppleWebKit/537.36 (KHTML, like Gecko; compatible; ClaudeBot/1.0; +claudebot@anthropic.com)" 499 **0/499061**
74.7.227.0 - - [28/Mar/2026:06:12:39 -0700] "GET /?fileloc=//usr/include/com_err.h&path=//usr/include HTTP/2.0" 200 2943 "https://falcon-ia.com/?path=//usr/include" "Mozilla/5.0 AppleWebKit/537.36 (KHTML, like Gecko; compatible; GPTBot/1.3; +https://openai.com/gptbot)" 498 **0/498868**
66.249.74.128 - - [28/Mar/2026:06:12:41 -0700] "GET /content.php?commodity/accommodate/world171640092 HTTP/1.1" 403 28684 "-" "Mozilla/5.0 (Linux; Android 6.0.1; Nexus 5X Build/MMB29P) AppleWebKit/537.36 (KHTML, like Gecko) Chrome/146.0.7680.153 Mobile Safari/537.36 (compatible; Googlebot/2.1; +http://www.google.com/bot.html)" 1610 **1/1610644**
216.73.216.162 - - [28/Mar/2026:06:12:42 -0700] "GET /item/492112155?fileloc=%2Fhome%2Ffalconiapl2015%2Fpublic_html%2Fwp-admin%2Fasync-upload.php&path=%2Fhome%2Ffalconiapl2015%2Fpublic_html%2Fwp-admin HTTP/2.0" 200 4468 "-" "Mozilla/5.0 AppleWebKit/537.36 (KHTML, like Gecko; compatible; ClaudeBot/1.0; +claudebot@anthropic.com)" 498 **0/498231**
74.7.227.0 - - [28/Mar/2026:06:12:42 -0700] "GET /?fileloc=//usr/include/fnmatch.h&path=//usr/include HTTP/2.0" 200 3353 "https://falcon-ia.com/?path=//usr/include" "Mozilla/5.0 AppleWebKit/537.36 (KHTML, like Gecko; compatible; GPTBot/1.3; +https://openai.com/gptbot)" 504 **0/504585**
216.73.216.162 - - [28/Mar/2026:06:12:45 -0700] "GET /item/1998328006?fileloc=%2Fhome%2Ffalconiapl2015%2Fpublic_html%2Fwp-includes%2Ftheme-previews.php&path=%2Fhome%2Ffalconiapl2015%2Fpublic_html%2Fwp-includes HTTP/2.0" 200 3384 "-" "Mozilla/5.0 AppleWebKit/537.36 (KHTML, like Gecko; compatible; ClaudeBot/1.0; +claudebot@anthropic.com)" 531 **0/531843**
74.7.227.0 - - [28/Mar/2026:06:12:45 -0700] "GET /?fileloc=//usr/include/syslog.h&path=//usr/include HTTP/2.0" 200 2277 "https://falcon-ia.com/?path=//usr/include" "Mozilla/5.0 AppleWebKit/537.36 (KHTML, like Gecko; compatible; GPTBot/1.3; +https://openai.com/gptbot)" 504 **0/504866**
216.73.216.162 - - [28/Mar/2026:06:12:48 -0700] "GET /item/1336640688?fileloc=%2Fhome%2Ffalconiapl2015%2Fpublic_html%2Fwp-admin%2Fmenu-header.php&path=%2Fhome%2Ffalconiapl2015%2Fpublic_html%2Fwp-admin HTTP/2.0" 200 5108 "-" "Mozilla/5.0 AppleWebKit/537.36 (KHTML, like Gecko; compatible; ClaudeBot/1.0; +claudebot@anthropic.com)" 569 **0/569137**
74.7.227.0 - - [28/Mar/2026:06:12:49 -0700] "GET /?fileloc=//usr/include/jconfig.h&path=//usr/include HTTP/2.0" 200 2394 "https://falcon-ia.com/?path=//usr/include" "Mozilla/5.0 AppleWebKit/537.36 (KHTML, like Gecko; compatible; GPTBot/1.3; +https://openai.com/gptbot)" 563 **0/563933**
216.73.216.162 - - [28/Mar/2026:06:12:51 -0700] "GET /item/3418827476?fileloc=%2Fhome%2Ffalconiapl2015%2Fpublic_html%2Fwp-includes%2Fclass-wp-url-pattern-prefixer.php&path=%2Fhome%2Ffalconiapl2015%2Fpublic_html%2Fwp-includes HTTP/2.0" 200 3813 "-" "Mozilla/5.0 AppleWebKit/537.36 (KHTML, like Gecko; compatible; ClaudeBot/1.0; +claudebot@anthropic.com)" 517 **0/517679**
74.7.227.0 - - [28/Mar/2026:06:12:52 -0700] "GET /?fileloc=//usr/include/gdfonts.h&path=//usr/include HTTP/2.0" 200 2587 "https://falcon-ia.com/?path=//usr/include" "Mozilla/5.0 AppleWebKit/537.36 (KHTML, like Gecko; compatible; GPTBot/1.3; +https://openai.com/gptbot)" 514 **0/514834**
216.73.216.162 - - [28/Mar/2026:06:12:54 -0700] "GET /item/514587713?fileloc=%2Fhome%2Ffalconiapl2015%2Fpublic_html%2Fwp-includes%2Fwp-db.php&path=%2Fhome%2Ffalconiapl2015%2Fpublic_html%2Fwp-includes HTTP/2.0" 403 3449 "-" "Mozilla/5.0 AppleWebKit/537.36 (KHTML, like Gecko; compatible; ClaudeBot/1.0; +claudebot@anthropic.com)" 519 **0/519816**
216.73.216.162 - - [28/Mar/2026:06:12:57 -0700] "GET /item/780232076?fileloc=%2Fhome%2Ffalconiapl2015%2Fpublic_html%2Fwp-includes%2Fclass-phpass.php&path=%2Fhome%2Ffalconiapl2015%2Fpublic_html%2Fwp-includes HTTP/2.0" 403 3449 "-" "Mozilla/5.0 AppleWebKit/537.36 (KHTML, like Gecko; compatible; ClaudeBot/1.0; +claudebot@anthropic.com)" 506 **0/506750**
74.7.227.0 - - [28/Mar/2026:06:12:55 -0700] "GET /?fileloc=//usr/include/getopt.h&path=//usr/include HTTP/2.0" 200 2960 "https://falcon-ia.com/?path=//usr/include" "Mozilla/5.0 AppleWebKit/537.36 (KHTML, like Gecko; compatible; GPTBot/1.3; +https://openai.com/gptbot)" 3073 **3/3073992**
74.7.227.0 - - [28/Mar/2026:06:12:58 -0700] "GET /?fileloc=//usr/include/complex.h&path=//usr/include HTTP/2.0" 200 4099 "https://falcon-ia.com/?path=//usr/include" "Mozilla/5.0 AppleWebKit/537.36 (KHTML, like Gecko; compatible; GPTBot/1.3; +https://openai.com/gptbot)" 497 **0/497662**
216.73.216.162 - - [28/Mar/2026:06:13:00 -0700] "GET /item/1979975446?fileloc=%2Fhome%2Ffalconiapl2015%2Fpublic_html%2Fwp-includes%2Fclass-wp.php&path=%2Fhome%2Ffalconiapl2015%2Fpublic_html%2Fwp-includes HTTP/2.0" 403 3449 "-" "Mozilla/5.0 AppleWebKit/537.36 (KHTML, like Gecko; compatible; ClaudeBot/1.0; +claudebot@anthropic.com)" 520 **0/520370**
74.7.227.0 - - [28/Mar/2026:06:13:01 -0700] "GET /?fileloc=//usr/include/termcap.h&path=//usr/include HTTP/2.0" 200 3509 "https://falcon-ia.com/?path=//usr/include" "Mozilla/5.0 AppleWebKit/537.36 (KHTML, like Gecko; compatible; GPTBot/1.3; +https://openai.com/gptbot)" 557 **0/557976**
216.73.216.162 - - [28/Mar/2026:06:13:03 -0700] "GET /item/3541337044?fileloc=%2Fhome%2Ffalconiapl2015%2Fpublic_html%2Fwp-includes%2Fclass-wp-user.php&path=%2Fhome%2Ffalconiapl2015%2Fpublic_html%2Fwp-includes HTTP/2.0" 403 3449 "-" "Mozilla/5.0 AppleWebKit/537.36 (KHTML, like Gecko; compatible; ClaudeBot/1.0; +claudebot@anthropic.com)" 550 **0/550480**
216.73.216.162 - - [28/Mar/2026:06:13:06 -0700] "GET /item/103008920?fileloc=%2Fhome%2Ffalconiapl2015%2Fpublic_html%2Fwp-includes%2Fquery.php&path=%2Fhome%2Ffalconiapl2015%2Fpublic_html%2Fwp-includes HTTP/2.0" 403 3449 "-" "Mozilla/5.0 AppleWebKit/537.36 (KHTML, like Gecko; compatible; ClaudeBot/1.0; +claudebot@anthropic.com)" 516 **0/516514**
74.7.227.0 - - [28/Mar/2026:06:13:04 -0700] "GET /?fileloc=//usr/include/regexp.h&path=//usr/include HTTP/2.0" 200 2989 "https://falcon-ia.com/?path=//usr/include" "Mozilla/5.0 AppleWebKit/537.36 (KHTML, like Gecko; compatible; GPTBot/1.3; +https://openai.com/gptbot)" 3120 **3/3120724**
74.7.227.0 - - [28/Mar/2026:06:13:07 -0700] "GET /?fileloc=//usr/include/jpegint.h&path=//usr/include HTTP/2.0" 200 6234 "https://falcon-ia.com/?path=//usr/include" "Mozilla/5.0 AppleWebKit/537.36 (KHTML, like Gecko; compatible; GPTBot/1.3; +https://openai.com/gptbot)" 521 **0/521350**
216.73.216.162 - - [28/Mar/2026:06:13:09 -0700] "GET /item/3687035705?fileloc=%2Fhome%2Ffalconiapl2015%2Fpublic_html%2Fwp-includes%2Fclass-wp-customize-panel.php&path=%2Fhome%2Ffalconiapl2015%2Fpublic_html%2Fwp-includes HTTP/2.0" 403 3449 "-" "Mozilla/5.0 AppleWebKit/537.36 (KHTML, like Gecko; compatible; ClaudeBot/1.0; +claudebot@anthropic.com)" 549 **0/549660**
74.7.227.0 - - [28/Mar/2026:06:13:11 -0700] "GET /?fileloc=//usr/include/gcrypt.h&path=//usr/include HTTP/2.0" 200 19430 "https://falcon-ia.com/?path=//usr/include" "Mozilla/5.0 AppleWebKit/537.36 (KHTML, like Gecko; compatible; GPTBot/1.3; +https://openai.com/gptbot)" 520 **0/520778**
216.73.216.162 - - [28/Mar/2026:06:13:13 -0700] "GET /item/2143658474?fileloc=%2Fhome%2Ffalconiapl2015%2Fpublic_html%2Fwp-admin%2Fprivacy-policy-guide.php&path=%2Fhome%2Ffalconiapl2015%2Fpublic_html%2Fwp-admin HTTP/2.0" 403 3449 "-" "Mozilla/5.0 AppleWebKit/537.36 (KHTML, like Gecko; compatible; ClaudeBot/1.0; +claudebot@anthropic.com)" 492 **0/492744**
74.7.227.0 - - [28/Mar/2026:06:13:14 -0700] "GET /?fileloc=//usr/include/memory.h&path=//usr/include HTTP/2.0" 200 2733 "https://falcon-ia.com/?path=//usr/include" "Mozilla/5.0 AppleWebKit/537.36 (KHTML, like Gecko; compatible; GPTBot/1.3; +https://openai.com/gptbot)" 517 **0/517524**
216.73.216.162 - - [28/Mar/2026:06:13:16 -0700] "GET /item/1527957511?fileloc=%2Fhome%2Ffalconiapl2015%2Fpublic_html%2Fwp-includes%2Fmedia.php&path=%2Fhome%2Ffalconiapl2015%2Fpublic_html%2Fwp-includes HTTP/2.0" 403 3449 "-" "Mozilla/5.0 AppleWebKit/537.36 (KHTML, like Gecko; compatible; ClaudeBot/1.0; +claudebot@anthropic.com)" 543 **0/543660**
74.7.227.0 - - [28/Mar/2026:06:13:17 -0700] "GET /?fileloc=//usr/include/evhttp.h&path=//usr/include HTTP/2.0" 200 3265 "https://falcon-ia.com/?path=//usr/include" "Mozilla/5.0 AppleWebKit/537.36 (KHTML, like Gecko; compatible; GPTBot/1.3; +https://openai.com/gptbot)" 486 **0/486805**
216.73.216.162 - - [28/Mar/2026:06:13:19 -0700] "GET /item/1733659989?fileloc=%2Fhome%2Ffalconiapl2015%2Fpublic_html%2Fwp-includes%2F.htaccess&path=%2Fhome%2Ffalconiapl2015%2Fpublic_html%2Fwp-includes HTTP/2.0" 403 3449 "-" "Mozilla/5.0 AppleWebKit/537.36 (KHTML, like Gecko; compatible; ClaudeBot/1.0; +claudebot@anthropic.com)" 500 **0/500502**
74.7.227.0 - - [28/Mar/2026:06:13:20 -0700] "GET /?fileloc=//usr/include/shadow.h&path=//usr/include HTTP/2.0" 200 3740 "https://falcon-ia.com/?path=//usr/include" "Mozilla/5.0 AppleWebKit/537.36 (KHTML, like Gecko; compatible; GPTBot/1.3; +https://openai.com/gptbot)" 508 **0/508687**
216.73.216.162 - - [28/Mar/2026:06:13:22 -0700] "GET /item/1363216000?fileloc=%2F%2Flib64%2FlibSvtAv1Enc.so.0&path=%2F%2Flib64 HTTP/2.0" 403 3449 "-" "Mozilla/5.0 AppleWebKit/537.36 (KHTML, like Gecko; compatible; ClaudeBot/1.0; +claudebot@anthropic.com)" 512 **0/512397**
74.7.227.0 - - [28/Mar/2026:06:13:23 -0700] "GET /?fileloc=//usr/include/setjmp.h&path=//usr/include HTTP/2.0" 200 3602 "https://falcon-ia.com/?path=//usr/include" "Mozilla/5.0 AppleWebKit/537.36 (KHTML, like Gecko; compatible; GPTBot/1.3; +https://openai.com/gptbot)" 511 **0/511542**
216.73.216.162 - - [28/Mar/2026:06:13:25 -0700] "GET /item/1527957511?fileloc=%2Fhome%2Ffalconiapl2015%2Fpublic_html%2Fwp-includes%2Fclass-wp-block-styles-registry.php&path=%2Fhome%2Ffalconiapl2015%2Fpublic_html%2Fwp-includes HTTP/2.0" 403 3449 "-" "Mozilla/5.0 AppleWebKit/537.36 (KHTML, like Gecko; compatible; ClaudeBot/1.0; +claudebot@anthropic.com)" 506 **0/506448**
74.7.227.0 - - [28/Mar/2026:06:13:26 -0700] "GET /?path=//usr/lib64/python3.12/zipfile HTTP/2.0" 200 2730 "https://falcon-ia.com/?path=//usr/lib64/python3.12" "Mozilla/5.0 AppleWebKit/537.36 (KHTML, like Gecko; compatible; GPTBot/1.3; +https://openai.com/gptbot)" 500 **0/500517**
216.73.216.162 - - [28/Mar/2026:06:13:28 -0700] "GET /item/1492738538?fileloc=%2Fhome%2Ffalconiapl2015%2Fpublic_html%2Fwp-content%2Fdebug.log&path=%2Fhome%2Ffalconiapl2015%2Fpublic_html%2Fwp-content HTTP/2.0" 403 3449 "-" "Mozilla/5.0 AppleWebKit/537.36 (KHTML, like Gecko; compatible; ClaudeBot/1.0; +claudebot@anthropic.com)" 514 **0/514298**
74.7.227.0 - - [28/Mar/2026:06:13:29 -0700] "GET /?fileloc=//usr/lib64/libresolv.so.2&path=//usr/lib64 HTTP/2.0" 200 38967 "https://falcon-ia.com/?path=//usr/lib64" "Mozilla/5.0 AppleWebKit/537.36 (KHTML, like Gecko; compatible; GPTBot/1.3; +https://openai.com/gptbot)" 544 **0/544265**
216.73.216.162 - - [28/Mar/2026:06:13:31 -0700] "GET /item/3727874155?fileloc=%2Fhome%2Ffalconiapl2015%2Fpublic_html%2Fwp-activate.php&path=%2Fhome%2Ffalconiapl2015%2Fpublic_html HTTP/2.0" 403 3449 "-" "Mozilla/5.0 AppleWebKit/537.36 (KHTML, like Gecko; compatible; ClaudeBot/1.0; +claudebot@anthropic.com)" 525 **0/525270**
74.7.227.0 - - [28/Mar/2026:06:13:33 -0700] "GET /?path=//usr/lib64/lftp/4.8.4 HTTP/2.0" 200 2868 "https://falcon-ia.com/?path=//usr/lib64/lftp" "Mozilla/5.0 AppleWebKit/537.36 (KHTML, like Gecko; compatible; GPTBot/1.3; +https://openai.com/gptbot)" 519 **0/519669**
216.73.216.162 - - [28/Mar/2026:06:13:34 -0700] "GET /item/464629233?fileloc=%2Fhome%2Ffalconiapl2015%2Fpublic_html%2Fwp-settings.php&path=%2Fhome%2Ffalconiapl2015%2Fpublic_html HTTP/2.0" 200 8340 "-" "Mozilla/5.0 AppleWebKit/537.36 (KHTML, like Gecko; compatible; ClaudeBot/1.0; +claudebot@anthropic.com)" 514 **0/514152**
74.7.227.0 - - [28/Mar/2026:06:13:36 -0700] "GET /?fileloc=//usr/include/time.h&path=//usr/include HTTP/2.0" 200 5551 "https://falcon-ia.com/?path=//usr/include" "Mozilla/5.0 AppleWebKit/537.36 (KHTML, like Gecko; compatible; GPTBot/1.3; +https://openai.com/gptbot)" 526 **0/526600**
216.73.216.162 - - [28/Mar/2026:06:13:37 -0700] "GET /item/735910960?fileloc=%2Fhome%2Ffalconiapl2015%2Fpublic_html%2Fwp-content%2Fdebug.log&path=%2Fhome%2Ffalconiapl2015%2Fpublic_html%2Fwp-content HTTP/2.0" 200 19032 "-" "Mozilla/5.0 AppleWebKit/537.36 (KHTML, like Gecko; compatible; ClaudeBot/1.0; +claudebot@anthropic.com)" 562 **0/562120**
74.7.227.0 - - [28/Mar/2026:06:13:39 -0700] "GET /?fileloc=//usr/include/iconv.h&path=//usr/include HTTP/2.0" 200 3095 "https://falcon-ia.com/?path=//usr/include" "Mozilla/5.0 AppleWebKit/537.36 (KHTML, like Gecko; compatible; GPTBot/1.3; +https://openai.com/gptbot)" 545 **0/545220**
216.73.216.162 - - [28/Mar/2026:06:13:40 -0700] "GET /item/1729751600?fileloc=%2Fhome%2Ffalconiapl2015%2Fpublic_html%2Fwp-includes%2Fclass-wp-duotone.php&path=%2Fhome%2Ffalconiapl2015%2Fpublic_html%2Fwp-includes HTTP/2.0" 200 11494 "-" "Mozilla/5.0 AppleWebKit/537.36 (KHTML, like Gecko; compatible; ClaudeBot/1.0; +claudebot@anthropic.com)" 525 **0/525248**
74.7.227.0 - - [28/Mar/2026:06:13:42 -0700] "GET /?fileloc=//usr/include/paths.h&path=//usr/include HTTP/2.0" 200 3592 "https://falcon-ia.com/?path=//usr/include" "Mozilla/5.0 AppleWebKit/537.36 (KHTML, like Gecko; compatible; GPTBot/1.3; +https://openai.com/gptbot)" 518 **0/518745**
114.119.156.190 - - [28/Mar/2026:06:13:42 -0700] "GET /commodity/trivia/warmth171816302960?fileloc=/home/falconiapl2015/public_html/robots.txt&path=/home/falconiapl2015/public_html HTTP/1.1" 200 2531 "https://falcon-ia.com/commodity/trivia/warmth171816302960" "Mozilla/5.0 (Linux; Android 7.0;) AppleWebKit/537.36 (KHTML, like Gecko) Mobile Safari/537.36 (compatible; PetalBot;+https://webmaster.petalsearch.com/site/petalbot)" 490 **0/490239**
216.73.216.162 - - [28/Mar/2026:06:13:43 -0700] "GET /item/4269788293?fileloc=%2Fhome%2Ffalconiapl2015%2Fpublic_html%2Fwp-load.php&path=%2Fhome%2Ffalconiapl2015%2Fpublic_html HTTP/2.0" 200 3855 "-" "Mozilla/5.0 AppleWebKit/537.36 (KHTML, like Gecko; compatible; ClaudeBot/1.0; +claudebot@anthropic.com)" 505 **0/505276**
74.7.227.0 - - [28/Mar/2026:06:13:45 -0700] "GET /?fileloc=//usr/include/wchar.h&path=//usr/include HTTP/2.0" 200 7923 "https://falcon-ia.com/?path=//usr/include" "Mozilla/5.0 AppleWebKit/537.36 (KHTML, like Gecko; compatible; GPTBot/1.3; +https://openai.com/gptbot)" 500 **0/500143**
216.73.216.162 - - [28/Mar/2026:06:13:46 -0700] "GET /item/2405933391?fileloc=%2Fhome%2Ffalconiapl2015%2Fpublic_html%2Fwp-load.php&path=%2Fhome%2Ffalconiapl2015%2Fpublic_html HTTP/2.0" 200 3855 "-" "Mozilla/5.0 AppleWebKit/537.36 (KHTML, like Gecko; compatible; ClaudeBot/1.0; +claudebot@anthropic.com)" 494 **0/494746**
74.7.227.0 - - [28/Mar/2026:06:13:48 -0700] "GET /?fileloc=//usr/include/crypt.h&path=//usr/include HTTP/2.0" 200 5184 "https://falcon-ia.com/?path=//usr/include" "Mozilla/5.0 AppleWebKit/537.36 (KHTML, like Gecko; compatible; GPTBot/1.3; +https://openai.com/gptbot)" 515 **0/515081**
216.73.216.162 - - [28/Mar/2026:06:13:49 -0700] "GET /item/2361645411?fileloc=%2Fhome%2Ffalconiapl2015%2Fpublic_html%2Fwp-admin%2Fprivacy-policy-guide.php&path=%2Fhome%2Ffalconiapl2015%2Fpublic_html%2Fwp-admin HTTP/2.0" 200 3649 "-" "Mozilla/5.0 AppleWebKit/537.36 (KHTML, like Gecko; compatible; ClaudeBot/1.0; +claudebot@anthropic.com)" 528 **0/528158**
74.7.227.0 - - [28/Mar/2026:06:13:51 -0700] "GET /?fileloc=//usr/include/zstd.h&path=//usr/include HTTP/2.0" 200 30216 "https://falcon-ia.com/?path=//usr/include" "Mozilla/5.0 AppleWebKit/537.36 (KHTML, like Gecko; compatible; GPTBot/1.3; +https://openai.com/gptbot)" 516 **0/516407**
216.73.216.162 - - [28/Mar/2026:06:13:52 -0700] "GET /item/4010127263?fileloc=%2Fhome%2Ffalconiapl2015%2Fpublic_html%2Fwp-activate.php&path=%2Fhome%2Ffalconiapl2015%2Fpublic_html HTTP/2.0" 200 4672 "-" "Mozilla/5.0 AppleWebKit/537.36 (KHTML, like Gecko; compatible; ClaudeBot/1.0; +claudebot@anthropic.com)" 542 **0/542515**
74.7.227.0 - - [28/Mar/2026:06:13:55 -0700] "GET /?fileloc=//usr/include/ctype.h&path=//usr/include HTTP/2.0" 200 5513 "https://falcon-ia.com/?path=//usr/include" "Mozilla/5.0 AppleWebKit/537.36 (KHTML, like Gecko; compatible; GPTBot/1.3; +https://openai.com/gptbot)" 495 **0/495540**
216.73.216.162 - - [28/Mar/2026:06:13:55 -0700] "GET /item/3661790623?fileloc=%2Fhome%2Ffalconiapl2015%2Fpublic_html%2Fwp-includes%2Ffonts.php&path=%2Fhome%2Ffalconiapl2015%2Fpublic_html%2Fwp-includes HTTP/2.0" 200 4884 "-" "Mozilla/5.0 AppleWebKit/537.36 (KHTML, like Gecko; compatible; ClaudeBot/1.0; +claudebot@anthropic.com)" 485 **0/485405**
66.249.74.130 - - [28/Mar/2026:06:13:56 -0700] "GET /content.php?commodity/ministers/flynn171697068 HTTP/1.1" 403 28848 "-" "Mozilla/5.0 (Linux; Android 6.0.1; Nexus 5X Build/MMB29P) AppleWebKit/537.36 (KHTML, like Gecko) Chrome/146.0.7680.153 Mobile Safari/537.36 (compatible; Googlebot/2.1; +http://www.google.com/bot.html)" 1617 **1/1617914**
216.73.216.162 - - [28/Mar/2026:06:13:58 -0700] "GET /item/3590927331?fileloc=%2Fhome%2Ffalconiapl2015%2Fpublic_html%2Ftxets.php&path=%2Fhome%2Ffalconiapl2015%2Fpublic_html HTTP/2.0" 200 2298 "-" "Mozilla/5.0 AppleWebKit/537.36 (KHTML, like Gecko; compatible; ClaudeBot/1.0; +claudebot@anthropic.com)" 510 **0/510326**
74.7.227.0 - - [28/Mar/2026:06:13:58 -0700] "GET /?fileloc=//usr/include/verto.h&path=//usr/include HTTP/2.0" 200 7263 "https://falcon-ia.com/?path=//usr/include" "Mozilla/5.0 AppleWebKit/537.36 (KHTML, like Gecko; compatible; GPTBot/1.3; +https://openai.com/gptbot)" 499 **0/499210**
216.73.216.162 - - [28/Mar/2026:06:14:01 -0700] "GET /item/1527957511?fileloc=%2Fhome%2Ffalconiapl2015%2Fpublic_html%2Fwp-includes%2Fjs%2Fswfobject.js&path=%2Fhome%2Ffalconiapl2015%2Fpublic_html%2Fwp-includes%2Fjs HTTP/2.0" 200 2281 "-" "Mozilla/5.0 AppleWebKit/537.36 (KHTML, like Gecko; compatible; ClaudeBot/1.0; +claudebot@anthropic.com)" 585 **0/585343**
74.7.227.0 - - [28/Mar/2026:06:14:01 -0700] "GET /?fileloc=//usr/include/evrpc.h&path=//usr/include HTTP/2.0" 200 3255 "https://falcon-ia.com/?path=//usr/include" "Mozilla/5.0 AppleWebKit/537.36 (KHTML, like Gecko; compatible; GPTBot/1.3; +https://openai.com/gptbot)" 567 **0/567476**
216.73.216.162 - - [28/Mar/2026:06:14:04 -0700] "GET /item/1363896383?fileloc=%2Fhome%2Ffalconiapl2015%2Fpublic_html%2Fwp-mail.php&path=%2Fhome%2Ffalconiapl2015%2Fpublic_html HTTP/2.0" 200 5289 "-" "Mozilla/5.0 AppleWebKit/537.36 (KHTML, like Gecko; compatible; ClaudeBot/1.0; +claudebot@anthropic.com)" 552 **0/552642**
74.7.227.0 - - [28/Mar/2026:06:14:04 -0700] "GET /?fileloc=//usr/include/evdns.h&path=//usr/include HTTP/2.0" 200 3261 "https://falcon-ia.com/?path=//usr/include" "Mozilla/5.0 AppleWebKit/537.36 (KHTML, like Gecko; compatible; GPTBot/1.3; +https://openai.com/gptbot)" 494 **0/494645**
216.73.216.162 - - [28/Mar/2026:06:14:07 -0700] "GET /item/1955727870?fileloc=%2Fhome%2Ffalconiapl2015%2Fpublic_html%2Fwp-config-sample.php&path=%2Fhome%2Ffalconiapl2015%2Fpublic_html HTTP/2.0" 200 3461 "-" "Mozilla/5.0 AppleWebKit/537.36 (KHTML, like Gecko; compatible; ClaudeBot/1.0; +claudebot@anthropic.com)" 513 **0/513586**
74.7.227.0 - - [28/Mar/2026:06:14:07 -0700] "GET /?fileloc=//usr/include/wait.h&path=//usr/include HTTP/2.0" 200 2276 "https://falcon-ia.com/?path=//usr/include" "Mozilla/5.0 AppleWebKit/537.36 (KHTML, like Gecko; compatible; GPTBot/1.3; +https://openai.com/gptbot)" 498 **0/498543**
216.73.216.162 - - [28/Mar/2026:06:14:10 -0700] "GET /item/4160306127?fileloc=%2F%2Flib64%2Flibmariadbclient.a&path=%2F%2Flib64 HTTP/2.0" 200 127136 "-" "Mozilla/5.0 AppleWebKit/537.36 (KHTML, like Gecko; compatible; ClaudeBot/1.0; +claudebot@anthropic.com)" 567 **0/567536**
74.7.227.0 - - [28/Mar/2026:06:14:10 -0700] "GET /?fileloc=//usr/include/netdb.h&path=//usr/include HTTP/2.0" 200 7880 "https://falcon-ia.com/?path=//usr/include" "Mozilla/5.0 AppleWebKit/537.36 (KHTML, like Gecko; compatible; GPTBot/1.3; +https://openai.com/gptbot)" 507 **0/507036**
216.73.216.162 - - [28/Mar/2026:06:14:13 -0700] "GET /item/1926869326?fileloc=%2Fhome%2Ffalconiapl2015%2Fpublic_html%2Fwp-includes%2Fclass-wp-block-templates-registry.php&path=%2Fhome%2Ffalconiapl2015%2Fpublic_html%2Fwp-includes HTTP/2.0" 200 4013 "-" "Mozilla/5.0 AppleWebKit/537.36 (KHTML, like Gecko; compatible; ClaudeBot/1.0; +claudebot@anthropic.com)" 500 **0/500371**
74.7.227.0 - - [28/Mar/2026:06:14:14 -0700] "GET /?fileloc=//usr/include/term.h&path=//usr/include HTTP/2.0" 200 9322 "https://falcon-ia.com/?path=//usr/include" "Mozilla/5.0 AppleWebKit/537.36 (KHTML, like Gecko; compatible; GPTBot/1.3; +https://openai.com/gptbot)" 498 **0/498313**
216.73.216.162 - - [28/Mar/2026:06:14:16 -0700] "GET /item/4252433239?fileloc=%2Fhome%2Ffalconiapl2015%2Fpublic_html%2Fwp-load.php&path=%2Fhome%2Ffalconiapl2015%2Fpublic_html HTTP/2.0" 200 3855 "-" "Mozilla/5.0 AppleWebKit/537.36 (KHTML, like Gecko; compatible; ClaudeBot/1.0; +claudebot@anthropic.com)" 485 **0/485881**
74.7.227.0 - - [28/Mar/2026:06:14:17 -0700] "GET /?fileloc=//usr/include/fenv.h&path=//usr/include HTTP/2.0" 200 4162 "https://falcon-ia.com/?path=//usr/include" "Mozilla/5.0 AppleWebKit/537.36 (KHTML, like Gecko; compatible; GPTBot/1.3; +https://openai.com/gptbot)" 522 **0/522194**
216.73.216.162 - - [28/Mar/2026:06:14:19 -0700] "GET /item/1363216000?fileloc=%2F%2Flib64%2Flibldap-2.4.so.2&path=%2F%2Flib64 HTTP/2.0" 200 121211 "-" "Mozilla/5.0 AppleWebKit/537.36 (KHTML, like Gecko; compatible; ClaudeBot/1.0; +claudebot@anthropic.com)" 544 **0/544767**
74.7.227.0 - - [28/Mar/2026:06:14:20 -0700] "GET /?fileloc=//usr/include/zconf.h&path=//usr/include HTTP/2.0" 200 6540 "https://falcon-ia.com/?path=//usr/include" "Mozilla/5.0 AppleWebKit/537.36 (KHTML, like Gecko; compatible; GPTBot/1.3; +https://openai.com/gptbot)" 519 **0/519677**
216.73.216.162 - - [28/Mar/2026:06:14:22 -0700] "GET /item/2663170239?fileloc=%2Fhome%2Ffalconiapl2015%2Fpublic_html%2Fwp-config-sample.php&path=%2Fhome%2Ffalconiapl2015%2Fpublic_html HTTP/2.0" 200 3461 "-" "Mozilla/5.0 AppleWebKit/537.36 (KHTML, like Gecko; compatible; ClaudeBot/1.0; +claudebot@anthropic.com)" 521 **0/521143**
74.7.227.0 - - [28/Mar/2026:06:14:23 -0700] "GET /?fileloc=//usr/include/krad.h&path=//usr/include HTTP/2.0" 200 5042 "https://falcon-ia.com/?path=//usr/include" "Mozilla/5.0 AppleWebKit/537.36 (KHTML, like Gecko; compatible; GPTBot/1.3; +https://openai.com/gptbot)" 527 **0/527934**
216.73.216.162 - - [28/Mar/2026:06:14:25 -0700] "GET /item/1729751600?fileloc=%2Fhome%2Ffalconiapl2015%2Fpublic_html%2Fwp-includes%2Fms-site.php&path=%2Fhome%2Ffalconiapl2015%2Fpublic_html%2Fwp-includes HTTP/2.0" 200 12079 "-" "Mozilla/5.0 AppleWebKit/537.36 (KHTML, like Gecko; compatible; ClaudeBot/1.0; +claudebot@anthropic.com)" 506 **0/506578**
74.7.227.0 - - [28/Mar/2026:06:14:26 -0700] "GET /?fileloc=//usr/include/utmp.h&path=//usr/include HTTP/2.0" 200 3430 "https://falcon-ia.com/?path=//usr/include" "Mozilla/5.0 AppleWebKit/537.36 (KHTML, like Gecko; compatible; GPTBot/1.3; +https://openai.com/gptbot)" 512 **0/512751**
216.73.216.162 - - [28/Mar/2026:06:14:28 -0700] "GET /item/1366320565?fileloc=%2Fhome%2Ffalconiapl2015%2Fpublic_html%2Fwp-config-sample.php&path=%2Fhome%2Ffalconiapl2015%2Fpublic_html HTTP/2.0" 200 3461 "-" "Mozilla/5.0 AppleWebKit/537.36 (KHTML, like Gecko; compatible; ClaudeBot/1.0; +claudebot@anthropic.com)" 501 **0/501154**
74.7.227.0 - - [28/Mar/2026:06:14:29 -0700] "GET /?fileloc=//usr/include/zdict.h&path=//usr/include HTTP/2.0" 200 5932 "https://falcon-ia.com/?path=//usr/include" "Mozilla/5.0 AppleWebKit/537.36 (KHTML, like Gecko; compatible; GPTBot/1.3; +https://openai.com/gptbot)" 556 **0/556708**
216.73.216.162 - - [28/Mar/2026:06:14:31 -0700] "GET /item/594120704?fileloc=%2Fhome%2Ffalconiapl2015%2Fpublic_html%2Fwp-includes%2Fclass-wp-block-metadata-registry.php&path=%2Fhome%2Ffalconiapl2015%2Fpublic_html%2Fwp-includes HTTP/2.0" 200 5471 "-" "Mozilla/5.0 AppleWebKit/537.36 (KHTML, like Gecko; compatible; ClaudeBot/1.0; +claudebot@anthropic.com)" 513 **0/513163**
198.244.242.77 - - [28/Mar/2026:06:14:32 -0700] "GET /commodity/dip/system17181179368 HTTP/2.0" 200 3449 "-" "Mozilla/5.0 (compatible; AhrefsBot/7.0; +http://ahrefs.com/robot/)" 609 **0/609189**
74.7.227.0 - - [28/Mar/2026:06:14:32 -0700] "GET /?fileloc=//usr/include/gdpp.h&path=//usr/include HTTP/2.0" 200 9798 "https://falcon-ia.com/?path=//usr/include" "Mozilla/5.0 AppleWebKit/537.36 (KHTML, like Gecko; compatible; GPTBot/1.3; +https://openai.com/gptbot)" 640 **0/640738**
216.73.216.162 - - [28/Mar/2026:06:14:34 -0700] "GET /item/1336640688?fileloc=%2Fhome%2Ffalconiapl2015%2Fpublic_html%2Fwp-admin%2Fcredits.php&path=%2Fhome%2Ffalconiapl2015%2Fpublic_html%2Fwp-admin HTTP/2.0" 200 3577 "-" "Mozilla/5.0 AppleWebKit/537.36 (KHTML, like Gecko; compatible; ClaudeBot/1.0; +claudebot@anthropic.com)" 501 **0/501475**
74.7.227.0 - - [28/Mar/2026:06:14:36 -0700] "GET /?fileloc=//lib/dracut/dracut-install&path=//lib/dracut HTTP/2.0" 200 30421 "https://falcon-ia.com/?path=//lib/dracut" "Mozilla/5.0 AppleWebKit/537.36 (KHTML, like Gecko; compatible; GPTBot/1.3; +https://openai.com/gptbot)" 505 **0/505009**
216.73.216.162 - - [28/Mar/2026:06:14:37 -0700] "GET /item/1781702381?fileloc=%2Fhome%2Ffalconiapl2015%2Fpublic_html%2Fwp-includes%2Ffeed-rdf.php&path=%2Fhome%2Ffalconiapl2015%2Fpublic_html%2Fwp-includes HTTP/2.0" 200 3258 "-" "Mozilla/5.0 AppleWebKit/537.36 (KHTML, like Gecko; compatible; ClaudeBot/1.0; +claudebot@anthropic.com)" 492 **0/492806**
74.7.227.0 - - [28/Mar/2026:06:14:39 -0700] "GET /?path=//usr/lib64/python3.6/logging HTTP/2.0" 200 2733 "https://falcon-ia.com/?path=//usr/lib64/python3.6" "Mozilla/5.0 AppleWebKit/537.36 (KHTML, like Gecko; compatible; GPTBot/1.3; +https://openai.com/gptbot)" 508 **0/508307**
216.73.216.162 - - [28/Mar/2026:06:14:40 -0700] "GET /item/1904761945?fileloc=%2Fhome%2Ffalconiapl2015%2Fpublic_html%2Fwp-includes%2Fmedia.php&path=%2Fhome%2Ffalconiapl2015%2Fpublic_html%2Fwp-includes HTTP/2.0" 200 51622 "-" "Mozilla/5.0 AppleWebKit/537.36 (KHTML, like Gecko; compatible; ClaudeBot/1.0; +claudebot@anthropic.com)" 541 **0/541565**
74.7.227.0 - - [28/Mar/2026:06:14:42 -0700] "GET /?fileloc=//usr/libexec/git-core/git-merge-ours&path=//usr/libexec/git-core HTTP/2.0" 200 1603085 "https://falcon-ia.com/?path=//usr/libexec/git-core" "Mozilla/5.0 AppleWebKit/537.36 (KHTML, like Gecko; compatible; GPTBot/1.3; +https://openai.com/gptbot)" 1246 **1/1246420**
216.73.216.162 - - [28/Mar/2026:06:14:46 -0700] "GET /item/4189986004?fileloc=%2Fhome%2Ffalconiapl2015%2Fpublic_html%2Fwp-admin%2Fms-sites.php&path=%2Fhome%2Ffalconiapl2015%2Fpublic_html%2Fwp-admin HTTP/2.0" 200 2406 "-" "Mozilla/5.0 AppleWebKit/537.36 (KHTML, like Gecko; compatible; ClaudeBot/1.0; +claudebot@anthropic.com)" 493 **0/493493**
74.7.227.0 - - [28/Mar/2026:06:14:45 -0700] "GET /?fileloc=//usr/libexec/git-core/git-diff-files&path=//usr/libexec/git-core HTTP/2.0" 200 1603084 "https://falcon-ia.com/?path=//usr/libexec/git-core" "Mozilla/5.0 AppleWebKit/537.36 (KHTML, like Gecko; compatible; GPTBot/1.3; +https://openai.com/gptbot)" 1202 **1/1202093**
216.73.216.162 - - [28/Mar/2026:06:14:48 -0700] "GET /item/3018710805?fileloc=%2Fhome%2Ffalconiapl2015%2Fpublic_html%2Fwp-includes%2Fjs%2Fcustomize-selective-refresh.js&path=%2Fhome%2Ffalconiapl2015%2Fpublic_html%2Fwp-includes%2Fjs HTTP/2.0" 200 11023 "-" "Mozilla/5.0 AppleWebKit/537.36 (KHTML, like Gecko; compatible; ClaudeBot/1.0; +claudebot@anthropic.com)" 559 **0/559512**
74.7.227.0 - - [28/Mar/2026:06:14:48 -0700] "GET /?fileloc=//usr/libexec/git-core/git-merge-base&path=//usr/libexec/git-core HTTP/2.0" 200 1603114 "https://falcon-ia.com/?path=//usr/libexec/git-core" "Mozilla/5.0 AppleWebKit/537.36 (KHTML, like Gecko; compatible; GPTBot/1.3; +https://openai.com/gptbot)" 1217 **1/1217913**
216.73.216.162 - - [28/Mar/2026:06:14:51 -0700] "GET /item/202403710?fileloc=%2Fhome%2Ffalconiapl2015%2Fpublic_html%2Fwp-includes%2Fclass-pop3.php&path=%2Fhome%2Ffalconiapl2015%2Fpublic_html%2Fwp-includes HTTP/2.0" 200 7067 "-" "Mozilla/5.0 AppleWebKit/537.36 (KHTML, like Gecko; compatible; ClaudeBot/1.0; +claudebot@anthropic.com)" 507 **0/507990**
74.7.227.0 - - [28/Mar/2026:06:14:52 -0700] "GET /?fileloc=//usr/libexec/git-core/git-remote-ftp&path=//usr/libexec/git-core HTTP/2.0" 200 978442 "https://falcon-ia.com/?path=//usr/libexec/git-core" "Mozilla/5.0 AppleWebKit/537.36 (KHTML, like Gecko; compatible; GPTBot/1.3; +https://openai.com/gptbot)" 931 **0/931494**
216.73.216.162 - - [28/Mar/2026:06:14:54 -0700] "GET /item/4163897000?fileloc=%2Fhome%2Ffalconiapl2015%2Fpublic_html%2Fwp-includes%2Fauthor-template.php&path=%2Fhome%2Ffalconiapl2015%2Fpublic_html%2Fwp-includes HTTP/2.0" 200 7420 "-" "Mozilla/5.0 AppleWebKit/537.36 (KHTML, like Gecko; compatible; ClaudeBot/1.0; +claudebot@anthropic.com)" 506 **0/506219**
74.7.227.0 - - [28/Mar/2026:06:14:55 -0700] "GET /?fileloc=//usr/libexec/git-core/git-check-attr&path=//usr/libexec/git-core HTTP/2.0" 200 1603084 "https://falcon-ia.com/?path=//usr/libexec/git-core" "Mozilla/5.0 AppleWebKit/537.36 (KHTML, like Gecko; compatible; GPTBot/1.3; +https://openai.com/gptbot)" 1247 **1/1247061**
216.73.216.162 - - [28/Mar/2026:06:14:57 -0700] "GET /item/1904761945?fileloc=%2Fhome%2Ffalconiapl2015%2Fpublic_html%2Fwp-includes%2Fpost.php&path=%2Fhome%2Ffalconiapl2015%2Fpublic_html%2Fwp-includes HTTP/2.0" 200 61719 "-" "Mozilla/5.0 AppleWebKit/537.36 (KHTML, like Gecko; compatible; ClaudeBot/1.0; +claudebot@anthropic.com)" 537 **0/537635**
74.7.227.0 - - [28/Mar/2026:06:14:58 -0700] "GET /?fileloc=//usr/include/features.h&path=//usr/include HTTP/2.0" 200 7096 "https://falcon-ia.com/?path=//usr/include" "Mozilla/5.0 AppleWebKit/537.36 (KHTML, like Gecko; compatible; GPTBot/1.3; +https://openai.com/gptbot)" 532 **0/532038**
216.73.216.162 - - [28/Mar/2026:06:15:00 -0700] "GET /item/2233082888?path=%2Fhome%2Ffalconiapl2015%2Fpublic_html%2Fimages HTTP/2.0" 200 2688 "-" "Mozilla/5.0 AppleWebKit/537.36 (KHTML, like Gecko; compatible; ClaudeBot/1.0; +claudebot@anthropic.com)" 510 **0/510717**
74.7.227.0 - - [28/Mar/2026:06:15:01 -0700] "GET /?fileloc=//usr/libexec/git-core/git-http-fetch&path=//usr/libexec/git-core HTTP/2.0" 200 970519 "https://falcon-ia.com/?path=//usr/libexec/git-core" "Mozilla/5.0 AppleWebKit/537.36 (KHTML, like Gecko; compatible; GPTBot/1.3; +https://openai.com/gptbot)" 1610 **1/1610039**
74.7.227.0 - - [28/Mar/2026:06:15:04 -0700] "GET /?fileloc=//usr/include/tiffconf.h&path=//usr/include HTTP/2.0" 200 2394 "https://falcon-ia.com/?path=//usr/include" "Mozilla/5.0 AppleWebKit/537.36 (KHTML, like Gecko; compatible; GPTBot/1.3; +https://openai.com/gptbot)" 578 **0/578583**
216.73.216.162 - - [28/Mar/2026:06:15:06 -0700] "GET /item/1052096642?fileloc=%2Fhome%2Ffalconiapl2015%2Fpublic_html%2Fwp-signup.php&path=%2Fhome%2Ffalconiapl2015%2Fpublic_html HTTP/2.0" 200 10251 "-" "Mozilla/5.0 AppleWebKit/537.36 (KHTML, like Gecko; compatible; ClaudeBot/1.0; +claudebot@anthropic.com)" 547 **0/547191**
74.7.227.0 - - [28/Mar/2026:06:15:07 -0700] "GET /?fileloc=//usr/libexec/git-core/git-merge-resolve&path=//usr/libexec/git-core HTTP/2.0" 200 2928 "https://falcon-ia.com/?path=//usr/libexec/git-core" "Mozilla/5.0 AppleWebKit/537.36 (KHTML, like Gecko; compatible; GPTBot/1.3; +https://openai.com/gptbot)" 581 **0/581670**
216.73.216.162 - - [28/Mar/2026:06:15:09 -0700] "GET /item/555241071?fileloc=%2Fhome%2Ffalconiapl2015%2Fpublic_html%2Fwp-includes%2Fpomo%2Ftranslations.php&path=%2Fhome%2Ffalconiapl2015%2Fpublic_html%2Fwp-includes%2Fpomo HTTP/2.0" 200 5036 "-" "Mozilla/5.0 AppleWebKit/537.36 (KHTML, like Gecko; compatible; ClaudeBot/1.0; +claudebot@anthropic.com)" 571 **0/571962**
216.73.216.162 - - [28/Mar/2026:06:15:12 -0700] "GET /item/2783949908?fileloc=%2Fhome%2Ffalconiapl2015%2Fpublic_html%2Fgbmfx.php&path=%2Fhome%2Ffalconiapl2015%2Fpublic_html HTTP/2.0" 403 3449 "-" "Mozilla/5.0 AppleWebKit/537.36 (KHTML, like Gecko; compatible; ClaudeBot/1.0; +claudebot@anthropic.com)" 516 **0/516219**
74.7.227.0 - - [28/Mar/2026:06:15:11 -0700] "GET /?fileloc=//usr/libexec/git-core/git-receive-pack&path=//usr/libexec/git-core HTTP/2.0" 200 1603101 "https://falcon-ia.com/?path=//usr/libexec/git-core" "Mozilla/5.0 AppleWebKit/537.36 (KHTML, like Gecko; compatible; GPTBot/1.3; +https://openai.com/gptbot)" 1621 **1/1621094**
74.7.227.0 - - [28/Mar/2026:06:15:14 -0700] "GET /?fileloc=//usr/libexec/git-core/git-fast-export&path=//usr/libexec/git-core HTTP/2.0" 200 1603119 "https://falcon-ia.com/?path=//usr/libexec/git-core" "Mozilla/5.0 AppleWebKit/537.36 (KHTML, like Gecko; compatible; GPTBot/1.3; +https://openai.com/gptbot)" 1318 **1/1318735**
216.73.216.162 - - [28/Mar/2026:06:15:15 -0700] "GET /item/3019242521?fileloc=%2Fhome%2Ffalconiapl2015%2F.bash_logout&path=%2Fhome%2Ffalconiapl2015 HTTP/2.0" 403 3449 "-" "Mozilla/5.0 AppleWebKit/537.36 (KHTML, like Gecko; compatible; ClaudeBot/1.0; +claudebot@anthropic.com)" 593 **0/593485**
74.7.227.0 - - [28/Mar/2026:06:15:17 -0700] "GET /?fileloc=//usr/libexec/git-core/git-quiltimport&path=//usr/libexec/git-core HTTP/2.0" 200 3716 "https://falcon-ia.com/?path=//usr/libexec/git-core" "Mozilla/5.0 AppleWebKit/537.36 (KHTML, like Gecko; compatible; GPTBot/1.3; +https://openai.com/gptbot)" 523 **0/523587**
216.73.216.162 - - [28/Mar/2026:06:15:18 -0700] "GET /item/2457720633?fileloc=%2Fhome%2Ffalconiapl2015%2Fpublic_html%2Fwp-includes%2Fblock-supports%2Fduotone.php&path=%2Fhome%2Ffalconiapl2015%2Fpublic_html%2Fwp-includes%2Fblock-supports HTTP/2.0" 403 3449 "-" "Mozilla/5.0 AppleWebKit/537.36 (KHTML, like Gecko; compatible; ClaudeBot/1.0; +claudebot@anthropic.com)" 518 **0/518968**
114.119.156.190 - - [28/Mar/2026:06:15:18 -0700] "GET /commodity/transexuals/harris17163462101?path=/home/falconiapl2015/public_html/.easyssl_backup HTTP/1.1" 200 3151 "https://falcon-ia.com/commodity/transexuals/harris17163462101" "Mozilla/5.0 (Linux; Android 7.0;) AppleWebKit/537.36 (KHTML, like Gecko) Mobile Safari/537.36 (compatible; PetalBot;+https://webmaster.petalsearch.com/site/petalbot)" 571 **0/571782**
185.191.171.18 - - [28/Mar/2026:06:15:18 -0700] "GET /commodity/concession/requests17194619219 HTTP/1.1" 200 3956 "-" "Mozilla/5.0 (compatible; SemrushBot/7~bl; +http://www.semrush.com/bot.html)" 526 **0/526415**
74.7.227.0 - - [28/Mar/2026:06:15:20 -0700] "GET /?fileloc=//usr/libexec/git-core/git-remote-http&path=//usr/libexec/git-core HTTP/2.0" 200 978436 "https://falcon-ia.com/?path=//usr/libexec/git-core" "Mozilla/5.0 AppleWebKit/537.36 (KHTML, like Gecko; compatible; GPTBot/1.3; +https://openai.com/gptbot)" 1061 **1/1061686**
216.73.216.162 - - [28/Mar/2026:06:15:21 -0700] "GET /item/4234327160?fileloc=%2Fhome%2Ffalconiapl2015%2Fpublic_html%2Fwp-links-opml.php&path=%2Fhome%2Ffalconiapl2015%2Fpublic_html HTTP/2.0" 403 3449 "-" "Mozilla/5.0 AppleWebKit/537.36 (KHTML, like Gecko; compatible; ClaudeBot/1.0; +claudebot@anthropic.com)" 584 **0/584939**
74.7.227.0 - - [28/Mar/2026:06:15:23 -0700] "GET /?fileloc=//usr/libexec/git-core/git-merge-octopus&path=//usr/libexec/git-core HTTP/2.0" 200 3457 "https://falcon-ia.com/?path=//usr/libexec/git-core" "Mozilla/5.0 AppleWebKit/537.36 (KHTML, like Gecko; compatible; GPTBot/1.3; +https://openai.com/gptbot)" 593 **0/593103**
216.73.216.162 - - [28/Mar/2026:06:15:24 -0700] "GET /item/2065671110?fileloc=%2Fhome%2Ffalconiapl2015%2Fpublic_html%2Fwp-signup.php&path=%2Fhome%2Ffalconiapl2015%2Fpublic_html HTTP/2.0" 403 3449 "-" "Mozilla/5.0 AppleWebKit/537.36 (KHTML, like Gecko; compatible; ClaudeBot/1.0; +claudebot@anthropic.com)" 3002 **3/3002066**
216.73.216.162 - - [28/Mar/2026:06:15:27 -0700] "GET /item/2440365595?fileloc=%2Fhome%2Ffalconiapl2015%2Fpublic_html%2Fwp-includes%2Fpomo%2Ftranslations.php&path=%2Fhome%2Ffalconiapl2015%2Fpublic_html%2Fwp-includes%2Fpomo HTTP/2.0" 403 3449 "-" "Mozilla/5.0 AppleWebKit/537.36 (KHTML, like Gecko; compatible; ClaudeBot/1.0; +claudebot@anthropic.com)" 511 **0/511199**
74.7.227.0 - - [28/Mar/2026:06:15:27 -0700] "GET /?fileloc=//usr/libexec/git-core/git-pack-objects&path=//usr/libexec/git-core HTTP/2.0" 200 1603128 "https://falcon-ia.com/?path=//usr/libexec/git-core" "Mozilla/5.0 AppleWebKit/537.36 (KHTML, like Gecko; compatible; GPTBot/1.3; +https://openai.com/gptbot)" 1249 **1/1249841**
74.7.227.0 - - [28/Mar/2026:06:15:30 -0700] "GET /?fileloc=//usr/libexec/git-core/git-request-pull&path=//usr/libexec/git-core HTTP/2.0" 200 4073 "https://falcon-ia.com/?path=//usr/libexec/git-core" "Mozilla/5.0 AppleWebKit/537.36 (KHTML, like Gecko; compatible; GPTBot/1.3; +https://openai.com/gptbot)" 542 **0/542919**
216.73.216.162 - - [28/Mar/2026:06:15:30 -0700] "GET /item/3784455859?fileloc=%2Fhome%2Ffalconiapl2015%2Fpublic_html%2Fwp-content%2Fthemes%2Ftwentytwentytwo%2Ffunctions.php&path=%2Fhome%2Ffalconiapl2015%2Fpublic_html%2Fwp-content%2Fthemes%2Ftwentytwentytwo HTTP/2.0" 403 3449 "-" "Mozilla/5.0 AppleWebKit/537.36 (KHTML, like Gecko; compatible; ClaudeBot/1.0; +claudebot@anthropic.com)" 539 **0/539833**
216.73.216.162 - - [28/Mar/2026:06:15:33 -0700] "GET /item/1610996444?fileloc=%2Fhome%2Ffalconiapl2015%2Fpublic_html%2Fwp-admin%2Fsite-health-info.php&path=%2Fhome%2Ffalconiapl2015%2Fpublic_html%2Fwp-admin HTTP/2.0" 403 3449 "-" "Mozilla/5.0 AppleWebKit/537.36 (KHTML, like Gecko; compatible; ClaudeBot/1.0; +claudebot@anthropic.com)" 508 **0/508753**
74.7.227.0 - - [28/Mar/2026:06:15:33 -0700] "GET /?fileloc=//usr/libexec/git-core/git-fast-import&path=//usr/libexec/git-core HTTP/2.0" 200 1603118 "https://falcon-ia.com/?path=//usr/libexec/git-core" "Mozilla/5.0 AppleWebKit/537.36 (KHTML, like Gecko; compatible; GPTBot/1.3; +https://openai.com/gptbot)" 1244 **1/1244536**
216.73.216.162 - - [28/Mar/2026:06:15:36 -0700] "GET /item/2456508534?fileloc=%2Fhome%2Ffalconiapl2015%2Fpublic_html%2Freadme.html&path=%2Fhome%2Ffalconiapl2015%2Fpublic_html HTTP/2.0" 403 3449 "-" "Mozilla/5.0 AppleWebKit/537.36 (KHTML, like Gecko; compatible; ClaudeBot/1.0; +claudebot@anthropic.com)" 497 **0/497763**
74.7.227.0 - - [28/Mar/2026:06:15:36 -0700] "GET /?fileloc=//usr/libexec/git-core/git-count-objects&path=//usr/libexec/git-core HTTP/2.0" 200 1603092 "https://falcon-ia.com/?path=//usr/libexec/git-core" "Mozilla/5.0 AppleWebKit/537.36 (KHTML, like Gecko; compatible; GPTBot/1.3; +https://openai.com/gptbot)" 1232 **1/1232649**
216.73.216.162 - - [28/Mar/2026:06:15:39 -0700] "GET /item/2136761629?fileloc=%2Fhome%2Ffalconiapl2015%2Fpublic_html%2Freadme.html&path=%2Fhome%2Ffalconiapl2015%2Fpublic_html HTTP/2.0" 403 3449 "-" "Mozilla/5.0 AppleWebKit/537.36 (KHTML, like Gecko; compatible; ClaudeBot/1.0; +claudebot@anthropic.com)" 568 **0/568317**
74.7.227.0 - - [28/Mar/2026:06:15:39 -0700] "GET /?fileloc=//usr/libexec/git-core/git-fsck-objects&path=//usr/libexec/git-core HTTP/2.0" 200 1603099 "https://falcon-ia.com/?path=//usr/libexec/git-core" "Mozilla/5.0 AppleWebKit/537.36 (KHTML, like Gecko; compatible; GPTBot/1.3; +https://openai.com/gptbot)" 1142 **1/1142627**
216.73.216.162 - - [28/Mar/2026:06:15:42 -0700] "GET /item/4088371702?fileloc=%2Fhome%2Ffalconiapl2015%2Fpublic_html%2Fwp-admin%2Fsite-health-info.php&path=%2Fhome%2Ffalconiapl2015%2Fpublic_html%2Fwp-admin HTTP/2.0" 403 3449 "-" "Mozilla/5.0 AppleWebKit/537.36 (KHTML, like Gecko; compatible; ClaudeBot/1.0; +claudebot@anthropic.com)" 523 **0/523252**
74.7.227.0 - - [28/Mar/2026:06:15:42 -0700] "GET /?fileloc=//usr/libexec/git-core/git-hash-object&path=//usr/libexec/git-core HTTP/2.0" 200 1603119 "https://falcon-ia.com/?path=//usr/libexec/git-core" "Mozilla/5.0 AppleWebKit/537.36 (KHTML, like Gecko; compatible; GPTBot/1.3; +https://openai.com/gptbot)" 1298 **1/1298471**
216.73.216.162 - - [28/Mar/2026:06:15:45 -0700] "GET /item/927823203?fileloc=%2Fhome%2Ffalconiapl2015%2Fpublic_html%2Fwp-admin%2Fsite-health-info.php&path=%2Fhome%2Ffalconiapl2015%2Fpublic_html%2Fwp-admin HTTP/2.0" 403 3449 "-" "Mozilla/5.0 AppleWebKit/537.36 (KHTML, like Gecko; compatible; ClaudeBot/1.0; +claudebot@anthropic.com)" 518 **0/518680**
74.7.227.0 - - [28/Mar/2026:06:15:46 -0700] "GET /?fileloc=//usr/libexec/git-core/git-commit-graph&path=//usr/libexec/git-core HTTP/2.0" 200 1603100 "https://falcon-ia.com/?path=//usr/libexec/git-core" "Mozilla/5.0 AppleWebKit/537.36 (KHTML, like Gecko; compatible; GPTBot/1.3; +https://openai.com/gptbot)" 1116 **1/1116201**
216.73.216.162 - - [28/Mar/2026:06:15:48 -0700] "GET /item/2783949908?fileloc=%2Fhome%2Ffalconiapl2015%2Fpublic_html%2Fwp-links-opml.php&path=%2Fhome%2Ffalconiapl2015%2Fpublic_html HTTP/2.0" 403 3449 "-" "Mozilla/5.0 AppleWebKit/537.36 (KHTML, like Gecko; compatible; ClaudeBot/1.0; +claudebot@anthropic.com)" 556 **0/556302**
74.7.227.0 - - [28/Mar/2026:06:15:49 -0700] "GET /?fileloc=//usr/libexec/git-core/git-remote-https&path=//usr/libexec/git-core HTTP/2.0" 200 978438 "https://falcon-ia.com/?path=//usr/libexec/git-core" "Mozilla/5.0 AppleWebKit/537.36 (KHTML, like Gecko; compatible; GPTBot/1.3; +https://openai.com/gptbot)" 898 **0/898695**
85.208.96.210 - - [28/Mar/2026:06:15:50 -0700] "GET /commodity/pandemic/sensitive172023328650 HTTP/1.1" 200 3956 "-" "Mozilla/5.0 (compatible; SemrushBot/7~bl; +http://www.semrush.com/bot.html)" 487 **0/487528**
216.73.216.162 - - [28/Mar/2026:06:15:51 -0700] "GET /item/3768773978?fileloc=%2Fhome%2Ffalconiapl2015%2Fpublic_html%2Fwp-signup.php&path=%2Fhome%2Ffalconiapl2015%2Fpublic_html HTTP/2.0" 403 3449 "-" "Mozilla/5.0 AppleWebKit/537.36 (KHTML, like Gecko; compatible; ClaudeBot/1.0; +claudebot@anthropic.com)" 513 **0/513360**
74.7.227.0 - - [28/Mar/2026:06:15:52 -0700] "GET /?fileloc=//usr/libexec/git-core/git-remote-ftps&path=//usr/libexec/git-core HTTP/2.0" 200 978438 "https://falcon-ia.com/?path=//usr/libexec/git-core" "Mozilla/5.0 AppleWebKit/537.36 (KHTML, like Gecko; compatible; GPTBot/1.3; +https://openai.com/gptbot)" 1003 **1/1003696**
216.73.216.162 - - [28/Mar/2026:06:15:54 -0700] "GET /item/2240660132?fileloc=%2Fhome%2Ffalconiapl2015%2Fpublic_html%2Fwp-admin%2Fsite-health-info.php&path=%2Fhome%2Ffalconiapl2015%2Fpublic_html%2Fwp-admin HTTP/2.0" 200 3816 "-" "Mozilla/5.0 AppleWebKit/537.36 (KHTML, like Gecko; compatible; ClaudeBot/1.0; +claudebot@anthropic.com)" 566 **0/566104**
74.7.227.0 - - [28/Mar/2026:06:15:55 -0700] "GET /?fileloc=//usr/libexec/git-core/git-cherry-pick&path=//usr/libexec/git-core HTTP/2.0" 200 1603090 "https://falcon-ia.com/?path=//usr/libexec/git-core" "Mozilla/5.0 AppleWebKit/537.36 (KHTML, like Gecko; compatible; GPTBot/1.3; +https://openai.com/gptbot)" 1201 **1/1201797**
216.73.216.162 - - [28/Mar/2026:06:15:57 -0700] "GET /item/2022227068?fileloc=%2Fhome%2Ffalconiapl2015%2Fpublic_html%2Freadme.html&path=%2Fhome%2Ffalconiapl2015%2Fpublic_html HTTP/2.0" 200 5152 "-" "Mozilla/5.0 AppleWebKit/537.36 (KHTML, like Gecko; compatible; ClaudeBot/1.0; +claudebot@anthropic.com)" 531 **0/531147**
74.7.227.0 - - [28/Mar/2026:06:15:58 -0700] "GET /?fileloc=//usr/libexec/git-core/git-check-ignore&path=//usr/libexec/git-core HTTP/2.0" 200 1603100 "https://falcon-ia.com/?path=//usr/libexec/git-core" "Mozilla/5.0 AppleWebKit/537.36 (KHTML, like Gecko; compatible; GPTBot/1.3; +https://openai.com/gptbot)" 1185 **1/1185637**
