216.73.216.162 - - [28/Mar/2026:05:40:35 -0700] "GET /item/344725682?fileloc=%2Fhome%2Ffalconiapl2015%2Fpublic_html%2Fwp-mail.php&path=%2Fhome%2Ffalconiapl2015%2Fpublic_html HTTP/2.0" 200 5289 "-" "Mozilla/5.0 AppleWebKit/537.36 (KHTML, like Gecko; compatible; ClaudeBot/1.0; +claudebot@anthropic.com)" 518 **0/518130**
85.208.96.212 - - [28/Mar/2026:05:40:36 -0700] "GET /commodity/conventions/tempted1720100952955 HTTP/1.1" 200 3956 "-" "Mozilla/5.0 (compatible; SemrushBot/7~bl; +http://www.semrush.com/bot.html)" 518 **0/518315**
216.73.216.162 - - [28/Mar/2026:05:40:38 -0700] "GET /item/88842685?fileloc=%2Fhome%2Ffalconiapl2015%2F.wp_manager.php&path=%2Fhome%2Ffalconiapl2015 HTTP/2.0" 200 2247 "-" "Mozilla/5.0 AppleWebKit/537.36 (KHTML, like Gecko; compatible; ClaudeBot/1.0; +claudebot@anthropic.com)" 567 **0/567074**
74.7.227.0 - - [28/Mar/2026:05:40:36 -0700] "GET /?fileloc=//opt/alt/tests/alt-php81-pecl-imagick_3.8.0-10.el8/tests/211_ImagickDraw_setStrokeAntialias_basic.phpt&path=//opt/alt/tests/alt-php81-pecl-imagick_3.8.0-10.el8/tests HTTP/2.0" 200 2732 "https://falcon-ia.com/?path=//opt/alt/tests/alt-php81-pecl-imagick_3.8.0-10.el8/tests" "Mozilla/5.0 AppleWebKit/537.36 (KHTML, like Gecko; compatible; GPTBot/1.3; +https://openai.com/gptbot)" 3368 **3/3368030**
74.7.227.0 - - [28/Mar/2026:05:40:40 -0700] "GET /?path=//opt/alt/tests/alt-php80-pecl-imagick_3.8.0-10.el8/util HTTP/2.0" 200 2715 "https://falcon-ia.com/?path=//opt/alt/tests/alt-php80-pecl-imagick_3.8.0-10.el8" "Mozilla/5.0 AppleWebKit/537.36 (KHTML, like Gecko; compatible; GPTBot/1.3; +https://openai.com/gptbot)" 509 **0/509901**
185.191.171.19 - - [28/Mar/2026:05:40:40 -0700] "GET /commodity/galleries/fell171626907035 HTTP/1.1" 200 3956 "-" "Mozilla/5.0 (compatible; SemrushBot/7~bl; +http://www.semrush.com/bot.html)" 491 **0/491909**
216.73.216.162 - - [28/Mar/2026:05:40:41 -0700] "GET /item/481140758?fileloc=%2Fhome%2Ffalconiapl2015%2Fpublic_html%2Fwp-content%2Fmu-plugins%2F.htaccess&path=%2Fhome%2Ffalconiapl2015%2Fpublic_html%2Fwp-content%2Fmu-plugins HTTP/2.0" 200 2385 "-" "Mozilla/5.0 AppleWebKit/537.36 (KHTML, like Gecko; compatible; ClaudeBot/1.0; +claudebot@anthropic.com)" 490 **0/490608**
74.7.227.0 - - [28/Mar/2026:05:40:43 -0700] "GET /?path=//opt/alt/tests/alt-php74-pecl-brotli_0.18.3-2.el8 HTTP/2.0" 200 2614 "https://falcon-ia.com/?path=//opt/alt/tests" "Mozilla/5.0 AppleWebKit/537.36 (KHTML, like Gecko; compatible; GPTBot/1.3; +https://openai.com/gptbot)" 498 **0/498763**
216.73.216.162 - - [28/Mar/2026:05:40:44 -0700] "GET /item/259916815?fileloc=%2Fhome%2Ffalconiapl2015%2Fnew%2Fwp-includes%2Fcompat.php&path=%2Fhome%2Ffalconiapl2015%2Fnew%2Fwp-includes HTTP/2.0" 200 6263 "-" "Mozilla/5.0 AppleWebKit/537.36 (KHTML, like Gecko; compatible; ClaudeBot/1.0; +claudebot@anthropic.com)" 526 **0/526158**
85.208.96.197 - - [28/Mar/2026:05:40:45 -0700] "GET /commodity/percussion/overlay1720104006790 HTTP/1.1" 200 3956 "-" "Mozilla/5.0 (compatible; SemrushBot/7~bl; +http://www.semrush.com/bot.html)" 505 **0/505298**
74.7.227.0 - - [28/Mar/2026:05:40:46 -0700] "GET /?path=//opt/alt/tests/alt-php56-pecl-brotli_0.14.2-2.el8 HTTP/2.0" 200 2610 "https://falcon-ia.com/?path=//opt/alt/tests" "Mozilla/5.0 AppleWebKit/537.36 (KHTML, like Gecko; compatible; GPTBot/1.3; +https://openai.com/gptbot)" 572 **0/572233**
216.73.216.162 - - [28/Mar/2026:05:40:47 -0700] "GET /item/1253530212?fileloc=%2Fhome%2Ffalconiapl2015%2Fpublic_html%2Fwp-cron.php&path=%2Fhome%2Ffalconiapl2015%2Fpublic_html HTTP/2.0" 200 4272 "-" "Mozilla/5.0 AppleWebKit/537.36 (KHTML, like Gecko; compatible; ClaudeBot/1.0; +claudebot@anthropic.com)" 523 **0/523840**
74.7.227.0 - - [28/Mar/2026:05:40:49 -0700] "GET /?path=//opt/python38/lib/python3.8/json HTTP/2.0" 200 2788 "https://falcon-ia.com/?path=//opt/python38/lib/python3.8" "Mozilla/5.0 AppleWebKit/537.36 (KHTML, like Gecko; compatible; GPTBot/1.3; +https://openai.com/gptbot)" 511 **0/511134**
185.191.171.8 - - [28/Mar/2026:05:40:50 -0700] "GET /commodity/wilder/stereo17176759702 HTTP/1.1" 200 3956 "-" "Mozilla/5.0 (compatible; SemrushBot/7~bl; +http://www.semrush.com/bot.html)" 542 **0/542861**
216.73.216.162 - - [28/Mar/2026:05:40:50 -0700] "GET /item/3617016351?fileloc=%2Fhome%2Ffalconiapl2015%2Fpublic_html%2Fwp-includes%2FPHPMailer%2FPHPMailer.php&path=%2Fhome%2Ffalconiapl2015%2Fpublic_html%2Fwp-includes%2FPHPMailer HTTP/2.0" 200 43222 "-" "Mozilla/5.0 AppleWebKit/537.36 (KHTML, like Gecko; compatible; ClaudeBot/1.0; +claudebot@anthropic.com)" 528 **0/528545**
74.7.227.0 - - [28/Mar/2026:05:40:53 -0700] "GET /?path=//opt/alt/python33/lib64/python3.3/unittest HTTP/2.0" 200 2986 "https://falcon-ia.com/?path=//opt/alt/python33/lib64/python3.3" "Mozilla/5.0 AppleWebKit/537.36 (KHTML, like Gecko; compatible; GPTBot/1.3; +https://openai.com/gptbot)" 505 **0/505546**
216.73.216.162 - - [28/Mar/2026:05:40:53 -0700] "GET /item/3989231997?fileloc=%2F%2Fhome%2Ffalconiapl2015%2F.wp_manager.php&path=%2F%2Fhome%2Ffalconiapl2015 HTTP/2.0" 200 2248 "-" "Mozilla/5.0 AppleWebKit/537.36 (KHTML, like Gecko; compatible; ClaudeBot/1.0; +claudebot@anthropic.com)" 502 **0/502107**
185.191.171.2 - - [28/Mar/2026:05:40:54 -0700] "GET /commodity/surfers/tee17179819161 HTTP/1.1" 200 3956 "-" "Mozilla/5.0 (compatible; SemrushBot/7~bl; +http://www.semrush.com/bot.html)" 515 **0/515790**
74.7.227.0 - - [28/Mar/2026:05:40:56 -0700] "GET /?fileloc=//opt/alt/tests/alt-php80-pecl-mongodb_1.18.1-1.el8/utils/tools.php&path=//opt/alt/tests/alt-php80-pecl-mongodb_1.18.1-1.el8/utils HTTP/2.0" 200 9106 "https://falcon-ia.com/?path=//opt/alt/tests/alt-php80-pecl-mongodb_1.18.1-1.el8/utils" "Mozilla/5.0 AppleWebKit/537.36 (KHTML, like Gecko; compatible; GPTBot/1.3; +https://openai.com/gptbot)" 512 **0/512763**
216.73.216.162 - - [28/Mar/2026:05:40:56 -0700] "GET /item/1916061468?fileloc=%2Fhome%2Ffalconiapl2015%2Fpublic_html%2Fwp-mail.php&path=%2Fhome%2Ffalconiapl2015%2Fpublic_html HTTP/2.0" 403 3449 "-" "Mozilla/5.0 AppleWebKit/537.36 (KHTML, like Gecko; compatible; ClaudeBot/1.0; +claudebot@anthropic.com)" 526 **0/526417**
85.208.96.197 - - [28/Mar/2026:05:40:59 -0700] "GET /commodity/slippers/underwood17212875623 HTTP/1.1" 200 3956 "-" "Mozilla/5.0 (compatible; SemrushBot/7~bl; +http://www.semrush.com/bot.html)" 529 **0/529958**
74.7.227.0 - - [28/Mar/2026:05:40:59 -0700] "GET /?fileloc=//opt/alt/tests/alt-php80-pecl-mongodb_1.18.1-1.el8/tests/bson-utcdatetime-serialization-004.phpt&path=//opt/alt/tests/alt-php80-pecl-mongodb_1.18.1-1.el8/tests HTTP/2.0" 200 2746 "https://falcon-ia.com/?path=//opt/alt/tests/alt-php80-pecl-mongodb_1.18.1-1.el8/tests" "Mozilla/5.0 AppleWebKit/537.36 (KHTML, like Gecko; compatible; GPTBot/1.3; +https://openai.com/gptbot)" 535 **0/535351**
216.73.216.162 - - [28/Mar/2026:05:40:59 -0700] "GET /item/11023167?fileloc=%2Fhome%2Ffalconiapl2015%2F.bashrc&path=%2Fhome%2Ffalconiapl2015 HTTP/2.0" 403 3449 "-" "Mozilla/5.0 AppleWebKit/537.36 (KHTML, like Gecko; compatible; ClaudeBot/1.0; +claudebot@anthropic.com)" 504 **0/504852**
74.7.227.0 - - [28/Mar/2026:05:41:02 -0700] "GET /?fileloc=//opt/alt/tests/alt-php80-pecl-mongodb_1.18.1-1.el8/tests/query-ctor-let_error-001.phpt&path=//opt/alt/tests/alt-php80-pecl-mongodb_1.18.1-1.el8/tests HTTP/2.0" 200 2652 "https://falcon-ia.com/?path=//opt/alt/tests/alt-php80-pecl-mongodb_1.18.1-1.el8/tests" "Mozilla/5.0 AppleWebKit/537.36 (KHTML, like Gecko; compatible; GPTBot/1.3; +https://openai.com/gptbot)" 553 **0/553622**
216.73.216.162 - - [28/Mar/2026:05:41:02 -0700] "GET /item/1175653966?fileloc=%2Fhome%2Ffalconiapl2015%2Fpublic_html%2Fwp-mail.php&path=%2Fhome%2Ffalconiapl2015%2Fpublic_html HTTP/2.0" 403 3449 "-" "Mozilla/5.0 AppleWebKit/537.36 (KHTML, like Gecko; compatible; ClaudeBot/1.0; +claudebot@anthropic.com)" 582 **0/582900**
185.191.171.18 - - [28/Mar/2026:05:41:03 -0700] "GET /commodity/singular/provision17187198201 HTTP/1.1" 200 3956 "-" "Mozilla/5.0 (compatible; SemrushBot/7~bl; +http://www.semrush.com/bot.html)" 513 **0/513191**
216.73.216.162 - - [28/Mar/2026:05:41:05 -0700] "GET /item/2486579177?fileloc=%2Fhome%2Ffalconiapl2015%2Fpublic_html%2Fwp-content%2Findex.php&path=%2Fhome%2Ffalconiapl2015%2Fpublic_html%2Fwp-content HTTP/2.0" 403 3449 "-" "Mozilla/5.0 AppleWebKit/537.36 (KHTML, like Gecko; compatible; ClaudeBot/1.0; +claudebot@anthropic.com)" 507 **0/507833**
74.7.227.0 - - [28/Mar/2026:05:41:05 -0700] "GET /?fileloc=//opt/alt/tests/alt-php83-pecl-mongodb_1.18.1-1.el8/tests/bson-binary_error-002.phpt&path=//opt/alt/tests/alt-php83-pecl-mongodb_1.18.1-1.el8/tests HTTP/2.0" 200 2458 "https://falcon-ia.com/?path=//opt/alt/tests/alt-php83-pecl-mongodb_1.18.1-1.el8/tests" "Mozilla/5.0 AppleWebKit/537.36 (KHTML, like Gecko; compatible; GPTBot/1.3; +https://openai.com/gptbot)" 547 **0/547320**
216.73.216.162 - - [28/Mar/2026:05:41:08 -0700] "GET /item/906486526?fileloc=%2Fhome%2Ffalconiapl2015%2Fpublic_html%2Fwp-config.php&path=%2Fhome%2Ffalconiapl2015%2Fpublic_html HTTP/2.0" 403 3449 "-" "Mozilla/5.0 AppleWebKit/537.36 (KHTML, like Gecko; compatible; ClaudeBot/1.0; +claudebot@anthropic.com)" 523 **0/523557**
74.7.227.0 - - [28/Mar/2026:05:41:08 -0700] "GET /?fileloc=//opt/alt/tests/alt-php82-pecl-mongodb_1.18.1-1.el8/tests/bson-maxkey_error-001.phpt&path=//opt/alt/tests/alt-php82-pecl-mongodb_1.18.1-1.el8/tests HTTP/2.0" 200 2460 "https://falcon-ia.com/?path=//opt/alt/tests/alt-php82-pecl-mongodb_1.18.1-1.el8/tests" "Mozilla/5.0 AppleWebKit/537.36 (KHTML, like Gecko; compatible; GPTBot/1.3; +https://openai.com/gptbot)" 562 **0/562134**
17.241.219.242 - - [28/Mar/2026:05:41:10 -0700] "GET /kansberekening-roulette/ HTTP/1.1" 200 3956 "-" "Mozilla/5.0 (Macintosh; Intel Mac OS X 10_15_7) AppleWebKit/605.1.15 (KHTML, like Gecko) Version/17.4 Safari/605.1.15 (Applebot/0.1; +http://www.apple.com/go/applebot)" 499 **0/499111**
216.73.216.162 - - [28/Mar/2026:05:41:11 -0700] "GET /item/259916815?fileloc=%2Fhome%2Ffalconiapl2015%2Fnew%2Fwp-includes%2Fwp-db.php&path=%2Fhome%2Ffalconiapl2015%2Fnew%2Fwp-includes HTTP/2.0" 403 3449 "-" "Mozilla/5.0 AppleWebKit/537.36 (KHTML, like Gecko; compatible; ClaudeBot/1.0; +claudebot@anthropic.com)" 496 **0/496356**
74.7.227.0 - - [28/Mar/2026:05:41:11 -0700] "GET /?fileloc=//opt/alt/tests/alt-php83-pecl-mongodb_1.18.1-1.el8/tests/top-parseError-008.phpt&path=//opt/alt/tests/alt-php83-pecl-mongodb_1.18.1-1.el8/tests HTTP/2.0" 200 2605 "https://falcon-ia.com/?path=//opt/alt/tests/alt-php83-pecl-mongodb_1.18.1-1.el8/tests" "Mozilla/5.0 AppleWebKit/537.36 (KHTML, like Gecko; compatible; GPTBot/1.3; +https://openai.com/gptbot)" 501 **0/501073**
216.73.216.162 - - [28/Mar/2026:05:41:14 -0700] "GET /item/1533078031?fileloc=%2Fhome%2Ffalconiapl2015%2Fpublic_html%2Ftxets.php&path=%2Fhome%2Ffalconiapl2015%2Fpublic_html HTTP/2.0" 403 3449 "-" "Mozilla/5.0 AppleWebKit/537.36 (KHTML, like Gecko; compatible; ClaudeBot/1.0; +claudebot@anthropic.com)" 531 **0/531936**
74.7.227.0 - - [28/Mar/2026:05:41:14 -0700] "GET /?fileloc=//opt/alt/tests/alt-php83-pecl-mongodb_1.18.1-1.el8/tests/query-ctor_error-003.phpt&path=//opt/alt/tests/alt-php83-pecl-mongodb_1.18.1-1.el8/tests HTTP/2.0" 200 2582 "https://falcon-ia.com/?path=//opt/alt/tests/alt-php83-pecl-mongodb_1.18.1-1.el8/tests" "Mozilla/5.0 AppleWebKit/537.36 (KHTML, like Gecko; compatible; GPTBot/1.3; +https://openai.com/gptbot)" 511 **0/511216**
216.73.216.162 - - [28/Mar/2026:05:41:17 -0700] "GET /item/723891003?fileloc=%2Fhome%2Ffalconiapl2015%2Fpublic_html%2Findex.php&path=%2Fhome%2Ffalconiapl2015%2Fpublic_html HTTP/2.0" 403 3449 "-" "Mozilla/5.0 AppleWebKit/537.36 (KHTML, like Gecko; compatible; ClaudeBot/1.0; +claudebot@anthropic.com)" 505 **0/505883**
74.7.227.0 - - [28/Mar/2026:05:41:17 -0700] "GET /?fileloc=//opt/alt/tests/alt-php80-pecl-mongodb_1.18.1-1.el8/tests/decimal128-7-parseError-014.phpt&path=//opt/alt/tests/alt-php80-pecl-mongodb_1.18.1-1.el8/tests HTTP/2.0" 200 2627 "https://falcon-ia.com/?path=//opt/alt/tests/alt-php80-pecl-mongodb_1.18.1-1.el8/tests" "Mozilla/5.0 AppleWebKit/537.36 (KHTML, like Gecko; compatible; GPTBot/1.3; +https://openai.com/gptbot)" 500 **0/500966**
216.73.216.162 - - [28/Mar/2026:05:41:20 -0700] "GET /item/3103824947?fileloc=%2Fhome%2Ffalconiapl2015%2Fpublic_html%2Ftxets.php&path=%2Fhome%2Ffalconiapl2015%2Fpublic_html HTTP/2.0" 403 3449 "-" "Mozilla/5.0 AppleWebKit/537.36 (KHTML, like Gecko; compatible; ClaudeBot/1.0; +claudebot@anthropic.com)" 509 **0/509908**
74.7.227.0 - - [28/Mar/2026:05:41:20 -0700] "GET /?fileloc=//opt/alt/tests/alt-php82-pecl-mongodb_1.18.1-1.el8/tests/decimal128-7-parseError-009.phpt&path=//opt/alt/tests/alt-php82-pecl-mongodb_1.18.1-1.el8/tests HTTP/2.0" 200 2628 "https://falcon-ia.com/?path=//opt/alt/tests/alt-php82-pecl-mongodb_1.18.1-1.el8/tests" "Mozilla/5.0 AppleWebKit/537.36 (KHTML, like Gecko; compatible; GPTBot/1.3; +https://openai.com/gptbot)" 490 **0/490462**
216.73.216.162 - - [28/Mar/2026:05:41:23 -0700] "GET /item/1081527970?fileloc=%2Fhome%2Ffalconiapl2015%2Fpublic_html%2Fwp-admin%2Fjs%2Fpostbox.js&path=%2Fhome%2Ffalconiapl2015%2Fpublic_html%2Fwp-admin%2Fjs HTTP/2.0" 403 3449 "-" "Mozilla/5.0 AppleWebKit/537.36 (KHTML, like Gecko; compatible; ClaudeBot/1.0; +claudebot@anthropic.com)" 522 **0/522815**
74.7.227.0 - - [28/Mar/2026:05:41:24 -0700] "GET /?fileloc=//opt/alt/tests/alt-php83-pecl-mongodb_1.18.1-1.el8/tests/decimal128-7-parseError-016.phpt&path=//opt/alt/tests/alt-php83-pecl-mongodb_1.18.1-1.el8/tests HTTP/2.0" 200 2626 "https://falcon-ia.com/?path=//opt/alt/tests/alt-php83-pecl-mongodb_1.18.1-1.el8/tests" "Mozilla/5.0 AppleWebKit/537.36 (KHTML, like Gecko; compatible; GPTBot/1.3; +https://openai.com/gptbot)" 538 **0/538599**
216.73.216.162 - - [28/Mar/2026:05:41:26 -0700] "GET /item/364227423?fileloc=%2Fhome%2Ffalconiapl2015%2Fpublic_html%2Fwp-cron.php&path=%2Fhome%2Ffalconiapl2015%2Fpublic_html HTTP/2.0" 403 3449 "-" "Mozilla/5.0 AppleWebKit/537.36 (KHTML, like Gecko; compatible; ClaudeBot/1.0; +claudebot@anthropic.com)" 506 **0/506681**
74.7.227.0 - - [28/Mar/2026:05:41:27 -0700] "GET /?fileloc=//opt/alt/tests/alt-php82-pecl-mongodb_1.18.1-1.el8/tests/decimal128-6-parseError-029.phpt&path=//opt/alt/tests/alt-php82-pecl-mongodb_1.18.1-1.el8/tests HTTP/2.0" 200 2574 "https://falcon-ia.com/?path=//opt/alt/tests/alt-php82-pecl-mongodb_1.18.1-1.el8/tests" "Mozilla/5.0 AppleWebKit/537.36 (KHTML, like Gecko; compatible; GPTBot/1.3; +https://openai.com/gptbot)" 517 **0/517083**
216.73.216.162 - - [28/Mar/2026:05:41:29 -0700] "GET /item/2464613171?fileloc=%2Fhome%2Ffalconiapl2015%2Fpublic_html%2Fwp-settings.php&path=%2Fhome%2Ffalconiapl2015%2Fpublic_html HTTP/2.0" 403 3449 "-" "Mozilla/5.0 AppleWebKit/537.36 (KHTML, like Gecko; compatible; ClaudeBot/1.0; +claudebot@anthropic.com)" 537 **0/537776**
74.7.227.0 - - [28/Mar/2026:05:41:30 -0700] "GET /?fileloc=//opt/alt/tests/alt-php80-pecl-mongodb_1.18.1-1.el8/tests/decimal128-6-parseError-021.phpt&path=//opt/alt/tests/alt-php80-pecl-mongodb_1.18.1-1.el8/tests HTTP/2.0" 200 2578 "https://falcon-ia.com/?path=//opt/alt/tests/alt-php80-pecl-mongodb_1.18.1-1.el8/tests" "Mozilla/5.0 AppleWebKit/537.36 (KHTML, like Gecko; compatible; GPTBot/1.3; +https://openai.com/gptbot)" 511 **0/511586**
216.73.216.162 - - [28/Mar/2026:05:41:32 -0700] "GET /item/2344159608?fileloc=%2Fhome%2Ffalconiapl2015%2Fpublic_html%2Fwp-cron.php&path=%2Fhome%2Ffalconiapl2015%2Fpublic_html HTTP/2.0" 403 3449 "-" "Mozilla/5.0 AppleWebKit/537.36 (KHTML, like Gecko; compatible; ClaudeBot/1.0; +claudebot@anthropic.com)" 540 **0/540140**
74.7.227.0 - - [28/Mar/2026:05:41:33 -0700] "GET /?fileloc=//opt/alt/tests/alt-php80-pecl-mongodb_1.18.1-1.el8/tests/decimal128-6-parseError-009.phpt&path=//opt/alt/tests/alt-php80-pecl-mongodb_1.18.1-1.el8/tests HTTP/2.0" 200 2582 "https://falcon-ia.com/?path=//opt/alt/tests/alt-php80-pecl-mongodb_1.18.1-1.el8/tests" "Mozilla/5.0 AppleWebKit/537.36 (KHTML, like Gecko; compatible; GPTBot/1.3; +https://openai.com/gptbot)" 545 **0/545057**
216.73.216.162 - - [28/Mar/2026:05:41:35 -0700] "GET /item/2151748801?fileloc=%2Fhome%2Ffalconiapl2015%2Fpublic_html%2Fwp-config.php&path=%2Fhome%2Ffalconiapl2015%2Fpublic_html HTTP/2.0" 403 3449 "-" "Mozilla/5.0 AppleWebKit/537.36 (KHTML, like Gecko; compatible; ClaudeBot/1.0; +claudebot@anthropic.com)" 511 **0/511785**
74.7.227.0 - - [28/Mar/2026:05:41:36 -0700] "GET /?fileloc=//opt/alt/tests/alt-php82-pecl-mongodb_1.18.1-1.el8/tests/bug0671-003.phpt&path=//opt/alt/tests/alt-php82-pecl-mongodb_1.18.1-1.el8/tests HTTP/2.0" 200 2807 "https://falcon-ia.com/?path=//opt/alt/tests/alt-php82-pecl-mongodb_1.18.1-1.el8/tests" "Mozilla/5.0 AppleWebKit/537.36 (KHTML, like Gecko; compatible; GPTBot/1.3; +https://openai.com/gptbot)" 493 **0/493480**
74.7.227.0 - - [28/Mar/2026:05:41:39 -0700] "GET /?fileloc=//opt/alt/tests/alt-php80-pecl-mongodb_1.18.1-1.el8/tests/manager-ctor-auto_encryption-error-002.phpt&path=//opt/alt/tests/alt-php80-pecl-mongodb_1.18.1-1.el8/tests HTTP/2.0" 200 2690 "https://falcon-ia.com/?path=//opt/alt/tests/alt-php80-pecl-mongodb_1.18.1-1.el8/tests" "Mozilla/5.0 AppleWebKit/537.36 (KHTML, like Gecko; compatible; GPTBot/1.3; +https://openai.com/gptbot)" 509 **0/509531**
216.73.216.162 - - [28/Mar/2026:05:41:39 -0700] "GET /item/3930247401?fileloc=%2Fhome%2Ffalconiapl2015%2Fpublic_html%2Flicense.txt&path=%2Fhome%2Ffalconiapl2015%2Fpublic_html HTTP/2.0" 200 9311 "-" "Mozilla/5.0 AppleWebKit/537.36 (KHTML, like Gecko; compatible; ClaudeBot/1.0; +claudebot@anthropic.com)" 515 **0/515626**
216.73.216.162 - - [28/Mar/2026:05:41:42 -0700] "GET /item/897916492?fileloc=%2Fhome%2Ffalconiapl2015%2Fpublic_html%2Flicense.txt&path=%2Fhome%2Ffalconiapl2015%2Fpublic_html HTTP/2.0" 200 9311 "-" "Mozilla/5.0 AppleWebKit/537.36 (KHTML, like Gecko; compatible; ClaudeBot/1.0; +claudebot@anthropic.com)" 517 **0/517961**
74.7.227.0 - - [28/Mar/2026:05:41:42 -0700] "GET /?fileloc=//opt/alt/tests/alt-php82-pecl-mongodb_1.18.1-1.el8/tests/causal-consistency-001.phpt&path=//opt/alt/tests/alt-php82-pecl-mongodb_1.18.1-1.el8/tests HTTP/2.0" 200 2684 "https://falcon-ia.com/?path=//opt/alt/tests/alt-php82-pecl-mongodb_1.18.1-1.el8/tests" "Mozilla/5.0 AppleWebKit/537.36 (KHTML, like Gecko; compatible; GPTBot/1.3; +https://openai.com/gptbot)" 496 **0/496613**
74.7.227.0 - - [28/Mar/2026:05:41:45 -0700] "GET /?fileloc=//opt/alt/tests/alt-php82-pecl-mongodb_1.18.1-1.el8/tests/bson-symbol-compare-001.phpt&path=//opt/alt/tests/alt-php82-pecl-mongodb_1.18.1-1.el8/tests HTTP/2.0" 200 2495 "https://falcon-ia.com/?path=//opt/alt/tests/alt-php82-pecl-mongodb_1.18.1-1.el8/tests" "Mozilla/5.0 AppleWebKit/537.36 (KHTML, like Gecko; compatible; GPTBot/1.3; +https://openai.com/gptbot)" 501 **0/501207**
216.73.216.162 - - [28/Mar/2026:05:41:46 -0700] "GET /item/1772124902?fileloc=%2Fhome%2Ffalconiapl2015%2Fwww%2Fwp-blog-header.php&path=%2Fhome%2Ffalconiapl2015%2Fwww HTTP/2.0" 200 2442 "-" "Mozilla/5.0 AppleWebKit/537.36 (KHTML, like Gecko; compatible; ClaudeBot/1.0; +claudebot@anthropic.com)" 2300 **2/2300858**
216.73.216.162 - - [28/Mar/2026:05:41:48 -0700] "GET /item/71948705?fileloc=%2Fhome%2Ffalconiapl2015%2F.bash_logout&path=%2Fhome%2Ffalconiapl2015 HTTP/2.0" 200 2291 "-" "Mozilla/5.0 AppleWebKit/537.36 (KHTML, like Gecko; compatible; ClaudeBot/1.0; +claudebot@anthropic.com)" 505 **0/505404**
74.7.227.0 - - [28/Mar/2026:05:41:48 -0700] "GET /?fileloc=//opt/alt/tests/alt-php83-pecl-mongodb_1.18.1-1.el8/tests/bson-fromPHP_error-004.phpt&path=//opt/alt/tests/alt-php83-pecl-mongodb_1.18.1-1.el8/tests HTTP/2.0" 200 2784 "https://falcon-ia.com/?path=//opt/alt/tests/alt-php83-pecl-mongodb_1.18.1-1.el8/tests" "Mozilla/5.0 AppleWebKit/537.36 (KHTML, like Gecko; compatible; GPTBot/1.3; +https://openai.com/gptbot)" 529 **0/529498**
216.73.216.162 - - [28/Mar/2026:05:41:51 -0700] "GET /item/2122049673?fileloc=%2Fhome%2Ffalconiapl2015%2Fwww%2Fwp-trackback.php&path=%2Fhome%2Ffalconiapl2015%2Fwww HTTP/2.0" 200 4105 "-" "Mozilla/5.0 AppleWebKit/537.36 (KHTML, like Gecko; compatible; ClaudeBot/1.0; +claudebot@anthropic.com)" 521 **0/521508**
74.7.227.0 - - [28/Mar/2026:05:41:51 -0700] "GET /?fileloc=//opt/alt/tests/alt-php83-pecl-mongodb_1.18.1-1.el8/tests/dbref-valid-008.phpt&path=//opt/alt/tests/alt-php83-pecl-mongodb_1.18.1-1.el8/tests HTTP/2.0" 200 2845 "https://falcon-ia.com/?path=//opt/alt/tests/alt-php83-pecl-mongodb_1.18.1-1.el8/tests" "Mozilla/5.0 AppleWebKit/537.36 (KHTML, like Gecko; compatible; GPTBot/1.3; +https://openai.com/gptbot)" 518 **0/518063**
216.73.216.162 - - [28/Mar/2026:05:41:54 -0700] "GET /item/2812949811?fileloc=%2Fhome%2Ffalconiapl2015%2Ferror_log&path=%2Fhome%2Ffalconiapl2015 HTTP/2.0" 200 2555 "-" "Mozilla/5.0 AppleWebKit/537.36 (KHTML, like Gecko; compatible; ClaudeBot/1.0; +claudebot@anthropic.com)" 496 **0/496244**
74.7.227.0 - - [28/Mar/2026:05:41:55 -0700] "GET /?fileloc=//opt/alt/tests/alt-php82-pecl-mongodb_1.18.1-1.el8/tests/symbol-valid-005.phpt&path=//opt/alt/tests/alt-php82-pecl-mongodb_1.18.1-1.el8/tests HTTP/2.0" 200 2797 "https://falcon-ia.com/?path=//opt/alt/tests/alt-php82-pecl-mongodb_1.18.1-1.el8/tests" "Mozilla/5.0 AppleWebKit/537.36 (KHTML, like Gecko; compatible; GPTBot/1.3; +https://openai.com/gptbot)" 499 **0/499634**
216.73.216.162 - - [28/Mar/2026:05:41:57 -0700] "GET /item/2836828833?fileloc=%2Fhome%2Ffalconiapl2015%2F.bashrc&path=%2Fhome%2Ffalconiapl2015 HTTP/2.0" 200 2309 "-" "Mozilla/5.0 AppleWebKit/537.36 (KHTML, like Gecko; compatible; ClaudeBot/1.0; +claudebot@anthropic.com)" 513 **0/513943**
74.7.227.0 - - [28/Mar/2026:05:41:58 -0700] "GET /?fileloc=//opt/alt/tests/alt-php80-pecl-mongodb_1.18.1-1.el8/tests/dbref-valid-007.phpt&path=//opt/alt/tests/alt-php80-pecl-mongodb_1.18.1-1.el8/tests HTTP/2.0" 200 2794 "https://falcon-ia.com/?path=//opt/alt/tests/alt-php80-pecl-mongodb_1.18.1-1.el8/tests" "Mozilla/5.0 AppleWebKit/537.36 (KHTML, like Gecko; compatible; GPTBot/1.3; +https://openai.com/gptbot)" 512 **0/512343**
40.77.167.24 - - [28/Mar/2026:05:41:58 -0700] "GET /t%C3%BCrk%C3%A7e-blackjack-oyna/ HTTP/2.0" 200 24898 "-" "Mozilla/5.0 AppleWebKit/537.36 (KHTML, like Gecko; compatible; bingbot/2.0; +http://www.bing.com/bingbot.htm) Chrome/116.0.1938.76 Safari/537.36" 1628 **1/1628901**
114.119.141.9 - - [28/Mar/2026:05:42:00 -0700] "GET /commodity/vv/sao172111461176?fileloc=/home/falconiapl2015/public_html/wp-load.php&path=/home/falconiapl2015/public_html HTTP/1.1" 200 4153 "https://falcon-ia.com/commodity/vv/sao172111461176" "Mozilla/5.0 (Linux; Android 7.0;) AppleWebKit/537.36 (KHTML, like Gecko) Mobile Safari/537.36 (compatible; PetalBot;+https://webmaster.petalsearch.com/site/petalbot)" 500 **0/500391**
216.73.216.162 - - [28/Mar/2026:05:42:00 -0700] "GET /item/1176866065?fileloc=%2Fhome%2Ffalconiapl2015%2Ferror_log&path=%2Fhome%2Ffalconiapl2015 HTTP/2.0" 200 2555 "-" "Mozilla/5.0 AppleWebKit/537.36 (KHTML, like Gecko; compatible; ClaudeBot/1.0; +claudebot@anthropic.com)" 534 **0/534397**
74.7.227.0 - - [28/Mar/2026:05:42:01 -0700] "GET /?fileloc=//opt/alt/tests/alt-php80-pecl-mongodb_1.18.1-1.el8/tests/regex-valid-005.phpt&path=//opt/alt/tests/alt-php80-pecl-mongodb_1.18.1-1.el8/tests HTTP/2.0" 200 2800 "https://falcon-ia.com/?path=//opt/alt/tests/alt-php80-pecl-mongodb_1.18.1-1.el8/tests" "Mozilla/5.0 AppleWebKit/537.36 (KHTML, like Gecko; compatible; GPTBot/1.3; +https://openai.com/gptbot)" 595 **0/595175**
216.73.216.162 - - [28/Mar/2026:05:42:03 -0700] "GET /item/259916815?fileloc=%2Fhome%2Ffalconiapl2015%2Fnew%2Fwp-includes%2Fglobal-styles-and-settings.php&path=%2Fhome%2Ffalconiapl2015%2Fnew%2Fwp-includes HTTP/2.0" 200 7712 "-" "Mozilla/5.0 AppleWebKit/537.36 (KHTML, like Gecko; compatible; ClaudeBot/1.0; +claudebot@anthropic.com)" 577 **0/577119**
74.7.227.0 - - [28/Mar/2026:05:42:04 -0700] "GET /?fileloc=//opt/alt/tests/alt-php82-pecl-mongodb_1.18.1-1.el8/tests/array-valid-004.phpt&path=//opt/alt/tests/alt-php82-pecl-mongodb_1.18.1-1.el8/tests HTTP/2.0" 200 2839 "https://falcon-ia.com/?path=//opt/alt/tests/alt-php82-pecl-mongodb_1.18.1-1.el8/tests" "Mozilla/5.0 AppleWebKit/537.36 (KHTML, like Gecko; compatible; GPTBot/1.3; +https://openai.com/gptbot)" 539 **0/539353**
216.73.216.162 - - [28/Mar/2026:05:42:06 -0700] "GET /item/3199447013?fileloc=%2Fhome%2Ffalconiapl2015%2Fpublic_html%2Fwp-content%2Fai1wm-backups%2Findex.php&path=%2Fhome%2Ffalconiapl2015%2Fpublic_html%2Fwp-content%2Fai1wm-backups HTTP/2.0" 200 2307 "-" "Mozilla/5.0 AppleWebKit/537.36 (KHTML, like Gecko; compatible; ClaudeBot/1.0; +claudebot@anthropic.com)" 503 **0/503672**
74.7.227.0 - - [28/Mar/2026:05:42:07 -0700] "GET /?fileloc=//opt/alt/tests/alt-php82-pecl-mongodb_1.18.1-1.el8/tests/topologyDescription-constants.phpt&path=//opt/alt/tests/alt-php82-pecl-mongodb_1.18.1-1.el8/tests HTTP/2.0" 200 2574 "https://falcon-ia.com/?path=//opt/alt/tests/alt-php82-pecl-mongodb_1.18.1-1.el8/tests" "Mozilla/5.0 AppleWebKit/537.36 (KHTML, like Gecko; compatible; GPTBot/1.3; +https://openai.com/gptbot)" 511 **0/511805**
216.73.216.162 - - [28/Mar/2026:05:42:09 -0700] "GET /item/1979975446?fileloc=%2Fhome%2Ffalconiapl2015%2F.cpanel%2Fnvdata%2Fanalytics&path=%2Fhome%2Ffalconiapl2015%2F.cpanel%2Fnvdata HTTP/2.0" 200 2268 "-" "Mozilla/5.0 AppleWebKit/537.36 (KHTML, like Gecko; compatible; ClaudeBot/1.0; +claudebot@anthropic.com)" 570 **0/570729**
74.7.227.0 - - [28/Mar/2026:05:42:10 -0700] "GET /?fileloc=//opt/alt/tests/alt-php83-pecl-mongodb_1.18.1-1.el8/tests/bson-int64-003.phpt&path=//opt/alt/tests/alt-php83-pecl-mongodb_1.18.1-1.el8/tests HTTP/2.0" 200 2669 "https://falcon-ia.com/?path=//opt/alt/tests/alt-php83-pecl-mongodb_1.18.1-1.el8/tests" "Mozilla/5.0 AppleWebKit/537.36 (KHTML, like Gecko; compatible; GPTBot/1.3; +https://openai.com/gptbot)" 530 **0/530731**
216.73.216.162 - - [28/Mar/2026:05:42:12 -0700] "GET /item/715786366?fileloc=%2Fhome%2Ffalconiapl2015%2Fpublic_html%2F.tmb%2F.htaccess&path=%2Fhome%2Ffalconiapl2015%2Fpublic_html%2F.tmb HTTP/2.0" 200 2368 "-" "Mozilla/5.0 AppleWebKit/537.36 (KHTML, like Gecko; compatible; ClaudeBot/1.0; +claudebot@anthropic.com)" 528 **0/528564**
74.7.227.0 - - [28/Mar/2026:05:42:14 -0700] "GET /?fileloc=//opt/alt/tests/alt-php83-pecl-mongodb_1.18.1-1.el8/tests/bson-undefined-compare-001.phpt&path=//opt/alt/tests/alt-php83-pecl-mongodb_1.18.1-1.el8/tests HTTP/2.0" 200 2494 "https://falcon-ia.com/?path=//opt/alt/tests/alt-php83-pecl-mongodb_1.18.1-1.el8/tests" "Mozilla/5.0 AppleWebKit/537.36 (KHTML, like Gecko; compatible; GPTBot/1.3; +https://openai.com/gptbot)" 537 **0/537835**
216.73.216.162 - - [28/Mar/2026:05:42:15 -0700] "GET /item/1543075150?fileloc=%2Fhome%2Ffalconiapl2015%2Fpublic_html%2Fwp-content%2Fai1wm-backups%2Findex.php&path=%2Fhome%2Ffalconiapl2015%2Fpublic_html%2Fwp-content%2Fai1wm-backups HTTP/2.0" 200 2307 "-" "Mozilla/5.0 AppleWebKit/537.36 (KHTML, like Gecko; compatible; ClaudeBot/1.0; +claudebot@anthropic.com)" 523 **0/523257**
74.7.227.0 - - [28/Mar/2026:05:42:17 -0700] "GET /?fileloc=//opt/alt/tests/alt-php83-pecl-mongodb_1.18.1-1.el8/tests/bson-javascript-001.phpt&path=//opt/alt/tests/alt-php83-pecl-mongodb_1.18.1-1.el8/tests HTTP/2.0" 200 2666 "https://falcon-ia.com/?path=//opt/alt/tests/alt-php83-pecl-mongodb_1.18.1-1.el8/tests" "Mozilla/5.0 AppleWebKit/537.36 (KHTML, like Gecko; compatible; GPTBot/1.3; +https://openai.com/gptbot)" 522 **0/522183**
216.73.216.162 - - [28/Mar/2026:05:42:18 -0700] "GET /item/2580943736?path=%2Fhome%2Ffalconiapl2015%2Fmail%2F.gayathrijois%40falcon-ia_com HTTP/2.0" 200 3180 "-" "Mozilla/5.0 AppleWebKit/537.36 (KHTML, like Gecko; compatible; ClaudeBot/1.0; +claudebot@anthropic.com)" 573 **0/573074**
74.7.227.0 - - [28/Mar/2026:05:42:20 -0700] "GET /?fileloc=//opt/alt/tests/alt-php83-pecl-mongodb_1.18.1-1.el8/tests/standalone-auth_error-001.phpt&path=//opt/alt/tests/alt-php83-pecl-mongodb_1.18.1-1.el8/tests HTTP/2.0" 200 2814 "https://falcon-ia.com/?path=//opt/alt/tests/alt-php83-pecl-mongodb_1.18.1-1.el8/tests" "Mozilla/5.0 AppleWebKit/537.36 (KHTML, like Gecko; compatible; GPTBot/1.3; +https://openai.com/gptbot)" 556 **0/556782**
216.73.216.162 - - [28/Mar/2026:05:42:21 -0700] "GET /item/3198071407?fileloc=%2Fhome%2Ffalconiapl2015%2F.bashrc&path=%2Fhome%2Ffalconiapl2015 HTTP/2.0" 200 2309 "-" "Mozilla/5.0 AppleWebKit/537.36 (KHTML, like Gecko; compatible; ClaudeBot/1.0; +claudebot@anthropic.com)" 547 **0/547596**
40.77.167.43 - - [28/Mar/2026:05:42:22 -0700] "GET /commodity/memorandum/employer17202121726 HTTP/2.0" 200 28255 "-" "Mozilla/5.0 AppleWebKit/537.36 (KHTML, like Gecko; compatible; bingbot/2.0; +http://www.bing.com/bingbot.htm) Chrome/116.0.1938.76 Safari/537.36" 1620 **1/1620757**
74.7.227.0 - - [28/Mar/2026:05:42:23 -0700] "GET /?fileloc=//opt/alt/tests/alt-php83-pecl-mongodb_1.18.1-1.el8/tests/readconcern-serialization-002.phpt&path=//opt/alt/tests/alt-php83-pecl-mongodb_1.18.1-1.el8/tests HTTP/2.0" 200 2640 "https://falcon-ia.com/?path=//opt/alt/tests/alt-php83-pecl-mongodb_1.18.1-1.el8/tests" "Mozilla/5.0 AppleWebKit/537.36 (KHTML, like Gecko; compatible; GPTBot/1.3; +https://openai.com/gptbot)" 519 **0/519205**
216.73.216.162 - - [28/Mar/2026:05:42:24 -0700] "GET /item/1772124902?fileloc=%2Fhome%2Ffalconiapl2015%2Fnew%2Fwp-config-sample.php&path=%2Fhome%2Ffalconiapl2015%2Fnew HTTP/2.0" 200 3455 "-" "Mozilla/5.0 AppleWebKit/537.36 (KHTML, like Gecko; compatible; ClaudeBot/1.0; +claudebot@anthropic.com)" 554 **0/554907**
74.7.227.0 - - [28/Mar/2026:05:42:26 -0700] "GET /?fileloc=//opt/alt/tests/alt-php83-pecl-mongodb_1.18.1-1.el8/tests/cursor-tailable-003.phpt&path=//opt/alt/tests/alt-php83-pecl-mongodb_1.18.1-1.el8/tests HTTP/2.0" 200 2887 "https://falcon-ia.com/?path=//opt/alt/tests/alt-php83-pecl-mongodb_1.18.1-1.el8/tests" "Mozilla/5.0 AppleWebKit/537.36 (KHTML, like Gecko; compatible; GPTBot/1.3; +https://openai.com/gptbot)" 545 **0/545715**
216.73.216.162 - - [28/Mar/2026:05:42:27 -0700] "GET /item/3948353480?fileloc=%2Fhome%2Ffalconiapl2015%2F.imunify_patch_id&path=%2Fhome%2Ffalconiapl2015 HTTP/2.0" 200 2320 "-" "Mozilla/5.0 AppleWebKit/537.36 (KHTML, like Gecko; compatible; ClaudeBot/1.0; +claudebot@anthropic.com)" 510 **0/510498**
52.167.144.171 - - [28/Mar/2026:05:42:26 -0700] "GET /?c.6981744106600.html HTTP/2.0" 200 29902 "-" "Mozilla/5.0 AppleWebKit/537.36 (KHTML, like Gecko; compatible; bingbot/2.0; +http://www.bing.com/bingbot.htm) Chrome/116.0.1938.76 Safari/537.36" 1683 **1/1683446**
74.7.227.0 - - [28/Mar/2026:05:42:29 -0700] "GET /?fileloc=//opt/alt/tests/alt-php80-pecl-mongodb_1.18.1-1.el8/tests/readpreference-debug-001.phpt&path=//opt/alt/tests/alt-php80-pecl-mongodb_1.18.1-1.el8/tests HTTP/2.0" 200 2858 "https://falcon-ia.com/?path=//opt/alt/tests/alt-php80-pecl-mongodb_1.18.1-1.el8/tests" "Mozilla/5.0 AppleWebKit/537.36 (KHTML, like Gecko; compatible; GPTBot/1.3; +https://openai.com/gptbot)" 531 **0/531808**
216.73.216.162 - - [28/Mar/2026:05:42:30 -0700] "GET /item/775905488?fileloc=%2Fhome%2Ffalconiapl2015%2Fpublic_html%2Fwp-content%2Fupgrade-temp-backup%2F.htaccess&path=%2Fhome%2Ffalconiapl2015%2Fpublic_html%2Fwp-content%2Fupgrade-temp-backup HTTP/2.0" 200 2396 "-" "Mozilla/5.0 AppleWebKit/537.36 (KHTML, like Gecko; compatible; ClaudeBot/1.0; +claudebot@anthropic.com)" 531 **0/531082**
74.7.227.0 - - [28/Mar/2026:05:42:33 -0700] "GET /?fileloc=//opt/alt/tests/alt-php82-pecl-mongodb_1.18.1-1.el8/tests/retryable-writes-003.phpt&path=//opt/alt/tests/alt-php82-pecl-mongodb_1.18.1-1.el8/tests HTTP/2.0" 200 3163 "https://falcon-ia.com/?path=//opt/alt/tests/alt-php82-pecl-mongodb_1.18.1-1.el8/tests" "Mozilla/5.0 AppleWebKit/537.36 (KHTML, like Gecko; compatible; GPTBot/1.3; +https://openai.com/gptbot)" 536 **0/536395**
216.73.216.162 - - [28/Mar/2026:05:42:33 -0700] "GET /item/3519617912?fileloc=%2Fhome%2Ffalconiapl2015%2Fpublic_html%2Fwp-links-opml.php&path=%2Fhome%2Ffalconiapl2015%2Fpublic_html HTTP/2.0" 200 3349 "-" "Mozilla/5.0 AppleWebKit/537.36 (KHTML, like Gecko; compatible; ClaudeBot/1.0; +claudebot@anthropic.com)" 492 **0/492277**
74.7.227.0 - - [28/Mar/2026:05:42:36 -0700] "GET /?fileloc=//opt/alt/tests/alt-php80-pecl-mongodb_1.18.1-1.el8/tests/bson-minkey-clone-001.phpt&path=//opt/alt/tests/alt-php80-pecl-mongodb_1.18.1-1.el8/tests HTTP/2.0" 200 2568 "https://falcon-ia.com/?path=//opt/alt/tests/alt-php80-pecl-mongodb_1.18.1-1.el8/tests" "Mozilla/5.0 AppleWebKit/537.36 (KHTML, like Gecko; compatible; GPTBot/1.3; +https://openai.com/gptbot)" 575 **0/575704**
216.73.216.162 - - [28/Mar/2026:05:42:36 -0700] "GET /item/217684840?fileloc=%2Fhome%2Ffalconiapl2015%2Fpublic_html%2Fwp-content%2Fai1wm-backups%2Findex.php&path=%2Fhome%2Ffalconiapl2015%2Fpublic_html%2Fwp-content%2Fai1wm-backups HTTP/2.0" 200 2307 "-" "Mozilla/5.0 AppleWebKit/537.36 (KHTML, like Gecko; compatible; ClaudeBot/1.0; +claudebot@anthropic.com)" 496 **0/496886**
74.7.227.0 - - [28/Mar/2026:05:42:39 -0700] "GET /?path=//opt/alt/python33/lib64/python3.3/unittest/__pycache__ HTTP/2.0" 200 3106 "https://falcon-ia.com/?path=//opt/alt/python33/lib64/python3.3/unittest" "Mozilla/5.0 AppleWebKit/537.36 (KHTML, like Gecko; compatible; GPTBot/1.3; +https://openai.com/gptbot)" 558 **0/558707**
216.73.216.162 - - [28/Mar/2026:05:42:39 -0700] "GET /item/506478753?fileloc=%2Fhome%2Ffalconiapl2015%2Fpublic_html%2Fwp-signup.php&path=%2Fhome%2Ffalconiapl2015%2Fpublic_html HTTP/2.0" 200 10251 "-" "Mozilla/5.0 AppleWebKit/537.36 (KHTML, like Gecko; compatible; ClaudeBot/1.0; +claudebot@anthropic.com)" 538 **0/538815**
216.73.216.162 - - [28/Mar/2026:05:42:42 -0700] "GET /item/676906733?fileloc=%2Fhome%2Ffalconiapl2015%2Fpublic_html%2Fwp-content%2Fai1wm-backups%2Findex.php&path=%2Fhome%2Ffalconiapl2015%2Fpublic_html%2Fwp-content%2Fai1wm-backups HTTP/2.0" 200 2307 "-" "Mozilla/5.0 AppleWebKit/537.36 (KHTML, like Gecko; compatible; ClaudeBot/1.0; +claudebot@anthropic.com)" 528 **0/528518**
74.7.227.0 - - [28/Mar/2026:05:42:42 -0700] "GET /?fileloc=//opt/alt/tests/alt-php82-pecl-mongodb_1.18.1-1.el8/tests/query-ctor-comment-001.phpt&path=//opt/alt/tests/alt-php82-pecl-mongodb_1.18.1-1.el8/tests HTTP/2.0" 200 2957 "https://falcon-ia.com/?path=//opt/alt/tests/alt-php82-pecl-mongodb_1.18.1-1.el8/tests" "Mozilla/5.0 AppleWebKit/537.36 (KHTML, like Gecko; compatible; GPTBot/1.3; +https://openai.com/gptbot)" 542 **0/542468**
216.73.216.162 - - [28/Mar/2026:05:42:45 -0700] "GET /item/3000726438?fileloc=%2Fhome%2Ffalconiapl2015%2F.imunify_patch_id&path=%2Fhome%2Ffalconiapl2015 HTTP/2.0" 200 2320 "-" "Mozilla/5.0 AppleWebKit/537.36 (KHTML, like Gecko; compatible; ClaudeBot/1.0; +claudebot@anthropic.com)" 510 **0/510839**
74.7.227.0 - - [28/Mar/2026:05:42:45 -0700] "GET /?fileloc=//opt/alt/tests/alt-php82-pecl-mongodb_1.18.1-1.el8/tests/typemap-007.phpt&path=//opt/alt/tests/alt-php82-pecl-mongodb_1.18.1-1.el8/tests HTTP/2.0" 200 3229 "https://falcon-ia.com/?path=//opt/alt/tests/alt-php82-pecl-mongodb_1.18.1-1.el8/tests" "Mozilla/5.0 AppleWebKit/537.36 (KHTML, like Gecko; compatible; GPTBot/1.3; +https://openai.com/gptbot)" 507 **0/507113**
216.73.216.162 - - [28/Mar/2026:05:42:48 -0700] "GET /item/1887989693?fileloc=%2Fhome%2Ffalconiapl2015%2Fpublic_html%2Fwp-admin%2Fimages%2Floading.gif&path=%2Fhome%2Ffalconiapl2015%2Fpublic_html%2Fwp-admin%2Fimages HTTP/2.0" 200 3490 "-" "Mozilla/5.0 AppleWebKit/537.36 (KHTML, like Gecko; compatible; ClaudeBot/1.0; +claudebot@anthropic.com)" 557 **0/557032**
74.7.227.0 - - [28/Mar/2026:05:42:49 -0700] "GET /?path=//opt/alt/tests/alt-php74-pecl-brotli_0.18.3-2.el8/brotli HTTP/2.0" 200 2593 "https://falcon-ia.com/?path=//opt/alt/tests/alt-php74-pecl-brotli_0.18.3-2.el8" "Mozilla/5.0 AppleWebKit/537.36 (KHTML, like Gecko; compatible; GPTBot/1.3; +https://openai.com/gptbot)" 537 **0/537829**
216.73.216.162 - - [28/Mar/2026:05:42:51 -0700] "GET /item/2056639609?fileloc=%2Fhome%2Ffalconiapl2015%2F.bashrc&path=%2Fhome%2Ffalconiapl2015 HTTP/2.0" 200 2309 "-" "Mozilla/5.0 AppleWebKit/537.36 (KHTML, like Gecko; compatible; ClaudeBot/1.0; +claudebot@anthropic.com)" 513 **0/513730**
74.7.227.0 - - [28/Mar/2026:05:42:52 -0700] "GET /?path=//opt/alt/tests/alt-php56-pecl-brotli_0.14.2-2.el8/brotli HTTP/2.0" 200 2591 "https://falcon-ia.com/?path=//opt/alt/tests/alt-php56-pecl-brotli_0.14.2-2.el8" "Mozilla/5.0 AppleWebKit/537.36 (KHTML, like Gecko; compatible; GPTBot/1.3; +https://openai.com/gptbot)" 524 **0/524022**
216.73.216.162 - - [28/Mar/2026:05:42:54 -0700] "GET /item/3314517277?fileloc=%2Fhome%2Ffalconiapl2015%2F.bash_profile&path=%2Fhome%2Ffalconiapl2015 HTTP/2.0" 200 2390 "-" "Mozilla/5.0 AppleWebKit/537.36 (KHTML, like Gecko; compatible; ClaudeBot/1.0; +claudebot@anthropic.com)" 537 **0/537220**
74.7.227.0 - - [28/Mar/2026:05:42:55 -0700] "GET /?fileloc=//opt/alt/tests/alt-php82-pecl-mongodb_1.18.1-1.el8/tests/bug0274.phpt&path=//opt/alt/tests/alt-php82-pecl-mongodb_1.18.1-1.el8/tests HTTP/2.0" 200 2851 "https://falcon-ia.com/?path=//opt/alt/tests/alt-php82-pecl-mongodb_1.18.1-1.el8/tests" "Mozilla/5.0 AppleWebKit/537.36 (KHTML, like Gecko; compatible; GPTBot/1.3; +https://openai.com/gptbot)" 528 **0/528611**
216.73.216.162 - - [28/Mar/2026:05:42:57 -0700] "GET /item/4070019142?fileloc=%2Fhome%2Ffalconiapl2015%2Ferror_log&path=%2Fhome%2Ffalconiapl2015 HTTP/2.0" 200 2555 "-" "Mozilla/5.0 AppleWebKit/537.36 (KHTML, like Gecko; compatible; ClaudeBot/1.0; +claudebot@anthropic.com)" 546 **0/546213**
74.7.227.0 - - [28/Mar/2026:05:42:58 -0700] "GET /?fileloc=//opt/alt/tests/alt-php82-pecl-mongodb_1.18.1-1.el8/tests/bson-document-fromBSON-001.phpt&path=//opt/alt/tests/alt-php82-pecl-mongodb_1.18.1-1.el8/tests HTTP/2.0" 200 2573 "https://falcon-ia.com/?path=//opt/alt/tests/alt-php82-pecl-mongodb_1.18.1-1.el8/tests" "Mozilla/5.0 AppleWebKit/537.36 (KHTML, like Gecko; compatible; GPTBot/1.3; +https://openai.com/gptbot)" 576 **0/576815**
216.73.216.162 - - [28/Mar/2026:05:43:00 -0700] "GET /item/696103199?fileloc=%2Fhome%2Ffalconiapl2015%2Fpublic_html%2F.tmb%2F.htaccess&path=%2Fhome%2Ffalconiapl2015%2Fpublic_html%2F.tmb HTTP/2.0" 200 2368 "-" "Mozilla/5.0 AppleWebKit/537.36 (KHTML, like Gecko; compatible; ClaudeBot/1.0; +claudebot@anthropic.com)" 536 **0/536639**
74.7.227.0 - - [28/Mar/2026:05:43:01 -0700] "GET /?fileloc=//opt/alt/tests/alt-php83-pecl-mongodb_1.18.1-1.el8/tests/bson-document-fromJSON-001.phpt&path=//opt/alt/tests/alt-php83-pecl-mongodb_1.18.1-1.el8/tests HTTP/2.0" 200 2819 "https://falcon-ia.com/?path=//opt/alt/tests/alt-php83-pecl-mongodb_1.18.1-1.el8/tests" "Mozilla/5.0 AppleWebKit/537.36 (KHTML, like Gecko; compatible; GPTBot/1.3; +https://openai.com/gptbot)" 571 **0/571511**
216.73.216.162 - - [28/Mar/2026:05:43:03 -0700] "GET /item/758550434?fileloc=%2Fhome%2Ffalconiapl2015%2Fpublic_html%2Fwp-content%2Fai1wm-backups%2Findex.php&path=%2Fhome%2Ffalconiapl2015%2Fpublic_html%2Fwp-content%2Fai1wm-backups HTTP/2.0" 200 2307 "-" "Mozilla/5.0 AppleWebKit/537.36 (KHTML, like Gecko; compatible; ClaudeBot/1.0; +claudebot@anthropic.com)" 561 **0/561942**
74.7.227.0 - - [28/Mar/2026:05:43:04 -0700] "GET /?fileloc=//opt/alt/tests/alt-php80-pecl-mongodb_1.18.1-1.el8/tests/cursor-session-002.phpt&path=//opt/alt/tests/alt-php80-pecl-mongodb_1.18.1-1.el8/tests HTTP/2.0" 200 2897 "https://falcon-ia.com/?path=//opt/alt/tests/alt-php80-pecl-mongodb_1.18.1-1.el8/tests" "Mozilla/5.0 AppleWebKit/537.36 (KHTML, like Gecko; compatible; GPTBot/1.3; +https://openai.com/gptbot)" 556 **0/556250**
216.73.216.162 - - [28/Mar/2026:05:43:06 -0700] "GET /item/1016041926?fileloc=%2Fhome%2Ffalconiapl2015%2F.bash_profile&path=%2Fhome%2Ffalconiapl2015 HTTP/2.0" 200 2390 "-" "Mozilla/5.0 AppleWebKit/537.36 (KHTML, like Gecko; compatible; ClaudeBot/1.0; +claudebot@anthropic.com)" 598 **0/598895**
74.7.227.0 - - [28/Mar/2026:05:43:07 -0700] "GET /?path=//opt/alt/tests/alt-php56-pecl-brotli_0.14.2-2.el8/tests HTTP/2.0" 200 3352 "https://falcon-ia.com/?path=//opt/alt/tests/alt-php56-pecl-brotli_0.14.2-2.el8" "Mozilla/5.0 AppleWebKit/537.36 (KHTML, like Gecko; compatible; GPTBot/1.3; +https://openai.com/gptbot)" 546 **0/546454**
216.73.216.162 - - [28/Mar/2026:05:43:09 -0700] "GET /item/430338372?fileloc=%2Fhome%2Ffalconiapl2015%2Ferror_log&path=%2Fhome%2Ffalconiapl2015 HTTP/2.0" 200 2555 "-" "Mozilla/5.0 AppleWebKit/537.36 (KHTML, like Gecko; compatible; ClaudeBot/1.0; +claudebot@anthropic.com)" 534 **0/534563**
74.7.227.0 - - [28/Mar/2026:05:43:11 -0700] "GET /?path=//opt/alt/tests/alt-php74-pecl-brotli_0.18.3-2.el8/tests HTTP/2.0" 200 3780 "https://falcon-ia.com/?path=//opt/alt/tests/alt-php74-pecl-brotli_0.18.3-2.el8" "Mozilla/5.0 AppleWebKit/537.36 (KHTML, like Gecko; compatible; GPTBot/1.3; +https://openai.com/gptbot)" 520 **0/520739**
216.73.216.162 - - [28/Mar/2026:05:43:12 -0700] "GET /item/3076405745?fileloc=%2Fhome%2Ffalconiapl2015%2Fpublic_html%2Fwp-content%2Fai1wm-backups%2Findex.php&path=%2Fhome%2Ffalconiapl2015%2Fpublic_html%2Fwp-content%2Fai1wm-backups HTTP/2.0" 403 3449 "-" "Mozilla/5.0 AppleWebKit/537.36 (KHTML, like Gecko; compatible; ClaudeBot/1.0; +claudebot@anthropic.com)" 522 **0/522101**
74.7.227.0 - - [28/Mar/2026:05:43:14 -0700] "GET /?path=//opt/alt/python34/lib64/python3.4/unittest HTTP/2.0" 200 2988 "https://falcon-ia.com/?path=//opt/alt/python34/lib64/python3.4" "Mozilla/5.0 AppleWebKit/537.36 (KHTML, like Gecko; compatible; GPTBot/1.3; +https://openai.com/gptbot)" 501 **0/501203**
185.191.171.2 - - [28/Mar/2026:05:43:15 -0700] "GET /commodity/transcend/breastfeeding17179708066 HTTP/1.1" 200 3956 "-" "Mozilla/5.0 (compatible; SemrushBot/7~bl; +http://www.semrush.com/bot.html)" 547 **0/547726**
216.73.216.162 - - [28/Mar/2026:05:43:15 -0700] "GET /item/1288996075?fileloc=%2Fhome%2Ffalconiapl2015%2Fpublic_html%2Fwp-signup.php&path=%2Fhome%2Ffalconiapl2015%2Fpublic_html HTTP/2.0" 403 3449 "-" "Mozilla/5.0 AppleWebKit/537.36 (KHTML, like Gecko; compatible; ClaudeBot/1.0; +claudebot@anthropic.com)" 510 **0/510807**
74.7.227.0 - - [28/Mar/2026:05:43:17 -0700] "GET /?path=//opt/alt/python27/lib64/python2.7/unittest HTTP/2.0" 200 3278 "https://falcon-ia.com/?path=//opt/alt/python27/lib64/python2.7" "Mozilla/5.0 AppleWebKit/537.36 (KHTML, like Gecko; compatible; GPTBot/1.3; +https://openai.com/gptbot)" 537 **0/537214**
216.73.216.162 - - [28/Mar/2026:05:43:18 -0700] "GET /item/1143665591?fileloc=%2Fhome%2Ffalconiapl2015%2F.imunify_patch_id&path=%2Fhome%2Ffalconiapl2015 HTTP/2.0" 403 3449 "-" "Mozilla/5.0 AppleWebKit/537.36 (KHTML, like Gecko; compatible; ClaudeBot/1.0; +claudebot@anthropic.com)" 536 **0/536645**
185.191.171.4 - - [28/Mar/2026:05:43:19 -0700] "GET /commodity/ware/nudist171919475507 HTTP/1.1" 200 3956 "-" "Mozilla/5.0 (compatible; SemrushBot/7~bl; +http://www.semrush.com/bot.html)" 494 **0/494689**
74.7.227.0 - - [28/Mar/2026:05:43:20 -0700] "GET /?path=//opt/alt/python39/lib64/python3.9/unittest HTTP/2.0" 200 3044 "https://falcon-ia.com/?path=//opt/alt/python39/lib64/python3.9" "Mozilla/5.0 AppleWebKit/537.36 (KHTML, like Gecko; compatible; GPTBot/1.3; +https://openai.com/gptbot)" 520 **0/520803**
216.73.216.162 - - [28/Mar/2026:05:43:21 -0700] "GET /item/2812949811?fileloc=%2Fhome%2Ffalconiapl2015%2F.bash_profile&path=%2Fhome%2Ffalconiapl2015 HTTP/2.0" 403 3449 "-" "Mozilla/5.0 AppleWebKit/537.36 (KHTML, like Gecko; compatible; ClaudeBot/1.0; +claudebot@anthropic.com)" 504 **0/504697**
74.7.227.0 - - [28/Mar/2026:05:43:23 -0700] "GET /?path=//opt/alt/tests/alt-php74-pecl-brotli_0.18.3-2.el8/brotli/c HTTP/2.0" 200 2678 "https://falcon-ia.com/?path=//opt/alt/tests/alt-php74-pecl-brotli_0.18.3-2.el8/brotli" "Mozilla/5.0 AppleWebKit/537.36 (KHTML, like Gecko; compatible; GPTBot/1.3; +https://openai.com/gptbot)" 523 **0/523847**
185.191.171.8 - - [28/Mar/2026:05:43:24 -0700] "GET /commodity/metallica/segmentation171827937766 HTTP/1.1" 200 3956 "-" "Mozilla/5.0 (compatible; SemrushBot/7~bl; +http://www.semrush.com/bot.html)" 512 **0/512122**
216.73.216.162 - - [28/Mar/2026:05:43:24 -0700] "GET /item/1789643479?fileloc=%2Fhome%2Ffalconiapl2015%2Fcache%2Fcache_26802bca0b9b868077ed3f810a2e0fd3&path=%2Fhome%2Ffalconiapl2015%2Fcache HTTP/2.0" 403 3449 "-" "Mozilla/5.0 AppleWebKit/537.36 (KHTML, like Gecko; compatible; ClaudeBot/1.0; +claudebot@anthropic.com)" 502 **0/502094**
216.73.216.162 - - [28/Mar/2026:05:43:27 -0700] "GET /item/1176866065?fileloc=%2Fhome%2Ffalconiapl2015%2F.bash_profile&path=%2Fhome%2Ffalconiapl2015 HTTP/2.0" 403 3449 "-" "Mozilla/5.0 AppleWebKit/537.36 (KHTML, like Gecko; compatible; ClaudeBot/1.0; +claudebot@anthropic.com)" 500 **0/500698**
74.7.227.0 - - [28/Mar/2026:05:43:26 -0700] "GET /?path=//opt/alt/tests/alt-php56-pecl-brotli_0.14.2-2.el8/brotli/c HTTP/2.0" 200 2677 "https://falcon-ia.com/?path=//opt/alt/tests/alt-php56-pecl-brotli_0.14.2-2.el8/brotli" "Mozilla/5.0 AppleWebKit/537.36 (KHTML, like Gecko; compatible; GPTBot/1.3; +https://openai.com/gptbot)" 3241 **3/3241899**
185.191.171.10 - - [28/Mar/2026:05:43:29 -0700] "GET /commodity/riddle/upwards17197614013 HTTP/1.1" 200 3956 "-" "Mozilla/5.0 (compatible; SemrushBot/7~bl; +http://www.semrush.com/bot.html)" 543 **0/543443**
74.7.227.0 - - [28/Mar/2026:05:43:29 -0700] "GET /?path=//opt/alt/python38/lib64/python3.8/unittest HTTP/2.0" 200 3008 "https://falcon-ia.com/?path=//opt/alt/python38/lib64/python3.8" "Mozilla/5.0 AppleWebKit/537.36 (KHTML, like Gecko; compatible; GPTBot/1.3; +https://openai.com/gptbot)" 553 **0/553921**
216.73.216.162 - - [28/Mar/2026:05:43:30 -0700] "GET /item/4247680944?fileloc=%2Fhome%2Ffalconiapl2015%2Fpublic_html%2F.tmb%2F.htaccess&path=%2Fhome%2Ffalconiapl2015%2Fpublic_html%2F.tmb HTTP/2.0" 403 3449 "-" "Mozilla/5.0 AppleWebKit/537.36 (KHTML, like Gecko; compatible; ClaudeBot/1.0; +claudebot@anthropic.com)" 500 **0/500449**
114.119.143.130 - - [28/Mar/2026:05:43:30 -0700] "GET /commodity/violations/stakeholder17218649342 HTTP/1.1" 200 3956 "https://falcon-ia.com/sitemap_9.xml" "Mozilla/5.0 (Linux; Android 7.0;) AppleWebKit/537.36 (KHTML, like Gecko) Mobile Safari/537.36 (compatible; PetalBot;+https://webmaster.petalsearch.com/site/petalbot)" 534 **0/534053**
74.7.227.0 - - [28/Mar/2026:05:43:33 -0700] "GET /?path=//opt/alt/python37/lib64/python3.7/unittest HTTP/2.0" 200 2989 "https://falcon-ia.com/?path=//opt/alt/python37/lib64/python3.7" "Mozilla/5.0 AppleWebKit/537.36 (KHTML, like Gecko; compatible; GPTBot/1.3; +https://openai.com/gptbot)" 525 **0/525233**
216.73.216.162 - - [28/Mar/2026:05:43:33 -0700] "GET /item/897916492?fileloc=%2Fhome%2Ffalconiapl2015%2Fpublic_html%2Fwp-content%2Fai1wm-backups%2Findex.php&path=%2Fhome%2Ffalconiapl2015%2Fpublic_html%2Fwp-content%2Fai1wm-backups HTTP/2.0" 403 3449 "-" "Mozilla/5.0 AppleWebKit/537.36 (KHTML, like Gecko; compatible; ClaudeBot/1.0; +claudebot@anthropic.com)" 515 **0/515628**
185.191.171.9 - - [28/Mar/2026:05:43:34 -0700] "GET /commodity/conversion/disorders171620970413 HTTP/1.1" 200 3956 "-" "Mozilla/5.0 (compatible; SemrushBot/7~bl; +http://www.semrush.com/bot.html)" 496 **0/496783**
74.7.227.0 - - [28/Mar/2026:05:43:36 -0700] "GET /?path=//opt/alt/python35/lib64/python3.5/unittest HTTP/2.0" 200 2989 "https://falcon-ia.com/?path=//opt/alt/python35/lib64/python3.5" "Mozilla/5.0 AppleWebKit/537.36 (KHTML, like Gecko; compatible; GPTBot/1.3; +https://openai.com/gptbot)" 548 **0/548704**
216.73.216.162 - - [28/Mar/2026:05:43:36 -0700] "GET /item/17752166?fileloc=%2Fhome%2Ffalconiapl2015%2F.bashrc&path=%2Fhome%2Ffalconiapl2015 HTTP/2.0" 403 3449 "-" "Mozilla/5.0 AppleWebKit/537.36 (KHTML, like Gecko; compatible; ClaudeBot/1.0; +claudebot@anthropic.com)" 505 **0/505909**
74.7.227.0 - - [28/Mar/2026:05:43:39 -0700] "GET /?path=//opt/alt/python36/lib64/python3.6/unittest HTTP/2.0" 200 2992 "https://falcon-ia.com/?path=//opt/alt/python36/lib64/python3.6" "Mozilla/5.0 AppleWebKit/537.36 (KHTML, like Gecko; compatible; GPTBot/1.3; +https://openai.com/gptbot)" 528 **0/528657**
216.73.216.162 - - [28/Mar/2026:05:43:39 -0700] "GET /item/2642274973?fileloc=%2Fhome%2Ffalconiapl2015%2Fpublic_html%2Fwp-content%2Fai1wm-backups%2Findex.php&path=%2Fhome%2Ffalconiapl2015%2Fpublic_html%2Fwp-content%2Fai1wm-backups HTTP/2.0" 403 3449 "-" "Mozilla/5.0 AppleWebKit/537.36 (KHTML, like Gecko; compatible; ClaudeBot/1.0; +claudebot@anthropic.com)" 493 **0/493854**
74.7.227.0 - - [28/Mar/2026:05:43:42 -0700] "GET /?fileloc=//etc/skel/.bash_logout&path=//etc/skel HTTP/2.0" 200 2268 "https://falcon-ia.com/?path=//etc/skel" "Mozilla/5.0 AppleWebKit/537.36 (KHTML, like Gecko; compatible; GPTBot/1.3; +https://openai.com/gptbot)" 487 **0/487201**
216.73.216.162 - - [28/Mar/2026:05:43:42 -0700] "GET /item/1895166186?fileloc=%2Fhome%2Ffalconiapl2015%2F.cpanel%2Fdatastore%2Fftp_SESSIONS&path=%2Fhome%2Ffalconiapl2015%2F.cpanel%2Fdatastore HTTP/2.0" 403 3449 "-" "Mozilla/5.0 AppleWebKit/537.36 (KHTML, like Gecko; compatible; ClaudeBot/1.0; +claudebot@anthropic.com)" 497 **0/497389**
216.73.216.162 - - [28/Mar/2026:05:43:45 -0700] "GET /item/1908398258?fileloc=%2Fhome%2Ffalconiapl2015%2Fcache%2Fcache_252a63c80e382c9d9209488aa4afc109&path=%2Fhome%2Ffalconiapl2015%2Fcache HTTP/2.0" 403 3449 "-" "Mozilla/5.0 AppleWebKit/537.36 (KHTML, like Gecko; compatible; ClaudeBot/1.0; +claudebot@anthropic.com)" 547 **0/547970**
74.7.227.0 - - [28/Mar/2026:05:43:45 -0700] "GET /?path=//opt/alt/tests/alt-php74-pecl-brotli_0.18.3-2.el8/tests/files HTTP/2.0" 200 2769 "https://falcon-ia.com/?path=//opt/alt/tests/alt-php74-pecl-brotli_0.18.3-2.el8/tests" "Mozilla/5.0 AppleWebKit/537.36 (KHTML, like Gecko; compatible; GPTBot/1.3; +https://openai.com/gptbot)" 524 **0/524577**
216.73.216.162 - - [28/Mar/2026:05:43:48 -0700] "GET /item/1789643479?fileloc=%2Fhome%2Ffalconiapl2015%2Fcache%2Fcache_8c8e788cebc63413d300e711b2ddae43&path=%2Fhome%2Ffalconiapl2015%2Fcache HTTP/2.0" 403 3449 "-" "Mozilla/5.0 AppleWebKit/537.36 (KHTML, like Gecko; compatible; ClaudeBot/1.0; +claudebot@anthropic.com)" 500 **0/500350**
