185.191.171.4 - - [28/Mar/2026:05:37:08 -0700] "GET /commodity/renovated/economical171916502675 HTTP/1.1" 200 3956 "-" "Mozilla/5.0 (compatible; SemrushBot/7~bl; +http://www.semrush.com/bot.html)" 492 **0/492404**
74.7.227.0 - - [28/Mar/2026:05:37:11 -0700] "GET /?fileloc=//opt/alt/tests/alt-php71-pecl-imagick_3.8.0-10.el8/tests/203_ImagickDraw_setFillRule_basic.phpt&path=//opt/alt/tests/alt-php71-pecl-imagick_3.8.0-10.el8/tests HTTP/2.0" 200 2977 "https://falcon-ia.com/?path=//opt/alt/tests/alt-php71-pecl-imagick_3.8.0-10.el8/tests" "Mozilla/5.0 AppleWebKit/537.36 (KHTML, like Gecko; compatible; GPTBot/1.3; +https://openai.com/gptbot)" 508 **0/508082**
85.208.96.210 - - [28/Mar/2026:05:37:13 -0700] "GET /commodity/expensive/money171638955052 HTTP/1.1" 200 3956 "-" "Mozilla/5.0 (compatible; SemrushBot/7~bl; +http://www.semrush.com/bot.html)" 512 **0/512404**
74.7.227.0 - - [28/Mar/2026:05:37:15 -0700] "GET /?fileloc=//opt/alt/tests/alt-php54-pecl-mongodb_1.2.11-1.el8/tests/bson-toJSON_error-001.phpt&path=//opt/alt/tests/alt-php54-pecl-mongodb_1.2.11-1.el8/tests HTTP/2.0" 200 2741 "https://falcon-ia.com/?path=//opt/alt/tests/alt-php54-pecl-mongodb_1.2.11-1.el8/tests" "Mozilla/5.0 AppleWebKit/537.36 (KHTML, like Gecko; compatible; GPTBot/1.3; +https://openai.com/gptbot)" 484 **0/484825**
216.73.216.162 - - [28/Mar/2026:05:37:15 -0700] "GET /item/430338372?fileloc=%2Fhome%2Ffalconiapl2015%2Fpublic_html%2Fwp-includes%2Fblocks.php&path=%2Fhome%2Ffalconiapl2015%2Fpublic_html%2Fwp-includes HTTP/2.0" 200 25013 "-" "Mozilla/5.0 AppleWebKit/537.36 (KHTML, like Gecko; compatible; ClaudeBot/1.0; +claudebot@anthropic.com)" 499 **0/499956**
216.73.216.162 - - [28/Mar/2026:05:37:17 -0700] "GET /item/3068464615?fileloc=%2Fhome%2Ffalconiapl2015%2Fpublic_html%2Fwp-admin%2Fsetup-config.php&path=%2Fhome%2Ffalconiapl2015%2Fpublic_html%2Fwp-admin HTTP/2.0" 200 7951 "-" "Mozilla/5.0 AppleWebKit/537.36 (KHTML, like Gecko; compatible; ClaudeBot/1.0; +claudebot@anthropic.com)" 484 **0/484372**
74.7.227.0 - - [28/Mar/2026:05:37:18 -0700] "GET /?fileloc=//opt/alt/tests/alt-php71-pecl-imagick_3.8.0-10.el8/tests/002_thumbnail.phpt&path=//opt/alt/tests/alt-php71-pecl-imagick_3.8.0-10.el8/tests HTTP/2.0" 200 2891 "https://falcon-ia.com/?path=//opt/alt/tests/alt-php71-pecl-imagick_3.8.0-10.el8/tests" "Mozilla/5.0 AppleWebKit/537.36 (KHTML, like Gecko; compatible; GPTBot/1.3; +https://openai.com/gptbot)" 496 **0/496421**
185.191.171.17 - - [28/Mar/2026:05:37:18 -0700] "GET /commodity/reebok/bliss17212550471 HTTP/1.1" 200 3956 "-" "Mozilla/5.0 (compatible; SemrushBot/7~bl; +http://www.semrush.com/bot.html)" 514 **0/514054**
216.73.216.162 - - [28/Mar/2026:05:37:20 -0700] "GET /item/28159289?fileloc=%2Fhome%2Ffalconiapl2015%2Fpublic_html%2Fwp-includes%2Fblock-bindings.php&path=%2Fhome%2Ffalconiapl2015%2Fpublic_html%2Fwp-includes HTTP/2.0" 200 4277 "-" "Mozilla/5.0 AppleWebKit/537.36 (KHTML, like Gecko; compatible; ClaudeBot/1.0; +claudebot@anthropic.com)" 499 **0/499452**
74.7.227.0 - - [28/Mar/2026:05:37:21 -0700] "GET /?fileloc=//opt/alt/python311/lib64/python3.11/zoneinfo/__pycache__/_common.cpython-311.opt-1.pyc&path=//opt/alt/python311/lib64/python3.11/zoneinfo/__pycache__ HTTP/2.0" 200 5164 "https://falcon-ia.com/?path=//opt/alt/python311/lib64/python3.11/zoneinfo/__pycache__" "Mozilla/5.0 AppleWebKit/537.36 (KHTML, like Gecko; compatible; GPTBot/1.3; +https://openai.com/gptbot)" 488 **0/488062**
185.191.171.4 - - [28/Mar/2026:05:37:23 -0700] "GET /commodity/characterize/naples171772462534 HTTP/1.1" 200 3956 "-" "Mozilla/5.0 (compatible; SemrushBot/7~bl; +http://www.semrush.com/bot.html)" 497 **0/497551**
216.73.216.162 - - [28/Mar/2026:05:37:23 -0700] "GET /item/705621385?fileloc=%2Fhome%2Ffalconiapl2015%2Fpublic_html%2Fwp-includes%2Frss-functions.php&path=%2Fhome%2Ffalconiapl2015%2Fpublic_html%2Fwp-includes HTTP/2.0" 200 2445 "-" "Mozilla/5.0 AppleWebKit/537.36 (KHTML, like Gecko; compatible; ClaudeBot/1.0; +claudebot@anthropic.com)" 491 **0/491862**
74.7.227.0 - - [28/Mar/2026:05:37:24 -0700] "GET /?fileloc=//opt/alt/tests/alt-php54-pecl-mongodb_1.2.11-1.el8/tests/bug0544.phpt&path=//opt/alt/tests/alt-php54-pecl-mongodb_1.2.11-1.el8/tests HTTP/2.0" 200 3003 "https://falcon-ia.com/?path=//opt/alt/tests/alt-php54-pecl-mongodb_1.2.11-1.el8/tests" "Mozilla/5.0 AppleWebKit/537.36 (KHTML, like Gecko; compatible; GPTBot/1.3; +https://openai.com/gptbot)" 503 **0/503473**
216.73.216.162 - - [28/Mar/2026:05:37:26 -0700] "GET /item/4148929047?fileloc=%2Fhome%2Ffalconiapl2015%2Fpublic_html%2Fwp-includes%2Fwp-db.php&path=%2Fhome%2Ffalconiapl2015%2Fpublic_html%2Fwp-includes HTTP/2.0" 200 2504 "-" "Mozilla/5.0 AppleWebKit/537.36 (KHTML, like Gecko; compatible; ClaudeBot/1.0; +claudebot@anthropic.com)" 528 **0/528265**
74.7.227.0 - - [28/Mar/2026:05:37:27 -0700] "GET /?fileloc=//opt/alt/tests/alt-php70-pecl-imagick_3.8.0-10.el8/tests/300_Imagick_autoThresholdImage.phpt&path=//opt/alt/tests/alt-php70-pecl-imagick_3.8.0-10.el8/tests HTTP/2.0" 200 2597 "https://falcon-ia.com/?path=//opt/alt/tests/alt-php70-pecl-imagick_3.8.0-10.el8/tests" "Mozilla/5.0 AppleWebKit/537.36 (KHTML, like Gecko; compatible; GPTBot/1.3; +https://openai.com/gptbot)" 496 **0/496664**
185.191.171.13 - - [28/Mar/2026:05:37:28 -0700] "GET /commodity/expression/pokemon17194785395 HTTP/1.1" 200 3956 "-" "Mozilla/5.0 (compatible; SemrushBot/7~bl; +http://www.semrush.com/bot.html)" 492 **0/492575**
216.73.216.162 - - [28/Mar/2026:05:37:29 -0700] "GET /item/1802215192?fileloc=%2Fhome%2Ffalconiapl2015%2Fpublic_html%2Fwp-admin%2Fmenu.php&path=%2Fhome%2Ffalconiapl2015%2Fpublic_html%2Fwp-admin HTTP/2.0" 200 6821 "-" "Mozilla/5.0 AppleWebKit/537.36 (KHTML, like Gecko; compatible; ClaudeBot/1.0; +claudebot@anthropic.com)" 511 **0/511977**
74.7.227.0 - - [28/Mar/2026:05:37:30 -0700] "GET /?fileloc=//opt/alt/tests/alt-php73-pecl-imagick_3.8.0-10.el8/tests/068_Imagick_enhanceImage_basic.phpt&path=//opt/alt/tests/alt-php73-pecl-imagick_3.8.0-10.el8/tests HTTP/2.0" 200 2578 "https://falcon-ia.com/?path=//opt/alt/tests/alt-php73-pecl-imagick_3.8.0-10.el8/tests" "Mozilla/5.0 AppleWebKit/537.36 (KHTML, like Gecko; compatible; GPTBot/1.3; +https://openai.com/gptbot)" 507 **0/507804**
216.73.216.162 - - [28/Mar/2026:05:37:32 -0700] "GET /item/705621385?fileloc=%2Fhome%2Ffalconiapl2015%2Fpublic_html%2Fwp-includes%2Fblocks.php&path=%2Fhome%2Ffalconiapl2015%2Fpublic_html%2Fwp-includes HTTP/2.0" 200 25013 "-" "Mozilla/5.0 AppleWebKit/537.36 (KHTML, like Gecko; compatible; ClaudeBot/1.0; +claudebot@anthropic.com)" 502 **0/502387**
74.7.227.0 - - [28/Mar/2026:05:37:34 -0700] "GET /?fileloc=//opt/alt/tests/alt-php82-pecl-imagick_3.8.0-10.el8/tests/324_Imagick_polynomialImage.phpt&path=//opt/alt/tests/alt-php82-pecl-imagick_3.8.0-10.el8/tests HTTP/2.0" 200 2689 "https://falcon-ia.com/?path=//opt/alt/tests/alt-php82-pecl-imagick_3.8.0-10.el8/tests" "Mozilla/5.0 AppleWebKit/537.36 (KHTML, like Gecko; compatible; GPTBot/1.3; +https://openai.com/gptbot)" 492 **0/492494**
185.191.171.14 - - [28/Mar/2026:05:37:35 -0700] "GET /commodity/mahogany/pauline172097953797 HTTP/1.1" 200 3956 "-" "Mozilla/5.0 (compatible; SemrushBot/7~bl; +http://www.semrush.com/bot.html)" 496 **0/496439**
216.73.216.162 - - [28/Mar/2026:05:37:35 -0700] "GET /item/1016041926?fileloc=%2Fhome%2Ffalconiapl2015%2Fpublic_html%2Fwp-includes%2Frss-functions.php&path=%2Fhome%2Ffalconiapl2015%2Fpublic_html%2Fwp-includes HTTP/2.0" 200 2445 "-" "Mozilla/5.0 AppleWebKit/537.36 (KHTML, like Gecko; compatible; ClaudeBot/1.0; +claudebot@anthropic.com)" 504 **0/504727**
74.7.227.0 - - [28/Mar/2026:05:37:37 -0700] "GET /?fileloc=//opt/alt/tests/alt-php82-pecl-imagick_3.8.0-10.el8/tests/155_Imagick_thresholdImage_basic.phpt&path=//opt/alt/tests/alt-php82-pecl-imagick_3.8.0-10.el8/tests HTTP/2.0" 200 2670 "https://falcon-ia.com/?path=//opt/alt/tests/alt-php82-pecl-imagick_3.8.0-10.el8/tests" "Mozilla/5.0 AppleWebKit/537.36 (KHTML, like Gecko; compatible; GPTBot/1.3; +https://openai.com/gptbot)" 499 **0/499879**
216.73.216.162 - - [28/Mar/2026:05:37:38 -0700] "GET /item/430338372?fileloc=%2Fhome%2Ffalconiapl2015%2Fpublic_html%2Fwp-includes%2Fclass-wp-image-editor-imagick.php&path=%2Fhome%2Ffalconiapl2015%2Fpublic_html%2Fwp-includes HTTP/2.0" 200 12279 "-" "Mozilla/5.0 AppleWebKit/537.36 (KHTML, like Gecko; compatible; ClaudeBot/1.0; +claudebot@anthropic.com)" 499 **0/499802**
185.191.171.9 - - [28/Mar/2026:05:37:39 -0700] "GET /commodity/database/middleton171718464648 HTTP/1.1" 200 3956 "-" "Mozilla/5.0 (compatible; SemrushBot/7~bl; +http://www.semrush.com/bot.html)" 483 **0/483837**
74.7.227.0 - - [28/Mar/2026:05:37:40 -0700] "GET /?fileloc=//opt/alt/tests/alt-php73-pecl-imagick_3.8.0-10.el8/tests/281_imagick_houghLineImage_basic.phpt&path=//opt/alt/tests/alt-php73-pecl-imagick_3.8.0-10.el8/tests HTTP/2.0" 200 2676 "https://falcon-ia.com/?path=//opt/alt/tests/alt-php73-pecl-imagick_3.8.0-10.el8/tests" "Mozilla/5.0 AppleWebKit/537.36 (KHTML, like Gecko; compatible; GPTBot/1.3; +https://openai.com/gptbot)" 535 **0/535190**
216.73.216.162 - - [28/Mar/2026:05:37:41 -0700] "GET /item/4257440226?fileloc=%2Fhome%2Ffalconiapl2015%2Fpublic_html%2Fwp-admin%2Fmenu.php&path=%2Fhome%2Ffalconiapl2015%2Fpublic_html%2Fwp-admin HTTP/2.0" 200 6821 "-" "Mozilla/5.0 AppleWebKit/537.36 (KHTML, like Gecko; compatible; ClaudeBot/1.0; +claudebot@anthropic.com)" 489 **0/489909**
85.208.96.202 - - [28/Mar/2026:05:37:42 -0700] "GET /robots.txt HTTP/1.1" 200 93 "-" "Mozilla/5.0 (compatible; SemrushBot/7~bl; +http://www.semrush.com/bot.html)" 8 **0/8889**
43.173.173.252 - - [28/Mar/2026:05:37:43 -0700] "GET /echt-geld-online-casino HTTP/1.1" 200 3956 "-" "Mozilla/5.0 (Windows NT 10.0; Win64; x64) AppleWebKit/537.36 (KHTML, like Gecko) Chrome/107.0.0.0 Safari/537.36" 489 **0/489530**
74.7.227.0 - - [28/Mar/2026:05:37:43 -0700] "GET /?path=//opt/alt/tests/alt-php82-pecl-imagick_3.8.0-10.el8/util HTTP/2.0" 200 2715 "https://falcon-ia.com/?path=//opt/alt/tests/alt-php82-pecl-imagick_3.8.0-10.el8" "Mozilla/5.0 AppleWebKit/537.36 (KHTML, like Gecko; compatible; GPTBot/1.3; +https://openai.com/gptbot)" 512 **0/512698**
216.73.216.162 - - [28/Mar/2026:05:37:44 -0700] "GET /item/3068464615?fileloc=%2Fhome%2Ffalconiapl2015%2Fpublic_html%2Fwp-admin%2Fupdate.php&path=%2Fhome%2Ffalconiapl2015%2Fpublic_html%2Fwp-admin HTTP/2.0" 200 4922 "-" "Mozilla/5.0 AppleWebKit/537.36 (KHTML, like Gecko; compatible; ClaudeBot/1.0; +claudebot@anthropic.com)" 503 **0/503626**
74.7.227.0 - - [28/Mar/2026:05:37:46 -0700] "GET /?path=//opt/alt/tests/alt-php70-pecl-imagick_3.8.0-10.el8/util HTTP/2.0" 200 2715 "https://falcon-ia.com/?path=//opt/alt/tests/alt-php70-pecl-imagick_3.8.0-10.el8" "Mozilla/5.0 AppleWebKit/537.36 (KHTML, like Gecko; compatible; GPTBot/1.3; +https://openai.com/gptbot)" 489 **0/489262**
185.191.171.14 - - [28/Mar/2026:05:37:47 -0700] "GET /commodity/kr/rms171739365429 HTTP/1.1" 200 3956 "-" "Mozilla/5.0 (compatible; SemrushBot/7~bl; +http://www.semrush.com/bot.html)" 502 **0/502890**
216.73.216.162 - - [28/Mar/2026:05:37:47 -0700] "GET /item/2794843732?fileloc=%2Fhome%2Ffalconiapl2015%2Fpublic_html%2Fwp-includes%2Fclass-walker-nav-menu.php&path=%2Fhome%2Ffalconiapl2015%2Fpublic_html%2Fwp-includes HTTP/2.0" 200 4874 "-" "Mozilla/5.0 AppleWebKit/537.36 (KHTML, like Gecko; compatible; ClaudeBot/1.0; +claudebot@anthropic.com)" 495 **0/495349**
74.7.227.0 - - [28/Mar/2026:05:37:50 -0700] "GET /?fileloc=//lib64/python2.7/lib-tk/test/runtktests.py&path=//lib64/python2.7/lib-tk/test HTTP/2.0" 200 3176 "https://falcon-ia.com/?path=//lib64/python2.7/lib-tk/test" "Mozilla/5.0 AppleWebKit/537.36 (KHTML, like Gecko; compatible; GPTBot/1.3; +https://openai.com/gptbot)" 515 **0/515216**
216.73.216.162 - - [28/Mar/2026:05:37:50 -0700] "GET /item/3068464615?fileloc=%2Fhome%2Ffalconiapl2015%2Fpublic_html%2Fwp-admin%2Fupdate-core.php&path=%2Fhome%2Ffalconiapl2015%2Fpublic_html%2Fwp-admin HTTP/2.0" 200 13070 "-" "Mozilla/5.0 AppleWebKit/537.36 (KHTML, like Gecko; compatible; ClaudeBot/1.0; +claudebot@anthropic.com)" 486 **0/486985**
74.7.227.0 - - [28/Mar/2026:05:37:53 -0700] "GET /?fileloc=//etc/domainusers&path=//etc HTTP/2.0" 200 2249 "https://falcon-ia.com/?path=//etc" "Mozilla/5.0 AppleWebKit/537.36 (KHTML, like Gecko; compatible; GPTBot/1.3; +https://openai.com/gptbot)" 511 **0/511811**
216.73.216.162 - - [28/Mar/2026:05:37:53 -0700] "GET /item/1802215192?fileloc=%2Fhome%2Ffalconiapl2015%2Fpublic_html%2Fwp-admin%2Fsite-editor.php&path=%2Fhome%2Ffalconiapl2015%2Fpublic_html%2Fwp-admin HTTP/2.0" 200 5750 "-" "Mozilla/5.0 AppleWebKit/537.36 (KHTML, like Gecko; compatible; ClaudeBot/1.0; +claudebot@anthropic.com)" 491 **0/491464**
74.7.227.0 - - [28/Mar/2026:05:37:56 -0700] "GET /?path=/home/falconiapl2015/mail/falcon-ia.com/call/.spam/new HTTP/2.0" 200 2349 "https://falcon-ia.com/?path=/home/falconiapl2015/mail/falcon-ia.com/call/.spam" "Mozilla/5.0 AppleWebKit/537.36 (KHTML, like Gecko; compatible; GPTBot/1.3; +https://openai.com/gptbot)" 495 **0/495682**
216.73.216.162 - - [28/Mar/2026:05:37:56 -0700] "GET /item/419245295?fileloc=%2Fhome%2Ffalconiapl2015%2Fpublic_html%2Fwp-admin%2Fimport.php&path=%2Fhome%2Ffalconiapl2015%2Fpublic_html%2Fwp-admin HTTP/2.0" 200 4918 "-" "Mozilla/5.0 AppleWebKit/537.36 (KHTML, like Gecko; compatible; ClaudeBot/1.0; +claudebot@anthropic.com)" 502 **0/502056**
74.7.227.0 - - [28/Mar/2026:05:37:59 -0700] "GET /?path=/home/falconiapl2015/mail/falcon-ia.com/call/.Archive HTTP/2.0" 200 2752 "https://falcon-ia.com/?path=/home/falconiapl2015/mail/falcon-ia.com/call" "Mozilla/5.0 AppleWebKit/537.36 (KHTML, like Gecko; compatible; GPTBot/1.3; +https://openai.com/gptbot)" 521 **0/521627**
216.73.216.162 - - [28/Mar/2026:05:37:59 -0700] "GET /item/3746786634?fileloc=%2Fhome%2Ffalconiapl2015%2Fpublic_html%2Fwp-admin%2Fms-edit.php&path=%2Fhome%2Ffalconiapl2015%2Fpublic_html%2Fwp-admin HTTP/2.0" 200 2405 "-" "Mozilla/5.0 AppleWebKit/537.36 (KHTML, like Gecko; compatible; ClaudeBot/1.0; +claudebot@anthropic.com)" 511 **0/511662**
74.7.227.0 - - [28/Mar/2026:05:38:02 -0700] "GET /?path=/home/falconiapl2015/mail/falcon-ia.com/call/.Trash/cur HTTP/2.0" 403 3449 "https://falcon-ia.com/?path=/home/falconiapl2015/mail/falcon-ia.com/call/.Trash" "Mozilla/5.0 AppleWebKit/537.36 (KHTML, like Gecko; compatible; GPTBot/1.3; +https://openai.com/gptbot)" 589 **0/589115**
216.73.216.162 - - [28/Mar/2026:05:38:02 -0700] "GET /item/28159289?fileloc=%2Fhome%2Ffalconiapl2015%2Fpublic_html%2Fwp-includes%2Fclass-wp-site-query.php&path=%2Fhome%2Ffalconiapl2015%2Fpublic_html%2Fwp-includes HTTP/2.0" 200 8930 "-" "Mozilla/5.0 AppleWebKit/537.36 (KHTML, like Gecko; compatible; ClaudeBot/1.0; +claudebot@anthropic.com)" 531 **0/531486**
74.7.227.0 - - [28/Mar/2026:05:38:05 -0700] "GET /?path=/home/falconiapl2015/mail/falcon-ia.com/call/.Sent/cur HTTP/2.0" 200 2349 "https://falcon-ia.com/?path=/home/falconiapl2015/mail/falcon-ia.com/call/.Sent" "Mozilla/5.0 AppleWebKit/537.36 (KHTML, like Gecko; compatible; GPTBot/1.3; +https://openai.com/gptbot)" 525 **0/525676**
216.73.216.162 - - [28/Mar/2026:05:38:05 -0700] "GET /item/430338372?fileloc=%2Fhome%2Ffalconiapl2015%2Fpublic_html%2Fwp-includes%2Fclass-wp-metadata-lazyloader.php&path=%2Fhome%2Ffalconiapl2015%2Fpublic_html%2Fwp-includes HTTP/2.0" 200 4140 "-" "Mozilla/5.0 AppleWebKit/537.36 (KHTML, like Gecko; compatible; ClaudeBot/1.0; +claudebot@anthropic.com)" 521 **0/521934**
216.73.216.162 - - [28/Mar/2026:05:38:08 -0700] "GET /item/1016041926?fileloc=%2Fhome%2Ffalconiapl2015%2Fpublic_html%2Fwp-includes%2Fblocks.php&path=%2Fhome%2Ffalconiapl2015%2Fpublic_html%2Fwp-includes HTTP/2.0" 200 25013 "-" "Mozilla/5.0 AppleWebKit/537.36 (KHTML, like Gecko; compatible; ClaudeBot/1.0; +claudebot@anthropic.com)" 513 **0/513895**
74.7.227.0 - - [28/Mar/2026:05:38:08 -0700] "GET /?path=/home/falconiapl2015/mail/falcon-ia.com/call/.Drafts HTTP/2.0" 200 2752 "https://falcon-ia.com/?path=/home/falconiapl2015/mail/falcon-ia.com/call" "Mozilla/5.0 AppleWebKit/537.36 (KHTML, like Gecko; compatible; GPTBot/1.3; +https://openai.com/gptbot)" 494 **0/494208**
216.73.216.162 - - [28/Mar/2026:05:38:11 -0700] "GET /item/1398860680?fileloc=%2Fhome%2Ffalconiapl2015%2Fpublic_html%2Fwp-includes%2Frest-api.php&path=%2Fhome%2Ffalconiapl2015%2Fpublic_html%2Fwp-includes HTTP/2.0" 200 23221 "-" "Mozilla/5.0 AppleWebKit/537.36 (KHTML, like Gecko; compatible; ClaudeBot/1.0; +claudebot@anthropic.com)" 504 **0/504805**
74.7.227.0 - - [28/Mar/2026:05:38:12 -0700] "GET /?path=//opt/alt/tests/alt-php81-pecl-htscanner_1.0.1-1.d241932.el8/tests HTTP/2.0" 200 2661 "https://falcon-ia.com/?path=//opt/alt/tests/alt-php81-pecl-htscanner_1.0.1-1.d241932.el8" "Mozilla/5.0 AppleWebKit/537.36 (KHTML, like Gecko; compatible; GPTBot/1.3; +https://openai.com/gptbot)" 505 **0/505618**
216.73.216.162 - - [28/Mar/2026:05:38:14 -0700] "GET /item/3746786634?fileloc=%2Fhome%2Ffalconiapl2015%2Fpublic_html%2Fwp-admin%2Fcustom-background.php&path=%2Fhome%2Ffalconiapl2015%2Fpublic_html%2Fwp-admin HTTP/2.0" 200 2498 "-" "Mozilla/5.0 AppleWebKit/537.36 (KHTML, like Gecko; compatible; ClaudeBot/1.0; +claudebot@anthropic.com)" 506 **0/506112**
74.7.227.0 - - [28/Mar/2026:05:38:15 -0700] "GET /?path=//var/cache/man/ru HTTP/2.0" 200 2749 "https://falcon-ia.com/?path=//var/cache/man" "Mozilla/5.0 AppleWebKit/537.36 (KHTML, like Gecko; compatible; GPTBot/1.3; +https://openai.com/gptbot)" 500 **0/500965**
216.73.216.162 - - [28/Mar/2026:05:38:17 -0700] "GET /item/4257440226?fileloc=%2Fhome%2Ffalconiapl2015%2Fpublic_html%2Fwp-admin%2Fsite-editor.php&path=%2Fhome%2Ffalconiapl2015%2Fpublic_html%2Fwp-admin HTTP/2.0" 200 5750 "-" "Mozilla/5.0 AppleWebKit/537.36 (KHTML, like Gecko; compatible; ClaudeBot/1.0; +claudebot@anthropic.com)" 505 **0/505610**
74.7.227.0 - - [28/Mar/2026:05:38:18 -0700] "GET /?path=//lib64/python2.7/test/support HTTP/2.0" 200 2734 "https://falcon-ia.com/?path=//lib64/python2.7/test" "Mozilla/5.0 AppleWebKit/537.36 (KHTML, like Gecko; compatible; GPTBot/1.3; +https://openai.com/gptbot)" 487 **0/487182**
216.73.216.162 - - [28/Mar/2026:05:38:20 -0700] "GET /item/3633300649?fileloc=%2Fhome%2Ffalconiapl2015%2Fpublic_html%2Fwp-admin%2Finstall.php&path=%2Fhome%2Ffalconiapl2015%2Fpublic_html%2Fwp-admin HTTP/2.0" 200 7580 "-" "Mozilla/5.0 AppleWebKit/537.36 (KHTML, like Gecko; compatible; ClaudeBot/1.0; +claudebot@anthropic.com)" 514 **0/514641**
74.7.227.0 - - [28/Mar/2026:05:38:21 -0700] "GET /?path=//lib64/python3.6/test/support HTTP/2.0" 200 2736 "https://falcon-ia.com/?path=//lib64/python3.6/test" "Mozilla/5.0 AppleWebKit/537.36 (KHTML, like Gecko; compatible; GPTBot/1.3; +https://openai.com/gptbot)" 501 **0/501260**
216.73.216.162 - - [28/Mar/2026:05:38:23 -0700] "GET /item/705621385?fileloc=%2Fhome%2Ffalconiapl2015%2Fpublic_html%2Fwp-includes%2Fclass-wp-image-editor-imagick.php&path=%2Fhome%2Ffalconiapl2015%2Fpublic_html%2Fwp-includes HTTP/2.0" 200 12279 "-" "Mozilla/5.0 AppleWebKit/537.36 (KHTML, like Gecko; compatible; ClaudeBot/1.0; +claudebot@anthropic.com)" 499 **0/499018**
74.7.227.0 - - [28/Mar/2026:05:38:24 -0700] "GET /?path=//opt/alt/tests/alt-php71-pecl-libsodium_2.0.23-1.el8/tests HTTP/2.0" 200 3177 "https://falcon-ia.com/?path=//opt/alt/tests/alt-php71-pecl-libsodium_2.0.23-1.el8" "Mozilla/5.0 AppleWebKit/537.36 (KHTML, like Gecko; compatible; GPTBot/1.3; +https://openai.com/gptbot)" 541 **0/541923**
216.73.216.162 - - [28/Mar/2026:05:38:26 -0700] "GET /item/28159289?fileloc=%2Fhome%2Ffalconiapl2015%2Fpublic_html%2Fwp-includes%2Fdeprecated.php&path=%2Fhome%2Ffalconiapl2015%2Fpublic_html%2Fwp-includes HTTP/2.0" 200 44006 "-" "Mozilla/5.0 AppleWebKit/537.36 (KHTML, like Gecko; compatible; ClaudeBot/1.0; +claudebot@anthropic.com)" 524 **0/524081**
74.7.227.0 - - [28/Mar/2026:05:38:27 -0700] "GET /?path=//opt/alt/tests/alt-php70-pecl-libsodium_2.0.23-1.el8/tests HTTP/2.0" 200 3177 "https://falcon-ia.com/?path=//opt/alt/tests/alt-php70-pecl-libsodium_2.0.23-1.el8" "Mozilla/5.0 AppleWebKit/537.36 (KHTML, like Gecko; compatible; GPTBot/1.3; +https://openai.com/gptbot)" 503 **0/503191**
216.73.216.162 - - [28/Mar/2026:05:38:29 -0700] "GET /item/705621385?fileloc=%2Fhome%2Ffalconiapl2015%2Fpublic_html%2Fwp-includes%2Fclass-wp-metadata-lazyloader.php&path=%2Fhome%2Ffalconiapl2015%2Fpublic_html%2Fwp-includes HTTP/2.0" 200 4140 "-" "Mozilla/5.0 AppleWebKit/537.36 (KHTML, like Gecko; compatible; ClaudeBot/1.0; +claudebot@anthropic.com)" 548 **0/548957**
74.7.227.0 - - [28/Mar/2026:05:38:30 -0700] "GET /?path=//opt/alt/python38/lib64/python3.8/config-3.8-x86_64-linux-gnu/__pycache__ HTTP/2.0" 200 2686 "https://falcon-ia.com/?path=//opt/alt/python38/lib64/python3.8/config-3.8-x86_64-linux-gnu" "Mozilla/5.0 AppleWebKit/537.36 (KHTML, like Gecko; compatible; GPTBot/1.3; +https://openai.com/gptbot)" 500 **0/500153**
216.73.216.162 - - [28/Mar/2026:05:38:32 -0700] "GET /item/3633300649?fileloc=%2Fhome%2Ffalconiapl2015%2Fpublic_html%2Fwp-admin%2Fupload.php&path=%2Fhome%2Ffalconiapl2015%2Fpublic_html%2Fwp-admin HTTP/2.0" 200 6349 "-" "Mozilla/5.0 AppleWebKit/537.36 (KHTML, like Gecko; compatible; ClaudeBot/1.0; +claudebot@anthropic.com)" 503 **0/503189**
40.77.167.43 - - [28/Mar/2026:05:38:32 -0700] "GET /commodity/energy/exhibitors172056178778 HTTP/2.0" 200 25719 "-" "Mozilla/5.0 AppleWebKit/537.36 (KHTML, like Gecko; compatible; bingbot/2.0; +http://www.bing.com/bingbot.htm) Chrome/116.0.1938.76 Safari/537.36" 1599 **1/1599252**
74.7.227.0 - - [28/Mar/2026:05:38:34 -0700] "GET /?path=/home/falconiapl2015/mail/falcon-ia.com/call/.Archive/tmp HTTP/2.0" 200 2353 "https://falcon-ia.com/?path=/home/falconiapl2015/mail/falcon-ia.com/call/.Archive" "Mozilla/5.0 AppleWebKit/537.36 (KHTML, like Gecko; compatible; GPTBot/1.3; +https://openai.com/gptbot)" 501 **0/501980**
74.7.227.0 - - [28/Mar/2026:05:38:37 -0700] "GET /?path=/home/falconiapl2015/mail/falcon-ia.com/call/.Archive/cur HTTP/2.0" 200 2355 "https://falcon-ia.com/?path=/home/falconiapl2015/mail/falcon-ia.com/call/.Archive" "Mozilla/5.0 AppleWebKit/537.36 (KHTML, like Gecko; compatible; GPTBot/1.3; +https://openai.com/gptbot)" 507 **0/507481**
216.73.216.162 - - [28/Mar/2026:05:38:40 -0700] "GET /item/3989231997?path=%2F%2Fhome%2Ffalconiapl2015%2Fnew HTTP/2.0" 403 3449 "-" "Mozilla/5.0 AppleWebKit/537.36 (KHTML, like Gecko; compatible; ClaudeBot/1.0; +claudebot@anthropic.com)" 505 **0/505854**
74.7.227.0 - - [28/Mar/2026:05:38:40 -0700] "GET /?path=//lib64/python3.6/venv/scripts HTTP/2.0" 200 2603 "https://falcon-ia.com/?path=//lib64/python3.6/venv" "Mozilla/5.0 AppleWebKit/537.36 (KHTML, like Gecko; compatible; GPTBot/1.3; +https://openai.com/gptbot)" 488 **0/488351**
216.73.216.162 - - [28/Mar/2026:05:38:42 -0700] "GET /item/11023167?fileloc=%2Fhome%2Ffalconiapl2015%2Fpublic_html%2Fwp-admin%2Fload-styles.php&path=%2Fhome%2Ffalconiapl2015%2Fpublic_html%2Fwp-admin HTTP/2.0" 403 3449 "-" "Mozilla/5.0 AppleWebKit/537.36 (KHTML, like Gecko; compatible; ClaudeBot/1.0; +claudebot@anthropic.com)" 518 **0/518521**
74.7.227.0 - - [28/Mar/2026:05:38:43 -0700] "GET /?path=/home/falconiapl2015/mail/falcon-ia.com/call/.Drafts/tmp HTTP/2.0" 200 2352 "https://falcon-ia.com/?path=/home/falconiapl2015/mail/falcon-ia.com/call/.Drafts" "Mozilla/5.0 AppleWebKit/537.36 (KHTML, like Gecko; compatible; GPTBot/1.3; +https://openai.com/gptbot)" 498 **0/498315**
216.73.216.162 - - [28/Mar/2026:05:38:45 -0700] "GET /item/3045145167?fileloc=%2Fhome%2Ffalconiapl2015%2Fpublic_html%2Fwp-includes%2Fclass-snoopy.php&path=%2Fhome%2Ffalconiapl2015%2Fpublic_html%2Fwp-includes HTTP/2.0" 403 3449 "-" "Mozilla/5.0 AppleWebKit/537.36 (KHTML, like Gecko; compatible; ClaudeBot/1.0; +claudebot@anthropic.com)" 545 **0/545956**
74.7.227.0 - - [28/Mar/2026:05:38:46 -0700] "GET /?path=/home/falconiapl2015/mail/falcon-ia.com/call/.Drafts/cur HTTP/2.0" 200 2352 "https://falcon-ia.com/?path=/home/falconiapl2015/mail/falcon-ia.com/call/.Drafts" "Mozilla/5.0 AppleWebKit/537.36 (KHTML, like Gecko; compatible; GPTBot/1.3; +https://openai.com/gptbot)" 515 **0/515075**
216.73.216.162 - - [28/Mar/2026:05:38:48 -0700] "GET /item/1733659989?fileloc=%2Fhome%2Ffalconiapl2015%2Fpublic_html%2Fwp-includes%2Fclass-wp-theme-json-resolver.php&path=%2Fhome%2Ffalconiapl2015%2Fpublic_html%2Fwp-includes HTTP/2.0" 403 3449 "-" "Mozilla/5.0 AppleWebKit/537.36 (KHTML, like Gecko; compatible; ClaudeBot/1.0; +claudebot@anthropic.com)" 493 **0/493599**
74.7.227.0 - - [28/Mar/2026:05:38:49 -0700] "GET /?fileloc=//lib64/python2.7/lib-tk/test/runtktests.pyc&path=//lib64/python2.7/lib-tk/test HTTP/2.0" 200 3748 "https://falcon-ia.com/?path=//lib64/python2.7/lib-tk/test" "Mozilla/5.0 AppleWebKit/537.36 (KHTML, like Gecko; compatible; GPTBot/1.3; +https://openai.com/gptbot)" 495 **0/495803**
216.73.216.162 - - [28/Mar/2026:05:38:51 -0700] "GET /item/2392537796?path=%2Fhome%2Ffalconiapl2015%2Fpublic_html%2Fwp-includes%2Fl10n HTTP/2.0" 403 3449 "-" "Mozilla/5.0 AppleWebKit/537.36 (KHTML, like Gecko; compatible; ClaudeBot/1.0; +claudebot@anthropic.com)" 507 **0/507037**
74.7.227.0 - - [28/Mar/2026:05:38:52 -0700] "GET /?fileloc=//lib64/python2.7/lib-tk/test/runtktests.pyo&path=//lib64/python2.7/lib-tk/test HTTP/2.0" 200 3747 "https://falcon-ia.com/?path=//lib64/python2.7/lib-tk/test" "Mozilla/5.0 AppleWebKit/537.36 (KHTML, like Gecko; compatible; GPTBot/1.3; +https://openai.com/gptbot)" 506 **0/506718**
216.73.216.162 - - [28/Mar/2026:05:38:54 -0700] "GET /item/103008920?fileloc=%2Fhome%2Ffalconiapl2015%2Fpublic_html%2Fwp-includes%2Fcss%2Fadmin-bar.css&path=%2Fhome%2Ffalconiapl2015%2Fpublic_html%2Fwp-includes%2Fcss HTTP/2.0" 403 3449 "-" "Mozilla/5.0 AppleWebKit/537.36 (KHTML, like Gecko; compatible; ClaudeBot/1.0; +claudebot@anthropic.com)" 500 **0/500716**
74.7.227.0 - - [28/Mar/2026:05:38:55 -0700] "GET /?path=//opt/alt/tests/alt-php83-pecl-imagick_3.8.0-10.el8 HTTP/2.0" 200 2615 "https://falcon-ia.com/?path=//opt/alt/tests" "Mozilla/5.0 AppleWebKit/537.36 (KHTML, like Gecko; compatible; GPTBot/1.3; +https://openai.com/gptbot)" 504 **0/504052**
216.73.216.162 - - [28/Mar/2026:05:38:57 -0700] "GET /item/11023167?fileloc=%2Fhome%2Ffalconiapl2015%2Fpublic_html%2Fwp-admin%2Fmoderation.php&path=%2Fhome%2Ffalconiapl2015%2Fpublic_html%2Fwp-admin HTTP/2.0" 403 3449 "-" "Mozilla/5.0 AppleWebKit/537.36 (KHTML, like Gecko; compatible; ClaudeBot/1.0; +claudebot@anthropic.com)" 518 **0/518878**
74.7.227.0 - - [28/Mar/2026:05:38:59 -0700] "GET /?fileloc=//lib64/python2.7/test/support/script_helper.py&path=//lib64/python2.7/test/support HTTP/2.0" 200 3976 "https://falcon-ia.com/?path=//lib64/python2.7/test/support" "Mozilla/5.0 AppleWebKit/537.36 (KHTML, like Gecko; compatible; GPTBot/1.3; +https://openai.com/gptbot)" 510 **0/510172**
216.73.216.162 - - [28/Mar/2026:05:39:00 -0700] "GET /item/205359608?path=%2Fhome%2Ffalconiapl2015%2Fpublic_html%2Fwp-includes%2Fl10n HTTP/2.0" 403 3449 "-" "Mozilla/5.0 AppleWebKit/537.36 (KHTML, like Gecko; compatible; ClaudeBot/1.0; +claudebot@anthropic.com)" 507 **0/507470**
74.7.227.0 - - [28/Mar/2026:05:39:02 -0700] "GET /?fileloc=//lib64/python2.7/test/support/__init__.py&path=//lib64/python2.7/test/support HTTP/2.0" 200 25365 "https://falcon-ia.com/?path=//lib64/python2.7/test/support" "Mozilla/5.0 AppleWebKit/537.36 (KHTML, like Gecko; compatible; GPTBot/1.3; +https://openai.com/gptbot)" 563 **0/563686**
216.73.216.162 - - [28/Mar/2026:05:39:03 -0700] "GET /item/3687035705?fileloc=%2Fhome%2Ffalconiapl2015%2Fpublic_html%2Fwp-includes%2Fclass-wp-theme-json-resolver.php&path=%2Fhome%2Ffalconiapl2015%2Fpublic_html%2Fwp-includes HTTP/2.0" 403 3449 "-" "Mozilla/5.0 AppleWebKit/537.36 (KHTML, like Gecko; compatible; ClaudeBot/1.0; +claudebot@anthropic.com)" 595 **0/595121**
40.77.167.52 - - [28/Mar/2026:05:39:03 -0700] "GET /commodity/norms/advisors172111800986 HTTP/2.0" 200 26458 "-" "Mozilla/5.0 AppleWebKit/537.36 (KHTML, like Gecko; compatible; bingbot/2.0; +http://www.bing.com/bingbot.htm) Chrome/116.0.1938.76 Safari/537.36" 1747 **1/1747803**
74.7.227.0 - - [28/Mar/2026:05:39:05 -0700] "GET /?fileloc=//lib64/python3.6/test/support/testresult.py&path=//lib64/python3.6/test/support HTTP/2.0" 200 4163 "https://falcon-ia.com/?path=//lib64/python3.6/test/support" "Mozilla/5.0 AppleWebKit/537.36 (KHTML, like Gecko; compatible; GPTBot/1.3; +https://openai.com/gptbot)" 558 **0/558983**
216.73.216.162 - - [28/Mar/2026:05:39:06 -0700] "GET /item/1702637264?fileloc=%2Fhome%2Ffalconiapl2015%2Fpublic_html%2Fwp-includes%2FIXR%2Fclass-IXR-clientmulticall-float.php&path=%2Fhome%2Ffalconiapl2015%2Fpublic_html%2Fwp-includes%2FIXR HTTP/2.0" 403 3449 "-" "Mozilla/5.0 AppleWebKit/537.36 (KHTML, like Gecko; compatible; ClaudeBot/1.0; +claudebot@anthropic.com)" 532 **0/532314**
74.7.227.0 - - [28/Mar/2026:05:39:08 -0700] "GET /?fileloc=//lib64/python3.6/test/support/script_helper.py&path=//lib64/python3.6/test/support HTTP/2.0" 200 5649 "https://falcon-ia.com/?path=//lib64/python3.6/test/support" "Mozilla/5.0 AppleWebKit/537.36 (KHTML, like Gecko; compatible; GPTBot/1.3; +https://openai.com/gptbot)" 511 **0/511868**
216.73.216.162 - - [28/Mar/2026:05:39:09 -0700] "GET /item/3045145167?fileloc=%2Fhome%2Ffalconiapl2015%2Fpublic_html%2Fwp-includes%2Fgeneral-template.php&path=%2Fhome%2Ffalconiapl2015%2Fpublic_html%2Fwp-includes HTTP/2.0" 403 3449 "-" "Mozilla/5.0 AppleWebKit/537.36 (KHTML, like Gecko; compatible; ClaudeBot/1.0; +claudebot@anthropic.com)" 546 **0/546329**
74.7.227.0 - - [28/Mar/2026:05:39:11 -0700] "GET /?fileloc=//lib64/python3.6/test/support/__init__.py&path=//lib64/python3.6/test/support HTTP/2.0" 200 32457 "https://falcon-ia.com/?path=//lib64/python3.6/test/support" "Mozilla/5.0 AppleWebKit/537.36 (KHTML, like Gecko; compatible; GPTBot/1.3; +https://openai.com/gptbot)" 523 **0/523248**
216.73.216.162 - - [28/Mar/2026:05:39:12 -0700] "GET /item/88842685?path=%2Fhome%2Ffalconiapl2015%2Fwww%2Fwp-includes HTTP/2.0" 403 3449 "-" "Mozilla/5.0 AppleWebKit/537.36 (KHTML, like Gecko; compatible; ClaudeBot/1.0; +claudebot@anthropic.com)" 486 **0/486183**
114.119.145.102 - - [28/Mar/2026:05:39:14 -0700] "GET /commodity/vw/excitement172022954794?fileloc=/home/falconiapl2015/public_html/wp-login.php&path=/home/falconiapl2015/public_html HTTP/1.1" 200 15772 "https://falcon-ia.com/commodity/vw/excitement172022954794" "Mozilla/5.0 (Linux; Android 7.0;) AppleWebKit/537.36 (KHTML, like Gecko) Mobile Safari/537.36 (compatible; PetalBot;+https://webmaster.petalsearch.com/site/petalbot)" 501 **0/501747**
74.7.227.0 - - [28/Mar/2026:05:39:14 -0700] "GET /?fileloc=//lib64/python2.7/test/support/__init__.pyo&path=//lib64/python2.7/test/support HTTP/2.0" 200 27850 "https://falcon-ia.com/?path=//lib64/python2.7/test/support" "Mozilla/5.0 AppleWebKit/537.36 (KHTML, like Gecko; compatible; GPTBot/1.3; +https://openai.com/gptbot)" 536 **0/536613**
216.73.216.162 - - [28/Mar/2026:05:39:15 -0700] "GET /item/1998328006?fileloc=%2Fhome%2Ffalconiapl2015%2Fpublic_html%2Fwp-includes%2Fclass-wp-theme-json-resolver.php&path=%2Fhome%2Ffalconiapl2015%2Fpublic_html%2Fwp-includes HTTP/2.0" 403 3449 "-" "Mozilla/5.0 AppleWebKit/537.36 (KHTML, like Gecko; compatible; ClaudeBot/1.0; +claudebot@anthropic.com)" 501 **0/501703**
74.7.227.0 - - [28/Mar/2026:05:39:17 -0700] "GET /?fileloc=//lib64/python2.7/test/support/__init__.pyc&path=//lib64/python2.7/test/support HTTP/2.0" 200 27871 "https://falcon-ia.com/?path=//lib64/python2.7/test/support" "Mozilla/5.0 AppleWebKit/537.36 (KHTML, like Gecko; compatible; GPTBot/1.3; +https://openai.com/gptbot)" 513 **0/513291**
216.73.216.162 - - [28/Mar/2026:05:39:18 -0700] "GET /item/705621385?path=%2Fhome%2Ffalconiapl2015%2Fpublic_html%2Fwp-includes%2Fpomo HTTP/2.0" 403 3449 "-" "Mozilla/5.0 AppleWebKit/537.36 (KHTML, like Gecko; compatible; ClaudeBot/1.0; +claudebot@anthropic.com)" 501 **0/501539**
74.7.227.0 - - [28/Mar/2026:05:39:20 -0700] "GET /?fileloc=//lib64/python2.7/test/support/script_helper.pyo&path=//lib64/python2.7/test/support HTTP/2.0" 200 4663 "https://falcon-ia.com/?path=//lib64/python2.7/test/support" "Mozilla/5.0 AppleWebKit/537.36 (KHTML, like Gecko; compatible; GPTBot/1.3; +https://openai.com/gptbot)" 515 **0/515567**
216.73.216.162 - - [28/Mar/2026:05:39:21 -0700] "GET /item/3978260600?path=%2Fhome%2Ffalconiapl2015%2Fpublic_html%2Fwp-includes%2Fl10n HTTP/2.0" 200 2775 "-" "Mozilla/5.0 AppleWebKit/537.36 (KHTML, like Gecko; compatible; ClaudeBot/1.0; +claudebot@anthropic.com)" 517 **0/517965**
74.7.227.0 - - [28/Mar/2026:05:39:24 -0700] "GET /?fileloc=//lib64/python2.7/test/support/script_helper.pyc&path=//lib64/python2.7/test/support HTTP/2.0" 200 4656 "https://falcon-ia.com/?path=//lib64/python2.7/test/support" "Mozilla/5.0 AppleWebKit/537.36 (KHTML, like Gecko; compatible; GPTBot/1.3; +https://openai.com/gptbot)" 540 **0/540604**
216.73.216.162 - - [28/Mar/2026:05:39:24 -0700] "GET /item/1016041926?path=%2Fhome%2Ffalconiapl2015%2Fpublic_html%2Fwp-includes%2Fpomo HTTP/2.0" 200 2808 "-" "Mozilla/5.0 AppleWebKit/537.36 (KHTML, like Gecko; compatible; ClaudeBot/1.0; +claudebot@anthropic.com)" 509 **0/509669**
74.7.227.0 - - [28/Mar/2026:05:39:27 -0700] "GET /?path=//opt/alt/tests/alt-php81-pecl-imagick_3.8.0-10.el8 HTTP/2.0" 200 2615 "https://falcon-ia.com/?path=//opt/alt/tests" "Mozilla/5.0 AppleWebKit/537.36 (KHTML, like Gecko; compatible; GPTBot/1.3; +https://openai.com/gptbot)" 510 **0/510920**
216.73.216.162 - - [28/Mar/2026:05:39:27 -0700] "GET /item/3554030469?path=%2Fhome%2Ffalconiapl2015%2Fpublic_html%2Fwp-includes%2Fl10n HTTP/2.0" 200 2775 "-" "Mozilla/5.0 AppleWebKit/537.36 (KHTML, like Gecko; compatible; ClaudeBot/1.0; +claudebot@anthropic.com)" 519 **0/519486**
216.73.216.162 - - [28/Mar/2026:05:39:30 -0700] "GET /item/3548350046?path=%2Fhome%2Ffalconiapl2015%2F.trash HTTP/2.0" 200 2721 "-" "Mozilla/5.0 AppleWebKit/537.36 (KHTML, like Gecko; compatible; ClaudeBot/1.0; +claudebot@anthropic.com)" 501 **0/501912**
74.7.227.0 - - [28/Mar/2026:05:39:30 -0700] "GET /?path=//opt/alt/tests/alt-php83-pecl-imagick_3.8.0-10.el8/tests HTTP/2.0" 200 13218 "https://falcon-ia.com/?path=//opt/alt/tests/alt-php83-pecl-imagick_3.8.0-10.el8" "Mozilla/5.0 AppleWebKit/537.36 (KHTML, like Gecko; compatible; GPTBot/1.3; +https://openai.com/gptbot)" 561 **0/561580**
216.73.216.162 - - [28/Mar/2026:05:39:33 -0700] "GET /item/604831358?fileloc=%2Fhome%2Ffalconiapl2015%2Fpublic_html%2Fwp-includes%2Fclass-wp-block-parser.php&path=%2Fhome%2Ffalconiapl2015%2Fpublic_html%2Fwp-includes HTTP/2.0" 200 5594 "-" "Mozilla/5.0 AppleWebKit/537.36 (KHTML, like Gecko; compatible; ClaudeBot/1.0; +claudebot@anthropic.com)" 529 **0/529490**
74.7.227.0 - - [28/Mar/2026:05:39:33 -0700] "GET /?path=//opt/alt/tests/alt-php83-pecl-imagick_3.8.0-10.el8/util HTTP/2.0" 200 2715 "https://falcon-ia.com/?path=//opt/alt/tests/alt-php83-pecl-imagick_3.8.0-10.el8" "Mozilla/5.0 AppleWebKit/537.36 (KHTML, like Gecko; compatible; GPTBot/1.3; +https://openai.com/gptbot)" 505 **0/505386**
216.73.216.162 - - [28/Mar/2026:05:39:36 -0700] "GET /item/2794843732?path=%2Fhome%2Ffalconiapl2015%2Fpublic_html%2Fwp-includes%2FPHPMailer HTTP/2.0" 200 2919 "-" "Mozilla/5.0 AppleWebKit/537.36 (KHTML, like Gecko; compatible; ClaudeBot/1.0; +claudebot@anthropic.com)" 514 **0/514062**
74.7.227.0 - - [28/Mar/2026:05:39:36 -0700] "GET /?path=//opt/alt/tests/alt-php82-pecl-mongodb_1.18.1-1.el8 HTTP/2.0" 200 2613 "https://falcon-ia.com/?path=//opt/alt/tests" "Mozilla/5.0 AppleWebKit/537.36 (KHTML, like Gecko; compatible; GPTBot/1.3; +https://openai.com/gptbot)" 506 **0/506424**
216.73.216.162 - - [28/Mar/2026:05:39:39 -0700] "GET /item/1398860680?fileloc=%2Fhome%2Ffalconiapl2015%2Fpublic_html%2Fwp-includes%2Fclass-wp-block-processor.php&path=%2Fhome%2Ffalconiapl2015%2Fpublic_html%2Fwp-includes HTTP/2.0" 200 18738 "-" "Mozilla/5.0 AppleWebKit/537.36 (KHTML, like Gecko; compatible; ClaudeBot/1.0; +claudebot@anthropic.com)" 517 **0/517329**
74.7.227.0 - - [28/Mar/2026:05:39:39 -0700] "GET /?path=//opt/alt/tests/alt-php80-pecl-imagick_3.8.0-10.el8 HTTP/2.0" 200 2615 "https://falcon-ia.com/?path=//opt/alt/tests" "Mozilla/5.0 AppleWebKit/537.36 (KHTML, like Gecko; compatible; GPTBot/1.3; +https://openai.com/gptbot)" 516 **0/516485**
216.73.216.162 - - [28/Mar/2026:05:39:42 -0700] "GET /item/2557278946?path=%2Fhome%2Ffalconiapl2015%2F.cl.selector HTTP/2.0" 200 2680 "-" "Mozilla/5.0 AppleWebKit/537.36 (KHTML, like Gecko; compatible; ClaudeBot/1.0; +claudebot@anthropic.com)" 511 **0/511662**
74.7.227.0 - - [28/Mar/2026:05:39:43 -0700] "GET /?path=//opt/alt/tests/alt-php83-pecl-mongodb_1.18.1-1.el8 HTTP/2.0" 200 2614 "https://falcon-ia.com/?path=//opt/alt/tests" "Mozilla/5.0 AppleWebKit/537.36 (KHTML, like Gecko; compatible; GPTBot/1.3; +https://openai.com/gptbot)" 501 **0/501911**
216.73.216.162 - - [28/Mar/2026:05:39:45 -0700] "GET /item/1772124902?path=%2Fhome%2Ffalconiapl2015%2Fwww%2Fwp-includes HTTP/2.0" 200 10163 "-" "Mozilla/5.0 AppleWebKit/537.36 (KHTML, like Gecko; compatible; ClaudeBot/1.0; +claudebot@anthropic.com)" 538 **0/538394**
74.7.227.0 - - [28/Mar/2026:05:39:46 -0700] "GET /?path=//opt/alt/tests/alt-php80-pecl-mongodb_1.18.1-1.el8 HTTP/2.0" 200 2613 "https://falcon-ia.com/?path=//opt/alt/tests" "Mozilla/5.0 AppleWebKit/537.36 (KHTML, like Gecko; compatible; GPTBot/1.3; +https://openai.com/gptbot)" 490 **0/490658**
74.7.227.0 - - [28/Mar/2026:05:39:49 -0700] "GET /?path=//opt/alt/tests/alt-php74-pecl-memcache_4.0.5.2-1.el8/tests HTTP/2.0" 200 3911 "https://falcon-ia.com/?path=//opt/alt/tests/alt-php74-pecl-memcache_4.0.5.2-1.el8" "Mozilla/5.0 AppleWebKit/537.36 (KHTML, like Gecko; compatible; GPTBot/1.3; +https://openai.com/gptbot)" 546 **0/546383**
216.73.216.162 - - [28/Mar/2026:05:39:51 -0700] "GET /item/344725682?fileloc=%2Fhome%2Ffalconiapl2015%2Fpublic_html%2Fwp-cron.php&path=%2Fhome%2Ffalconiapl2015%2Fpublic_html HTTP/2.0" 200 4272 "-" "Mozilla/5.0 AppleWebKit/537.36 (KHTML, like Gecko; compatible; ClaudeBot/1.0; +claudebot@anthropic.com)" 509 **0/509523**
74.7.227.0 - - [28/Mar/2026:05:39:52 -0700] "GET /?path=//opt/alt/tests/alt-php71-pecl-memcache_4.0.5.2-1.el8/tests HTTP/2.0" 200 3911 "https://falcon-ia.com/?path=//opt/alt/tests/alt-php71-pecl-memcache_4.0.5.2-1.el8" "Mozilla/5.0 AppleWebKit/537.36 (KHTML, like Gecko; compatible; GPTBot/1.3; +https://openai.com/gptbot)" 512 **0/512729**
216.73.216.162 - - [28/Mar/2026:05:39:53 -0700] "GET /item/2944742948?fileloc=%2Fhome%2Ffalconiapl2015%2Fpublic_html%2Findex.php&path=%2Fhome%2Ffalconiapl2015%2Fpublic_html HTTP/2.0" 200 10878 "-" "Mozilla/5.0 AppleWebKit/537.36 (KHTML, like Gecko; compatible; ClaudeBot/1.0; +claudebot@anthropic.com)" 512 **0/512609**
74.7.227.0 - - [28/Mar/2026:05:39:55 -0700] "GET /?path=//opt/alt/tests/alt-php72-pecl-memcache_4.0.5.2-1.el8/tests HTTP/2.0" 200 3911 "https://falcon-ia.com/?path=//opt/alt/tests/alt-php72-pecl-memcache_4.0.5.2-1.el8" "Mozilla/5.0 AppleWebKit/537.36 (KHTML, like Gecko; compatible; GPTBot/1.3; +https://openai.com/gptbot)" 531 **0/531761**
216.73.216.162 - - [28/Mar/2026:05:39:56 -0700] "GET /item/2798200397?fileloc=%2Fhome%2Ffalconiapl2015%2Fpublic_html%2Ftxets.php&path=%2Fhome%2Ffalconiapl2015%2Fpublic_html HTTP/2.0" 200 2298 "-" "Mozilla/5.0 AppleWebKit/537.36 (KHTML, like Gecko; compatible; ClaudeBot/1.0; +claudebot@anthropic.com)" 526 **0/526627**
185.191.171.16 - - [28/Mar/2026:05:39:58 -0700] "GET /commodity/interpretations/antennas17215769203 HTTP/1.1" 200 3956 "-" "Mozilla/5.0 (compatible; SemrushBot/7~bl; +http://www.semrush.com/bot.html)" 487 **0/487585**
74.7.227.0 - - [28/Mar/2026:05:39:58 -0700] "GET /?path=//opt/alt/tests/alt-php70-pecl-memcache_4.0.5.2-1.el8/tests HTTP/2.0" 200 3911 "https://falcon-ia.com/?path=//opt/alt/tests/alt-php70-pecl-memcache_4.0.5.2-1.el8" "Mozilla/5.0 AppleWebKit/537.36 (KHTML, like Gecko; compatible; GPTBot/1.3; +https://openai.com/gptbot)" 505 **0/505335**
216.73.216.162 - - [28/Mar/2026:05:39:59 -0700] "GET /item/1916061468?fileloc=%2Fhome%2Ffalconiapl2015%2Fpublic_html%2Fwp-cron.php&path=%2Fhome%2Ffalconiapl2015%2Fpublic_html HTTP/2.0" 200 4272 "-" "Mozilla/5.0 AppleWebKit/537.36 (KHTML, like Gecko; compatible; ClaudeBot/1.0; +claudebot@anthropic.com)" 516 **0/516023**
74.7.227.0 - - [28/Mar/2026:05:40:02 -0700] "GET /?path=//opt/alt/tests/alt-php81-pecl-imagick_3.8.0-10.el8/tests HTTP/2.0" 200 13218 "https://falcon-ia.com/?path=//opt/alt/tests/alt-php81-pecl-imagick_3.8.0-10.el8" "Mozilla/5.0 AppleWebKit/537.36 (KHTML, like Gecko; compatible; GPTBot/1.3; +https://openai.com/gptbot)" 894 **0/894609**
216.73.216.162 - - [28/Mar/2026:05:40:02 -0700] "GET /item/1175653966?fileloc=%2Fhome%2Ffalconiapl2015%2Fpublic_html%2Fwp-cron.php&path=%2Fhome%2Ffalconiapl2015%2Fpublic_html HTTP/2.0" 200 4272 "-" "Mozilla/5.0 AppleWebKit/537.36 (KHTML, like Gecko; compatible; ClaudeBot/1.0; +claudebot@anthropic.com)" 665 **0/665019**
85.208.96.209 - - [28/Mar/2026:05:40:03 -0700] "GET /commodity/sharper/portal171916871655 HTTP/1.1" 200 3956 "-" "Mozilla/5.0 (compatible; SemrushBot/7~bl; +http://www.semrush.com/bot.html)" 600 **0/600623**
74.7.227.0 - - [28/Mar/2026:05:40:05 -0700] "GET /?path=//opt/alt/tests/alt-php81-pecl-imagick_3.8.0-10.el8/util HTTP/2.0" 200 2715 "https://falcon-ia.com/?path=//opt/alt/tests/alt-php81-pecl-imagick_3.8.0-10.el8" "Mozilla/5.0 AppleWebKit/537.36 (KHTML, like Gecko; compatible; GPTBot/1.3; +https://openai.com/gptbot)" 556 **0/556984**
216.73.216.162 - - [28/Mar/2026:05:40:05 -0700] "GET /item/259916815?fileloc=%2Fhome%2Ffalconiapl2015%2Fnew%2Fwp-includes%2Fms-default-constants.php&path=%2Fhome%2Ffalconiapl2015%2Fnew%2Fwp-includes HTTP/2.0" 200 3829 "-" "Mozilla/5.0 AppleWebKit/537.36 (KHTML, like Gecko; compatible; ClaudeBot/1.0; +claudebot@anthropic.com)" 694 **0/694568**
85.208.96.197 - - [28/Mar/2026:05:40:08 -0700] "GET /commodity/veins/accountancy172011327898 HTTP/1.1" 200 3956 "-" "Mozilla/5.0 (compatible; SemrushBot/7~bl; +http://www.semrush.com/bot.html)" 547 **0/547857**
74.7.227.0 - - [28/Mar/2026:05:40:08 -0700] "GET /?fileloc=//var/www/html/404.shtml&path=//var/www/html HTTP/2.0" 200 2987 "https://falcon-ia.com/?path=//var/www/html" "Mozilla/5.0 AppleWebKit/537.36 (KHTML, like Gecko; compatible; GPTBot/1.3; +https://openai.com/gptbot)" 592 **0/592631**
216.73.216.162 - - [28/Mar/2026:05:40:08 -0700] "GET /item/1788431380?fileloc=%2Fhome%2Ffalconiapl2015%2Fpublic_html%2Ftxets.php&path=%2Fhome%2Ffalconiapl2015%2Fpublic_html HTTP/2.0" 200 2298 "-" "Mozilla/5.0 AppleWebKit/537.36 (KHTML, like Gecko; compatible; ClaudeBot/1.0; +claudebot@anthropic.com)" 506 **0/506219**
74.7.227.0 - - [28/Mar/2026:05:40:11 -0700] "GET /?path=//opt/alt/tests/alt-php82-pecl-mongodb_1.18.1-1.el8/utils HTTP/2.0" 200 2831 "https://falcon-ia.com/?path=//opt/alt/tests/alt-php82-pecl-mongodb_1.18.1-1.el8" "Mozilla/5.0 AppleWebKit/537.36 (KHTML, like Gecko; compatible; GPTBot/1.3; +https://openai.com/gptbot)" 513 **0/513374**
216.73.216.162 - - [28/Mar/2026:05:40:11 -0700] "GET /item/259916815?fileloc=%2Fhome%2Ffalconiapl2015%2Fnew%2Fwp-includes%2Fcompat-utf8.php&path=%2Fhome%2Ffalconiapl2015%2Fnew%2Fwp-includes HTTP/2.0" 200 7501 "-" "Mozilla/5.0 AppleWebKit/537.36 (KHTML, like Gecko; compatible; ClaudeBot/1.0; +claudebot@anthropic.com)" 506 **0/506173**
85.208.96.197 - - [28/Mar/2026:05:40:12 -0700] "GET /commodity/honduras/scoreboard172117560464 HTTP/1.1" 200 3956 "-" "Mozilla/5.0 (compatible; SemrushBot/7~bl; +http://www.semrush.com/bot.html)" 486 **0/486884**
216.73.216.162 - - [28/Mar/2026:05:40:14 -0700] "GET /item/2127730128?fileloc=%2Fhome%2Ffalconiapl2015%2Fpublic_html%2Fwp-content%2Fmu-plugins%2F.htaccess&path=%2Fhome%2Ffalconiapl2015%2Fpublic_html%2Fwp-content%2Fmu-plugins HTTP/2.0" 200 2385 "-" "Mozilla/5.0 AppleWebKit/537.36 (KHTML, like Gecko; compatible; ClaudeBot/1.0; +claudebot@anthropic.com)" 507 **0/507011**
74.7.227.0 - - [28/Mar/2026:05:40:14 -0700] "GET /?path=//opt/alt/tests/alt-php80-pecl-imagick_3.8.0-10.el8/tests HTTP/2.0" 200 13218 "https://falcon-ia.com/?path=//opt/alt/tests/alt-php80-pecl-imagick_3.8.0-10.el8" "Mozilla/5.0 AppleWebKit/537.36 (KHTML, like Gecko; compatible; GPTBot/1.3; +https://openai.com/gptbot)" 568 **0/568558**
66.249.74.128 - - [28/Mar/2026:05:40:14 -0700] "GET /content.php?q=66874454219769 HTTP/1.1" 403 26998 "-" "Mozilla/5.0 (Linux; Android 6.0.1; Nexus 5X Build/MMB29P) AppleWebKit/537.36 (KHTML, like Gecko) Chrome/146.0.7680.153 Mobile Safari/537.36 (compatible; Googlebot/2.1; +http://www.google.com/bot.html)" 1615 **1/1615623**
85.208.96.204 - - [28/Mar/2026:05:40:17 -0700] "GET /commodity/roland/jefferson17187000909 HTTP/1.1" 200 3956 "-" "Mozilla/5.0 (compatible; SemrushBot/7~bl; +http://www.semrush.com/bot.html)" 501 **0/501793**
216.73.216.162 - - [28/Mar/2026:05:40:17 -0700] "GET /item/491268233?fileloc=%2Fhome%2Ffalconiapl2015%2Fpublic_html%2Fwp-config.php&path=%2Fhome%2Ffalconiapl2015%2Fpublic_html HTTP/2.0" 200 3422 "-" "Mozilla/5.0 AppleWebKit/537.36 (KHTML, like Gecko; compatible; ClaudeBot/1.0; +claudebot@anthropic.com)" 520 **0/520181**
74.7.227.0 - - [28/Mar/2026:05:40:17 -0700] "GET /?path=//opt/alt/tests/alt-php83-pecl-mongodb_1.18.1-1.el8/utils HTTP/2.0" 200 2831 "https://falcon-ia.com/?path=//opt/alt/tests/alt-php83-pecl-mongodb_1.18.1-1.el8" "Mozilla/5.0 AppleWebKit/537.36 (KHTML, like Gecko; compatible; GPTBot/1.3; +https://openai.com/gptbot)" 506 **0/506654**
216.73.216.162 - - [28/Mar/2026:05:40:20 -0700] "GET /item/1665553619?fileloc=%2Fhome%2Ffalconiapl2015%2Fpublic_html%2Fwp-content%2Fplugins%2Fnexgen-core%2F.htaccess&path=%2Fhome%2Ffalconiapl2015%2Fpublic_html%2Fwp-content%2Fplugins%2Fnexgen-core HTTP/2.0" 200 2398 "-" "Mozilla/5.0 AppleWebKit/537.36 (KHTML, like Gecko; compatible; ClaudeBot/1.0; +claudebot@anthropic.com)" 517 **0/517276**
74.7.227.0 - - [28/Mar/2026:05:40:20 -0700] "GET /?path=//opt/alt/tests/alt-php80-pecl-mongodb_1.18.1-1.el8/utils HTTP/2.0" 200 2831 "https://falcon-ia.com/?path=//opt/alt/tests/alt-php80-pecl-mongodb_1.18.1-1.el8" "Mozilla/5.0 AppleWebKit/537.36 (KHTML, like Gecko; compatible; GPTBot/1.3; +https://openai.com/gptbot)" 516 **0/516646**
185.191.171.15 - - [28/Mar/2026:05:40:21 -0700] "GET /commodity/minor/cleaning171831022551 HTTP/1.1" 200 3956 "-" "Mozilla/5.0 (compatible; SemrushBot/7~bl; +http://www.semrush.com/bot.html)" 509 **0/509022**
216.73.216.162 - - [28/Mar/2026:05:40:23 -0700] "GET /item/2944742948?fileloc=%2Fhome%2Ffalconiapl2015%2Fpublic_html%2Fwp-login.php&path=%2Fhome%2Ffalconiapl2015%2Fpublic_html HTTP/2.0" 200 15079 "-" "Mozilla/5.0 AppleWebKit/537.36 (KHTML, like Gecko; compatible; ClaudeBot/1.0; +claudebot@anthropic.com)" 532 **0/532732**
74.7.227.0 - - [28/Mar/2026:05:40:24 -0700] "GET /?path=//opt/alt/tests/alt-php80-pecl-mongodb_1.18.1-1.el8/tests HTTP/2.0" 200 38995 "https://falcon-ia.com/?path=//opt/alt/tests/alt-php80-pecl-mongodb_1.18.1-1.el8" "Mozilla/5.0 AppleWebKit/537.36 (KHTML, like Gecko; compatible; GPTBot/1.3; +https://openai.com/gptbot)" 701 **0/701133**
185.191.171.18 - - [28/Mar/2026:05:40:26 -0700] "GET /commodity/rodney/sweatshirts17179647842 HTTP/1.1" 200 3956 "-" "Mozilla/5.0 (compatible; SemrushBot/7~bl; +http://www.semrush.com/bot.html)" 497 **0/497190**
216.73.216.162 - - [28/Mar/2026:05:40:26 -0700] "GET /item/2799412496?fileloc=%2Fhome%2Ffalconiapl2015%2Fpublic_html%2Ftxets.php&path=%2Fhome%2Ffalconiapl2015%2Fpublic_html HTTP/2.0" 200 2298 "-" "Mozilla/5.0 AppleWebKit/537.36 (KHTML, like Gecko; compatible; ClaudeBot/1.0; +claudebot@anthropic.com)" 541 **0/541675**
74.7.227.0 - - [28/Mar/2026:05:40:27 -0700] "GET /?fileloc=//opt/alt/tests/alt-php71-pecl-memcache_4.0.5.2-1.el8/tests/pecl16442.phpt&path=//opt/alt/tests/alt-php71-pecl-memcache_4.0.5.2-1.el8/tests HTTP/2.0" 200 2519 "https://falcon-ia.com/?path=//opt/alt/tests/alt-php71-pecl-memcache_4.0.5.2-1.el8/tests" "Mozilla/5.0 AppleWebKit/537.36 (KHTML, like Gecko; compatible; GPTBot/1.3; +https://openai.com/gptbot)" 507 **0/507899**
114.119.145.102 - - [28/Mar/2026:05:40:28 -0700] "GET /commodity/vv/sao172111461176?path=/home/falconiapl2015/public_html/.easyssl_backup HTTP/1.1" 200 3151 "https://falcon-ia.com/commodity/vv/sao172111461176" "Mozilla/5.0 (Linux; Android 7.0;) AppleWebKit/537.36 (KHTML, like Gecko) Mobile Safari/537.36 (compatible; PetalBot;+https://webmaster.petalsearch.com/site/petalbot)" 521 **0/521650**
216.73.216.162 - - [28/Mar/2026:05:40:29 -0700] "GET /item/3698874252?fileloc=%2Fhome%2Ffalconiapl2015%2Fpublic_html%2F.easyssl_backup%2Findex.html&path=%2Fhome%2Ffalconiapl2015%2Fpublic_html%2F.easyssl_backup HTTP/2.0" 200 2273 "-" "Mozilla/5.0 AppleWebKit/537.36 (KHTML, like Gecko; compatible; ClaudeBot/1.0; +claudebot@anthropic.com)" 544 **0/544264**
74.7.227.0 - - [28/Mar/2026:05:40:30 -0700] "GET /?path=//opt/alt/tests/alt-php83-pecl-mongodb_1.18.1-1.el8/tests HTTP/2.0" 200 38995 "https://falcon-ia.com/?path=//opt/alt/tests/alt-php83-pecl-mongodb_1.18.1-1.el8" "Mozilla/5.0 AppleWebKit/537.36 (KHTML, like Gecko; compatible; GPTBot/1.3; +https://openai.com/gptbot)" 735 **0/735327**
185.191.171.5 - - [28/Mar/2026:05:40:31 -0700] "GET /commodity/copyrights/misleading171845922387 HTTP/1.1" 200 3956 "-" "Mozilla/5.0 (compatible; SemrushBot/7~bl; +http://www.semrush.com/bot.html)" 494 **0/494182**
216.73.216.162 - - [28/Mar/2026:05:40:32 -0700] "GET /item/1081527970?fileloc=%2Fhome%2Ffalconiapl2015%2Fpublic_html%2Fwp-admin%2Fjs%2Fnav-menu.js&path=%2Fhome%2Ffalconiapl2015%2Fpublic_html%2Fwp-admin%2Fjs HTTP/2.0" 200 17170 "-" "Mozilla/5.0 AppleWebKit/537.36 (KHTML, like Gecko; compatible; ClaudeBot/1.0; +claudebot@anthropic.com)" 544 **0/544261**
74.7.227.0 - - [28/Mar/2026:05:40:33 -0700] "GET /?path=//opt/alt/tests/alt-php82-pecl-mongodb_1.18.1-1.el8/tests HTTP/2.0" 200 38994 "https://falcon-ia.com/?path=//opt/alt/tests/alt-php82-pecl-mongodb_1.18.1-1.el8" "Mozilla/5.0 AppleWebKit/537.36 (KHTML, like Gecko; compatible; GPTBot/1.3; +https://openai.com/gptbot)" 658 **0/658004**
