216.73.216.162 - - [28/Mar/2026:05:30:16 -0700] "GET /item/676906733?path=%2Fhome%2Ffalconiapl2015%2Fpublic_html%2Fwp-content%2Fupgrade-temp-backup%2Fplugins HTTP/2.0" 200 2688 "-" "Mozilla/5.0 AppleWebKit/537.36 (KHTML, like Gecko; compatible; ClaudeBot/1.0; +claudebot@anthropic.com)" 504 **0/504866**
74.7.227.0 - - [28/Mar/2026:05:30:17 -0700] "GET /?path=//opt/alt/python310/lib64/python3.10/ctypes/macholib HTTP/2.0" 200 2879 "https://falcon-ia.com/?path=//opt/alt/python310/lib64/python3.10/ctypes" "Mozilla/5.0 AppleWebKit/537.36 (KHTML, like Gecko; compatible; GPTBot/1.3; +https://openai.com/gptbot)" 510 **0/510140**
216.73.216.162 - - [28/Mar/2026:05:30:19 -0700] "GET /item/71142289?path=%2Fhome%2Ffalconiapl2015%2Fpublic_html%2Fwp-content%2Fupgrade-temp-backup%2Fplugins HTTP/2.0" 200 2688 "-" "Mozilla/5.0 AppleWebKit/537.36 (KHTML, like Gecko; compatible; ClaudeBot/1.0; +claudebot@anthropic.com)" 521 **0/521100**
74.7.227.0 - - [28/Mar/2026:05:30:20 -0700] "GET /?path=//opt/alt/python310/lib64/python3.10/urllib/__pycache__ HTTP/2.0" 200 3025 "https://falcon-ia.com/?path=//opt/alt/python310/lib64/python3.10/urllib" "Mozilla/5.0 AppleWebKit/537.36 (KHTML, like Gecko; compatible; GPTBot/1.3; +https://openai.com/gptbot)" 536 **0/536297**
216.73.216.162 - - [28/Mar/2026:05:30:22 -0700] "GET /item/3617016351?path=%2Fhome%2Ffalconiapl2015%2Fpublic_html%2Fwp-includes%2FRequests%2Flibrary HTTP/2.0" 200 2644 "-" "Mozilla/5.0 AppleWebKit/537.36 (KHTML, like Gecko; compatible; ClaudeBot/1.0; +claudebot@anthropic.com)" 510 **0/510438**
74.7.227.0 - - [28/Mar/2026:05:30:23 -0700] "GET /?path=//opt/alt/python310/lib64/python3.10/ctypes/__pycache__ HTTP/2.0" 200 2963 "https://falcon-ia.com/?path=//opt/alt/python310/lib64/python3.10/ctypes" "Mozilla/5.0 AppleWebKit/537.36 (KHTML, like Gecko; compatible; GPTBot/1.3; +https://openai.com/gptbot)" 514 **0/514604**
216.73.216.162 - - [28/Mar/2026:05:30:25 -0700] "GET /item/3092343621?path=%2Fhome%2Ffalconiapl2015%2Fpublic_html%2Fwp-includes%2FSimplePie HTTP/2.0" 200 2738 "-" "Mozilla/5.0 AppleWebKit/537.36 (KHTML, like Gecko; compatible; ClaudeBot/1.0; +claudebot@anthropic.com)" 500 **0/500426**
74.7.227.0 - - [28/Mar/2026:05:30:26 -0700] "GET /?path=//opt/alt/tests/alt-php80-pecl-zmq_1.1.3-1.84f0720.el8/tests HTTP/2.0" 200 4774 "https://falcon-ia.com/?path=//opt/alt/tests/alt-php80-pecl-zmq_1.1.3-1.84f0720.el8" "Mozilla/5.0 AppleWebKit/537.36 (KHTML, like Gecko; compatible; GPTBot/1.3; +https://openai.com/gptbot)" 562 **0/562383**
216.73.216.162 - - [28/Mar/2026:05:30:28 -0700] "GET /item/3575996491?path=%2Fhome%2Ffalconiapl2015%2Fssl HTTP/2.0" 200 2702 "-" "Mozilla/5.0 AppleWebKit/537.36 (KHTML, like Gecko; compatible; ClaudeBot/1.0; +claudebot@anthropic.com)" 521 **0/521751**
74.7.227.0 - - [28/Mar/2026:05:30:30 -0700] "GET /?path=//opt/alt/tests/alt-php82-pecl-zmq_1.1.3-1.84f0720.el8/tests HTTP/2.0" 200 4774 "https://falcon-ia.com/?path=//opt/alt/tests/alt-php82-pecl-zmq_1.1.3-1.84f0720.el8" "Mozilla/5.0 AppleWebKit/537.36 (KHTML, like Gecko; compatible; GPTBot/1.3; +https://openai.com/gptbot)" 520 **0/520216**
216.73.216.162 - - [28/Mar/2026:05:30:31 -0700] "GET /item/3422829155?path=%2Fhome%2Ffalconiapl2015%2Fpublic_html%2F.easyssl_backup%2Fwp-includes HTTP/2.0" 200 2670 "-" "Mozilla/5.0 AppleWebKit/537.36 (KHTML, like Gecko; compatible; ClaudeBot/1.0; +claudebot@anthropic.com)" 525 **0/525996**
74.7.227.0 - - [28/Mar/2026:05:30:33 -0700] "GET /?path=//opt/alt/libheif HTTP/2.0" 200 2609 "https://falcon-ia.com/?path=//opt/alt" "Mozilla/5.0 AppleWebKit/537.36 (KHTML, like Gecko; compatible; GPTBot/1.3; +https://openai.com/gptbot)" 505 **0/505323**
216.73.216.162 - - [28/Mar/2026:05:30:34 -0700] "GET /item/775905488?path=%2Fhome%2Ffalconiapl2015%2Fpublic_html%2Fwp-content%2Fupgrade-temp-backup%2Fplugins HTTP/2.0" 200 2688 "-" "Mozilla/5.0 AppleWebKit/537.36 (KHTML, like Gecko; compatible; ClaudeBot/1.0; +claudebot@anthropic.com)" 499 **0/499025**
114.119.151.246 - - [28/Mar/2026:05:30:36 -0700] "GET /commodity/waste/sofas171721624192?fileloc=/home/falconiapl2015/public_html/wp-config.php&path=/home/falconiapl2015/public_html HTTP/1.1" 200 3719 "https://falcon-ia.com/commodity/waste/sofas171721624192" "Mozilla/5.0 (Linux; Android 7.0;) AppleWebKit/537.36 (KHTML, like Gecko) Mobile Safari/537.36 (compatible; PetalBot;+https://webmaster.petalsearch.com/site/petalbot)" 496 **0/496527**
74.7.227.0 - - [28/Mar/2026:05:30:36 -0700] "GET /?fileloc=//lib64/python2.7/Demo/parser/simple.pyc&path=//lib64/python2.7/Demo/parser HTTP/2.0" 200 2415 "https://falcon-ia.com/?path=//lib64/python2.7/Demo/parser" "Mozilla/5.0 AppleWebKit/537.36 (KHTML, like Gecko; compatible; GPTBot/1.3; +https://openai.com/gptbot)" 529 **0/529523**
216.73.216.162 - - [28/Mar/2026:05:30:37 -0700] "GET /item/3617016351?fileloc=%2Fhome%2Ffalconiapl2015%2Fpublic_html%2Fwp-includes%2FRequests%2Fsrc%2FResponse.php&path=%2Fhome%2Ffalconiapl2015%2Fpublic_html%2Fwp-includes%2FRequests%2Fsrc HTTP/2.0" 200 3698 "-" "Mozilla/5.0 AppleWebKit/537.36 (KHTML, like Gecko; compatible; ClaudeBot/1.0; +claudebot@anthropic.com)" 511 **0/511913**
74.7.227.0 - - [28/Mar/2026:05:30:39 -0700] "GET /?path=//opt/alt/libraqm HTTP/2.0" 200 2584 "https://falcon-ia.com/?path=//opt/alt" "Mozilla/5.0 AppleWebKit/537.36 (KHTML, like Gecko; compatible; GPTBot/1.3; +https://openai.com/gptbot)" 522 **0/522434**
216.73.216.162 - - [28/Mar/2026:05:30:40 -0700] "GET /item/1334216474?path=%2Fhome%2Ffalconiapl2015%2Fpublic_html%2F.easyssl_backup%2Fwp-includes HTTP/2.0" 200 2670 "-" "Mozilla/5.0 AppleWebKit/537.36 (KHTML, like Gecko; compatible; ClaudeBot/1.0; +claudebot@anthropic.com)" 503 **0/503011**
74.7.227.0 - - [28/Mar/2026:05:30:42 -0700] "GET /?path=//etc/pki/dovecot HTTP/2.0" 200 2656 "https://falcon-ia.com/?path=//etc/pki" "Mozilla/5.0 AppleWebKit/537.36 (KHTML, like Gecko; compatible; GPTBot/1.3; +https://openai.com/gptbot)" 497 **0/497082**
216.73.216.162 - - [28/Mar/2026:05:30:43 -0700] "GET /item/2440365595?fileloc=%2Fhome%2Ffalconiapl2015%2Fpublic_html%2Fwp-includes%2Fclass-wp-http-encoding.php&path=%2Fhome%2Ffalconiapl2015%2Fpublic_html%2Fwp-includes HTTP/2.0" 200 4313 "-" "Mozilla/5.0 AppleWebKit/537.36 (KHTML, like Gecko; compatible; ClaudeBot/1.0; +claudebot@anthropic.com)" 516 **0/516019**
74.7.227.0 - - [28/Mar/2026:05:30:45 -0700] "GET /?path=//opt/alt/libharu HTTP/2.0" 200 2558 "https://falcon-ia.com/?path=//opt/alt" "Mozilla/5.0 AppleWebKit/537.36 (KHTML, like Gecko; compatible; GPTBot/1.3; +https://openai.com/gptbot)" 515 **0/515948**
216.73.216.162 - - [28/Mar/2026:05:30:46 -0700] "GET /item/3199447013?path=%2Fhome%2Ffalconiapl2015%2Fpublic_html%2Fwp-content%2Fupgrade-temp-backup%2Fplugins HTTP/2.0" 200 2688 "-" "Mozilla/5.0 AppleWebKit/537.36 (KHTML, like Gecko; compatible; ClaudeBot/1.0; +claudebot@anthropic.com)" 496 **0/496522**
74.7.227.0 - - [28/Mar/2026:05:30:49 -0700] "GET /?path=//opt/alt/libwebp HTTP/2.0" 200 2582 "https://falcon-ia.com/?path=//opt/alt" "Mozilla/5.0 AppleWebKit/537.36 (KHTML, like Gecko; compatible; GPTBot/1.3; +https://openai.com/gptbot)" 538 **0/538240**
216.73.216.162 - - [28/Mar/2026:05:30:49 -0700] "GET /item/1492738538?path=%2Fhome%2Ffalconiapl2015%2Fpublic_html%2Fwp-includes%2Fjs HTTP/2.0" 200 5595 "-" "Mozilla/5.0 AppleWebKit/537.36 (KHTML, like Gecko; compatible; ClaudeBot/1.0; +claudebot@anthropic.com)" 499 **0/499669**
216.73.216.162 - - [28/Mar/2026:05:30:52 -0700] "GET /item/2071247287?path=%2Fhome%2Ffalconiapl2015%2Fpublic_html%2Fwp-includes%2Fblocks HTTP/2.0" 200 7245 "-" "Mozilla/5.0 AppleWebKit/537.36 (KHTML, like Gecko; compatible; ClaudeBot/1.0; +claudebot@anthropic.com)" 541 **0/541443**
74.7.227.0 - - [28/Mar/2026:05:30:52 -0700] "GET /?fileloc=//lib64/libpanelw.so.6.1&path=//lib64 HTTP/2.0" 200 7293 "https://falcon-ia.com/?path=//lib64" "Mozilla/5.0 AppleWebKit/537.36 (KHTML, like Gecko; compatible; GPTBot/1.3; +https://openai.com/gptbot)" 495 **0/495728**
216.73.216.162 - - [28/Mar/2026:05:30:55 -0700] "GET /item/1527957511?path=%2Fhome%2Ffalconiapl2015%2Fpublic_html%2Fwp-includes%2Ftheme-compat HTTP/2.0" 200 2869 "-" "Mozilla/5.0 AppleWebKit/537.36 (KHTML, like Gecko; compatible; ClaudeBot/1.0; +claudebot@anthropic.com)" 533 **0/533387**
74.7.227.0 - - [28/Mar/2026:05:30:55 -0700] "GET /?fileloc=//lib64/libjbig.so.2.1&path=//lib64 HTTP/2.0" 200 21772 "https://falcon-ia.com/?path=//lib64" "Mozilla/5.0 AppleWebKit/537.36 (KHTML, like Gecko; compatible; GPTBot/1.3; +https://openai.com/gptbot)" 547 **0/547321**
216.73.216.162 - - [28/Mar/2026:05:30:58 -0700] "GET /item/2668177194?path=%2Fhome%2Ffalconiapl2015%2Fpublic_html%2Fwp-includes%2FRequests HTTP/2.0" 200 2691 "-" "Mozilla/5.0 AppleWebKit/537.36 (KHTML, like Gecko; compatible; ClaudeBot/1.0; +claudebot@anthropic.com)" 517 **0/517770**
74.7.227.0 - - [28/Mar/2026:05:30:58 -0700] "GET /?fileloc=//lib64/libform.so.6.1&path=//lib64 HTTP/2.0" 200 28611 "https://falcon-ia.com/?path=//lib64" "Mozilla/5.0 AppleWebKit/537.36 (KHTML, like Gecko; compatible; GPTBot/1.3; +https://openai.com/gptbot)" 523 **0/523864**
216.73.216.162 - - [28/Mar/2026:05:31:01 -0700] "GET /item/2794843732?fileloc=%2Fhome%2Ffalconiapl2015%2Fpublic_html%2Fwp-includes%2Fclass-wp-http-encoding.php&path=%2Fhome%2Ffalconiapl2015%2Fpublic_html%2Fwp-includes HTTP/2.0" 200 4313 "-" "Mozilla/5.0 AppleWebKit/537.36 (KHTML, like Gecko; compatible; ClaudeBot/1.0; +claudebot@anthropic.com)" 551 **0/551829**
74.7.227.0 - - [28/Mar/2026:05:31:01 -0700] "GET /?path=//opt/alt/tests/alt-php81-pecl-scoutapm_1.10.0-1.el8 HTTP/2.0" 200 2584 "https://falcon-ia.com/?path=//opt/alt/tests" "Mozilla/5.0 AppleWebKit/537.36 (KHTML, like Gecko; compatible; GPTBot/1.3; +https://openai.com/gptbot)" 537 **0/537498**
216.73.216.162 - - [28/Mar/2026:05:31:04 -0700] "GET /item/1492738538?fileloc=%2Fhome%2Ffalconiapl2015%2Fpublic_html%2Fwp-includes%2FRequests%2Fsrc%2FResponse.php&path=%2Fhome%2Ffalconiapl2015%2Fpublic_html%2Fwp-includes%2FRequests%2Fsrc HTTP/2.0" 200 3698 "-" "Mozilla/5.0 AppleWebKit/537.36 (KHTML, like Gecko; compatible; ClaudeBot/1.0; +claudebot@anthropic.com)" 532 **0/532521**
74.7.227.0 - - [28/Mar/2026:05:31:04 -0700] "GET /?path=//opt/alt/tests/alt-php80-pecl-scoutapm_1.10.0-1.el8 HTTP/2.0" 200 2584 "https://falcon-ia.com/?path=//opt/alt/tests" "Mozilla/5.0 AppleWebKit/537.36 (KHTML, like Gecko; compatible; GPTBot/1.3; +https://openai.com/gptbot)" 546 **0/546652**
216.73.216.162 - - [28/Mar/2026:05:31:07 -0700] "GET /item/3504905972?path=%2Fhome%2Ffalconiapl2015%2Fpublic_html%2F.easyssl_backup%2Fwp-includes HTTP/2.0" 200 2670 "-" "Mozilla/5.0 AppleWebKit/537.36 (KHTML, like Gecko; compatible; ClaudeBot/1.0; +claudebot@anthropic.com)" 514 **0/514217**
74.7.227.0 - - [28/Mar/2026:05:31:08 -0700] "GET /?path=//opt/alt/tests/alt-php71-pecl-scoutapm_1.10.0-1.el8 HTTP/2.0" 200 2585 "https://falcon-ia.com/?path=//opt/alt/tests" "Mozilla/5.0 AppleWebKit/537.36 (KHTML, like Gecko; compatible; GPTBot/1.3; +https://openai.com/gptbot)" 512 **0/512689**
216.73.216.162 - - [28/Mar/2026:05:31:10 -0700] "GET /item/2071247287?path=%2Fhome%2Ffalconiapl2015%2Fpublic_html%2Fwp-includes%2FRequests%2Flibrary HTTP/2.0" 200 2644 "-" "Mozilla/5.0 AppleWebKit/537.36 (KHTML, like Gecko; compatible; ClaudeBot/1.0; +claudebot@anthropic.com)" 505 **0/505402**
74.7.227.0 - - [28/Mar/2026:05:31:11 -0700] "GET /?path=//opt/python38/lib/python3.8/tkinter/test/test_tkinter/__pycache__ HTTP/2.0" 200 3169 "https://falcon-ia.com/?path=//opt/python38/lib/python3.8/tkinter/test/test_tkinter" "Mozilla/5.0 AppleWebKit/537.36 (KHTML, like Gecko; compatible; GPTBot/1.3; +https://openai.com/gptbot)" 521 **0/521786**
216.73.216.162 - - [28/Mar/2026:05:31:13 -0700] "GET /item/267899740?path=%2Fhome%2Ffalconiapl2015%2Fpublic_html%2F.easyssl_backup%2Fwp-includes HTTP/2.0" 200 2670 "-" "Mozilla/5.0 AppleWebKit/537.36 (KHTML, like Gecko; compatible; ClaudeBot/1.0; +claudebot@anthropic.com)" 497 **0/497169**
74.7.227.0 - - [28/Mar/2026:05:31:14 -0700] "GET /?path=/home/falconiapl2015/mail/falcon-ia.com/call/.Sent HTTP/2.0" 200 2750 "https://falcon-ia.com/?path=/home/falconiapl2015/mail/falcon-ia.com/call" "Mozilla/5.0 AppleWebKit/537.36 (KHTML, like Gecko; compatible; GPTBot/1.3; +https://openai.com/gptbot)" 518 **0/518332**
216.73.216.162 - - [28/Mar/2026:05:31:16 -0700] "GET /item/4039807140?path=%2Fhome%2Ffalconiapl2015%2Fpublic_html%2Fwp-includes%2Fblock-bindings HTTP/2.0" 200 2739 "-" "Mozilla/5.0 AppleWebKit/537.36 (KHTML, like Gecko; compatible; ClaudeBot/1.0; +claudebot@anthropic.com)" 517 **0/517062**
74.7.227.0 - - [28/Mar/2026:05:31:17 -0700] "GET /?path=/home/falconiapl2015/mail/falcon-ia.com/call/.Trash HTTP/2.0" 200 2751 "https://falcon-ia.com/?path=/home/falconiapl2015/mail/falcon-ia.com/call" "Mozilla/5.0 AppleWebKit/537.36 (KHTML, like Gecko; compatible; GPTBot/1.3; +https://openai.com/gptbot)" 522 **0/522389**
216.73.216.162 - - [28/Mar/2026:05:31:19 -0700] "GET /item/2166192956?path=%2Fhome%2Ffalconiapl2015%2Fpublic_html%2Fwp-admin HTTP/2.0" 200 5481 "-" "Mozilla/5.0 AppleWebKit/537.36 (KHTML, like Gecko; compatible; ClaudeBot/1.0; +claudebot@anthropic.com)" 512 **0/512486**
74.7.227.0 - - [28/Mar/2026:05:31:20 -0700] "GET /?path=/home/falconiapl2015/ssl/keys/account_live_voilawex@gmail.com/order_d9e6066c9ebd9f2cb41ac03b641ac920 HTTP/2.0" 200 2718 "https://falcon-ia.com/?path=/home/falconiapl2015/ssl/keys/account_live_voilawex@gmail.com" "Mozilla/5.0 AppleWebKit/537.36 (KHTML, like Gecko; compatible; GPTBot/1.3; +https://openai.com/gptbot)" 488 **0/488799**
216.73.216.162 - - [28/Mar/2026:05:31:22 -0700] "GET /item/446481343?path=%2Fhome%2Ffalconiapl2015%2Fpublic_html%2Fwp-content%2Fupgrade-temp-backup%2Fplugins HTTP/2.0" 200 2688 "-" "Mozilla/5.0 AppleWebKit/537.36 (KHTML, like Gecko; compatible; ClaudeBot/1.0; +claudebot@anthropic.com)" 497 **0/497548**
74.7.227.0 - - [28/Mar/2026:05:31:23 -0700] "GET /?fileloc=//opt/liblve/libsecureio.so&path=//opt/liblve HTTP/2.0" 200 7069 "https://falcon-ia.com/?path=//opt/liblve" "Mozilla/5.0 AppleWebKit/537.36 (KHTML, like Gecko; compatible; GPTBot/1.3; +https://openai.com/gptbot)" 527 **0/527422**
216.73.216.162 - - [28/Mar/2026:05:31:25 -0700] "GET /item/1805203664?path=%2Fhome%2Ffalconiapl2015%2Fpublic_html%2Fwp-includes%2Fcustomize HTTP/2.0" 200 3772 "-" "Mozilla/5.0 AppleWebKit/537.36 (KHTML, like Gecko; compatible; ClaudeBot/1.0; +claudebot@anthropic.com)" 509 **0/509725**
74.7.227.0 - - [28/Mar/2026:05:31:27 -0700] "GET /?path=//lib64/perl5/auto/I18N HTTP/2.0" 200 2567 "https://falcon-ia.com/?path=//lib64/perl5/auto" "Mozilla/5.0 AppleWebKit/537.36 (KHTML, like Gecko; compatible; GPTBot/1.3; +https://openai.com/gptbot)" 496 **0/496246**
216.73.216.162 - - [28/Mar/2026:05:31:28 -0700] "GET /item/4164060539?path=%2Fhome%2Ffalconiapl2015%2Fpublic_html%2Fwp-admin HTTP/2.0" 200 5481 "-" "Mozilla/5.0 AppleWebKit/537.36 (KHTML, like Gecko; compatible; ClaudeBot/1.0; +claudebot@anthropic.com)" 519 **0/519391**
74.7.227.0 - - [28/Mar/2026:05:31:30 -0700] "GET /?fileloc=//lib64/python3.12/tkinter/ttk.py&path=//lib64/python3.12/tkinter HTTP/2.0" 200 16413 "https://falcon-ia.com/?path=//lib64/python3.12/tkinter" "Mozilla/5.0 AppleWebKit/537.36 (KHTML, like Gecko; compatible; GPTBot/1.3; +https://openai.com/gptbot)" 567 **0/567197**
216.73.216.162 - - [28/Mar/2026:05:31:31 -0700] "GET /item/4139897546?path=%2Fhome%2Ffalconiapl2015 HTTP/2.0" 200 3737 "-" "Mozilla/5.0 AppleWebKit/537.36 (KHTML, like Gecko; compatible; ClaudeBot/1.0; +claudebot@anthropic.com)" 515 **0/515713**
74.7.227.0 - - [28/Mar/2026:05:31:33 -0700] "GET /?path=//opt/alt/tests/alt-php81-pecl-htscanner_1.0.1-1.d241932.el8 HTTP/2.0" 200 2592 "https://falcon-ia.com/?path=//opt/alt/tests" "Mozilla/5.0 AppleWebKit/537.36 (KHTML, like Gecko; compatible; GPTBot/1.3; +https://openai.com/gptbot)" 490 **0/490497**
216.73.216.162 - - [28/Mar/2026:05:31:34 -0700] "GET /item/1492738538?path=%2Fhome%2Ffalconiapl2015%2Fpublic_html%2Fwp-includes%2Fblocks HTTP/2.0" 200 7245 "-" "Mozilla/5.0 AppleWebKit/537.36 (KHTML, like Gecko; compatible; ClaudeBot/1.0; +claudebot@anthropic.com)" 519 **0/519033**
74.7.227.0 - - [28/Mar/2026:05:31:36 -0700] "GET /?path=//opt/alt/tests/alt-php81-pecl-scoutapm_1.10.0-1.el8/tests HTTP/2.0" 200 3719 "https://falcon-ia.com/?path=//opt/alt/tests/alt-php81-pecl-scoutapm_1.10.0-1.el8" "Mozilla/5.0 AppleWebKit/537.36 (KHTML, like Gecko; compatible; GPTBot/1.3; +https://openai.com/gptbot)" 504 **0/504204**
185.191.171.2 - - [28/Mar/2026:05:31:36 -0700] "GET /commodity/drake/consequence171916677570 HTTP/1.1" 200 3956 "-" "Mozilla/5.0 (compatible; SemrushBot/7~bl; +http://www.semrush.com/bot.html)" 508 **0/508650**
216.73.216.162 - - [28/Mar/2026:05:31:37 -0700] "GET /item/173708689?path=%2Fhome%2Ffalconiapl2015%2Fpublic_html%2F.easyssl_backup%2Fwp-includes HTTP/2.0" 200 2670 "-" "Mozilla/5.0 AppleWebKit/537.36 (KHTML, like Gecko; compatible; ClaudeBot/1.0; +claudebot@anthropic.com)" 504 **0/504880**
74.7.227.0 - - [28/Mar/2026:05:31:39 -0700] "GET /?path=//opt/alt/tests/alt-php80-pecl-scoutapm_1.10.0-1.el8/tests HTTP/2.0" 200 3719 "https://falcon-ia.com/?path=//opt/alt/tests/alt-php80-pecl-scoutapm_1.10.0-1.el8" "Mozilla/5.0 AppleWebKit/537.36 (KHTML, like Gecko; compatible; GPTBot/1.3; +https://openai.com/gptbot)" 499 **0/499314**
216.73.216.162 - - [28/Mar/2026:05:31:40 -0700] "GET /item/3092343621?path=%2Fhome%2Ffalconiapl2015%2Fpublic_html%2Fwp-includes%2FRequests HTTP/2.0" 200 2691 "-" "Mozilla/5.0 AppleWebKit/537.36 (KHTML, like Gecko; compatible; ClaudeBot/1.0; +claudebot@anthropic.com)" 530 **0/530331**
185.191.171.4 - - [28/Mar/2026:05:31:41 -0700] "GET /commodity/preventing/stalls172017048787 HTTP/1.1" 200 3956 "-" "Mozilla/5.0 (compatible; SemrushBot/7~bl; +http://www.semrush.com/bot.html)" 497 **0/497580**
40.77.167.52 - - [28/Mar/2026:05:31:41 -0700] "GET /products/4366854/ HTTP/2.0" 200 28528 "-" "Mozilla/5.0 AppleWebKit/537.36 (KHTML, like Gecko; compatible; bingbot/2.0; +http://www.bing.com/bingbot.htm) Chrome/116.0.1938.76 Safari/537.36" 1621 **1/1621661**
74.7.227.0 - - [28/Mar/2026:05:31:43 -0700] "GET /?path=//opt/alt/tests/alt-php71-pecl-scoutapm_1.10.0-1.el8/tests HTTP/2.0" 200 3719 "https://falcon-ia.com/?path=//opt/alt/tests/alt-php71-pecl-scoutapm_1.10.0-1.el8" "Mozilla/5.0 AppleWebKit/537.36 (KHTML, like Gecko; compatible; GPTBot/1.3; +https://openai.com/gptbot)" 517 **0/517015**
216.73.216.162 - - [28/Mar/2026:05:31:43 -0700] "GET /item/3743802501?fileloc=%2Fhome%2Ffalconiapl2015%2Fpublic_html%2Fwp-includes%2Fcss%2Feditor.css&path=%2Fhome%2Ffalconiapl2015%2Fpublic_html%2Fwp-includes%2Fcss HTTP/2.0" 200 8686 "-" "Mozilla/5.0 AppleWebKit/537.36 (KHTML, like Gecko; compatible; ClaudeBot/1.0; +claudebot@anthropic.com)" 523 **0/523519**
185.191.171.8 - - [28/Mar/2026:05:31:45 -0700] "GET /commodity/jonas/bundled17197732530 HTTP/1.1" 200 3956 "-" "Mozilla/5.0 (compatible; SemrushBot/7~bl; +http://www.semrush.com/bot.html)" 498 **0/498258**
216.73.216.162 - - [28/Mar/2026:05:31:46 -0700] "GET /item/1492738538?path=%2Fhome%2Ffalconiapl2015%2Fpublic_html%2Fwp-includes%2FRequests%2Flibrary HTTP/2.0" 403 3449 "-" "Mozilla/5.0 AppleWebKit/537.36 (KHTML, like Gecko; compatible; ClaudeBot/1.0; +claudebot@anthropic.com)" 507 **0/507245**
74.7.227.0 - - [28/Mar/2026:05:31:46 -0700] "GET /?path=//etc/sysconfig/imunify360 HTTP/2.0" 200 2626 "https://falcon-ia.com/?path=//etc/sysconfig" "Mozilla/5.0 AppleWebKit/537.36 (KHTML, like Gecko; compatible; GPTBot/1.3; +https://openai.com/gptbot)" 533 **0/533931**
216.73.216.162 - - [28/Mar/2026:05:31:49 -0700] "GET /item/2280067158?path=%2Fhome%2Ffalconiapl2015%2Fpublic_html%2F.easyssl_backup%2Fwp-includes HTTP/2.0" 403 3449 "-" "Mozilla/5.0 AppleWebKit/537.36 (KHTML, like Gecko; compatible; ClaudeBot/1.0; +claudebot@anthropic.com)" 522 **0/522352**
74.7.227.0 - - [28/Mar/2026:05:31:49 -0700] "GET /?path=/home/falconiapl2015/mail/falcon-ia.com/call/.Sent/tmp HTTP/2.0" 200 2349 "https://falcon-ia.com/?path=/home/falconiapl2015/mail/falcon-ia.com/call/.Sent" "Mozilla/5.0 AppleWebKit/537.36 (KHTML, like Gecko; compatible; GPTBot/1.3; +https://openai.com/gptbot)" 497 **0/497686**
185.191.171.5 - - [28/Mar/2026:05:31:51 -0700] "GET /commodity/sinister/clair171763454400 HTTP/1.1" 200 3956 "-" "Mozilla/5.0 (compatible; SemrushBot/7~bl; +http://www.semrush.com/bot.html)" 497 **0/497892**
114.119.155.69 - - [28/Mar/2026:05:31:51 -0700] "GET /commodity/waste/sofas171721624192?fileloc=/home/falconiapl2015/public_html/readme.html&path=/home/falconiapl2015/public_html HTTP/1.1" 200 5535 "https://falcon-ia.com/commodity/waste/sofas171721624192" "Mozilla/5.0 (Linux; Android 7.0;) AppleWebKit/537.36 (KHTML, like Gecko) Mobile Safari/537.36 (compatible; PetalBot;+https://webmaster.petalsearch.com/site/petalbot)" 502 **0/502267**
216.73.216.162 - - [28/Mar/2026:05:31:52 -0700] "GET /item/35270743?path=%2Fhome%2Ffalconiapl2015 HTTP/2.0" 403 3449 "-" "Mozilla/5.0 AppleWebKit/537.36 (KHTML, like Gecko; compatible; ClaudeBot/1.0; +claudebot@anthropic.com)" 497 **0/497930**
74.7.227.0 - - [28/Mar/2026:05:31:52 -0700] "GET /?path=/home/falconiapl2015/mail/falcon-ia.com/call/.Trash/tmp HTTP/2.0" 403 3449 "https://falcon-ia.com/?path=/home/falconiapl2015/mail/falcon-ia.com/call/.Trash" "Mozilla/5.0 AppleWebKit/537.36 (KHTML, like Gecko; compatible; GPTBot/1.3; +https://openai.com/gptbot)" 507 **0/507164**
216.73.216.162 - - [28/Mar/2026:05:31:55 -0700] "GET /item/4148929047?fileloc=%2Fhome%2Ffalconiapl2015%2Fpublic_html%2Fwp-includes%2Fclass-wp-http-encoding.php&path=%2Fhome%2Ffalconiapl2015%2Fpublic_html%2Fwp-includes HTTP/2.0" 403 3449 "-" "Mozilla/5.0 AppleWebKit/537.36 (KHTML, like Gecko; compatible; ClaudeBot/1.0; +claudebot@anthropic.com)" 513 **0/513089**
74.7.227.0 - - [28/Mar/2026:05:31:55 -0700] "GET /?path=//opt/imunify360/proactive HTTP/2.0" 200 2601 "https://falcon-ia.com/?path=//opt/imunify360" "Mozilla/5.0 AppleWebKit/537.36 (KHTML, like Gecko; compatible; GPTBot/1.3; +https://openai.com/gptbot)" 495 **0/495936**
85.208.96.209 - - [28/Mar/2026:05:31:56 -0700] "GET /commodity/regions/inspire172120479094 HTTP/1.1" 200 3956 "-" "Mozilla/5.0 (compatible; SemrushBot/7~bl; +http://www.semrush.com/bot.html)" 507 **0/507183**
198.244.226.35 - - [28/Mar/2026:05:31:57 -0700] "GET /commodity/katie/cpc172067831091 HTTP/2.0" 200 3449 "-" "Mozilla/5.0 (compatible; AhrefsBot/7.0; +http://ahrefs.com/robot/)" 492 **0/492626**
216.73.216.162 - - [28/Mar/2026:05:31:58 -0700] "GET /item/202403710?path=%2Fhome%2Ffalconiapl2015%2Fpublic_html%2Fwp-includes%2Fblock-bindings HTTP/2.0" 403 3449 "-" "Mozilla/5.0 AppleWebKit/537.36 (KHTML, like Gecko; compatible; ClaudeBot/1.0; +claudebot@anthropic.com)" 508 **0/508874**
74.7.227.0 - - [28/Mar/2026:05:31:58 -0700] "GET /?path=//opt/alt/tests/alt-php56-pecl-libsodium_1.0.6-1.el8 HTTP/2.0" 200 2586 "https://falcon-ia.com/?path=//opt/alt/tests" "Mozilla/5.0 AppleWebKit/537.36 (KHTML, like Gecko; compatible; GPTBot/1.3; +https://openai.com/gptbot)" 490 **0/490752**
216.73.216.162 - - [28/Mar/2026:05:32:01 -0700] "GET /item/2075836091?fileloc=%2Fhome%2Ffalconiapl2015%2Fpublic_html%2Fwp-includes%2Fclass-wp-http-encoding.php&path=%2Fhome%2Ffalconiapl2015%2Fpublic_html%2Fwp-includes HTTP/2.0" 403 3449 "-" "Mozilla/5.0 AppleWebKit/537.36 (KHTML, like Gecko; compatible; ClaudeBot/1.0; +claudebot@anthropic.com)" 511 **0/511263**
185.191.171.9 - - [28/Mar/2026:05:32:01 -0700] "GET /commodity/castles/shout171693031140 HTTP/1.1" 200 3956 "-" "Mozilla/5.0 (compatible; SemrushBot/7~bl; +http://www.semrush.com/bot.html)" 518 **0/518444**
74.7.227.0 - - [28/Mar/2026:05:32:01 -0700] "GET /?path=//lib64/perl5/auto/I18N/Langinfo HTTP/2.0" 200 2598 "https://falcon-ia.com/?path=//lib64/perl5/auto/I18N" "Mozilla/5.0 AppleWebKit/537.36 (KHTML, like Gecko; compatible; GPTBot/1.3; +https://openai.com/gptbot)" 564 **0/564826**
216.73.216.162 - - [28/Mar/2026:05:32:04 -0700] "GET /item/4193526216?path=%2Fhome%2Ffalconiapl2015%2Fpublic_html%2Fwp-includes HTTP/2.0" 403 3449 "-" "Mozilla/5.0 AppleWebKit/537.36 (KHTML, like Gecko; compatible; ClaudeBot/1.0; +claudebot@anthropic.com)" 532 **0/532733**
74.7.227.0 - - [28/Mar/2026:05:32:04 -0700] "GET /?path=//opt/alt/tests/alt-php73-pecl-zmq_1.1.3-1.84f0720.el8 HTTP/2.0" 200 2588 "https://falcon-ia.com/?path=//opt/alt/tests" "Mozilla/5.0 AppleWebKit/537.36 (KHTML, like Gecko; compatible; GPTBot/1.3; +https://openai.com/gptbot)" 503 **0/503089**
216.73.216.162 - - [28/Mar/2026:05:32:07 -0700] "GET /item/228492698?path=%2Fhome%2Ffalconiapl2015%2Fpublic_html%2F.easyssl_backup%2Fwp-includes HTTP/2.0" 403 3449 "-" "Mozilla/5.0 AppleWebKit/537.36 (KHTML, like Gecko; compatible; ClaudeBot/1.0; +claudebot@anthropic.com)" 495 **0/495337**
74.7.227.0 - - [28/Mar/2026:05:32:08 -0700] "GET /?path=//opt/alt/tests/alt-php72-pecl-zmq_1.1.3-1.84f0720.el8 HTTP/2.0" 200 2588 "https://falcon-ia.com/?path=//opt/alt/tests" "Mozilla/5.0 AppleWebKit/537.36 (KHTML, like Gecko; compatible; GPTBot/1.3; +https://openai.com/gptbot)" 506 **0/506872**
216.73.216.162 - - [28/Mar/2026:05:32:10 -0700] "GET /item/1805203664?path=%2Fhome%2Ffalconiapl2015%2Fpublic_html%2Fwp-includes%2Fwidgets HTTP/2.0" 403 3449 "-" "Mozilla/5.0 AppleWebKit/537.36 (KHTML, like Gecko; compatible; ClaudeBot/1.0; +claudebot@anthropic.com)" 492 **0/492627**
74.7.227.0 - - [28/Mar/2026:05:32:11 -0700] "GET /?path=//opt/alt/tests/alt-php74-pecl-zmq_1.1.3-1.84f0720.el8 HTTP/2.0" 200 2588 "https://falcon-ia.com/?path=//opt/alt/tests" "Mozilla/5.0 AppleWebKit/537.36 (KHTML, like Gecko; compatible; GPTBot/1.3; +https://openai.com/gptbot)" 505 **0/505655**
216.73.216.162 - - [28/Mar/2026:05:32:13 -0700] "GET /item/547136434?fileloc=%2Fhome%2Ffalconiapl2015%2Fpublic_html%2Fwp-includes%2Fclass-wp-http-encoding.php&path=%2Fhome%2Ffalconiapl2015%2Fpublic_html%2Fwp-includes HTTP/2.0" 403 3449 "-" "Mozilla/5.0 AppleWebKit/537.36 (KHTML, like Gecko; compatible; ClaudeBot/1.0; +claudebot@anthropic.com)" 517 **0/517678**
74.7.227.0 - - [28/Mar/2026:05:32:14 -0700] "GET /?path=//opt/alt/tests/alt-php54-pecl-zmq_1.1.3-1.84f0720.el8 HTTP/2.0" 200 2588 "https://falcon-ia.com/?path=//opt/alt/tests" "Mozilla/5.0 AppleWebKit/537.36 (KHTML, like Gecko; compatible; GPTBot/1.3; +https://openai.com/gptbot)" 487 **0/487392**
216.73.216.162 - - [28/Mar/2026:05:32:16 -0700] "GET /item/745857009?path=%2Fhome%2Ffalconiapl2015%2Fpublic_html%2Fwp-includes%2FSimplePie HTTP/2.0" 403 3449 "-" "Mozilla/5.0 AppleWebKit/537.36 (KHTML, like Gecko; compatible; ClaudeBot/1.0; +claudebot@anthropic.com)" 500 **0/500611**
74.7.227.0 - - [28/Mar/2026:05:32:17 -0700] "GET /?path=//opt/alt/tests/alt-php56-pecl-zmq_1.1.3-1.84f0720.el8 HTTP/2.0" 200 2588 "https://falcon-ia.com/?path=//opt/alt/tests" "Mozilla/5.0 AppleWebKit/537.36 (KHTML, like Gecko; compatible; GPTBot/1.3; +https://openai.com/gptbot)" 494 **0/494000**
216.73.216.162 - - [28/Mar/2026:05:32:19 -0700] "GET /item/3870761189?fileloc=%2Fhome%2Ffalconiapl2015%2Fpublic_html%2Fwp-includes%2Fclass-wp-http-encoding.php&path=%2Fhome%2Ffalconiapl2015%2Fpublic_html%2Fwp-includes HTTP/2.0" 403 3449 "-" "Mozilla/5.0 AppleWebKit/537.36 (KHTML, like Gecko; compatible; ClaudeBot/1.0; +claudebot@anthropic.com)" 510 **0/510901**
74.7.227.0 - - [28/Mar/2026:05:32:20 -0700] "GET /?path=//lib64/python3.12/config-3.12-x86_64-linux-gnu HTTP/2.0" 200 2599 "https://falcon-ia.com/?path=//lib64/python3.12" "Mozilla/5.0 AppleWebKit/537.36 (KHTML, like Gecko; compatible; GPTBot/1.3; +https://openai.com/gptbot)" 507 **0/507035**
216.73.216.162 - - [28/Mar/2026:05:32:22 -0700] "GET /item/1665553619?path=%2Fhome%2Ffalconiapl2015%2Fpublic_html%2Fwp-content%2Fplugins%2Felementor-pro HTTP/2.0" 403 3449 "-" "Mozilla/5.0 AppleWebKit/537.36 (KHTML, like Gecko; compatible; ClaudeBot/1.0; +claudebot@anthropic.com)" 540 **0/540500**
74.7.227.0 - - [28/Mar/2026:05:32:23 -0700] "GET /?fileloc=//opt/python38/lib/python3.8/tkinter/test/test_tkinter/__pycache__/test_variables.cpython-38.opt-2.pyc&path=//opt/python38/lib/python3.8/tkinter/test/test_tkinter/__pycache__ HTTP/2.0" 200 5585 "https://falcon-ia.com/?path=//opt/python38/lib/python3.8/tkinter/test/test_tkinter/__pycache__" "Mozilla/5.0 AppleWebKit/537.36 (KHTML, like Gecko; compatible; GPTBot/1.3; +https://openai.com/gptbot)" 498 **0/498796**
216.73.216.162 - - [28/Mar/2026:05:32:25 -0700] "GET /item/745857009?path=%2Fhome%2Ffalconiapl2015%2Fpublic_html%2Fwp-includes%2FRequests HTTP/2.0" 403 3449 "-" "Mozilla/5.0 AppleWebKit/537.36 (KHTML, like Gecko; compatible; ClaudeBot/1.0; +claudebot@anthropic.com)" 500 **0/500640**
74.7.227.0 - - [28/Mar/2026:05:32:26 -0700] "GET /?path=//lib64/libdnf HTTP/2.0" 200 2546 "https://falcon-ia.com/?path=//lib64" "Mozilla/5.0 AppleWebKit/537.36 (KHTML, like Gecko; compatible; GPTBot/1.3; +https://openai.com/gptbot)" 510 **0/510725**
216.73.216.162 - - [28/Mar/2026:05:32:28 -0700] "GET /item/4281971789?path=%2Fhome%2Ffalconiapl2015%2Fpublic_html%2F.easyssl_backup%2Fwp-includes HTTP/2.0" 200 2670 "-" "Mozilla/5.0 AppleWebKit/537.36 (KHTML, like Gecko; compatible; ClaudeBot/1.0; +claudebot@anthropic.com)" 523 **0/523217**
74.7.227.0 - - [28/Mar/2026:05:32:29 -0700] "GET /?path=//opt/imunify360/proactive/dirconfig HTTP/2.0" 200 2338 "https://falcon-ia.com/?path=//opt/imunify360/proactive" "Mozilla/5.0 AppleWebKit/537.36 (KHTML, like Gecko; compatible; GPTBot/1.3; +https://openai.com/gptbot)" 504 **0/504848**
216.73.216.162 - - [28/Mar/2026:05:32:31 -0700] "GET /item/3575996491?path=%2Fhome%2Ffalconiapl2015%2Ftmp%2Fawstats HTTP/2.0" 200 4512 "-" "Mozilla/5.0 AppleWebKit/537.36 (KHTML, like Gecko; compatible; ClaudeBot/1.0; +claudebot@anthropic.com)" 503 **0/503469**
74.7.227.0 - - [28/Mar/2026:05:32:33 -0700] "GET /?path=//opt/alt/tests/alt-php56-pecl-libsodium_1.0.6-1.el8/tests HTTP/2.0" 200 3088 "https://falcon-ia.com/?path=//opt/alt/tests/alt-php56-pecl-libsodium_1.0.6-1.el8" "Mozilla/5.0 AppleWebKit/537.36 (KHTML, like Gecko; compatible; GPTBot/1.3; +https://openai.com/gptbot)" 504 **0/504422**
216.73.216.162 - - [28/Mar/2026:05:32:34 -0700] "GET /item/2440365595?path=%2Fhome%2Ffalconiapl2015%2Fpublic_html%2Fwp-includes%2FIXR HTTP/2.0" 200 2948 "-" "Mozilla/5.0 AppleWebKit/537.36 (KHTML, like Gecko; compatible; ClaudeBot/1.0; +claudebot@anthropic.com)" 522 **0/522725**
74.7.227.0 - - [28/Mar/2026:05:32:36 -0700] "GET /?path=//opt/imunify360/proactive/dangerlist HTTP/2.0" 200 5711 "https://falcon-ia.com/?path=//opt/imunify360/proactive" "Mozilla/5.0 AppleWebKit/537.36 (KHTML, like Gecko; compatible; GPTBot/1.3; +https://openai.com/gptbot)" 511 **0/511969**
216.73.216.162 - - [28/Mar/2026:05:32:37 -0700] "GET /item/705621385?fileloc=%2Fhome%2Ffalconiapl2015%2Fpublic_html%2Fwp-includes%2Fclass-wp-http-encoding.php&path=%2Fhome%2Ffalconiapl2015%2Fpublic_html%2Fwp-includes HTTP/2.0" 200 4313 "-" "Mozilla/5.0 AppleWebKit/537.36 (KHTML, like Gecko; compatible; ClaudeBot/1.0; +claudebot@anthropic.com)" 634 **0/634361**
74.7.227.0 - - [28/Mar/2026:05:32:39 -0700] "GET /?path=//opt/alt/tests/alt-php73-pecl-zmq_1.1.3-1.84f0720.el8/tests HTTP/2.0" 200 4774 "https://falcon-ia.com/?path=//opt/alt/tests/alt-php73-pecl-zmq_1.1.3-1.84f0720.el8" "Mozilla/5.0 AppleWebKit/537.36 (KHTML, like Gecko; compatible; GPTBot/1.3; +https://openai.com/gptbot)" 494 **0/494991**
216.73.216.162 - - [28/Mar/2026:05:32:40 -0700] "GET /item/4154893473?fileloc=%2Fhome%2Ffalconiapl2015%2Fpublic_html%2Fwp-admin%2Fexport-personal-data-interface.php&path=%2Fhome%2Ffalconiapl2015%2Fpublic_html%2Fwp-admin HTTP/2.0" 200 2285 "-" "Mozilla/5.0 AppleWebKit/537.36 (KHTML, like Gecko; compatible; ClaudeBot/1.0; +claudebot@anthropic.com)" 503 **0/503153**
74.7.227.0 - - [28/Mar/2026:05:32:42 -0700] "GET /?path=//opt/alt/tests/alt-php72-pecl-zmq_1.1.3-1.84f0720.el8/tests HTTP/2.0" 200 4774 "https://falcon-ia.com/?path=//opt/alt/tests/alt-php72-pecl-zmq_1.1.3-1.84f0720.el8" "Mozilla/5.0 AppleWebKit/537.36 (KHTML, like Gecko; compatible; GPTBot/1.3; +https://openai.com/gptbot)" 496 **0/496150**
216.73.216.162 - - [28/Mar/2026:05:32:43 -0700] "GET /item/3229684757?path=%2Fhome%2Ffalconiapl2015%2Fpublic_html%2Fwp-admin%2Fmaint HTTP/2.0" 200 2665 "-" "Mozilla/5.0 AppleWebKit/537.36 (KHTML, like Gecko; compatible; ClaudeBot/1.0; +claudebot@anthropic.com)" 495 **0/495804**
40.77.167.52 - - [28/Mar/2026:05:32:42 -0700] "GET /canl%C4%B1-rulet-kazanma-sistemi/ HTTP/2.0" 200 30067 "-" "Mozilla/5.0 AppleWebKit/537.36 (KHTML, like Gecko; compatible; bingbot/2.0; +http://www.bing.com/bingbot.htm) Chrome/116.0.1938.76 Safari/537.36" 1644 **1/1644466**
74.7.227.0 - - [28/Mar/2026:05:32:45 -0700] "GET /?path=//opt/alt/tests/alt-php74-pecl-zmq_1.1.3-1.84f0720.el8/tests HTTP/2.0" 200 4774 "https://falcon-ia.com/?path=//opt/alt/tests/alt-php74-pecl-zmq_1.1.3-1.84f0720.el8" "Mozilla/5.0 AppleWebKit/537.36 (KHTML, like Gecko; compatible; GPTBot/1.3; +https://openai.com/gptbot)" 522 **0/522715**
216.73.216.162 - - [28/Mar/2026:05:32:46 -0700] "GET /item/1016041926?fileloc=%2Fhome%2Ffalconiapl2015%2Fpublic_html%2Fwp-includes%2Fclass-wp-http-encoding.php&path=%2Fhome%2Ffalconiapl2015%2Fpublic_html%2Fwp-includes HTTP/2.0" 200 4313 "-" "Mozilla/5.0 AppleWebKit/537.36 (KHTML, like Gecko; compatible; ClaudeBot/1.0; +claudebot@anthropic.com)" 505 **0/505774**
74.7.227.0 - - [28/Mar/2026:05:32:49 -0700] "GET /?path=//opt/alt/tests/alt-php54-pecl-zmq_1.1.3-1.84f0720.el8/tests HTTP/2.0" 200 4810 "https://falcon-ia.com/?path=//opt/alt/tests/alt-php54-pecl-zmq_1.1.3-1.84f0720.el8" "Mozilla/5.0 AppleWebKit/537.36 (KHTML, like Gecko; compatible; GPTBot/1.3; +https://openai.com/gptbot)" 506 **0/506199**
216.73.216.162 - - [28/Mar/2026:05:32:49 -0700] "GET /item/3743802501?fileloc=%2Fhome%2Ffalconiapl2015%2Fpublic_html%2Fwp-includes%2FText%2FException.php&path=%2Fhome%2Ffalconiapl2015%2Fpublic_html%2Fwp-includes%2FText HTTP/2.0" 200 2398 "-" "Mozilla/5.0 AppleWebKit/537.36 (KHTML, like Gecko; compatible; ClaudeBot/1.0; +claudebot@anthropic.com)" 508 **0/508509**
216.73.216.162 - - [28/Mar/2026:05:32:52 -0700] "GET /item/3045145167?fileloc=%2Fhome%2Ffalconiapl2015%2Fpublic_html%2Fwp-includes%2Fclass-wp-customize-setting.php&path=%2Fhome%2Ffalconiapl2015%2Fpublic_html%2Fwp-includes HTTP/2.0" 200 8863 "-" "Mozilla/5.0 AppleWebKit/537.36 (KHTML, like Gecko; compatible; ClaudeBot/1.0; +claudebot@anthropic.com)" 543 **0/543481**
74.7.227.0 - - [28/Mar/2026:05:32:52 -0700] "GET /?path=//opt/alt/tests/alt-php56-pecl-zmq_1.1.3-1.84f0720.el8/tests HTTP/2.0" 200 4810 "https://falcon-ia.com/?path=//opt/alt/tests/alt-php56-pecl-zmq_1.1.3-1.84f0720.el8" "Mozilla/5.0 AppleWebKit/537.36 (KHTML, like Gecko; compatible; GPTBot/1.3; +https://openai.com/gptbot)" 499 **0/499146**
216.73.216.162 - - [28/Mar/2026:05:32:55 -0700] "GET /item/3045145167?fileloc=%2Fhome%2Ffalconiapl2015%2Fpublic_html%2Fwp-includes%2Fclass-wp-block-bindings-source.php&path=%2Fhome%2Ffalconiapl2015%2Fpublic_html%2Fwp-includes HTTP/2.0" 200 3205 "-" "Mozilla/5.0 AppleWebKit/537.36 (KHTML, like Gecko; compatible; ClaudeBot/1.0; +claudebot@anthropic.com)" 511 **0/511488**
74.7.227.0 - - [28/Mar/2026:05:32:55 -0700] "GET /?fileloc=//etc/cl.selector/ea-php.ini&path=//etc/cl.selector HTTP/2.0" 200 21696 "https://falcon-ia.com/?path=//etc/cl.selector" "Mozilla/5.0 AppleWebKit/537.36 (KHTML, like Gecko; compatible; GPTBot/1.3; +https://openai.com/gptbot)" 501 **0/501709**
216.73.216.162 - - [28/Mar/2026:05:32:58 -0700] "GET /item/4188093538?path=%2Fhome%2Ffalconiapl2015%2Ftmp%2Fwebalizerftp HTTP/2.0" 200 3278 "-" "Mozilla/5.0 AppleWebKit/537.36 (KHTML, like Gecko; compatible; ClaudeBot/1.0; +claudebot@anthropic.com)" 493 **0/493196**
74.7.227.0 - - [28/Mar/2026:05:32:58 -0700] "GET /?path=//opt/alt/python311/lib64/python3.11 HTTP/2.0" 200 8006 "https://falcon-ia.com/?path=//opt/alt/python311/lib64" "Mozilla/5.0 AppleWebKit/537.36 (KHTML, like Gecko; compatible; GPTBot/1.3; +https://openai.com/gptbot)" 518 **0/518146**
74.7.227.0 - - [28/Mar/2026:05:33:02 -0700] "GET /?path=/home/falconiapl2015/tmp/pma_template_compiles_falconiapl2015/twig HTTP/2.0" 200 3456 "https://falcon-ia.com/?path=/home/falconiapl2015/tmp/pma_template_compiles_falconiapl2015" "Mozilla/5.0 AppleWebKit/537.36 (KHTML, like Gecko; compatible; GPTBot/1.3; +https://openai.com/gptbot)" 531 **0/531297**
216.73.216.162 - - [28/Mar/2026:05:33:01 -0700] "GET /item/2071247287?fileloc=%2Fhome%2Ffalconiapl2015%2Fpublic_html%2Fwp-includes%2FRequests%2Fsrc%2FSsl.php&path=%2Fhome%2Ffalconiapl2015%2Fpublic_html%2Fwp-includes%2FRequests%2Fsrc HTTP/2.0" 200 4000 "-" "Mozilla/5.0 AppleWebKit/537.36 (KHTML, like Gecko; compatible; ClaudeBot/1.0; +claudebot@anthropic.com)" 3024 **3/3024450**
216.73.216.162 - - [28/Mar/2026:05:33:04 -0700] "GET /item/1904761945?path=%2Fhome%2Ffalconiapl2015%2Fpublic_html%2Fwp-includes%2Fcustomize HTTP/2.0" 200 3772 "-" "Mozilla/5.0 AppleWebKit/537.36 (KHTML, like Gecko; compatible; ClaudeBot/1.0; +claudebot@anthropic.com)" 503 **0/503301**
74.7.227.0 - - [28/Mar/2026:05:33:05 -0700] "GET /?path=//opt/alt/python33/lib64/python3.3/config-3.3m HTTP/2.0" 200 2886 "https://falcon-ia.com/?path=//opt/alt/python33/lib64/python3.3" "Mozilla/5.0 AppleWebKit/537.36 (KHTML, like Gecko; compatible; GPTBot/1.3; +https://openai.com/gptbot)" 509 **0/509652**
216.73.216.162 - - [28/Mar/2026:05:33:07 -0700] "GET /item/3045145167?fileloc=%2Fhome%2Ffalconiapl2015%2Fpublic_html%2Fwp-includes%2Fclass-wp-fatal-error-handler.php&path=%2Fhome%2Ffalconiapl2015%2Fpublic_html%2Fwp-includes HTTP/2.0" 200 4918 "-" "Mozilla/5.0 AppleWebKit/537.36 (KHTML, like Gecko; compatible; ClaudeBot/1.0; +claudebot@anthropic.com)" 493 **0/493332**
74.7.227.0 - - [28/Mar/2026:05:33:08 -0700] "GET /?fileloc=//lib64/libmenu.so.6.1&path=//lib64 HTTP/2.0" 200 15876 "https://falcon-ia.com/?path=//lib64" "Mozilla/5.0 AppleWebKit/537.36 (KHTML, like Gecko; compatible; GPTBot/1.3; +https://openai.com/gptbot)" 527 **0/527851**
216.73.216.162 - - [28/Mar/2026:05:33:10 -0700] "GET /item/2794843732?path=%2Fhome%2Ffalconiapl2015%2Fpublic_html%2Fwp-includes%2FIXR HTTP/2.0" 200 2948 "-" "Mozilla/5.0 AppleWebKit/537.36 (KHTML, like Gecko; compatible; ClaudeBot/1.0; +claudebot@anthropic.com)" 521 **0/521057**
74.7.227.0 - - [28/Mar/2026:05:33:11 -0700] "GET /?fileloc=//opt/imunify360/proactive/dangerlist/c6c4f3eb546fb233ee1da1bd45271a2698b8d4423355d4394e76e02f7243b95f&path=//opt/imunify360/proactive/dangerlist HTTP/2.0" 200 2329 "https://falcon-ia.com/?path=//opt/imunify360/proactive/dangerlist" "Mozilla/5.0 AppleWebKit/537.36 (KHTML, like Gecko; compatible; GPTBot/1.3; +https://openai.com/gptbot)" 483 **0/483674**
216.73.216.162 - - [28/Mar/2026:05:33:13 -0700] "GET /item/3045145167?fileloc=%2Fhome%2Ffalconiapl2015%2Fpublic_html%2Fwp-includes%2Fclass-wp-theme-json.php&path=%2Fhome%2Ffalconiapl2015%2Fpublic_html%2Fwp-includes HTTP/2.0" 200 38062 "-" "Mozilla/5.0 AppleWebKit/537.36 (KHTML, like Gecko; compatible; ClaudeBot/1.0; +claudebot@anthropic.com)" 515 **0/515417**
74.7.227.0 - - [28/Mar/2026:05:33:14 -0700] "GET /?fileloc=//opt/alt/tests/alt-php73-pecl-zmq_1.1.3-1.84f0720.el8/tests/libzmq3-sockopt.phpt&path=//opt/alt/tests/alt-php73-pecl-zmq_1.1.3-1.84f0720.el8/tests HTTP/2.0" 200 3391 "https://falcon-ia.com/?path=//opt/alt/tests/alt-php73-pecl-zmq_1.1.3-1.84f0720.el8/tests" "Mozilla/5.0 AppleWebKit/537.36 (KHTML, like Gecko; compatible; GPTBot/1.3; +https://openai.com/gptbot)" 490 **0/490997**
216.73.216.162 - - [28/Mar/2026:05:33:16 -0700] "GET /item/3617016351?fileloc=%2Fhome%2Ffalconiapl2015%2Fpublic_html%2Fwp-includes%2FRequests%2Fsrc%2FSsl.php&path=%2Fhome%2Ffalconiapl2015%2Fpublic_html%2Fwp-includes%2FRequests%2Fsrc HTTP/2.0" 200 4000 "-" "Mozilla/5.0 AppleWebKit/537.36 (KHTML, like Gecko; compatible; ClaudeBot/1.0; +claudebot@anthropic.com)" 513 **0/513380**
74.7.227.0 - - [28/Mar/2026:05:33:18 -0700] "GET /?fileloc=//opt/alt/tests/alt-php72-pecl-zmq_1.1.3-1.84f0720.el8/tests/016-callbackinvalidargs.phpt&path=//opt/alt/tests/alt-php72-pecl-zmq_1.1.3-1.84f0720.el8/tests HTTP/2.0" 200 2602 "https://falcon-ia.com/?path=//opt/alt/tests/alt-php72-pecl-zmq_1.1.3-1.84f0720.el8/tests" "Mozilla/5.0 AppleWebKit/537.36 (KHTML, like Gecko; compatible; GPTBot/1.3; +https://openai.com/gptbot)" 500 **0/500996**
216.73.216.162 - - [28/Mar/2026:05:33:20 -0700] "GET /item/3924474097?path=%2Fhome%2Ffalconiapl2015%2Fpublic_html%2F.easyssl_backup HTTP/2.0" 200 2841 "-" "Mozilla/5.0 AppleWebKit/537.36 (KHTML, like Gecko; compatible; ClaudeBot/1.0; +claudebot@anthropic.com)" 520 **0/520565**
74.7.227.0 - - [28/Mar/2026:05:33:21 -0700] "GET /?fileloc=//lib64/libruby.so.2.5&path=//lib64 HTTP/2.0" 200 1028868 "https://falcon-ia.com/?path=//lib64" "Mozilla/5.0 AppleWebKit/537.36 (KHTML, like Gecko; compatible; GPTBot/1.3; +https://openai.com/gptbot)" 968 **0/968819**
216.73.216.162 - - [28/Mar/2026:05:33:24 -0700] "GET /item/3648460083?fileloc=%2Fhome%2Ffalconiapl2015%2Fpublic_html%2Fimages%2Ftoggige-arrow.jpg&path=%2Fhome%2Ffalconiapl2015%2Fpublic_html%2Fimages HTTP/2.0" 200 15949 "-" "Mozilla/5.0 AppleWebKit/537.36 (KHTML, like Gecko; compatible; ClaudeBot/1.0; +claudebot@anthropic.com)" 512 **0/512003**
74.7.227.0 - - [28/Mar/2026:05:33:24 -0700] "GET /?fileloc=//opt/alt/tests/alt-php54-pecl-zmq_1.1.3-1.84f0720.el8/tests/024-versionconstant.phpt&path=//opt/alt/tests/alt-php54-pecl-zmq_1.1.3-1.84f0720.el8/tests HTTP/2.0" 200 2497 "https://falcon-ia.com/?path=//opt/alt/tests/alt-php54-pecl-zmq_1.1.3-1.84f0720.el8/tests" "Mozilla/5.0 AppleWebKit/537.36 (KHTML, like Gecko; compatible; GPTBot/1.3; +https://openai.com/gptbot)" 3083 **3/3083588**
51.195.183.9 - - [28/Mar/2026:05:33:27 -0700] "GET /commodity/ions/burnt17187028691 HTTP/2.0" 200 3449 "-" "Mozilla/5.0 (compatible; AhrefsBot/7.0; +http://ahrefs.com/robot/)" 504 **0/504490**
74.7.227.0 - - [28/Mar/2026:05:33:27 -0700] "GET /?fileloc=//opt/alt/tests/alt-php56-pecl-zmq_1.1.3-1.84f0720.el8/tests/041-cert-meta.phpt&path=//opt/alt/tests/alt-php56-pecl-zmq_1.1.3-1.84f0720.el8/tests HTTP/2.0" 200 2645 "https://falcon-ia.com/?path=//opt/alt/tests/alt-php56-pecl-zmq_1.1.3-1.84f0720.el8/tests" "Mozilla/5.0 AppleWebKit/537.36 (KHTML, like Gecko; compatible; GPTBot/1.3; +https://openai.com/gptbot)" 507 **0/507932**
216.73.216.162 - - [28/Mar/2026:05:33:26 -0700] "GET /item/3648460083?fileloc=%2Fhome%2Ffalconiapl2015%2Fpublic_html%2Fimages%2F.htaccess&path=%2Fhome%2Ffalconiapl2015%2Fpublic_html%2Fimages HTTP/2.0" 200 2368 "-" "Mozilla/5.0 AppleWebKit/537.36 (KHTML, like Gecko; compatible; ClaudeBot/1.0; +claudebot@anthropic.com)" 3003 **3/3003601**
216.73.216.162 - - [28/Mar/2026:05:33:29 -0700] "GET /item/3648460083?path=%2Fhome%2Ffalconiapl2015%2Fpublic_html%2Fimages%2Fimages HTTP/2.0" 200 2732 "-" "Mozilla/5.0 AppleWebKit/537.36 (KHTML, like Gecko; compatible; ClaudeBot/1.0; +claudebot@anthropic.com)" 506 **0/506107**
74.7.227.0 - - [28/Mar/2026:05:33:30 -0700] "GET /?fileloc=//lib64/libformw.so.6.1&path=//lib64 HTTP/2.0" 200 32060 "https://falcon-ia.com/?path=//lib64" "Mozilla/5.0 AppleWebKit/537.36 (KHTML, like Gecko; compatible; GPTBot/1.3; +https://openai.com/gptbot)" 513 **0/513286**
216.73.216.162 - - [28/Mar/2026:05:33:32 -0700] "GET /item/751373909?fileloc=%2Fhome%2Ffalconiapl2015%2Fpublic_html%2Fwp-admin%2Fcss%2Fforms.min.css&path=%2Fhome%2Ffalconiapl2015%2Fpublic_html%2Fwp-admin%2Fcss HTTP/2.0" 200 8589 "-" "Mozilla/5.0 AppleWebKit/537.36 (KHTML, like Gecko; compatible; ClaudeBot/1.0; +claudebot@anthropic.com)" 518 **0/518495**
40.77.167.52 - - [28/Mar/2026:05:33:32 -0700] "GET /?c.3211158333500.html HTTP/2.0" 200 25413 "-" "Mozilla/5.0 AppleWebKit/537.36 (KHTML, like Gecko; compatible; bingbot/2.0; +http://www.bing.com/bingbot.htm) Chrome/116.0.1938.76 Safari/537.36" 1588 **1/1588252**
74.7.227.0 - - [28/Mar/2026:05:33:33 -0700] "GET /?path=//opt/alt/python311/lib64/python3.11/importlib HTTP/2.0" 200 2987 "https://falcon-ia.com/?path=//opt/alt/python311/lib64/python3.11" "Mozilla/5.0 AppleWebKit/537.36 (KHTML, like Gecko; compatible; GPTBot/1.3; +https://openai.com/gptbot)" 499 **0/499320**
216.73.216.162 - - [28/Mar/2026:05:33:35 -0700] "GET /item/3989231997?path=%2F%2Fhome%2Ffalconiapl2015%2Flogs HTTP/2.0" 200 2790 "-" "Mozilla/5.0 AppleWebKit/537.36 (KHTML, like Gecko; compatible; ClaudeBot/1.0; +claudebot@anthropic.com)" 503 **0/503005**
74.7.227.0 - - [28/Mar/2026:05:33:36 -0700] "GET /?path=//opt/alt/python311/lib64/python3.11/multiprocessing HTTP/2.0" 200 3351 "https://falcon-ia.com/?path=//opt/alt/python311/lib64/python3.11" "Mozilla/5.0 AppleWebKit/537.36 (KHTML, like Gecko; compatible; GPTBot/1.3; +https://openai.com/gptbot)" 521 **0/521649**
216.73.216.162 - - [28/Mar/2026:05:33:38 -0700] "GET /item/28159289?fileloc=%2Fhome%2Ffalconiapl2015%2Fpublic_html%2Fwp-includes%2Fscript-loader.php&path=%2Fhome%2Ffalconiapl2015%2Fpublic_html%2Fwp-includes HTTP/2.0" 200 39719 "-" "Mozilla/5.0 AppleWebKit/537.36 (KHTML, like Gecko; compatible; ClaudeBot/1.0; +claudebot@anthropic.com)" 506 **0/506037**
74.7.227.0 - - [28/Mar/2026:05:33:40 -0700] "GET /?path=//opt/alt/python311/lib64/python3.11/dbm HTTP/2.0" 200 2776 "https://falcon-ia.com/?path=//opt/alt/python311/lib64/python3.11" "Mozilla/5.0 AppleWebKit/537.36 (KHTML, like Gecko; compatible; GPTBot/1.3; +https://openai.com/gptbot)" 499 **0/499286**
216.73.216.162 - - [28/Mar/2026:05:33:41 -0700] "GET /item/1143665591?path=%2Fhome%2Ffalconiapl2015%2Flogs HTTP/2.0" 200 2787 "-" "Mozilla/5.0 AppleWebKit/537.36 (KHTML, like Gecko; compatible; ClaudeBot/1.0; +claudebot@anthropic.com)" 491 **0/491753**
74.7.227.0 - - [28/Mar/2026:05:33:43 -0700] "GET /?path=//opt/alt/python311/lib64/python3.11/re HTTP/2.0" 200 2809 "https://falcon-ia.com/?path=//opt/alt/python311/lib64/python3.11" "Mozilla/5.0 AppleWebKit/537.36 (KHTML, like Gecko; compatible; GPTBot/1.3; +https://openai.com/gptbot)" 521 **0/521276**
216.73.216.162 - - [28/Mar/2026:05:33:44 -0700] "GET /item/1586864534?fileloc=%2Fhome%2Ffalconiapl2015%2Fpublic_html%2Fwp-admin%2Fcss%2Fforms.min.css&path=%2Fhome%2Ffalconiapl2015%2Fpublic_html%2Fwp-admin%2Fcss HTTP/2.0" 200 8589 "-" "Mozilla/5.0 AppleWebKit/537.36 (KHTML, like Gecko; compatible; ClaudeBot/1.0; +claudebot@anthropic.com)" 496 **0/496043**
74.7.227.0 - - [28/Mar/2026:05:33:46 -0700] "GET /?path=//opt/alt/python311/lib64/python3.11/site-packages HTTP/2.0" 200 2694 "https://falcon-ia.com/?path=//opt/alt/python311/lib64/python3.11" "Mozilla/5.0 AppleWebKit/537.36 (KHTML, like Gecko; compatible; GPTBot/1.3; +https://openai.com/gptbot)" 521 **0/521632**
216.73.216.162 - - [28/Mar/2026:05:33:47 -0700] "GET /item/158777817?fileloc=%2Fhome%2Ffalconiapl2015%2Fpublic_html%2Fwp-includes%2Fcss%2Feditor.css&path=%2Fhome%2Ffalconiapl2015%2Fpublic_html%2Fwp-includes%2Fcss HTTP/2.0" 200 8686 "-" "Mozilla/5.0 AppleWebKit/537.36 (KHTML, like Gecko; compatible; ClaudeBot/1.0; +claudebot@anthropic.com)" 502 **0/502391**
74.7.227.0 - - [28/Mar/2026:05:33:49 -0700] "GET /?path=//opt/alt/python311/lib64/python3.11/distutils HTTP/2.0" 200 3561 "https://falcon-ia.com/?path=//opt/alt/python311/lib64/python3.11" "Mozilla/5.0 AppleWebKit/537.36 (KHTML, like Gecko; compatible; GPTBot/1.3; +https://openai.com/gptbot)" 539 **0/539659**
216.73.216.162 - - [28/Mar/2026:05:33:50 -0700] "GET /item/3504905972?fileloc=%2Fhome%2Ffalconiapl2015%2Fpublic_html%2Fwp-includes%2Fcss%2Feditor.css&path=%2Fhome%2Ffalconiapl2015%2Fpublic_html%2Fwp-includes%2Fcss HTTP/2.0" 200 8686 "-" "Mozilla/5.0 AppleWebKit/537.36 (KHTML, like Gecko; compatible; ClaudeBot/1.0; +claudebot@anthropic.com)" 503 **0/503104**
74.7.227.0 - - [28/Mar/2026:05:33:52 -0700] "GET /?path=//opt/alt/python311/lib64/python3.11/encodings HTTP/2.0" 200 5320 "https://falcon-ia.com/?path=//opt/alt/python311/lib64/python3.11" "Mozilla/5.0 AppleWebKit/537.36 (KHTML, like Gecko; compatible; GPTBot/1.3; +https://openai.com/gptbot)" 504 **0/504710**
216.73.216.162 - - [28/Mar/2026:05:33:53 -0700] "GET /item/2394961994?path=%2Fhome%2Ffalconiapl2015%2Fpublic_html%2Fwp-content%2Fupgrade-temp-backup%2Fplugins HTTP/2.0" 200 2688 "-" "Mozilla/5.0 AppleWebKit/537.36 (KHTML, like Gecko; compatible; ClaudeBot/1.0; +claudebot@anthropic.com)" 534 **0/534669**
74.7.227.0 - - [28/Mar/2026:05:33:55 -0700] "GET /?path=//opt/alt/python311/lib64/python3.11/logging HTTP/2.0" 200 2753 "https://falcon-ia.com/?path=//opt/alt/python311/lib64/python3.11" "Mozilla/5.0 AppleWebKit/537.36 (KHTML, like Gecko; compatible; GPTBot/1.3; +https://openai.com/gptbot)" 504 **0/504229**
216.73.216.162 - - [28/Mar/2026:05:33:56 -0700] "GET /item/4257440226?path=%2Fhome%2Ffalconiapl2015%2Fpublic_html%2Fwp-admin%2Fmaint HTTP/2.0" 200 2665 "-" "Mozilla/5.0 AppleWebKit/537.36 (KHTML, like Gecko; compatible; ClaudeBot/1.0; +claudebot@anthropic.com)" 517 **0/517618**
74.7.227.0 - - [28/Mar/2026:05:33:59 -0700] "GET /?path=//opt/alt/python311/lib64/python3.11/unittest HTTP/2.0" 200 3046 "https://falcon-ia.com/?path=//opt/alt/python311/lib64/python3.11" "Mozilla/5.0 AppleWebKit/537.36 (KHTML, like Gecko; compatible; GPTBot/1.3; +https://openai.com/gptbot)" 489 **0/489154**
216.73.216.162 - - [28/Mar/2026:05:33:59 -0700] "GET /item/3015722365?path=%2Fhome%2Ffalconiapl2015%2Fpublic_html%2Fwp-admin%2Fmaint HTTP/2.0" 200 2665 "-" "Mozilla/5.0 AppleWebKit/537.36 (KHTML, like Gecko; compatible; ClaudeBot/1.0; +claudebot@anthropic.com)" 501 **0/501019**
74.7.227.0 - - [28/Mar/2026:05:34:02 -0700] "GET /?path=//opt/alt/python311/lib64/python3.11/tomllib HTTP/2.0" 200 2778 "https://falcon-ia.com/?path=//opt/alt/python311/lib64/python3.11" "Mozilla/5.0 AppleWebKit/537.36 (KHTML, like Gecko; compatible; GPTBot/1.3; +https://openai.com/gptbot)" 563 **0/563990**
216.73.216.162 - - [28/Mar/2026:05:34:02 -0700] "GET /item/3045145167?fileloc=%2Fhome%2Ffalconiapl2015%2Fpublic_html%2Fwp-includes%2Fclass-wp-network.php&path=%2Fhome%2Ffalconiapl2015%2Fpublic_html%2Fwp-includes HTTP/2.0" 403 3449 "-" "Mozilla/5.0 AppleWebKit/537.36 (KHTML, like Gecko; compatible; ClaudeBot/1.0; +claudebot@anthropic.com)" 556 **0/556868**
