66.249.74.130 - - [28/Mar/2026:06:00:38 -0700] "GET /content.php?commodity/andrea/sept1717825844 HTTP/1.1" 403 28889 "-" "Mozilla/5.0 (Linux; Android 6.0.1; Nexus 5X Build/MMB29P) AppleWebKit/537.36 (KHTML, like Gecko) Chrome/146.0.7680.153 Mobile Safari/537.36 (compatible; Googlebot/2.1; +http://www.google.com/bot.html)" 1608 **1/1608919**
216.73.216.162 - - [28/Mar/2026:06:00:41 -0700] "GET /item/1136871537?path=%2Fhome%2Ffalconiapl2015%2Fpublic_html%2Fwp-admin%2Fimages HTTP/2.0" 200 4618 "-" "Mozilla/5.0 AppleWebKit/537.36 (KHTML, like Gecko; compatible; ClaudeBot/1.0; +claudebot@anthropic.com)" 500 **0/500700**
74.7.227.0 - - [28/Mar/2026:06:00:41 -0700] "GET /?fileloc=//usr/libexec/git-core/git-maintenance&path=//usr/libexec/git-core HTTP/2.0" 200 1603087 "https://falcon-ia.com/?path=//usr/libexec/git-core" "Mozilla/5.0 AppleWebKit/537.36 (KHTML, like Gecko; compatible; GPTBot/1.3; +https://openai.com/gptbot)" 1142 **1/1142595**
216.73.216.162 - - [28/Mar/2026:06:00:44 -0700] "GET /item/205359608?fileloc=%2Fhome%2Ffalconiapl2015%2Fpublic_html%2Fwp-includes%2Fclass-wp-post.php&path=%2Fhome%2Ffalconiapl2015%2Fpublic_html%2Fwp-includes HTTP/2.0" 200 3906 "-" "Mozilla/5.0 AppleWebKit/537.36 (KHTML, like Gecko; compatible; ClaudeBot/1.0; +claudebot@anthropic.com)" 500 **0/500376**
74.7.227.0 - - [28/Mar/2026:06:00:45 -0700] "GET /?fileloc=//lib/grub/i386-pc/mul_test.mod&path=//lib/grub/i386-pc HTTP/2.0" 200 3218 "https://falcon-ia.com/?path=//lib/grub/i386-pc" "Mozilla/5.0 AppleWebKit/537.36 (KHTML, like Gecko; compatible; GPTBot/1.3; +https://openai.com/gptbot)" 501 **0/501539**
216.73.216.162 - - [28/Mar/2026:06:00:47 -0700] "GET /item/3847809934?fileloc=%2Fhome%2Ffalconiapl2015%2Fpublic_html%2Fwp-includes%2Fclass-wp-http-requests-response.php&path=%2Fhome%2Ffalconiapl2015%2Fpublic_html%2Fwp-includes HTTP/2.0" 200 3456 "-" "Mozilla/5.0 AppleWebKit/537.36 (KHTML, like Gecko; compatible; ClaudeBot/1.0; +claudebot@anthropic.com)" 535 **0/535590**
74.7.227.0 - - [28/Mar/2026:06:00:48 -0700] "GET /?path=//lib/modules/4.18.0-553.83.1.lve.el8.x86_64/vdso HTTP/2.0" 200 2621 "https://falcon-ia.com/?path=//lib/modules/4.18.0-553.83.1.lve.el8.x86_64" "Mozilla/5.0 AppleWebKit/537.36 (KHTML, like Gecko; compatible; GPTBot/1.3; +https://openai.com/gptbot)" 498 **0/498709**
216.73.216.162 - - [28/Mar/2026:06:00:50 -0700] "GET /item/1998328006?fileloc=%2Fhome%2Ffalconiapl2015%2Fpublic_html%2Fwp-includes%2Fspeculative-loading.php&path=%2Fhome%2Ffalconiapl2015%2Fpublic_html%2Fwp-includes HTTP/2.0" 200 4977 "-" "Mozilla/5.0 AppleWebKit/537.36 (KHTML, like Gecko; compatible; ClaudeBot/1.0; +claudebot@anthropic.com)" 499 **0/499080**
74.7.227.0 - - [28/Mar/2026:06:00:51 -0700] "GET /?fileloc=//bin/sha256sum&path=//bin HTTP/2.0" 200 19308 "https://falcon-ia.com/?path=//bin" "Mozilla/5.0 AppleWebKit/537.36 (KHTML, like Gecko; compatible; GPTBot/1.3; +https://openai.com/gptbot)" 524 **0/524279**
216.73.216.162 - - [28/Mar/2026:06:00:53 -0700] "GET /item/2486947370?path=%2Fhome%2Ffalconiapl2015%2Fpublic_html%2Fwp-admin%2Fimages HTTP/2.0" 200 4618 "-" "Mozilla/5.0 AppleWebKit/537.36 (KHTML, like Gecko; compatible; ClaudeBot/1.0; +claudebot@anthropic.com)" 503 **0/503669**
74.7.227.0 - - [28/Mar/2026:06:00:54 -0700] "GET /?path=//lib/modules/4.18.0-553.50.1.lve.el8.x86_64/extra HTTP/2.0" 200 2599 "https://falcon-ia.com/?path=//lib/modules/4.18.0-553.50.1.lve.el8.x86_64" "Mozilla/5.0 AppleWebKit/537.36 (KHTML, like Gecko; compatible; GPTBot/1.3; +https://openai.com/gptbot)" 501 **0/501575**
216.73.216.162 - - [28/Mar/2026:06:00:56 -0700] "GET /item/3554030469?fileloc=%2Fhome%2Ffalconiapl2015%2Fpublic_html%2Fwp-includes%2Fclass-wp-exception.php&path=%2Fhome%2Ffalconiapl2015%2Fpublic_html%2Fwp-includes HTTP/2.0" 200 2389 "-" "Mozilla/5.0 AppleWebKit/537.36 (KHTML, like Gecko; compatible; ClaudeBot/1.0; +claudebot@anthropic.com)" 504 **0/504918**
74.7.227.0 - - [28/Mar/2026:06:00:57 -0700] "GET /?fileloc=//bin/sha512sum&path=//bin HTTP/2.0" 200 19368 "https://falcon-ia.com/?path=//bin" "Mozilla/5.0 AppleWebKit/537.36 (KHTML, like Gecko; compatible; GPTBot/1.3; +https://openai.com/gptbot)" 508 **0/508304**
216.73.216.162 - - [28/Mar/2026:06:00:59 -0700] "GET /item/788457145?fileloc=%2Fhome%2Ffalconiapl2015%2Fpublic_html%2Fwp-includes%2Fclass-wp-feed-cache.php&path=%2Fhome%2Ffalconiapl2015%2Fpublic_html%2Fwp-includes HTTP/2.0" 200 2742 "-" "Mozilla/5.0 AppleWebKit/537.36 (KHTML, like Gecko; compatible; ClaudeBot/1.0; +claudebot@anthropic.com)" 510 **0/510597**
74.7.227.0 - - [28/Mar/2026:06:01:00 -0700] "GET /?fileloc=//bin/sha384sum&path=//bin HTTP/2.0" 200 19406 "https://falcon-ia.com/?path=//bin" "Mozilla/5.0 AppleWebKit/537.36 (KHTML, like Gecko; compatible; GPTBot/1.3; +https://openai.com/gptbot)" 585 **0/585046**
74.7.227.0 - - [28/Mar/2026:06:01:03 -0700] "GET /?fileloc=//lib/udev/collect&path=//lib/udev HTTP/2.0" 200 9794 "https://falcon-ia.com/?path=//lib/udev" "Mozilla/5.0 AppleWebKit/537.36 (KHTML, like Gecko; compatible; GPTBot/1.3; +https://openai.com/gptbot)" 540 **0/540899**
216.73.216.162 - - [28/Mar/2026:06:01:04 -0700] "GET /item/3847809934?fileloc=%2Fhome%2Ffalconiapl2015%2Fpublic_html%2Fwp-includes%2Fclass-wpdb.php&path=%2Fhome%2Ffalconiapl2015%2Fpublic_html%2Fwp-includes HTTP/2.0" 200 30230 "-" "Mozilla/5.0 AppleWebKit/537.36 (KHTML, like Gecko; compatible; ClaudeBot/1.0; +claudebot@anthropic.com)" 535 **0/535602**
74.7.227.0 - - [28/Mar/2026:06:01:06 -0700] "GET /?path=//usr/lib64/bpf HTTP/2.0" 200 2318 "https://falcon-ia.com/?path=//usr/lib64" "Mozilla/5.0 AppleWebKit/537.36 (KHTML, like Gecko; compatible; GPTBot/1.3; +https://openai.com/gptbot)" 494 **0/494054**
216.73.216.162 - - [28/Mar/2026:06:01:07 -0700] "GET /item/4279915768?fileloc=%2Fhome%2Ffalconiapl2015%2Fpublic_html%2Fwp-includes%2Fclass-wp-term-plain.php&path=%2Fhome%2Ffalconiapl2015%2Fpublic_html%2Fwp-includes HTTP/2.0" 200 2280 "-" "Mozilla/5.0 AppleWebKit/537.36 (KHTML, like Gecko; compatible; ClaudeBot/1.0; +claudebot@anthropic.com)" 490 **0/490922**
74.7.227.0 - - [28/Mar/2026:06:01:10 -0700] "GET /?path=//usr/lib64/ldb HTTP/2.0" 200 2737 "https://falcon-ia.com/?path=//usr/lib64" "Mozilla/5.0 AppleWebKit/537.36 (KHTML, like Gecko; compatible; GPTBot/1.3; +https://openai.com/gptbot)" 509 **0/509433**
216.73.216.162 - - [28/Mar/2026:06:01:10 -0700] "GET /item/1926869326?fileloc=%2Fhome%2Ffalconiapl2015%2Fpublic_html%2Fwp-includes%2Fplugin.php&path=%2Fhome%2Ffalconiapl2015%2Fpublic_html%2Fwp-includes HTTP/2.0" 200 9346 "-" "Mozilla/5.0 AppleWebKit/537.36 (KHTML, like Gecko; compatible; ClaudeBot/1.0; +claudebot@anthropic.com)" 517 **0/517608**
216.73.216.162 - - [28/Mar/2026:06:01:13 -0700] "GET /item/1926869326?fileloc=%2Fhome%2Ffalconiapl2015%2Fpublic_html%2Fwp-includes%2Fclass-wp-http.php&path=%2Fhome%2Ffalconiapl2015%2Fpublic_html%2Fwp-includes HTTP/2.0" 200 13366 "-" "Mozilla/5.0 AppleWebKit/537.36 (KHTML, like Gecko; compatible; ClaudeBot/1.0; +claudebot@anthropic.com)" 517 **0/517904**
74.7.227.0 - - [28/Mar/2026:06:01:13 -0700] "GET /?fileloc=//lib/systemd/systemd&path=//lib/systemd HTTP/2.0" 200 461937 "https://falcon-ia.com/?path=//lib/systemd" "Mozilla/5.0 AppleWebKit/537.36 (KHTML, like Gecko; compatible; GPTBot/1.3; +https://openai.com/gptbot)" 752 **0/752742**
216.73.216.162 - - [28/Mar/2026:06:01:16 -0700] "GET /item/4279915768?fileloc=%2Fhome%2Ffalconiapl2015%2Fpublic_html%2Fwp-includes%2Fwidgets.php&path=%2Fhome%2Ffalconiapl2015%2Fpublic_html%2Fwp-includes HTTP/2.0" 200 17832 "-" "Mozilla/5.0 AppleWebKit/537.36 (KHTML, like Gecko; compatible; ClaudeBot/1.0; +claudebot@anthropic.com)" 511 **0/511590**
74.7.227.0 - - [28/Mar/2026:06:01:16 -0700] "GET /?path=//lib/modules/4.18.0-553.94.1.lve.el8.x86_64 HTTP/2.0" 200 3363 "https://falcon-ia.com/?path=//lib/modules" "Mozilla/5.0 AppleWebKit/537.36 (KHTML, like Gecko; compatible; GPTBot/1.3; +https://openai.com/gptbot)" 491 **0/491066**
216.73.216.162 - - [28/Mar/2026:06:01:19 -0700] "GET /item/3018710805?fileloc=%2Fhome%2Ffalconiapl2015%2Fpublic_html%2Fwp-includes%2Fclass-wp-block-parser-frame.php&path=%2Fhome%2Ffalconiapl2015%2Fpublic_html%2Fwp-includes HTTP/2.0" 200 2808 "-" "Mozilla/5.0 AppleWebKit/537.36 (KHTML, like Gecko; compatible; ClaudeBot/1.0; +claudebot@anthropic.com)" 488 **0/488540**
74.7.227.0 - - [28/Mar/2026:06:01:19 -0700] "GET /?path=//usr/lib64/python3.12/curses HTTP/2.0" 200 2791 "https://falcon-ia.com/?path=//usr/lib64/python3.12" "Mozilla/5.0 AppleWebKit/537.36 (KHTML, like Gecko; compatible; GPTBot/1.3; +https://openai.com/gptbot)" 488 **0/488846**
114.119.136.15 - - [28/Mar/2026:06:01:21 -0700] "GET /commodity/unprecedented/arkansas171796360611?path=/ HTTP/1.1" 200 3255 "https://falcon-ia.com/commodity/unprecedented/arkansas171796360611" "Mozilla/5.0 (Linux; Android 7.0;) AppleWebKit/537.36 (KHTML, like Gecko) Mobile Safari/537.36 (compatible; PetalBot;+https://webmaster.petalsearch.com/site/petalbot)" 481 **0/481252**
216.73.216.162 - - [28/Mar/2026:06:01:22 -0700] "GET /item/1527957511?path=%2Fhome%2Ffalconiapl2015 HTTP/2.0" 200 3737 "-" "Mozilla/5.0 AppleWebKit/537.36 (KHTML, like Gecko; compatible; ClaudeBot/1.0; +claudebot@anthropic.com)" 506 **0/506239**
74.7.227.0 - - [28/Mar/2026:06:01:22 -0700] "GET /?path=//usr/lib64/python2.7/sqlite3 HTTP/2.0" 200 2779 "https://falcon-ia.com/?path=//usr/lib64/python2.7" "Mozilla/5.0 AppleWebKit/537.36 (KHTML, like Gecko; compatible; GPTBot/1.3; +https://openai.com/gptbot)" 484 **0/484608**
216.73.216.162 - - [28/Mar/2026:06:01:25 -0700] "GET /item/4281127883?fileloc=%2Fhome%2Ffalconiapl2015%2Fpublic_html%2Fwp-admin%2Fwidgets.php&path=%2Fhome%2Ffalconiapl2015%2Fpublic_html%2Fwp-admin HTTP/2.0" 403 3449 "-" "Mozilla/5.0 AppleWebKit/537.36 (KHTML, like Gecko; compatible; ClaudeBot/1.0; +claudebot@anthropic.com)" 504 **0/504472**
74.7.227.0 - - [28/Mar/2026:06:01:25 -0700] "GET /?fileloc=//bin/realpath&path=//bin HTTP/2.0" 200 21557 "https://falcon-ia.com/?path=//bin" "Mozilla/5.0 AppleWebKit/537.36 (KHTML, like Gecko; compatible; GPTBot/1.3; +https://openai.com/gptbot)" 514 **0/514677**
216.73.216.162 - - [28/Mar/2026:06:01:28 -0700] "GET /item/2075836091?fileloc=%2Fhome%2Ffalconiapl2015%2Fpublic_html%2Fwp-includes%2Fblock-editor.php&path=%2Fhome%2Ffalconiapl2015%2Fpublic_html%2Fwp-includes HTTP/2.0" 403 3449 "-" "Mozilla/5.0 AppleWebKit/537.36 (KHTML, like Gecko; compatible; ClaudeBot/1.0; +claudebot@anthropic.com)" 489 **0/489178**
74.7.227.0 - - [28/Mar/2026:06:01:29 -0700] "GET /?fileloc=//bin/manpath&path=//bin HTTP/2.0" 200 15276 "https://falcon-ia.com/?path=//bin" "Mozilla/5.0 AppleWebKit/537.36 (KHTML, like Gecko; compatible; GPTBot/1.3; +https://openai.com/gptbot)" 533 **0/533100**
216.73.216.162 - - [28/Mar/2026:06:01:31 -0700] "GET /item/3476806371?fileloc=%2Fhome%2Ffalconiapl2015%2Fpublic_html%2Fwp-includes%2Fblock-patterns.php&path=%2Fhome%2Ffalconiapl2015%2Fpublic_html%2Fwp-includes HTTP/2.0" 403 3449 "-" "Mozilla/5.0 AppleWebKit/537.36 (KHTML, like Gecko; compatible; ClaudeBot/1.0; +claudebot@anthropic.com)" 502 **0/502669**
74.7.227.0 - - [28/Mar/2026:06:01:32 -0700] "GET /?fileloc=//bin/pathchk&path=//bin HTTP/2.0" 200 15346 "https://falcon-ia.com/?path=//bin" "Mozilla/5.0 AppleWebKit/537.36 (KHTML, like Gecko; compatible; GPTBot/1.3; +https://openai.com/gptbot)" 509 **0/509761**
216.73.216.162 - - [28/Mar/2026:06:01:34 -0700] "GET /item/2911296009?path=%2Fhome%2Ffalconiapl2015%2F.mysql_backup HTTP/2.0" 403 3449 "-" "Mozilla/5.0 AppleWebKit/537.36 (KHTML, like Gecko; compatible; ClaudeBot/1.0; +claudebot@anthropic.com)" 507 **0/507998**
74.7.227.0 - - [28/Mar/2026:06:01:35 -0700] "GET /?fileloc=//usr/libexec/git-core/git-upload-archive&path=//usr/libexec/git-core HTTP/2.0" 200 1603115 "https://falcon-ia.com/?path=//usr/libexec/git-core" "Mozilla/5.0 AppleWebKit/537.36 (KHTML, like Gecko; compatible; GPTBot/1.3; +https://openai.com/gptbot)" 1262 **1/1262189**
216.73.216.162 - - [28/Mar/2026:06:01:37 -0700] "GET /item/2756812328?path=%2Fhome%2Ffalconiapl2015%2Fpublic_html%2Fwp-includes%2Fpomo HTTP/2.0" 403 3449 "-" "Mozilla/5.0 AppleWebKit/537.36 (KHTML, like Gecko; compatible; ClaudeBot/1.0; +claudebot@anthropic.com)" 530 **0/530264**
74.7.227.0 - - [28/Mar/2026:06:01:38 -0700] "GET /?path=//usr/lib64/lftp HTTP/2.0" 200 2555 "https://falcon-ia.com/?path=//usr/lib64" "Mozilla/5.0 AppleWebKit/537.36 (KHTML, like Gecko; compatible; GPTBot/1.3; +https://openai.com/gptbot)" 489 **0/489193**
216.73.216.162 - - [28/Mar/2026:06:01:40 -0700] "GET /item/3892584206?path=%2Fhome%2Ffalconiapl2015%2Fpublic_html%2Fwp-includes%2Fl10n HTTP/2.0" 403 3449 "-" "Mozilla/5.0 AppleWebKit/537.36 (KHTML, like Gecko; compatible; ClaudeBot/1.0; +claudebot@anthropic.com)" 495 **0/495064**
74.7.227.0 - - [28/Mar/2026:06:01:41 -0700] "GET /?path=//usr/lib64/ruby HTTP/2.0" 200 3548 "https://falcon-ia.com/?path=//usr/lib64" "Mozilla/5.0 AppleWebKit/537.36 (KHTML, like Gecko; compatible; GPTBot/1.3; +https://openai.com/gptbot)" 509 **0/509645**
216.73.216.162 - - [28/Mar/2026:06:01:43 -0700] "GET /item/856896239?fileloc=%2Fhome%2Ffalconiapl2015%2Fpublic_html%2Fwp-admin%2Fuser-edit.php&path=%2Fhome%2Ffalconiapl2015%2Fpublic_html%2Fwp-admin HTTP/2.0" 403 3449 "-" "Mozilla/5.0 AppleWebKit/537.36 (KHTML, like Gecko; compatible; ClaudeBot/1.0; +claudebot@anthropic.com)" 539 **0/539901**
17.246.23.96 - - [28/Mar/2026:06:01:43 -0700] "GET /?p=21086 HTTP/1.1" 200 3956 "-" "Mozilla/5.0 (Macintosh; Intel Mac OS X 10_15_7) AppleWebKit/605.1.15 (KHTML, like Gecko) Version/17.4 Safari/605.1.15 (Applebot/0.1; +http://www.apple.com/go/applebot)" 499 **0/499755**
74.7.227.0 - - [28/Mar/2026:06:01:44 -0700] "GET /?fileloc=//bin/mysqlbinlog&path=//bin HTTP/2.0" 200 736733 "https://falcon-ia.com/?path=//bin" "Mozilla/5.0 AppleWebKit/537.36 (KHTML, like Gecko; compatible; GPTBot/1.3; +https://openai.com/gptbot)" 981 **0/981479**
216.73.216.162 - - [28/Mar/2026:06:01:46 -0700] "GET /item/3978260600?fileloc=%2Fhome%2Ffalconiapl2015%2Fpublic_html%2Fwp-includes%2Fclass-wp-comment.php&path=%2Fhome%2Ffalconiapl2015%2Fpublic_html%2Fwp-includes HTTP/2.0" 403 3449 "-" "Mozilla/5.0 AppleWebKit/537.36 (KHTML, like Gecko; compatible; ClaudeBot/1.0; +claudebot@anthropic.com)" 528 **0/528558**
74.7.227.0 - - [28/Mar/2026:06:01:47 -0700] "GET /?path=//usr/lib64/python3.12/encodings HTTP/2.0" 200 5261 "https://falcon-ia.com/?path=//usr/lib64/python3.12" "Mozilla/5.0 AppleWebKit/537.36 (KHTML, like Gecko; compatible; GPTBot/1.3; +https://openai.com/gptbot)" 492 **0/492961**
216.73.216.162 - - [28/Mar/2026:06:01:49 -0700] "GET /item/2392537796?fileloc=%2Fhome%2Ffalconiapl2015%2Fpublic_html%2Fwp-includes%2Fclass-wp-user-query.php&path=%2Fhome%2Ffalconiapl2015%2Fpublic_html%2Fwp-includes HTTP/2.0" 403 3449 "-" "Mozilla/5.0 AppleWebKit/537.36 (KHTML, like Gecko; compatible; ClaudeBot/1.0; +claudebot@anthropic.com)" 540 **0/540412**
74.7.227.0 - - [28/Mar/2026:06:01:50 -0700] "GET /?path=//lib/modules/4.18.0-553.94.1.lve.el8.x86_64/vdso HTTP/2.0" 200 2616 "https://falcon-ia.com/?path=//lib/modules/4.18.0-553.94.1.lve.el8.x86_64" "Mozilla/5.0 AppleWebKit/537.36 (KHTML, like Gecko; compatible; GPTBot/1.3; +https://openai.com/gptbot)" 505 **0/505840**
216.73.216.162 - - [28/Mar/2026:06:01:52 -0700] "GET /item/2547723647?fileloc=%2Fhome%2Ffalconiapl2015%2Fpublic_html%2Fwp-includes%2Fclass-wp-http-cookie.php&path=%2Fhome%2Ffalconiapl2015%2Fpublic_html%2Fwp-includes HTTP/2.0" 403 3449 "-" "Mozilla/5.0 AppleWebKit/537.36 (KHTML, like Gecko; compatible; ClaudeBot/1.0; +claudebot@anthropic.com)" 520 **0/520111**
74.7.227.0 - - [28/Mar/2026:06:01:54 -0700] "GET /?path=//lib/modules/4.18.0-553.94.1.lve.el8.x86_64/kernel HTTP/2.0" 200 2847 "https://falcon-ia.com/?path=//lib/modules/4.18.0-553.94.1.lve.el8.x86_64" "Mozilla/5.0 AppleWebKit/537.36 (KHTML, like Gecko; compatible; GPTBot/1.3; +https://openai.com/gptbot)" 499 **0/499425**
216.73.216.162 - - [28/Mar/2026:06:01:55 -0700] "GET /item/469218005?fileloc=%2Fhome%2Ffalconiapl2015%2Fpublic_html%2Fwp-admin%2Fwidgets.php&path=%2Fhome%2Ffalconiapl2015%2Fpublic_html%2Fwp-admin HTTP/2.0" 403 3449 "-" "Mozilla/5.0 AppleWebKit/537.36 (KHTML, like Gecko; compatible; ClaudeBot/1.0; +claudebot@anthropic.com)" 621 **0/621661**
74.7.227.0 - - [28/Mar/2026:06:01:57 -0700] "GET /?fileloc=//usr/lib64/python2.7/sqlite3/dump.pyc&path=//usr/lib64/python2.7/sqlite3 HTTP/2.0" 200 3400 "https://falcon-ia.com/?path=//usr/lib64/python2.7/sqlite3" "Mozilla/5.0 AppleWebKit/537.36 (KHTML, like Gecko; compatible; GPTBot/1.3; +https://openai.com/gptbot)" 512 **0/512710**
216.73.216.162 - - [28/Mar/2026:06:01:58 -0700] "GET /item/2075836091?fileloc=%2Fhome%2Ffalconiapl2015%2Fpublic_html%2Fwp-includes%2Fclass-wp-exception.php&path=%2Fhome%2Ffalconiapl2015%2Fpublic_html%2Fwp-includes HTTP/2.0" 403 3449 "-" "Mozilla/5.0 AppleWebKit/537.36 (KHTML, like Gecko; compatible; ClaudeBot/1.0; +claudebot@anthropic.com)" 510 **0/510658**
74.7.227.0 - - [28/Mar/2026:06:02:00 -0700] "GET /?path=//usr/lib64/python3.12/http HTTP/2.0" 200 2783 "https://falcon-ia.com/?path=//usr/lib64/python3.12" "Mozilla/5.0 AppleWebKit/537.36 (KHTML, like Gecko; compatible; GPTBot/1.3; +https://openai.com/gptbot)" 511 **0/511591**
216.73.216.162 - - [28/Mar/2026:06:02:01 -0700] "GET /item/422601928?fileloc=%2Fhome%2Ffalconiapl2015%2Fpublic_html%2Fwp-includes%2Fclass-wp-block-editor-context.php&path=%2Fhome%2Ffalconiapl2015%2Fpublic_html%2Fwp-includes HTTP/2.0" 403 3449 "-" "Mozilla/5.0 AppleWebKit/537.36 (KHTML, like Gecko; compatible; ClaudeBot/1.0; +claudebot@anthropic.com)" 528 **0/528670**
74.7.227.0 - - [28/Mar/2026:06:02:03 -0700] "GET /?fileloc=//lib/os-release&path=//lib HTTP/2.0" 200 2465 "https://falcon-ia.com/?path=//lib" "Mozilla/5.0 AppleWebKit/537.36 (KHTML, like Gecko; compatible; GPTBot/1.3; +https://openai.com/gptbot)" 528 **0/528789**
216.73.216.162 - - [28/Mar/2026:06:02:04 -0700] "GET /item/5590457?fileloc=%2Fhome%2Ffalconiapl2015%2Fpublic_html%2Fwp-includes%2Fclass-json.php&path=%2Fhome%2Ffalconiapl2015%2Fpublic_html%2Fwp-includes HTTP/2.0" 403 3449 "-" "Mozilla/5.0 AppleWebKit/537.36 (KHTML, like Gecko; compatible; ClaudeBot/1.0; +claudebot@anthropic.com)" 511 **0/511584**
66.249.74.128 - - [28/Mar/2026:06:02:04 -0700] "GET /content.php?commodity/benchmarks/conference17202059444 HTTP/1.1" 403 29650 "-" "Mozilla/5.0 (Linux; Android 6.0.1; Nexus 5X Build/MMB29P) AppleWebKit/537.36 (KHTML, like Gecko) Chrome/146.0.7680.153 Mobile Safari/537.36 (compatible; Googlebot/2.1; +http://www.google.com/bot.html)" 1664 **1/1664863**
74.7.227.0 - - [28/Mar/2026:06:02:06 -0700] "GET /?fileloc=//usr/include/event.h&path=//usr/include HTTP/2.0" 200 3456 "https://falcon-ia.com/?path=//usr/include" "Mozilla/5.0 AppleWebKit/537.36 (KHTML, like Gecko; compatible; GPTBot/1.3; +https://openai.com/gptbot)" 516 **0/516897**
216.73.216.162 - - [28/Mar/2026:06:02:07 -0700] "GET /item/2829255896?fileloc=%2Fhome%2Ffalconiapl2015%2Fpublic_html%2Fwp-includes%2Fms-functions.php&path=%2Fhome%2Ffalconiapl2015%2Fpublic_html%2Fwp-includes HTTP/2.0" 200 21692 "-" "Mozilla/5.0 AppleWebKit/537.36 (KHTML, like Gecko; compatible; ClaudeBot/1.0; +claudebot@anthropic.com)" 503 **0/503734**
74.7.227.0 - - [28/Mar/2026:06:02:09 -0700] "GET /?path=//usr/lib64/gtk-2.0 HTTP/2.0" 200 2606 "https://falcon-ia.com/?path=//usr/lib64" "Mozilla/5.0 AppleWebKit/537.36 (KHTML, like Gecko; compatible; GPTBot/1.3; +https://openai.com/gptbot)" 500 **0/500208**
216.73.216.162 - - [28/Mar/2026:06:02:10 -0700] "GET /item/4163897000?path=%2Fhome%2Ffalconiapl2015%2Fpublic_html%2Fwp-includes%2Fimages HTTP/2.0" 200 3432 "-" "Mozilla/5.0 AppleWebKit/537.36 (KHTML, like Gecko; compatible; ClaudeBot/1.0; +claudebot@anthropic.com)" 508 **0/508260**
74.7.227.0 - - [28/Mar/2026:06:02:12 -0700] "GET /?path=//lib/modules/4.18.0-553.83.1.lve.el8.x86_64/kernel HTTP/2.0" 200 2851 "https://falcon-ia.com/?path=//lib/modules/4.18.0-553.83.1.lve.el8.x86_64" "Mozilla/5.0 AppleWebKit/537.36 (KHTML, like Gecko; compatible; GPTBot/1.3; +https://openai.com/gptbot)" 508 **0/508603**
216.73.216.162 - - [28/Mar/2026:06:02:13 -0700] "GET /item/279599573?fileloc=%2Fhome%2Ffalconiapl2015%2Fpublic_html%2Fwp-includes%2Ffeed-rss2-comments.php&path=%2Fhome%2Ffalconiapl2015%2Fpublic_html%2Fwp-includes HTTP/2.0" 200 3706 "-" "Mozilla/5.0 AppleWebKit/537.36 (KHTML, like Gecko; compatible; ClaudeBot/1.0; +claudebot@anthropic.com)" 500 **0/500793**
74.7.227.0 - - [28/Mar/2026:06:02:15 -0700] "GET /?path=//usr/lib64/guile HTTP/2.0" 200 2555 "https://falcon-ia.com/?path=//usr/lib64" "Mozilla/5.0 AppleWebKit/537.36 (KHTML, like Gecko; compatible; GPTBot/1.3; +https://openai.com/gptbot)" 494 **0/494360**
74.7.227.0 - - [28/Mar/2026:06:02:18 -0700] "GET /?path=//usr/lib64/audit HTTP/2.0" 200 2582 "https://falcon-ia.com/?path=//usr/lib64" "Mozilla/5.0 AppleWebKit/537.36 (KHTML, like Gecko; compatible; GPTBot/1.3; +https://openai.com/gptbot)" 499 **0/499161**
74.7.227.0 - - [28/Mar/2026:06:02:21 -0700] "GET /?path=//usr/local/lib64 HTTP/2.0" 200 2587 "https://falcon-ia.com/?path=//usr/local" "Mozilla/5.0 AppleWebKit/537.36 (KHTML, like Gecko; compatible; GPTBot/1.3; +https://openai.com/gptbot)" 504 **0/504341**
74.7.227.0 - - [28/Mar/2026:06:02:25 -0700] "GET /?fileloc=//bin/localedef&path=//bin HTTP/2.0" 200 110730 "https://falcon-ia.com/?path=//bin" "Mozilla/5.0 AppleWebKit/537.36 (KHTML, like Gecko; compatible; GPTBot/1.3; +https://openai.com/gptbot)" 573 **0/573699**
74.7.227.0 - - [28/Mar/2026:06:02:28 -0700] "GET /?path=//usr/lib64/python3.12/sqlite3 HTTP/2.0" 200 2756 "https://falcon-ia.com/?path=//usr/lib64/python3.12" "Mozilla/5.0 AppleWebKit/537.36 (KHTML, like Gecko; compatible; GPTBot/1.3; +https://openai.com/gptbot)" 496 **0/496158**
216.73.216.162 - - [28/Mar/2026:06:02:30 -0700] "GET /item/4088371702?fileloc=%2Fhome%2Ffalconiapl2015%2Fpublic_html%2Fwp-admin%2Fedit-link-form.php&path=%2Fhome%2Ffalconiapl2015%2Fpublic_html%2Fwp-admin HTTP/2.0" 200 4376 "-" "Mozilla/5.0 AppleWebKit/537.36 (KHTML, like Gecko; compatible; ClaudeBot/1.0; +claudebot@anthropic.com)" 509 **0/509154**
74.7.227.0 - - [28/Mar/2026:06:02:31 -0700] "GET /?fileloc=//usr/sbin/testsaslauthd&path=//usr/sbin HTTP/2.0" 200 7820 "https://falcon-ia.com/?path=//usr/sbin" "Mozilla/5.0 AppleWebKit/537.36 (KHTML, like Gecko; compatible; GPTBot/1.3; +https://openai.com/gptbot)" 516 **0/516538**
216.73.216.162 - - [28/Mar/2026:06:02:32 -0700] "GET /item/3743802501?fileloc=%2Fhome%2Ffalconiapl2015%2Fpublic_html%2Fwp-includes%2Fclass-requests.php&path=%2Fhome%2Ffalconiapl2015%2Fpublic_html%2Fwp-includes HTTP/2.0" 200 3068 "-" "Mozilla/5.0 AppleWebKit/537.36 (KHTML, like Gecko; compatible; ClaudeBot/1.0; +claudebot@anthropic.com)" 493 **0/493286**
74.7.227.0 - - [28/Mar/2026:06:02:34 -0700] "GET /?path=//usr/lib64/python2.7/idlelib HTTP/2.0" 200 6470 "https://falcon-ia.com/?path=//usr/lib64/python2.7" "Mozilla/5.0 AppleWebKit/537.36 (KHTML, like Gecko; compatible; GPTBot/1.3; +https://openai.com/gptbot)" 497 **0/497531**
216.73.216.162 - - [28/Mar/2026:06:02:35 -0700] "GET /item/1334216474?path=%2Fhome%2Ffalconiapl2015%2Fpublic_html%2Fwp-content%2Fthemes HTTP/2.0" 200 2883 "-" "Mozilla/5.0 AppleWebKit/537.36 (KHTML, like Gecko; compatible; ClaudeBot/1.0; +claudebot@anthropic.com)" 505 **0/505316**
74.7.227.0 - - [28/Mar/2026:06:02:37 -0700] "GET /?fileloc=//usr/sbin/sasldblistusers2&path=//usr/sbin HTTP/2.0" 200 9569 "https://falcon-ia.com/?path=//usr/sbin" "Mozilla/5.0 AppleWebKit/537.36 (KHTML, like Gecko; compatible; GPTBot/1.3; +https://openai.com/gptbot)" 501 **0/501738**
216.73.216.162 - - [28/Mar/2026:06:02:38 -0700] "GET /item/2026427607?fileloc=%2F%2Flib64%2Flibsysfs.so.2&path=%2F%2Flib64 HTTP/2.0" 200 17332 "-" "Mozilla/5.0 AppleWebKit/537.36 (KHTML, like Gecko; compatible; ClaudeBot/1.0; +claudebot@anthropic.com)" 496 **0/496696**
74.7.227.0 - - [28/Mar/2026:06:02:40 -0700] "GET /?fileloc=//bin/mariadb-check&path=//bin HTTP/2.0" 200 623991 "https://falcon-ia.com/?path=//bin" "Mozilla/5.0 AppleWebKit/537.36 (KHTML, like Gecko; compatible; GPTBot/1.3; +https://openai.com/gptbot)" 840 **0/840970**
216.73.216.162 - - [28/Mar/2026:06:02:41 -0700] "GET /item/3743802501?fileloc=%2Fhome%2Ffalconiapl2015%2Fpublic_html%2Fwp-includes%2Fclass-simplepie.php&path=%2Fhome%2Ffalconiapl2015%2Fpublic_html%2Fwp-includes HTTP/2.0" 200 2531 "-" "Mozilla/5.0 AppleWebKit/537.36 (KHTML, like Gecko; compatible; ClaudeBot/1.0; +claudebot@anthropic.com)" 506 **0/506156**
85.208.96.205 - - [28/Mar/2026:06:02:42 -0700] "GET /commodity/lawyers/regimes17191813543 HTTP/1.1" 200 3956 "-" "Mozilla/5.0 (compatible; SemrushBot/7~bl; +http://www.semrush.com/bot.html)" 492 **0/492095**
114.119.151.172 - - [28/Mar/2026:06:02:42 -0700] "GET /commodity/unprecedented/arkansas171796360611?fileloc=/home/falconiapl2015/public_html/wp-config.php&path=/home/falconiapl2015/public_html HTTP/1.1" 200 3719 "https://falcon-ia.com/commodity/unprecedented/arkansas171796360611" "Mozilla/5.0 (Linux; Android 7.0;) AppleWebKit/537.36 (KHTML, like Gecko) Mobile Safari/537.36 (compatible; PetalBot;+https://webmaster.petalsearch.com/site/petalbot)" 482 **0/482038**
74.7.227.0 - - [28/Mar/2026:06:02:44 -0700] "GET /?path=//usr/lib64/gtk-2.0/modules HTTP/2.0" 200 2632 "https://falcon-ia.com/?path=//usr/lib64/gtk-2.0" "Mozilla/5.0 AppleWebKit/537.36 (KHTML, like Gecko; compatible; GPTBot/1.3; +https://openai.com/gptbot)" 506 **0/506439**
216.73.216.162 - - [28/Mar/2026:06:02:44 -0700] "GET /item/279599573?fileloc=%2Fhome%2Ffalconiapl2015%2Fpublic_html%2Fwp-includes%2Fcomment.php&path=%2Fhome%2Ffalconiapl2015%2Fpublic_html%2Fwp-includes HTTP/2.0" 200 31431 "-" "Mozilla/5.0 AppleWebKit/537.36 (KHTML, like Gecko; compatible; ClaudeBot/1.0; +claudebot@anthropic.com)" 537 **0/537309**
74.7.227.0 - - [28/Mar/2026:06:02:47 -0700] "GET /?path=//usr/lib64/python2.7/ctypes HTTP/2.0" 200 2952 "https://falcon-ia.com/?path=//usr/lib64/python2.7" "Mozilla/5.0 AppleWebKit/537.36 (KHTML, like Gecko; compatible; GPTBot/1.3; +https://openai.com/gptbot)" 515 **0/515528**
216.73.216.162 - - [28/Mar/2026:06:02:47 -0700] "GET /item/2481753648?fileloc=%2Fhome%2Ffalconiapl2015%2Fpublic_html%2Fwp-includes%2Fspeculative-loading.php&path=%2Fhome%2Ffalconiapl2015%2Fpublic_html%2Fwp-includes HTTP/2.0" 200 4977 "-" "Mozilla/5.0 AppleWebKit/537.36 (KHTML, like Gecko; compatible; ClaudeBot/1.0; +claudebot@anthropic.com)" 504 **0/504276**
74.7.227.0 - - [28/Mar/2026:06:02:50 -0700] "GET /?path=//usr/lib64/guile/2.0 HTTP/2.0" 200 2565 "https://falcon-ia.com/?path=//usr/lib64/guile" "Mozilla/5.0 AppleWebKit/537.36 (KHTML, like Gecko; compatible; GPTBot/1.3; +https://openai.com/gptbot)" 490 **0/490211**
216.73.216.162 - - [28/Mar/2026:06:02:50 -0700] "GET /item/780232076?fileloc=%2Fhome%2Ffalconiapl2015%2Fpublic_html%2Fwp-includes%2Ffeed-atom-comments.php&path=%2Fhome%2Ffalconiapl2015%2Fpublic_html%2Fwp-includes HTTP/2.0" 200 3995 "-" "Mozilla/5.0 AppleWebKit/537.36 (KHTML, like Gecko; compatible; ClaudeBot/1.0; +claudebot@anthropic.com)" 503 **0/503430**
74.7.227.0 - - [28/Mar/2026:06:02:53 -0700] "GET /?path=//lib/exim/bin HTTP/2.0" 200 2707 "https://falcon-ia.com/?path=//lib/exim" "Mozilla/5.0 AppleWebKit/537.36 (KHTML, like Gecko; compatible; GPTBot/1.3; +https://openai.com/gptbot)" 501 **0/501022**
216.73.216.162 - - [28/Mar/2026:06:02:53 -0700] "GET /item/735910960?fileloc=%2Fhome%2Ffalconiapl2015%2Fpublic_html%2Fwp-includes%2Fclass-wp-term-query.php&path=%2Fhome%2Ffalconiapl2015%2Fpublic_html%2Fwp-includes HTTP/2.0" 200 11391 "-" "Mozilla/5.0 AppleWebKit/537.36 (KHTML, like Gecko; compatible; ClaudeBot/1.0; +claudebot@anthropic.com)" 513 **0/513491**
216.73.216.162 - - [28/Mar/2026:06:02:56 -0700] "GET /item/4163897000?fileloc=%2Fhome%2Ffalconiapl2015%2Fpublic_html%2Fwp-admin%2Fincludes%2Fclass-ftp.php&path=%2Fhome%2Ffalconiapl2015%2Fpublic_html%2Fwp-admin%2Fincludes HTTP/2.0" 200 8948 "-" "Mozilla/5.0 AppleWebKit/537.36 (KHTML, like Gecko; compatible; ClaudeBot/1.0; +claudebot@anthropic.com)" 506 **0/506738**
74.7.227.0 - - [28/Mar/2026:06:02:56 -0700] "GET /?path=//usr/lib64/python3.12/wsgiref HTTP/2.0" 200 2854 "https://falcon-ia.com/?path=//usr/lib64/python3.12" "Mozilla/5.0 AppleWebKit/537.36 (KHTML, like Gecko; compatible; GPTBot/1.3; +https://openai.com/gptbot)" 535 **0/535037**
198.244.242.89 - - [28/Mar/2026:06:02:57 -0700] "GET /commodity/eas/sonny171612109619 HTTP/2.0" 200 3449 "-" "Mozilla/5.0 (compatible; AhrefsBot/7.0; +http://ahrefs.com/robot/)" 491 **0/491215**
216.73.216.162 - - [28/Mar/2026:06:02:59 -0700] "GET /item/3661790623?fileloc=%2Fhome%2Ffalconiapl2015%2Fpublic_html%2Fwp-includes%2Fclass-wp-customize-section.php&path=%2Fhome%2Ffalconiapl2015%2Fpublic_html%2Fwp-includes HTTP/2.0" 200 5399 "-" "Mozilla/5.0 AppleWebKit/537.36 (KHTML, like Gecko; compatible; ClaudeBot/1.0; +claudebot@anthropic.com)" 520 **0/520535**
74.7.227.0 - - [28/Mar/2026:06:02:59 -0700] "GET /?path=//usr/lib64/python2.7/curses HTTP/2.0" 200 2959 "https://falcon-ia.com/?path=//usr/lib64/python2.7" "Mozilla/5.0 AppleWebKit/537.36 (KHTML, like Gecko; compatible; GPTBot/1.3; +https://openai.com/gptbot)" 499 **0/499656**
216.73.216.162 - - [28/Mar/2026:06:03:02 -0700] "GET /item/4160306127?fileloc=%2Fhome%2Ffalconiapl2015%2Fpublic_html%2Fwp-includes%2Fclass-wp-user-query.php&path=%2Fhome%2Ffalconiapl2015%2Fpublic_html%2Fwp-includes HTTP/2.0" 200 11873 "-" "Mozilla/5.0 AppleWebKit/537.36 (KHTML, like Gecko; compatible; ClaudeBot/1.0; +claudebot@anthropic.com)" 521 **0/521166**
74.7.227.0 - - [28/Mar/2026:06:03:02 -0700] "GET /?path=//usr/lib64/python2.7/logging HTTP/2.0" 200 2794 "https://falcon-ia.com/?path=//usr/lib64/python2.7" "Mozilla/5.0 AppleWebKit/537.36 (KHTML, like Gecko; compatible; GPTBot/1.3; +https://openai.com/gptbot)" 3064 **3/3064569**
216.73.216.162 - - [28/Mar/2026:06:03:05 -0700] "GET /item/3312377034?fileloc=%2Fhome%2Ffalconiapl2015%2Fpublic_html%2Fwp-includes%2Fclass-wp-tax-query.php&path=%2Fhome%2Ffalconiapl2015%2Fpublic_html%2Fwp-includes HTTP/2.0" 200 7510 "-" "Mozilla/5.0 AppleWebKit/537.36 (KHTML, like Gecko; compatible; ClaudeBot/1.0; +claudebot@anthropic.com)" 508 **0/508522**
74.7.227.0 - - [28/Mar/2026:06:03:05 -0700] "GET /?fileloc=//usr/lib64/gconv/UNICODE.so&path=//usr/lib64/gconv HTTP/2.0" 200 6970 "https://falcon-ia.com/?path=//usr/lib64/gconv" "Mozilla/5.0 AppleWebKit/537.36 (KHTML, like Gecko; compatible; GPTBot/1.3; +https://openai.com/gptbot)" 542 **0/542179**
185.191.171.17 - - [28/Mar/2026:06:03:08 -0700] "GET /commodity/leak/then17176695797 HTTP/1.1" 200 3956 "-" "Mozilla/5.0 (compatible; SemrushBot/7~bl; +http://www.semrush.com/bot.html)" 515 **0/515669**
216.73.216.162 - - [28/Mar/2026:06:03:08 -0700] "GET /item/2668545403?fileloc=%2Fhome%2Ffalconiapl2015%2Fpublic_html%2Fwp-includes%2Fclass-wp-embed.php&path=%2Fhome%2Ffalconiapl2015%2Fpublic_html%2Fwp-includes HTTP/2.0" 200 6922 "-" "Mozilla/5.0 AppleWebKit/537.36 (KHTML, like Gecko; compatible; ClaudeBot/1.0; +claudebot@anthropic.com)" 485 **0/485680**
74.7.227.0 - - [28/Mar/2026:06:03:09 -0700] "GET /?fileloc=//usr/lib64/python2.7/idlelib/aboutDialog.pyc&path=//usr/lib64/python2.7/idlelib HTTP/2.0" 200 4890 "https://falcon-ia.com/?path=//usr/lib64/python2.7/idlelib" "Mozilla/5.0 AppleWebKit/537.36 (KHTML, like Gecko; compatible; GPTBot/1.3; +https://openai.com/gptbot)" 545 **0/545435**
40.77.167.123 - - [28/Mar/2026:06:03:09 -0700] "GET /blackjack-21-oyna-t%C3%BCrkiye/ HTTP/2.0" 200 26406 "-" "Mozilla/5.0 AppleWebKit/537.36 (KHTML, like Gecko; compatible; bingbot/2.0; +http://www.bing.com/bingbot.htm) Chrome/116.0.1938.76 Safari/537.36" 1616 **1/1616510**
216.73.216.162 - - [28/Mar/2026:06:03:11 -0700] "GET /item/3377275916?fileloc=%2Fhome%2Ffalconiapl2015%2Fpublic_html%2Fwp-includes%2Fquery.php&path=%2Fhome%2Ffalconiapl2015%2Fpublic_html%2Fwp-includes HTTP/2.0" 200 7122 "-" "Mozilla/5.0 AppleWebKit/537.36 (KHTML, like Gecko; compatible; ClaudeBot/1.0; +claudebot@anthropic.com)" 511 **0/511560**
74.7.227.0 - - [28/Mar/2026:06:03:12 -0700] "GET /?fileloc=//usr/lib64/python2.7/idlelib/textView.pyo&path=//usr/lib64/python2.7/idlelib HTTP/2.0" 200 4239 "https://falcon-ia.com/?path=//usr/lib64/python2.7/idlelib" "Mozilla/5.0 AppleWebKit/537.36 (KHTML, like Gecko; compatible; GPTBot/1.3; +https://openai.com/gptbot)" 509 **0/509397**
216.73.216.162 - - [28/Mar/2026:06:03:14 -0700] "GET /item/2510612192?fileloc=%2Fhome%2Ffalconiapl2015%2Fpublic_html%2Fwp-includes%2Fclass-wp-http-streams.php&path=%2Fhome%2Ffalconiapl2015%2Fpublic_html%2Fwp-includes HTTP/2.0" 200 6913 "-" "Mozilla/5.0 AppleWebKit/537.36 (KHTML, like Gecko; compatible; ClaudeBot/1.0; +claudebot@anthropic.com)" 547 **0/547629**
74.7.227.0 - - [28/Mar/2026:06:03:15 -0700] "GET /?fileloc=//usr/lib64/python2.7/idlelib/__init__.pyc&path=//usr/lib64/python2.7/idlelib HTTP/2.0" 200 2543 "https://falcon-ia.com/?path=//usr/lib64/python2.7/idlelib" "Mozilla/5.0 AppleWebKit/537.36 (KHTML, like Gecko; compatible; GPTBot/1.3; +https://openai.com/gptbot)" 510 **0/510825**
40.77.167.40 - - [28/Mar/2026:06:03:15 -0700] "GET /commodity/strains/building172168256209 HTTP/2.0" 200 26269 "-" "Mozilla/5.0 AppleWebKit/537.36 (KHTML, like Gecko; compatible; bingbot/2.0; +http://www.bing.com/bingbot.htm) Chrome/116.0.1938.76 Safari/537.36" 1612 **1/1612456**
216.73.216.162 - - [28/Mar/2026:06:03:17 -0700] "GET /item/4189986004?fileloc=%2Fhome%2Ffalconiapl2015%2Fpublic_html%2Fwp-includes%2Fclass-wp-meta-query.php&path=%2Fhome%2Ffalconiapl2015%2Fpublic_html%2Fwp-includes HTTP/2.0" 200 9575 "-" "Mozilla/5.0 AppleWebKit/537.36 (KHTML, like Gecko; compatible; ClaudeBot/1.0; +claudebot@anthropic.com)" 520 **0/520895**
74.7.227.0 - - [28/Mar/2026:06:03:18 -0700] "GET /?fileloc=//usr/include/pr29.h&path=//usr/include HTTP/2.0" 200 3172 "https://falcon-ia.com/?path=//usr/include" "Mozilla/5.0 AppleWebKit/537.36 (KHTML, like Gecko; compatible; GPTBot/1.3; +https://openai.com/gptbot)" 522 **0/522673**
160.177.63.137 - - [28/Mar/2026:06:03:19 -0700] "GET /blog/ HTTP/1.1" 200 3449 "-" "Mozilla/5.0 (compatible; MSIE 7.0; Windows 98; Win 9x 4.90; Trident/5.1)" 492 **0/492406**
216.73.216.162 - - [28/Mar/2026:06:03:20 -0700] "GET /item/2481753648?fileloc=%2Fhome%2Ffalconiapl2015%2Fpublic_html%2Fwp-includes%2FIXR%2Fclass-IXR-server.php&path=%2Fhome%2Ffalconiapl2015%2Fpublic_html%2Fwp-includes%2FIXR HTTP/2.0" 200 4245 "-" "Mozilla/5.0 AppleWebKit/537.36 (KHTML, like Gecko; compatible; ClaudeBot/1.0; +claudebot@anthropic.com)" 504 **0/504405**
74.7.227.0 - - [28/Mar/2026:06:03:21 -0700] "GET /?fileloc=//usr/libexec/git-core/git-mergetool&path=//usr/libexec/git-core HTTP/2.0" 200 5873 "https://falcon-ia.com/?path=//usr/libexec/git-core" "Mozilla/5.0 AppleWebKit/537.36 (KHTML, like Gecko; compatible; GPTBot/1.3; +https://openai.com/gptbot)" 499 **0/499364**
185.191.171.17 - - [28/Mar/2026:06:03:22 -0700] "GET /commodity/textiles/pu1719109202183 HTTP/1.1" 200 3956 "-" "Mozilla/5.0 (compatible; SemrushBot/7~bl; +http://www.semrush.com/bot.html)" 502 **0/502772**
216.73.216.162 - - [28/Mar/2026:06:03:23 -0700] "GET /item/2486947370?fileloc=%2Fhome%2Ffalconiapl2015%2Fpublic_html%2Fwp-includes%2Fwidgets%2Fclass-wp-widget-archives.php&path=%2Fhome%2Ffalconiapl2015%2Fpublic_html%2Fwp-includes%2Fwidgets HTTP/2.0" 200 4456 "-" "Mozilla/5.0 AppleWebKit/537.36 (KHTML, like Gecko; compatible; ClaudeBot/1.0; +claudebot@anthropic.com)" 502 **0/502150**
74.7.227.0 - - [28/Mar/2026:06:03:24 -0700] "GET /?path=//usr/lib64/guile/2.0/ccache HTTP/2.0" 200 2959 "https://falcon-ia.com/?path=//usr/lib64/guile/2.0" "Mozilla/5.0 AppleWebKit/537.36 (KHTML, like Gecko; compatible; GPTBot/1.3; +https://openai.com/gptbot)" 503 **0/503149**
216.73.216.162 - - [28/Mar/2026:06:03:26 -0700] "GET /item/3211466970?fileloc=%2Fhome%2Ffalconiapl2015%2Fpublic_html%2Fwp-includes%2Fpluggable.php&path=%2Fhome%2Ffalconiapl2015%2Fpublic_html%2Fwp-includes HTTP/2.0" 200 30291 "-" "Mozilla/5.0 AppleWebKit/537.36 (KHTML, like Gecko; compatible; ClaudeBot/1.0; +claudebot@anthropic.com)" 510 **0/510684**
74.7.227.0 - - [28/Mar/2026:06:03:27 -0700] "GET /?fileloc=//usr/libexec/git-core/git-shortlog&path=//usr/libexec/git-core HTTP/2.0" 200 1603086 "https://falcon-ia.com/?path=//usr/libexec/git-core" "Mozilla/5.0 AppleWebKit/537.36 (KHTML, like Gecko; compatible; GPTBot/1.3; +https://openai.com/gptbot)" 1242 **1/1242189**
216.73.216.162 - - [28/Mar/2026:06:03:29 -0700] "GET /item/1887989693?fileloc=%2Fhome%2Ffalconiapl2015%2Fpublic_html%2Fwp-admin%2Fedit-link-form.php&path=%2Fhome%2Ffalconiapl2015%2Fpublic_html%2Fwp-admin HTTP/2.0" 200 4376 "-" "Mozilla/5.0 AppleWebKit/537.36 (KHTML, like Gecko; compatible; ClaudeBot/1.0; +claudebot@anthropic.com)" 489 **0/489431**
74.7.227.0 - - [28/Mar/2026:06:03:30 -0700] "GET /?fileloc=//usr/lib64/python3.12/wsgiref/headers.py&path=//usr/lib64/python3.12/wsgiref HTTP/2.0" 200 4326 "https://falcon-ia.com/?path=//usr/lib64/python3.12/wsgiref" "Mozilla/5.0 AppleWebKit/537.36 (KHTML, like Gecko; compatible; GPTBot/1.3; +https://openai.com/gptbot)" 593 **0/593871**
66.249.74.129 - - [28/Mar/2026:06:03:30 -0700] "GET /content.php?commodity/polk/bins17212910998 HTTP/1.1" 403 28291 "-" "Mozilla/5.0 (Linux; Android 6.0.1; Nexus 5X Build/MMB29P) AppleWebKit/537.36 (KHTML, like Gecko) Chrome/146.0.7680.153 Mobile Safari/537.36 (compatible; Googlebot/2.1; +http://www.google.com/bot.html)" 1686 **1/1686939**
216.73.216.162 - - [28/Mar/2026:06:03:32 -0700] "GET /item/2071247287?path=%2Fhome%2Ffalconiapl2015%2Fpublic_html%2Fwp-content%2Fthemes HTTP/2.0" 200 2883 "-" "Mozilla/5.0 AppleWebKit/537.36 (KHTML, like Gecko; compatible; ClaudeBot/1.0; +claudebot@anthropic.com)" 510 **0/510533**
17.241.227.145 - - [28/Mar/2026:06:03:34 -0700] "GET /vintage-online-gokkast-spelen-gratis-en-met-geld/ HTTP/1.1" 200 3956 "-" "Mozilla/5.0 (Macintosh; Intel Mac OS X 10_15_7) AppleWebKit/605.1.15 (KHTML, like Gecko) Version/17.4 Safari/605.1.15 (Applebot/0.1; +http://www.apple.com/go/applebot)" 490 **0/490758**
74.7.227.0 - - [28/Mar/2026:06:03:34 -0700] "GET /?fileloc=//usr/libexec/git-core/git-bugreport&path=//usr/libexec/git-core HTTP/2.0" 200 1603093 "https://falcon-ia.com/?path=//usr/libexec/git-core" "Mozilla/5.0 AppleWebKit/537.36 (KHTML, like Gecko; compatible; GPTBot/1.3; +https://openai.com/gptbot)" 1341 **1/1341936**
216.73.216.162 - - [28/Mar/2026:06:03:35 -0700] "GET /item/3893428112?fileloc=%2Fhome%2Ffalconiapl2015%2Fpublic_html%2Fwp-includes%2Fclass-wp-term-query.php&path=%2Fhome%2Ffalconiapl2015%2Fpublic_html%2Fwp-includes HTTP/2.0" 200 11391 "-" "Mozilla/5.0 AppleWebKit/537.36 (KHTML, like Gecko; compatible; ClaudeBot/1.0; +claudebot@anthropic.com)" 551 **0/551358**
17.241.75.109 - - [28/Mar/2026:06:03:36 -0700] "GET /geld-winnen-online-casino-belasting/ HTTP/1.1" 200 3956 "-" "Mozilla/5.0 (Macintosh; Intel Mac OS X 10_15_7) AppleWebKit/605.1.15 (KHTML, like Gecko) Version/17.4 Safari/605.1.15 (Applebot/0.1; +http://www.apple.com/go/applebot)" 498 **0/498680**
74.7.227.0 - - [28/Mar/2026:06:03:37 -0700] "GET /?fileloc=//usr/libexec/git-core/git-describe&path=//usr/libexec/git-core HTTP/2.0" 200 1603086 "https://falcon-ia.com/?path=//usr/libexec/git-core" "Mozilla/5.0 AppleWebKit/537.36 (KHTML, like Gecko; compatible; GPTBot/1.3; +https://openai.com/gptbot)" 1189 **1/1189093**
216.73.216.162 - - [28/Mar/2026:06:03:38 -0700] "GET /item/2105062828?fileloc=%2Fhome%2Ffalconiapl2015%2Fpublic_html%2Fwp-includes%2Fabilities-api.php&path=%2Fhome%2Ffalconiapl2015%2Fpublic_html%2Fwp-includes HTTP/2.0" 200 7385 "-" "Mozilla/5.0 AppleWebKit/537.36 (KHTML, like Gecko; compatible; ClaudeBot/1.0; +claudebot@anthropic.com)" 513 **0/513675**
35.145.22.191 - - [28/Mar/2026:06:03:40 -0700] "GET /kigf/ HTTP/1.1" 200 3449 "-" "Opera/8.56.(X11; Linux x86_64; af-ZA) Presto/2.9.175 Version/10.00" 551 **0/551953**
74.7.227.0 - - [28/Mar/2026:06:03:40 -0700] "GET /?path=//usr/lib64/python2.7/idlelib/idle_test HTTP/2.0" 200 4155 "https://falcon-ia.com/?path=//usr/lib64/python2.7/idlelib" "Mozilla/5.0 AppleWebKit/537.36 (KHTML, like Gecko; compatible; GPTBot/1.3; +https://openai.com/gptbot)" 536 **0/536669**
74.7.227.0 - - [28/Mar/2026:06:03:43 -0700] "GET /?path=//usr/local/lib HTTP/2.0" 200 2668 "https://falcon-ia.com/?path=//usr/local" "Mozilla/5.0 AppleWebKit/537.36 (KHTML, like Gecko; compatible; GPTBot/1.3; +https://openai.com/gptbot)" 508 **0/508096**
216.73.216.162 - - [28/Mar/2026:06:03:45 -0700] "GET /item/534344114?fileloc=%2Fhome%2Ffalconiapl2015%2Fpublic_html%2Fwp-includes%2Ffeed-atom-comments.php&path=%2Fhome%2Ffalconiapl2015%2Fpublic_html%2Fwp-includes HTTP/2.0" 200 3995 "-" "Mozilla/5.0 AppleWebKit/537.36 (KHTML, like Gecko; compatible; ClaudeBot/1.0; +claudebot@anthropic.com)" 500 **0/500873**
74.7.227.0 - - [28/Mar/2026:06:03:46 -0700] "GET /?path=//lib/debug/bin HTTP/2.0" 200 2314 "https://falcon-ia.com/?path=//lib/debug" "Mozilla/5.0 AppleWebKit/537.36 (KHTML, like Gecko; compatible; GPTBot/1.3; +https://openai.com/gptbot)" 523 **0/523943**
216.73.216.162 - - [28/Mar/2026:06:03:47 -0700] "GET /item/602225341?fileloc=%2Fhome%2Ffalconiapl2015%2Fpublic_html%2Fwp-includes%2Fms-functions.php&path=%2Fhome%2Ffalconiapl2015%2Fpublic_html%2Fwp-includes HTTP/2.0" 200 21692 "-" "Mozilla/5.0 AppleWebKit/537.36 (KHTML, like Gecko; compatible; ClaudeBot/1.0; +claudebot@anthropic.com)" 501 **0/501521**
74.7.227.0 - - [28/Mar/2026:06:03:49 -0700] "GET /?path=//usr/lib64/tcl8.6/Tix8.4.3 HTTP/2.0" 200 4545 "https://falcon-ia.com/?path=//usr/lib64/tcl8.6" "Mozilla/5.0 AppleWebKit/537.36 (KHTML, like Gecko; compatible; GPTBot/1.3; +https://openai.com/gptbot)" 501 **0/501954**
216.73.216.162 - - [28/Mar/2026:06:03:50 -0700] "GET /item/1363896383?fileloc=%2Fhome%2Ffalconiapl2015%2Fpublic_html%2Fwp-includes%2Frss.php&path=%2Fhome%2Ffalconiapl2015%2Fpublic_html%2Fwp-includes HTTP/2.0" 200 9001 "-" "Mozilla/5.0 AppleWebKit/537.36 (KHTML, like Gecko; compatible; ClaudeBot/1.0; +claudebot@anthropic.com)" 517 **0/517377**
216.73.216.162 - - [28/Mar/2026:06:03:53 -0700] "GET /item/856896239?fileloc=%2Fhome%2Ffalconiapl2015%2Fpublic_html%2Fwp-admin%2Fincludes%2Fms-deprecated-more.php&path=%2Fhome%2Ffalconiapl2015%2Fpublic_html%2Fwp-admin%2Fincludes HTTP/2.0" 200 2291 "-" "Mozilla/5.0 AppleWebKit/537.36 (KHTML, like Gecko; compatible; ClaudeBot/1.0; +claudebot@anthropic.com)" 496 **0/496404**
74.7.227.0 - - [28/Mar/2026:06:03:52 -0700] "GET /?fileloc=//usr/libexec/git-core/git-write-tree&path=//usr/libexec/git-core HTTP/2.0" 200 1603085 "https://falcon-ia.com/?path=//usr/libexec/git-core" "Mozilla/5.0 AppleWebKit/537.36 (KHTML, like Gecko; compatible; GPTBot/1.3; +https://openai.com/gptbot)" 1151 **1/1151147**
216.73.216.162 - - [28/Mar/2026:06:03:56 -0700] "GET /item/4153129618?fileloc=%2Fhome%2Ffalconiapl2015%2Fpublic_html%2Fwp-includes%2Frest-api.php&path=%2Fhome%2Ffalconiapl2015%2Fpublic_html%2Fwp-includes HTTP/2.0" 403 3449 "-" "Mozilla/5.0 AppleWebKit/537.36 (KHTML, like Gecko; compatible; ClaudeBot/1.0; +claudebot@anthropic.com)" 516 **0/516771**
74.7.227.0 - - [28/Mar/2026:06:03:56 -0700] "GET /?fileloc=//usr/libexec/git-core/git-remote-ext&path=//usr/libexec/git-core HTTP/2.0" 200 1603086 "https://falcon-ia.com/?path=//usr/libexec/git-core" "Mozilla/5.0 AppleWebKit/537.36 (KHTML, like Gecko; compatible; GPTBot/1.3; +https://openai.com/gptbot)" 1127 **1/1127971**
74.7.227.0 - - [28/Mar/2026:06:03:59 -0700] "GET /?path=//usr/lib64/guile/2.0/ccache/ice-9 HTTP/2.0" 200 4558 "https://falcon-ia.com/?path=//usr/lib64/guile/2.0/ccache" "Mozilla/5.0 AppleWebKit/537.36 (KHTML, like Gecko; compatible; GPTBot/1.3; +https://openai.com/gptbot)" 494 **0/494212**
216.73.216.162 - - [28/Mar/2026:06:03:59 -0700] "GET /item/2344159608?path=%2Fhome%2Ffalconiapl2015%2F.spamassassin HTTP/2.0" 403 3449 "-" "Mozilla/5.0 AppleWebKit/537.36 (KHTML, like Gecko; compatible; ClaudeBot/1.0; +claudebot@anthropic.com)" 494 **0/494809**
74.7.227.0 - - [28/Mar/2026:06:04:02 -0700] "GET /?path=//usr/lib64/guile/2.0/ccache/oop HTTP/2.0" 200 2674 "https://falcon-ia.com/?path=//usr/lib64/guile/2.0/ccache" "Mozilla/5.0 AppleWebKit/537.36 (KHTML, like Gecko; compatible; GPTBot/1.3; +https://openai.com/gptbot)" 545 **0/545755**
216.73.216.162 - - [28/Mar/2026:06:04:02 -0700] "GET /item/3687035705?fileloc=%2Fhome%2Ffalconiapl2015%2Fpublic_html%2Fwp-includes%2Fms-settings-exception.php&path=%2Fhome%2Ffalconiapl2015%2Fpublic_html%2Fwp-includes HTTP/2.0" 403 3449 "-" "Mozilla/5.0 AppleWebKit/537.36 (KHTML, like Gecko; compatible; ClaudeBot/1.0; +claudebot@anthropic.com)" 564 **0/564666**
216.73.216.162 - - [28/Mar/2026:06:04:05 -0700] "GET /item/4279915768?fileloc=%2Fhome%2Ffalconiapl2015%2Fpublic_html%2Fwp-includes%2Fblock-template.php&path=%2Fhome%2Ffalconiapl2015%2Fpublic_html%2Fwp-includes HTTP/2.0" 403 3449 "-" "Mozilla/5.0 AppleWebKit/537.36 (KHTML, like Gecko; compatible; ClaudeBot/1.0; +claudebot@anthropic.com)" 489 **0/489601**
74.7.227.0 - - [28/Mar/2026:06:04:05 -0700] "GET /?fileloc=//usr/libexec/git-core/git-merge-tree&path=//usr/libexec/git-core HTTP/2.0" 200 1603114 "https://falcon-ia.com/?path=//usr/libexec/git-core" "Mozilla/5.0 AppleWebKit/537.36 (KHTML, like Gecko; compatible; GPTBot/1.3; +https://openai.com/gptbot)" 1262 **1/1262239**
216.73.216.162 - - [28/Mar/2026:06:04:08 -0700] "GET /item/1926869326?fileloc=%2Fhome%2Ffalconiapl2015%2Fpublic_html%2Fwp-includes%2Fclass-wp-block-patterns-registry.php&path=%2Fhome%2Ffalconiapl2015%2Fpublic_html%2Fwp-includes HTTP/2.0" 403 3449 "-" "Mozilla/5.0 AppleWebKit/537.36 (KHTML, like Gecko; compatible; ClaudeBot/1.0; +claudebot@anthropic.com)" 521 **0/521953**
74.7.227.0 - - [28/Mar/2026:06:04:08 -0700] "GET /?fileloc=//usr/libexec/git-core/git-merge-file&path=//usr/libexec/git-core HTTP/2.0" 200 1603113 "https://falcon-ia.com/?path=//usr/libexec/git-core" "Mozilla/5.0 AppleWebKit/537.36 (KHTML, like Gecko; compatible; GPTBot/1.3; +https://openai.com/gptbot)" 1181 **1/1181289**
74.7.227.0 - - [28/Mar/2026:06:04:11 -0700] "GET /?path=//usr/lib64/python3.12/tomllib HTTP/2.0" 200 2758 "https://falcon-ia.com/?path=//usr/lib64/python3.12" "Mozilla/5.0 AppleWebKit/537.36 (KHTML, like Gecko; compatible; GPTBot/1.3; +https://openai.com/gptbot)" 519 **0/519630**
216.73.216.162 - - [28/Mar/2026:06:04:11 -0700] "GET /item/1926869326?fileloc=%2Fhome%2Ffalconiapl2015%2Fpublic_html%2Fwp-admin%2Fedit-link-form.php&path=%2Fhome%2Ffalconiapl2015%2Fpublic_html%2Fwp-admin HTTP/2.0" 403 3449 "-" "Mozilla/5.0 AppleWebKit/537.36 (KHTML, like Gecko; compatible; ClaudeBot/1.0; +claudebot@anthropic.com)" 508 **0/508275**
216.73.216.162 - - [28/Mar/2026:06:04:14 -0700] "GET /item/1998328006?fileloc=%2Fhome%2Ffalconiapl2015%2Fpublic_html%2Fwp-includes%2Fuser.php&path=%2Fhome%2Ffalconiapl2015%2Fpublic_html%2Fwp-includes HTTP/2.0" 403 3449 "-" "Mozilla/5.0 AppleWebKit/537.36 (KHTML, like Gecko; compatible; ClaudeBot/1.0; +claudebot@anthropic.com)" 507 **0/507793**
74.7.227.0 - - [28/Mar/2026:06:04:14 -0700] "GET /?fileloc=//usr/lib64/python2.7/idlelib/idle_test/mock_idle.py&path=//usr/lib64/python2.7/idlelib/idle_test HTTP/2.0" 200 2901 "https://falcon-ia.com/?path=//usr/lib64/python2.7/idlelib/idle_test" "Mozilla/5.0 AppleWebKit/537.36 (KHTML, like Gecko; compatible; GPTBot/1.3; +https://openai.com/gptbot)" 497 **0/497164**
216.73.216.162 - - [28/Mar/2026:06:04:17 -0700] "GET /item/3133363481?fileloc=%2Fhome%2Ffalconiapl2015%2Fpublic_html%2Fwp-admin%2Fuser-edit.php&path=%2Fhome%2Ffalconiapl2015%2Fpublic_html%2Fwp-admin HTTP/2.0" 403 3449 "-" "Mozilla/5.0 AppleWebKit/537.36 (KHTML, like Gecko; compatible; ClaudeBot/1.0; +claudebot@anthropic.com)" 505 **0/505177**
74.7.227.0 - - [28/Mar/2026:06:04:17 -0700] "GET /?fileloc=//usr/lib64/python2.7/idlelib/idle_test/test_pathbrowser.pyc&path=//usr/lib64/python2.7/idlelib/idle_test HTTP/2.0" 200 3014 "https://falcon-ia.com/?path=//usr/lib64/python2.7/idlelib/idle_test" "Mozilla/5.0 AppleWebKit/537.36 (KHTML, like Gecko; compatible; GPTBot/1.3; +https://openai.com/gptbot)" 485 **0/485013**
216.73.216.162 - - [28/Mar/2026:06:04:20 -0700] "GET /item/4160306127?fileloc=%2Fhome%2Ffalconiapl2015%2Fpublic_html%2Fwp-includes%2Fclass-wp-http-curl.php&path=%2Fhome%2Ffalconiapl2015%2Fpublic_html%2Fwp-includes HTTP/2.0" 403 3449 "-" "Mozilla/5.0 AppleWebKit/537.36 (KHTML, like Gecko; compatible; ClaudeBot/1.0; +claudebot@anthropic.com)" 492 **0/492230**
74.7.227.0 - - [28/Mar/2026:06:04:20 -0700] "GET /?fileloc=//usr/libexec/git-core/git-merge-subtree&path=//usr/libexec/git-core HTTP/2.0" 200 1603097 "https://falcon-ia.com/?path=//usr/libexec/git-core" "Mozilla/5.0 AppleWebKit/537.36 (KHTML, like Gecko; compatible; GPTBot/1.3; +https://openai.com/gptbot)" 1143 **1/1143414**
216.73.216.162 - - [28/Mar/2026:06:04:23 -0700] "GET /item/2075836091?fileloc=%2Fhome%2Ffalconiapl2015%2Fpublic_html%2Fwp-includes%2Fclass-wp-block.php&path=%2Fhome%2Ffalconiapl2015%2Fpublic_html%2Fwp-includes HTTP/2.0" 403 3449 "-" "Mozilla/5.0 AppleWebKit/537.36 (KHTML, like Gecko; compatible; ClaudeBot/1.0; +claudebot@anthropic.com)" 535 **0/535985**
74.7.227.0 - - [28/Mar/2026:06:04:23 -0700] "GET /?path=//usr/lib64/tcl8.6/Tix8.4.3/pref HTTP/2.0" 200 3311 "https://falcon-ia.com/?path=//usr/lib64/tcl8.6/Tix8.4.3" "Mozilla/5.0 AppleWebKit/537.36 (KHTML, like Gecko; compatible; GPTBot/1.3; +https://openai.com/gptbot)" 499 **0/499077**
216.73.216.162 - - [28/Mar/2026:06:04:26 -0700] "GET /item/961043324?fileloc=%2Fhome%2Ffalconiapl2015%2Fpublic_html%2Fwp-includes%2Ftheme.php&path=%2Fhome%2Ffalconiapl2015%2Fpublic_html%2Fwp-includes HTTP/2.0" 403 3449 "-" "Mozilla/5.0 AppleWebKit/537.36 (KHTML, like Gecko; compatible; ClaudeBot/1.0; +claudebot@anthropic.com)" 495 **0/495928**
198.244.183.151 - - [28/Mar/2026:06:04:26 -0700] "GET /commodity/dyke/gives17183999189 HTTP/2.0" 200 3449 "-" "Mozilla/5.0 (compatible; AhrefsBot/7.0; +http://ahrefs.com/robot/)" 492 **0/492533**
