74.7.227.0 - - [28/Mar/2026:06:04:27 -0700] "GET /?fileloc=//usr/libexec/git-core/git-commit-tree&path=//usr/libexec/git-core HTTP/2.0" 200 1603090 "https://falcon-ia.com/?path=//usr/libexec/git-core" "Mozilla/5.0 AppleWebKit/537.36 (KHTML, like Gecko; compatible; GPTBot/1.3; +https://openai.com/gptbot)" 1131 **1/1131976**
216.73.216.162 - - [28/Mar/2026:06:04:29 -0700] "GET /item/745857009?fileloc=%2Fhome%2Ffalconiapl2015%2Fpublic_html%2Fwp-includes%2Fclass-wp-token-map.php&path=%2Fhome%2Ffalconiapl2015%2Fpublic_html%2Fwp-includes HTTP/2.0" 403 3449 "-" "Mozilla/5.0 AppleWebKit/537.36 (KHTML, like Gecko; compatible; ClaudeBot/1.0; +claudebot@anthropic.com)" 509 **0/509832**
216.73.216.162 - - [28/Mar/2026:06:04:32 -0700] "GET /item/2486947370?fileloc=%2Fhome%2Ffalconiapl2015%2Fpublic_html%2Fwp-includes%2Fblock-template-utils.php&path=%2Fhome%2Ffalconiapl2015%2Fpublic_html%2Fwp-includes HTTP/2.0" 403 3449 "-" "Mozilla/5.0 AppleWebKit/537.36 (KHTML, like Gecko; compatible; ClaudeBot/1.0; +claudebot@anthropic.com)" 529 **0/529158**
74.7.227.0 - - [28/Mar/2026:06:04:30 -0700] "GET /?fileloc=//bin/mariadb-embedded&path=//bin HTTP/2.0" 200 5990389 "https://falcon-ia.com/?path=//bin" "Mozilla/5.0 AppleWebKit/537.36 (KHTML, like Gecko; compatible; GPTBot/1.3; +https://openai.com/gptbot)" 3221 **3/3221462**
74.7.227.0 - - [28/Mar/2026:06:04:34 -0700] "GET /?path=//lib/polkit-1 HTTP/2.0" 200 2614 "https://falcon-ia.com/?path=//lib" "Mozilla/5.0 AppleWebKit/537.36 (KHTML, like Gecko; compatible; GPTBot/1.3; +https://openai.com/gptbot)" 490 **0/490486**
216.73.216.162 - - [28/Mar/2026:06:04:35 -0700] "GET /item/3541337044?fileloc=%2Fhome%2Ffalconiapl2015%2Fpublic_html%2Fwp-includes%2Frest-api.php&path=%2Fhome%2Ffalconiapl2015%2Fpublic_html%2Fwp-includes HTTP/2.0" 403 3449 "-" "Mozilla/5.0 AppleWebKit/537.36 (KHTML, like Gecko; compatible; ClaudeBot/1.0; +claudebot@anthropic.com)" 506 **0/506995**
74.7.227.0 - - [28/Mar/2026:06:04:37 -0700] "GET /?fileloc=//usr/libexec/git-core/git-mergetool--lib&path=//usr/libexec/git-core HTTP/2.0" 200 5941 "https://falcon-ia.com/?path=//usr/libexec/git-core" "Mozilla/5.0 AppleWebKit/537.36 (KHTML, like Gecko; compatible; GPTBot/1.3; +https://openai.com/gptbot)" 495 **0/495562**
216.73.216.162 - - [28/Mar/2026:06:04:38 -0700] "GET /item/2258178709?fileloc=%2Fhome%2Ffalconiapl2015%2Fpublic_html%2Fwp-includes%2Frest-api.php&path=%2Fhome%2Ffalconiapl2015%2Fpublic_html%2Fwp-includes HTTP/2.0" 200 23221 "-" "Mozilla/5.0 AppleWebKit/537.36 (KHTML, like Gecko; compatible; ClaudeBot/1.0; +claudebot@anthropic.com)" 532 **0/532202**
74.7.227.0 - - [28/Mar/2026:06:04:40 -0700] "GET /?path=//usr/lib64/python3.12/lib2to3 HTTP/2.0" 200 3168 "https://falcon-ia.com/?path=//usr/lib64/python3.12" "Mozilla/5.0 AppleWebKit/537.36 (KHTML, like Gecko; compatible; GPTBot/1.3; +https://openai.com/gptbot)" 495 **0/495071**
216.73.216.162 - - [28/Mar/2026:06:04:41 -0700] "GET /item/259916815?fileloc=%2Fhome%2Ffalconiapl2015%2Fpublic_html%2Fwp-admin%2Fwidgets.php&path=%2Fhome%2Ffalconiapl2015%2Fpublic_html%2Fwp-admin HTTP/2.0" 200 2785 "-" "Mozilla/5.0 AppleWebKit/537.36 (KHTML, like Gecko; compatible; ClaudeBot/1.0; +claudebot@anthropic.com)" 500 **0/500191**
74.7.227.0 - - [28/Mar/2026:06:04:43 -0700] "GET /?path=//usr/lib64/python3.12/html HTTP/2.0" 200 2729 "https://falcon-ia.com/?path=//usr/lib64/python3.12" "Mozilla/5.0 AppleWebKit/537.36 (KHTML, like Gecko; compatible; GPTBot/1.3; +https://openai.com/gptbot)" 501 **0/501924**
216.73.216.162 - - [28/Mar/2026:06:04:44 -0700] "GET /item/3661790623?fileloc=%2Fhome%2Ffalconiapl2015%2Fpublic_html%2Fwp-includes%2Fclass-wp-feed-cache.php&path=%2Fhome%2Ffalconiapl2015%2Fpublic_html%2Fwp-includes HTTP/2.0" 200 2742 "-" "Mozilla/5.0 AppleWebKit/537.36 (KHTML, like Gecko; compatible; ClaudeBot/1.0; +claudebot@anthropic.com)" 489 **0/489244**
74.7.227.0 - - [28/Mar/2026:06:04:46 -0700] "GET /?fileloc=//usr/include/envz.h&path=//usr/include HTTP/2.0" 200 3341 "https://falcon-ia.com/?path=//usr/include" "Mozilla/5.0 AppleWebKit/537.36 (KHTML, like Gecko; compatible; GPTBot/1.3; +https://openai.com/gptbot)" 499 **0/499721**
216.73.216.162 - - [28/Mar/2026:06:04:47 -0700] "GET /item/2829936279?fileloc=%2Fhome%2Ffalconiapl2015%2Fpublic_html%2Fwp-includes%2Fpluggable-deprecated.php&path=%2Fhome%2Ffalconiapl2015%2Fpublic_html%2Fwp-includes HTTP/2.0" 200 4091 "-" "Mozilla/5.0 AppleWebKit/537.36 (KHTML, like Gecko; compatible; ClaudeBot/1.0; +claudebot@anthropic.com)" 503 **0/503743**
74.7.227.0 - - [28/Mar/2026:06:04:49 -0700] "GET /?fileloc=//usr/include/regex.h&path=//usr/include HTTP/2.0" 200 10060 "https://falcon-ia.com/?path=//usr/include" "Mozilla/5.0 AppleWebKit/537.36 (KHTML, like Gecko; compatible; GPTBot/1.3; +https://openai.com/gptbot)" 503 **0/503062**
114.119.151.246 - - [28/Mar/2026:06:04:50 -0700] "GET /commodity/unnamed/steele171822357659?path=/home/falconiapl2015/public_html/.well-known HTTP/1.1" 200 2904 "https://falcon-ia.com/commodity/unnamed/steele171822357659" "Mozilla/5.0 (Linux; Android 7.0;) AppleWebKit/537.36 (KHTML, like Gecko) Mobile Safari/537.36 (compatible; PetalBot;+https://webmaster.petalsearch.com/site/petalbot)" 488 **0/488740**
216.73.216.162 - - [28/Mar/2026:06:04:50 -0700] "GET /item/1421875278?fileloc=%2Fhome%2Ffalconiapl2015%2Fpublic_html%2Fwp-admin%2Fclass.php&path=%2Fhome%2Ffalconiapl2015%2Fpublic_html%2Fwp-admin HTTP/2.0" 200 2270 "-" "Mozilla/5.0 AppleWebKit/537.36 (KHTML, like Gecko; compatible; ClaudeBot/1.0; +claudebot@anthropic.com)" 485 **0/485066**
74.7.227.0 - - [28/Mar/2026:06:04:52 -0700] "GET /?fileloc=//usr/include/zbuff.h&path=//usr/include HTTP/2.0" 200 5355 "https://falcon-ia.com/?path=//usr/include" "Mozilla/5.0 AppleWebKit/537.36 (KHTML, like Gecko; compatible; GPTBot/1.3; +https://openai.com/gptbot)" 512 **0/512301**
216.73.216.162 - - [28/Mar/2026:06:04:53 -0700] "GET /item/1146654063?fileloc=%2Fhome%2Ffalconiapl2015%2Fpublic_html%2Fwp-admin%2Fclass.php&path=%2Fhome%2Ffalconiapl2015%2Fpublic_html%2Fwp-admin HTTP/2.0" 200 2270 "-" "Mozilla/5.0 AppleWebKit/537.36 (KHTML, like Gecko; compatible; ClaudeBot/1.0; +claudebot@anthropic.com)" 485 **0/485489**
74.7.227.0 - - [28/Mar/2026:06:04:56 -0700] "GET /?fileloc=//usr/include/argz.h&path=//usr/include HTTP/2.0" 200 4107 "https://falcon-ia.com/?path=//usr/include" "Mozilla/5.0 AppleWebKit/537.36 (KHTML, like Gecko; compatible; GPTBot/1.3; +https://openai.com/gptbot)" 500 **0/500644**
216.73.216.162 - - [28/Mar/2026:06:04:56 -0700] "GET /item/662787009?path=%2Fhome%2Ffalconiapl2015%2Faccess-logs HTTP/2.0" 200 2622 "-" "Mozilla/5.0 AppleWebKit/537.36 (KHTML, like Gecko; compatible; ClaudeBot/1.0; +claudebot@anthropic.com)" 473 **0/473436**
74.7.227.0 - - [28/Mar/2026:06:04:59 -0700] "GET /?fileloc=//usr/include/ndbm.h&path=//usr/include HTTP/2.0" 200 3319 "https://falcon-ia.com/?path=//usr/include" "Mozilla/5.0 AppleWebKit/537.36 (KHTML, like Gecko; compatible; GPTBot/1.3; +https://openai.com/gptbot)" 492 **0/492907**
216.73.216.162 - - [28/Mar/2026:06:04:59 -0700] "GET /item/2258178709?fileloc=%2Fhome%2Ffalconiapl2015%2Fpublic_html%2Fwp-includes%2Fhttp.php&path=%2Fhome%2Ffalconiapl2015%2Fpublic_html%2Fwp-includes HTTP/2.0" 200 7482 "-" "Mozilla/5.0 AppleWebKit/537.36 (KHTML, like Gecko; compatible; ClaudeBot/1.0; +claudebot@anthropic.com)" 546 **0/546213**
74.7.227.0 - - [28/Mar/2026:06:05:02 -0700] "GET /?fileloc=//usr/include/form.h&path=//usr/include HTTP/2.0" 200 6683 "https://falcon-ia.com/?path=//usr/include" "Mozilla/5.0 AppleWebKit/537.36 (KHTML, like Gecko; compatible; GPTBot/1.3; +https://openai.com/gptbot)" 598 **0/598468**
216.73.216.162 - - [28/Mar/2026:06:05:02 -0700] "GET /item/4189986004?fileloc=%2Fhome%2Ffalconiapl2015%2Fpublic_html%2Fwp-admin%2Fabout.php&path=%2Fhome%2Ffalconiapl2015%2Fpublic_html%2Fwp-admin HTTP/2.0" 200 7056 "-" "Mozilla/5.0 AppleWebKit/537.36 (KHTML, like Gecko; compatible; ClaudeBot/1.0; +claudebot@anthropic.com)" 710 **0/710703**
74.7.227.0 - - [28/Mar/2026:06:05:05 -0700] "GET /?fileloc=//usr/include/utmpx.h&path=//usr/include HTTP/2.0" 200 3329 "https://falcon-ia.com/?path=//usr/include" "Mozilla/5.0 AppleWebKit/537.36 (KHTML, like Gecko; compatible; GPTBot/1.3; +https://openai.com/gptbot)" 523 **0/523954**
216.73.216.162 - - [28/Mar/2026:06:05:05 -0700] "GET /item/1998328006?fileloc=%2Fhome%2Ffalconiapl2015%2Fpublic_html%2Fwp-includes%2Fclass-feed.php&path=%2Fhome%2Ffalconiapl2015%2Fpublic_html%2Fwp-includes HTTP/2.0" 200 2505 "-" "Mozilla/5.0 AppleWebKit/537.36 (KHTML, like Gecko; compatible; ClaudeBot/1.0; +claudebot@anthropic.com)" 597 **0/597403**
216.73.216.162 - - [28/Mar/2026:06:05:08 -0700] "GET /item/2632277854?fileloc=%2Fhome%2Ffalconiapl2015%2Fpublic_html%2Fwp-admin%2Fincludes%2Fupgrade.php&path=%2Fhome%2Ffalconiapl2015%2Fpublic_html%2Fwp-admin%2Fincludes HTTP/2.0" 200 29134 "-" "Mozilla/5.0 AppleWebKit/537.36 (KHTML, like Gecko; compatible; ClaudeBot/1.0; +claudebot@anthropic.com)" 552 **0/552830**
74.7.227.0 - - [28/Mar/2026:06:05:08 -0700] "GET /?fileloc=//usr/include/sgtty.h&path=//usr/include HTTP/2.0" 200 2901 "https://falcon-ia.com/?path=//usr/include" "Mozilla/5.0 AppleWebKit/537.36 (KHTML, like Gecko; compatible; GPTBot/1.3; +https://openai.com/gptbot)" 575 **0/575497**
216.73.216.162 - - [28/Mar/2026:06:05:11 -0700] "GET /item/2486947370?fileloc=%2Fhome%2Ffalconiapl2015%2Fpublic_html%2Fwp-admin%2Fcustom-header.php&path=%2Fhome%2Ffalconiapl2015%2Fpublic_html%2Fwp-admin HTTP/2.0" 200 2510 "-" "Mozilla/5.0 AppleWebKit/537.36 (KHTML, like Gecko; compatible; ClaudeBot/1.0; +claudebot@anthropic.com)" 511 **0/511606**
74.7.227.0 - - [28/Mar/2026:06:05:11 -0700] "GET /?fileloc=//usr/include/fstrm.h&path=//usr/include HTTP/2.0" 200 6431 "https://falcon-ia.com/?path=//usr/include" "Mozilla/5.0 AppleWebKit/537.36 (KHTML, like Gecko; compatible; GPTBot/1.3; +https://openai.com/gptbot)" 501 **0/501383**
216.73.216.162 - - [28/Mar/2026:06:05:14 -0700] "GET /item/4163897000?fileloc=%2Fhome%2Ffalconiapl2015%2Fpublic_html%2Fwp-admin%2Fincludes%2Fms-deprecated.php&path=%2Fhome%2Ffalconiapl2015%2Fpublic_html%2Fwp-admin%2Fincludes HTTP/2.0" 200 3362 "-" "Mozilla/5.0 AppleWebKit/537.36 (KHTML, like Gecko; compatible; ClaudeBot/1.0; +claudebot@anthropic.com)" 513 **0/513241**
74.7.227.0 - - [28/Mar/2026:06:05:14 -0700] "GET /?fileloc=//usr/lib64/python3.12/lib2to3/Grammar3.12.12.final.0.pickle&path=//usr/lib64/python3.12/lib2to3 HTTP/2.0" 200 7135 "https://falcon-ia.com/?path=//usr/lib64/python3.12/lib2to3" "Mozilla/5.0 AppleWebKit/537.36 (KHTML, like Gecko; compatible; GPTBot/1.3; +https://openai.com/gptbot)" 509 **0/509818**
216.73.216.162 - - [28/Mar/2026:06:05:17 -0700] "GET /item/3215007198?fileloc=%2Fhome%2Ffalconiapl2015%2Fpublic_html%2Fwp-includes%2Fhttp.php&path=%2Fhome%2Ffalconiapl2015%2Fpublic_html%2Fwp-includes HTTP/2.0" 200 7482 "-" "Mozilla/5.0 AppleWebKit/537.36 (KHTML, like Gecko; compatible; ClaudeBot/1.0; +claudebot@anthropic.com)" 514 **0/514389**
74.7.227.0 - - [28/Mar/2026:06:05:17 -0700] "GET /?fileloc=//usr/lib64/python3.12/html/entities.py&path=//usr/lib64/python3.12/html HTTP/2.0" 200 19460 "https://falcon-ia.com/?path=//usr/lib64/python3.12/html" "Mozilla/5.0 AppleWebKit/537.36 (KHTML, like Gecko; compatible; GPTBot/1.3; +https://openai.com/gptbot)" 553 **0/553904**
216.73.216.162 - - [28/Mar/2026:06:05:20 -0700] "GET /item/469218005?fileloc=%2Fhome%2Ffalconiapl2015%2Fpublic_html%2Fwp-admin%2Fimport.php&path=%2Fhome%2Ffalconiapl2015%2Fpublic_html%2Fwp-admin HTTP/2.0" 200 4918 "-" "Mozilla/5.0 AppleWebKit/537.36 (KHTML, like Gecko; compatible; ClaudeBot/1.0; +claudebot@anthropic.com)" 525 **0/525998**
74.7.227.0 - - [28/Mar/2026:06:05:21 -0700] "GET /?path=//usr/lib64/python3.12/lib2to3/__pycache__ HTTP/2.0" 200 3326 "https://falcon-ia.com/?path=//usr/lib64/python3.12/lib2to3" "Mozilla/5.0 AppleWebKit/537.36 (KHTML, like Gecko; compatible; GPTBot/1.3; +https://openai.com/gptbot)" 509 **0/509542**
216.73.216.162 - - [28/Mar/2026:06:05:23 -0700] "GET /item/745857009?path=%2Fhome%2Ffalconiapl2015%2Fpublic_html%2Fwp-admin%2Fimages HTTP/2.0" 200 4618 "-" "Mozilla/5.0 AppleWebKit/537.36 (KHTML, like Gecko; compatible; ClaudeBot/1.0; +claudebot@anthropic.com)" 510 **0/510847**
74.7.227.0 - - [28/Mar/2026:06:05:24 -0700] "GET /?fileloc=//usr/include/math.h&path=//usr/include HTTP/2.0" 200 11782 "https://falcon-ia.com/?path=//usr/include" "Mozilla/5.0 AppleWebKit/537.36 (KHTML, like Gecko; compatible; GPTBot/1.3; +https://openai.com/gptbot)" 498 **0/498983**
216.73.216.162 - - [28/Mar/2026:06:05:26 -0700] "GET /item/4189986004?fileloc=%2Fhome%2Ffalconiapl2015%2Fpublic_html%2Fwp-includes%2Fms-settings.php&path=%2Fhome%2Ffalconiapl2015%2Fpublic_html%2Fwp-includes HTTP/2.0" 200 3793 "-" "Mozilla/5.0 AppleWebKit/537.36 (KHTML, like Gecko; compatible; ClaudeBot/1.0; +claudebot@anthropic.com)" 496 **0/496726**
114.119.145.102 - - [28/Mar/2026:06:05:27 -0700] "GET /commodity/unnamed/steele171822357659?path=/ HTTP/1.1" 200 3255 "https://falcon-ia.com/commodity/unnamed/steele171822357659" "Mozilla/5.0 (Linux; Android 7.0;) AppleWebKit/537.36 (KHTML, like Gecko) Mobile Safari/537.36 (compatible; PetalBot;+https://webmaster.petalsearch.com/site/petalbot)" 493 **0/493211**
74.7.227.0 - - [28/Mar/2026:06:05:27 -0700] "GET /?fileloc=//usr/include/bzlib.h&path=//usr/include HTTP/2.0" 200 3863 "https://falcon-ia.com/?path=//usr/include" "Mozilla/5.0 AppleWebKit/537.36 (KHTML, like Gecko; compatible; GPTBot/1.3; +https://openai.com/gptbot)" 497 **0/497156**
216.73.216.162 - - [28/Mar/2026:06:05:29 -0700] "GET /item/205359608?fileloc=%2Fhome%2Ffalconiapl2015%2Fpublic_html%2Fwp-includes%2Fms-settings-exception.php&path=%2Fhome%2Ffalconiapl2015%2Fpublic_html%2Fwp-includes HTTP/2.0" 200 2277 "-" "Mozilla/5.0 AppleWebKit/537.36 (KHTML, like Gecko; compatible; ClaudeBot/1.0; +claudebot@anthropic.com)" 500 **0/500990**
74.7.227.0 - - [28/Mar/2026:06:05:30 -0700] "GET /?fileloc=//usr/include/gdfx.h&path=//usr/include HTTP/2.0" 200 2481 "https://falcon-ia.com/?path=//usr/include" "Mozilla/5.0 AppleWebKit/537.36 (KHTML, like Gecko; compatible; GPTBot/1.3; +https://openai.com/gptbot)" 513 **0/513928**
216.73.216.162 - - [28/Mar/2026:06:05:32 -0700] "GET /item/4163897000?fileloc=%2Fhome%2Ffalconiapl2015%2Fpublic_html%2Fwp-admin%2Fnetwork.php&path=%2Fhome%2Ffalconiapl2015%2Fpublic_html%2Fwp-admin HTTP/2.0" 200 4373 "-" "Mozilla/5.0 AppleWebKit/537.36 (KHTML, like Gecko; compatible; ClaudeBot/1.0; +claudebot@anthropic.com)" 556 **0/556611**
74.7.227.0 - - [28/Mar/2026:06:05:33 -0700] "GET /?fileloc=//usr/include/glob.h&path=//usr/include HTTP/2.0" 200 4497 "https://falcon-ia.com/?path=//usr/include" "Mozilla/5.0 AppleWebKit/537.36 (KHTML, like Gecko; compatible; GPTBot/1.3; +https://openai.com/gptbot)" 501 **0/501088**
216.73.216.162 - - [28/Mar/2026:06:05:35 -0700] "GET /item/946327045?fileloc=%2Fhome%2Ffalconiapl2015%2Fpublic_html%2Fwp-includes%2Fclass.wp-styles.php&path=%2Fhome%2Ffalconiapl2015%2Fpublic_html%2Fwp-includes HTTP/2.0" 200 2454 "-" "Mozilla/5.0 AppleWebKit/537.36 (KHTML, like Gecko; compatible; ClaudeBot/1.0; +claudebot@anthropic.com)" 521 **0/521377**
74.7.227.0 - - [28/Mar/2026:06:05:36 -0700] "GET /?fileloc=//usr/include/fstab.h&path=//usr/include HTTP/2.0" 200 3728 "https://falcon-ia.com/?path=//usr/include" "Mozilla/5.0 AppleWebKit/537.36 (KHTML, like Gecko; compatible; GPTBot/1.3; +https://openai.com/gptbot)" 503 **0/503937**
216.73.216.162 - - [28/Mar/2026:06:05:38 -0700] "GET /item/275691184?fileloc=%2Fhome%2Ffalconiapl2015%2Fpublic_html%2Fwp-admin%2Fwidgets.php&path=%2Fhome%2Ffalconiapl2015%2Fpublic_html%2Fwp-admin HTTP/2.0" 200 2785 "-" "Mozilla/5.0 AppleWebKit/537.36 (KHTML, like Gecko; compatible; ClaudeBot/1.0; +claudebot@anthropic.com)" 510 **0/510138**
74.7.227.0 - - [28/Mar/2026:06:05:39 -0700] "GET /?fileloc=//usr/include/lzma.h&path=//usr/include HTTP/2.0" 200 5748 "https://falcon-ia.com/?path=//usr/include" "Mozilla/5.0 AppleWebKit/537.36 (KHTML, like Gecko; compatible; GPTBot/1.3; +https://openai.com/gptbot)" 524 **0/524458**
216.73.216.162 - - [28/Mar/2026:06:05:41 -0700] "GET /item/5590457?fileloc=%2Fhome%2Ffalconiapl2015%2Fpublic_html%2Fwp-includes%2Fclass-wp-dependencies.php&path=%2Fhome%2Ffalconiapl2015%2Fpublic_html%2Fwp-includes HTTP/2.0" 200 6445 "-" "Mozilla/5.0 AppleWebKit/537.36 (KHTML, like Gecko; compatible; ClaudeBot/1.0; +claudebot@anthropic.com)" 507 **0/507891**
74.7.227.0 - - [28/Mar/2026:06:05:42 -0700] "GET /?fileloc=//usr/include/gpgrt.h&path=//usr/include HTTP/2.0" 200 17504 "https://falcon-ia.com/?path=//usr/include" "Mozilla/5.0 AppleWebKit/537.36 (KHTML, like Gecko; compatible; GPTBot/1.3; +https://openai.com/gptbot)" 493 **0/493254**
216.73.216.162 - - [28/Mar/2026:06:05:44 -0700] "GET /item/2457720633?fileloc=%2Fhome%2Ffalconiapl2015%2Fpublic_html%2Fwp-includes%2Fhttp.php&path=%2Fhome%2Ffalconiapl2015%2Fpublic_html%2Fwp-includes HTTP/2.0" 200 7482 "-" "Mozilla/5.0 AppleWebKit/537.36 (KHTML, like Gecko; compatible; ClaudeBot/1.0; +claudebot@anthropic.com)" 536 **0/536403**
74.7.227.0 - - [28/Mar/2026:06:05:46 -0700] "GET /?fileloc=//usr/include/expat.h&path=//usr/include HTTP/2.0" 200 14387 "https://falcon-ia.com/?path=//usr/include" "Mozilla/5.0 AppleWebKit/537.36 (KHTML, like Gecko; compatible; GPTBot/1.3; +https://openai.com/gptbot)" 529 **0/529971**
216.73.216.162 - - [28/Mar/2026:06:05:47 -0700] "GET /item/3835258245?fileloc=%2Fhome%2Ffalconiapl2015%2Fpublic_html%2Fwp-admin%2Fnetwork.php&path=%2Fhome%2Ffalconiapl2015%2Fpublic_html%2Fwp-admin HTTP/2.0" 200 4373 "-" "Mozilla/5.0 AppleWebKit/537.36 (KHTML, like Gecko; compatible; ClaudeBot/1.0; +claudebot@anthropic.com)" 508 **0/508355**
74.7.227.0 - - [28/Mar/2026:06:05:49 -0700] "GET /?fileloc=//usr/include/spawn.h&path=//usr/include HTTP/2.0" 200 3968 "https://falcon-ia.com/?path=//usr/include" "Mozilla/5.0 AppleWebKit/537.36 (KHTML, like Gecko; compatible; GPTBot/1.3; +https://openai.com/gptbot)" 502 **0/502888**
216.73.216.162 - - [28/Mar/2026:06:05:50 -0700] "GET /item/1034558009?path=%2Fhome%2Ffalconiapl2015%2Fnew HTTP/2.0" 200 3374 "-" "Mozilla/5.0 AppleWebKit/537.36 (KHTML, like Gecko; compatible; ClaudeBot/1.0; +claudebot@anthropic.com)" 542 **0/542435**
74.7.227.0 - - [28/Mar/2026:06:05:52 -0700] "GET /?fileloc=//usr/include/gconv.h&path=//usr/include HTTP/2.0" 200 3968 "https://falcon-ia.com/?path=//usr/include" "Mozilla/5.0 AppleWebKit/537.36 (KHTML, like Gecko; compatible; GPTBot/1.3; +https://openai.com/gptbot)" 538 **0/538022**
216.73.216.162 - - [28/Mar/2026:06:05:53 -0700] "GET /item/2455664628?fileloc=%2Fhome%2Ffalconiapl2015%2Fpublic_html%2Fwp-admin%2Fcustomize.php&path=%2Fhome%2Ffalconiapl2015%2Fpublic_html%2Fwp-admin HTTP/2.0" 200 5938 "-" "Mozilla/5.0 AppleWebKit/537.36 (KHTML, like Gecko; compatible; ClaudeBot/1.0; +claudebot@anthropic.com)" 511 **0/511425**
74.7.227.0 - - [28/Mar/2026:06:05:55 -0700] "GET /?fileloc=//usr/include/argp.h&path=//usr/include HTTP/2.0" 200 10508 "https://falcon-ia.com/?path=//usr/include" "Mozilla/5.0 AppleWebKit/537.36 (KHTML, like Gecko; compatible; GPTBot/1.3; +https://openai.com/gptbot)" 522 **0/522700**
216.73.216.162 - - [28/Mar/2026:06:05:56 -0700] "GET /item/1016041926?path=%2Fhome%2Ffalconiapl2015%2F.clwpos HTTP/2.0" 200 2566 "-" "Mozilla/5.0 AppleWebKit/537.36 (KHTML, like Gecko; compatible; ClaudeBot/1.0; +claudebot@anthropic.com)" 518 **0/518797**
74.7.227.0 - - [28/Mar/2026:06:05:58 -0700] "GET /?fileloc=//usr/include/stab.h&path=//usr/include HTTP/2.0" 200 2424 "https://falcon-ia.com/?path=//usr/include" "Mozilla/5.0 AppleWebKit/537.36 (KHTML, like Gecko; compatible; GPTBot/1.3; +https://openai.com/gptbot)" 503 **0/503081**
216.73.216.162 - - [28/Mar/2026:06:05:59 -0700] "GET /item/745857009?fileloc=%2Fhome%2Ffalconiapl2015%2Fpublic_html%2Fwp-includes%2Fclass-wp-network-query.php&path=%2Fhome%2Ffalconiapl2015%2Fpublic_html%2Fwp-includes HTTP/2.0" 200 7086 "-" "Mozilla/5.0 AppleWebKit/537.36 (KHTML, like Gecko; compatible; ClaudeBot/1.0; +claudebot@anthropic.com)" 525 **0/525723**
74.7.227.0 - - [28/Mar/2026:06:06:01 -0700] "GET /?fileloc=//usr/include/zlib.h&path=//usr/include HTTP/2.0" 200 27456 "https://falcon-ia.com/?path=//usr/include" "Mozilla/5.0 AppleWebKit/537.36 (KHTML, like Gecko; compatible; GPTBot/1.3; +https://openai.com/gptbot)" 751 **0/751232**
216.73.216.162 - - [28/Mar/2026:06:06:02 -0700] "GET /item/946327045?fileloc=%2Fhome%2Ffalconiapl2015%2Fpublic_html%2Fwp-includes%2Ffunctions.php&path=%2Fhome%2Ffalconiapl2015%2Fpublic_html%2Fwp-includes HTTP/2.0" 200 73253 "-" "Mozilla/5.0 AppleWebKit/537.36 (KHTML, like Gecko; compatible; ClaudeBot/1.0; +claudebot@anthropic.com)" 580 **0/580202**
74.7.227.0 - - [28/Mar/2026:06:06:05 -0700] "GET /?path=//usr/lib64/python3.12/xml HTTP/2.0" 200 2777 "https://falcon-ia.com/?path=//usr/lib64/python3.12" "Mozilla/5.0 AppleWebKit/537.36 (KHTML, like Gecko; compatible; GPTBot/1.3; +https://openai.com/gptbot)" 522 **0/522186**
216.73.216.162 - - [28/Mar/2026:06:06:05 -0700] "GET /item/2756812328?fileloc=%2Fhome%2Ffalconiapl2015%2Fpublic_html%2Fwp-includes%2Fclass-wp-user-query.php&path=%2Fhome%2Ffalconiapl2015%2Fpublic_html%2Fwp-includes HTTP/2.0" 200 11873 "-" "Mozilla/5.0 AppleWebKit/537.36 (KHTML, like Gecko; compatible; ClaudeBot/1.0; +claudebot@anthropic.com)" 527 **0/527566**
51.195.183.192 - - [28/Mar/2026:06:06:05 -0700] "GET /commodity/drums/nano17166402684 HTTP/2.0" 200 3449 "-" "Mozilla/5.0 (compatible; AhrefsBot/7.0; +http://ahrefs.com/robot/)" 527 **0/527981**
74.7.227.0 - - [28/Mar/2026:06:06:08 -0700] "GET /?fileloc=//usr/include/pcre2.h&path=//usr/include HTTP/2.0" 200 11490 "https://falcon-ia.com/?path=//usr/include" "Mozilla/5.0 AppleWebKit/537.36 (KHTML, like Gecko; compatible; GPTBot/1.3; +https://openai.com/gptbot)" 537 **0/537502**
216.73.216.162 - - [28/Mar/2026:06:06:08 -0700] "GET /item/1781702381?fileloc=%2Fhome%2Ffalconiapl2015%2Fpublic_html%2Fwp-includes%2Fms-deprecated.php&path=%2Fhome%2Ffalconiapl2015%2Fpublic_html%2Fwp-includes HTTP/2.0" 200 8433 "-" "Mozilla/5.0 AppleWebKit/537.36 (KHTML, like Gecko; compatible; ClaudeBot/1.0; +claudebot@anthropic.com)" 512 **0/512431**
74.7.227.0 - - [28/Mar/2026:06:06:11 -0700] "GET /?path=//usr/lib64/python3.12/logging HTTP/2.0" 200 2733 "https://falcon-ia.com/?path=//usr/lib64/python3.12" "Mozilla/5.0 AppleWebKit/537.36 (KHTML, like Gecko; compatible; GPTBot/1.3; +https://openai.com/gptbot)" 516 **0/516813**
216.73.216.162 - - [28/Mar/2026:06:06:11 -0700] "GET /item/3695237939?fileloc=%2Fhome%2Ffalconiapl2015%2Fpublic_html%2Fwp-includes%2Fcomment-template.php&path=%2Fhome%2Ffalconiapl2015%2Fpublic_html%2Fwp-includes HTTP/2.0" 403 3449 "-" "Mozilla/5.0 AppleWebKit/537.36 (KHTML, like Gecko; compatible; ClaudeBot/1.0; +claudebot@anthropic.com)" 508 **0/508791**
74.7.227.0 - - [28/Mar/2026:06:06:14 -0700] "GET /?path=//usr/lib64/guile/2.0/ccache/web HTTP/2.0" 200 2835 "https://falcon-ia.com/?path=//usr/lib64/guile/2.0/ccache" "Mozilla/5.0 AppleWebKit/537.36 (KHTML, like Gecko; compatible; GPTBot/1.3; +https://openai.com/gptbot)" 507 **0/507967**
216.73.216.162 - - [28/Mar/2026:06:06:14 -0700] "GET /item/682871127?fileloc=%2Fhome%2Ffalconiapl2015%2Fpublic_html%2Fwp-includes%2Ffeed-rss2.php&path=%2Fhome%2Ffalconiapl2015%2Fpublic_html%2Fwp-includes HTTP/2.0" 403 3449 "-" "Mozilla/5.0 AppleWebKit/537.36 (KHTML, like Gecko; compatible; ClaudeBot/1.0; +claudebot@anthropic.com)" 498 **0/498770**
216.73.216.162 - - [28/Mar/2026:06:06:17 -0700] "GET /item/2457720633?fileloc=%2Fhome%2Ffalconiapl2015%2Fpublic_html%2Fwp-includes%2Frest-api.php&path=%2Fhome%2Ffalconiapl2015%2Fpublic_html%2Fwp-includes HTTP/2.0" 403 3449 "-" "Mozilla/5.0 AppleWebKit/537.36 (KHTML, like Gecko; compatible; ClaudeBot/1.0; +claudebot@anthropic.com)" 502 **0/502445**
74.7.227.0 - - [28/Mar/2026:06:06:17 -0700] "GET /?fileloc=//usr/libexec/git-core/git-fetch-pack&path=//usr/libexec/git-core HTTP/2.0" 200 1603086 "https://falcon-ia.com/?path=//usr/libexec/git-core" "Mozilla/5.0 AppleWebKit/537.36 (KHTML, like Gecko; compatible; GPTBot/1.3; +https://openai.com/gptbot)" 1199 **1/1199754**
216.73.216.162 - - [28/Mar/2026:06:06:20 -0700] "GET /item/3939568476?fileloc=%2Fhome%2Ffalconiapl2015%2Fpublic_html%2Fwp-includes%2Fcomment.php&path=%2Fhome%2Ffalconiapl2015%2Fpublic_html%2Fwp-includes HTTP/2.0" 403 3449 "-" "Mozilla/5.0 AppleWebKit/537.36 (KHTML, like Gecko; compatible; ClaudeBot/1.0; +claudebot@anthropic.com)" 517 **0/517145**
74.7.227.0 - - [28/Mar/2026:06:06:20 -0700] "GET /?fileloc=//usr/libexec/git-core/git-range-diff&path=//usr/libexec/git-core HTTP/2.0" 200 1603113 "https://falcon-ia.com/?path=//usr/libexec/git-core" "Mozilla/5.0 AppleWebKit/537.36 (KHTML, like Gecko; compatible; GPTBot/1.3; +https://openai.com/gptbot)" 1258 **1/1258026**
216.73.216.162 - - [28/Mar/2026:06:06:23 -0700] "GET /item/788457145?fileloc=%2Fhome%2Ffalconiapl2015%2Fpublic_html%2Fwp-includes%2Fsession.php&path=%2Fhome%2Ffalconiapl2015%2Fpublic_html%2Fwp-includes HTTP/2.0" 403 3449 "-" "Mozilla/5.0 AppleWebKit/537.36 (KHTML, like Gecko; compatible; ClaudeBot/1.0; +claudebot@anthropic.com)" 517 **0/517244**
74.7.227.0 - - [28/Mar/2026:06:06:23 -0700] "GET /?fileloc=//usr/sbin/nsec3hash&path=//usr/sbin HTTP/2.0" 200 6461 "https://falcon-ia.com/?path=//usr/sbin" "Mozilla/5.0 AppleWebKit/537.36 (KHTML, like Gecko; compatible; GPTBot/1.3; +https://openai.com/gptbot)" 496 **0/496057**
216.73.216.162 - - [28/Mar/2026:06:06:26 -0700] "GET /item/2440365595?fileloc=%2Fhome%2Ffalconiapl2015%2Fpublic_html%2Fwp-includes%2Fclass-simplepie.php&path=%2Fhome%2Ffalconiapl2015%2Fpublic_html%2Fwp-includes HTTP/2.0" 403 3449 "-" "Mozilla/5.0 AppleWebKit/537.36 (KHTML, like Gecko; compatible; ClaudeBot/1.0; +claudebot@anthropic.com)" 500 **0/500805**
74.7.227.0 - - [28/Mar/2026:06:06:27 -0700] "GET /?path=//lib/systemd/system-shutdown HTTP/2.0" 200 2322 "https://falcon-ia.com/?path=//lib/systemd" "Mozilla/5.0 AppleWebKit/537.36 (KHTML, like Gecko; compatible; GPTBot/1.3; +https://openai.com/gptbot)" 515 **0/515186**
216.73.216.162 - - [28/Mar/2026:06:06:29 -0700] "GET /item/547136434?fileloc=%2Fhome%2Ffalconiapl2015%2Fpublic_html%2Fwp-admin%2Fsetup-config.php&path=%2Fhome%2Ffalconiapl2015%2Fpublic_html%2Fwp-admin HTTP/2.0" 403 3449 "-" "Mozilla/5.0 AppleWebKit/537.36 (KHTML, like Gecko; compatible; ClaudeBot/1.0; +claudebot@anthropic.com)" 541 **0/541452**
74.7.227.0 - - [28/Mar/2026:06:06:30 -0700] "GET /?fileloc=//usr/include/aliases.h&path=//usr/include HTTP/2.0" 200 3033 "https://falcon-ia.com/?path=//usr/include" "Mozilla/5.0 AppleWebKit/537.36 (KHTML, like Gecko; compatible; GPTBot/1.3; +https://openai.com/gptbot)" 507 **0/507610**
216.73.216.162 - - [28/Mar/2026:06:06:32 -0700] "GET /item/604831358?fileloc=%2Fhome%2Ffalconiapl2015%2Fpublic_html%2Fwp-includes%2Fdate.php&path=%2Fhome%2Ffalconiapl2015%2Fpublic_html%2Fwp-includes HTTP/2.0" 403 3449 "-" "Mozilla/5.0 AppleWebKit/537.36 (KHTML, like Gecko; compatible; ClaudeBot/1.0; +claudebot@anthropic.com)" 508 **0/508348**
74.7.227.0 - - [28/Mar/2026:06:06:33 -0700] "GET /?fileloc=//usr/include/locale.h&path=//usr/include HTTP/2.0" 200 4720 "https://falcon-ia.com/?path=//usr/include" "Mozilla/5.0 AppleWebKit/537.36 (KHTML, like Gecko; compatible; GPTBot/1.3; +https://openai.com/gptbot)" 518 **0/518362**
216.73.216.162 - - [28/Mar/2026:06:06:35 -0700] "GET /item/2075836091?fileloc=%2Fhome%2Ffalconiapl2015%2Fpublic_html%2Fwp-includes%2Fclass-phpass.php&path=%2Fhome%2Ffalconiapl2015%2Fpublic_html%2Fwp-includes HTTP/2.0" 403 3449 "-" "Mozilla/5.0 AppleWebKit/537.36 (KHTML, like Gecko; compatible; ClaudeBot/1.0; +claudebot@anthropic.com)" 504 **0/504476**
74.7.227.0 - - [28/Mar/2026:06:06:36 -0700] "GET /?fileloc=//usr/include/cursesf.h&path=//usr/include HTTP/2.0" 200 8597 "https://falcon-ia.com/?path=//usr/include" "Mozilla/5.0 AppleWebKit/537.36 (KHTML, like Gecko; compatible; GPTBot/1.3; +https://openai.com/gptbot)" 529 **0/529141**
216.73.216.162 - - [28/Mar/2026:06:06:38 -0700] "GET /item/3691697743?fileloc=%2Fhome%2Ffalconiapl2015%2Fpublic_html%2Fwp-includes%2Fclass-wp-phpmailer.php&path=%2Fhome%2Ffalconiapl2015%2Fpublic_html%2Fwp-includes HTTP/2.0" 403 3449 "-" "Mozilla/5.0 AppleWebKit/537.36 (KHTML, like Gecko; compatible; ClaudeBot/1.0; +claudebot@anthropic.com)" 512 **0/512723**
74.7.227.0 - - [28/Mar/2026:06:06:39 -0700] "GET /?path=//usr/lib64/python3.12/xml/dom HTTP/2.0" 200 2905 "https://falcon-ia.com/?path=//usr/lib64/python3.12/xml" "Mozilla/5.0 AppleWebKit/537.36 (KHTML, like Gecko; compatible; GPTBot/1.3; +https://openai.com/gptbot)" 504 **0/504175**
216.73.216.162 - - [28/Mar/2026:06:06:41 -0700] "GET /item/1926869326?fileloc=%2Fhome%2Ffalconiapl2015%2Fpublic_html%2Fwp-includes%2Fshortcodes.php&path=%2Fhome%2Ffalconiapl2015%2Fpublic_html%2Fwp-includes HTTP/2.0" 403 3449 "-" "Mozilla/5.0 AppleWebKit/537.36 (KHTML, like Gecko; compatible; ClaudeBot/1.0; +claudebot@anthropic.com)" 499 **0/499835**
74.7.227.0 - - [28/Mar/2026:06:06:42 -0700] "GET /?fileloc=//usr/include/ncurses.h&path=//usr/include HTTP/2.0" 200 21163 "https://falcon-ia.com/?path=//usr/include" "Mozilla/5.0 AppleWebKit/537.36 (KHTML, like Gecko; compatible; GPTBot/1.3; +https://openai.com/gptbot)" 529 **0/529520**
216.73.216.162 - - [28/Mar/2026:06:06:44 -0700] "GET /item/3099356623?fileloc=%2Fhome%2Ffalconiapl2015%2Fpublic_html%2Fwp-includes%2Fhttp.php&path=%2Fhome%2Ffalconiapl2015%2Fpublic_html%2Fwp-includes HTTP/2.0" 403 3449 "-" "Mozilla/5.0 AppleWebKit/537.36 (KHTML, like Gecko; compatible; ClaudeBot/1.0; +claudebot@anthropic.com)" 497 **0/497959**
74.7.227.0 - - [28/Mar/2026:06:06:45 -0700] "GET /?fileloc=//usr/include/sched.h&path=//usr/include HTTP/2.0" 200 3575 "https://falcon-ia.com/?path=//usr/include" "Mozilla/5.0 AppleWebKit/537.36 (KHTML, like Gecko; compatible; GPTBot/1.3; +https://openai.com/gptbot)" 542 **0/542262**
216.73.216.162 - - [28/Mar/2026:06:06:47 -0700] "GET /item/602225341?fileloc=%2Fhome%2Ffalconiapl2015%2Fpublic_html%2Fwp-includes%2Fupdate.php&path=%2Fhome%2Ffalconiapl2015%2Fpublic_html%2Fwp-includes HTTP/2.0" 403 3449 "-" "Mozilla/5.0 AppleWebKit/537.36 (KHTML, like Gecko; compatible; ClaudeBot/1.0; +claudebot@anthropic.com)" 502 **0/502599**
74.7.227.0 - - [28/Mar/2026:06:06:49 -0700] "GET /?fileloc=//usr/include/cursesp.h&path=//usr/include HTTP/2.0" 200 5200 "https://falcon-ia.com/?path=//usr/include" "Mozilla/5.0 AppleWebKit/537.36 (KHTML, like Gecko; compatible; GPTBot/1.3; +https://openai.com/gptbot)" 503 **0/503015**
216.73.216.162 - - [28/Mar/2026:06:06:50 -0700] "GET /item/3211466970?fileloc=%2Fhome%2Ffalconiapl2015%2Fpublic_html%2Fwp-includes%2Fwidgets.php&path=%2Fhome%2Ffalconiapl2015%2Fpublic_html%2Fwp-includes HTTP/2.0" 403 3449 "-" "Mozilla/5.0 AppleWebKit/537.36 (KHTML, like Gecko; compatible; ClaudeBot/1.0; +claudebot@anthropic.com)" 495 **0/495144**
74.7.227.0 - - [28/Mar/2026:06:06:52 -0700] "GET /?fileloc=//usr/include/unctrl.h&path=//usr/include HTTP/2.0" 200 3467 "https://falcon-ia.com/?path=//usr/include" "Mozilla/5.0 AppleWebKit/537.36 (KHTML, like Gecko; compatible; GPTBot/1.3; +https://openai.com/gptbot)" 521 **0/521537**
216.73.216.162 - - [28/Mar/2026:06:06:53 -0700] "GET /item/715786366?fileloc=%2Fhome%2Ffalconiapl2015%2Fpublic_html%2Fwp-includes%2Fclass-wp-roles.php&path=%2Fhome%2Ffalconiapl2015%2Fpublic_html%2Fwp-includes HTTP/2.0" 200 4743 "-" "Mozilla/5.0 AppleWebKit/537.36 (KHTML, like Gecko; compatible; ClaudeBot/1.0; +claudebot@anthropic.com)" 513 **0/513572**
74.7.227.0 - - [28/Mar/2026:06:06:55 -0700] "GET /?fileloc=//usr/include/cpuidle.h&path=//usr/include HTTP/2.0" 200 2502 "https://falcon-ia.com/?path=//usr/include" "Mozilla/5.0 AppleWebKit/537.36 (KHTML, like Gecko; compatible; GPTBot/1.3; +https://openai.com/gptbot)" 506 **0/506970**
216.73.216.162 - - [28/Mar/2026:06:06:57 -0700] "GET /item/961043324?fileloc=%2Fhome%2Ffalconiapl2015%2Fpublic_html%2Fwp-includes%2Ffeed-atom-comments.php&path=%2Fhome%2Ffalconiapl2015%2Fpublic_html%2Fwp-includes HTTP/2.0" 200 3995 "-" "Mozilla/5.0 AppleWebKit/537.36 (KHTML, like Gecko; compatible; ClaudeBot/1.0; +claudebot@anthropic.com)" 528 **0/528251**
74.7.227.0 - - [28/Mar/2026:06:06:58 -0700] "GET /?fileloc=//usr/include/curses.h&path=//usr/include HTTP/2.0" 200 21161 "https://falcon-ia.com/?path=//usr/include" "Mozilla/5.0 AppleWebKit/537.36 (KHTML, like Gecko; compatible; GPTBot/1.3; +https://openai.com/gptbot)" 522 **0/522502**
216.73.216.162 - - [28/Mar/2026:06:06:59 -0700] "GET /item/3575996491?path=%2Fhome%2Ffalconiapl2015%2Fwww HTTP/2.0" 200 3443 "-" "Mozilla/5.0 AppleWebKit/537.36 (KHTML, like Gecko; compatible; ClaudeBot/1.0; +claudebot@anthropic.com)" 529 **0/529016**
74.7.227.0 - - [28/Mar/2026:06:07:01 -0700] "GET /?fileloc=//usr/include/ltdl.h&path=//usr/include HTTP/2.0" 200 4234 "https://falcon-ia.com/?path=//usr/include" "Mozilla/5.0 AppleWebKit/537.36 (KHTML, like Gecko; compatible; GPTBot/1.3; +https://openai.com/gptbot)" 542 **0/542802**
216.73.216.162 - - [28/Mar/2026:06:07:02 -0700] "GET /item/2258178709?fileloc=%2Fhome%2Ffalconiapl2015%2Fpublic_html%2Fwp-includes%2Fclass-simplepie.php&path=%2Fhome%2Ffalconiapl2015%2Fpublic_html%2Fwp-includes HTTP/2.0" 200 2531 "-" "Mozilla/5.0 AppleWebKit/537.36 (KHTML, like Gecko; compatible; ClaudeBot/1.0; +claudebot@anthropic.com)" 521 **0/521801**
74.7.227.0 - - [28/Mar/2026:06:07:04 -0700] "GET /?fileloc=//usr/include/ieee754.h&path=//usr/include HTTP/2.0" 200 3244 "https://falcon-ia.com/?path=//usr/include" "Mozilla/5.0 AppleWebKit/537.36 (KHTML, like Gecko; compatible; GPTBot/1.3; +https://openai.com/gptbot)" 515 **0/515008**
216.73.216.162 - - [28/Mar/2026:06:07:05 -0700] "GET /item/602225341?fileloc=%2Fhome%2Ffalconiapl2015%2Fpublic_html%2Fwp-includes%2Fclass-wp-matchesmapregex.php&path=%2Fhome%2Ffalconiapl2015%2Fpublic_html%2Fwp-includes HTTP/2.0" 200 2928 "-" "Mozilla/5.0 AppleWebKit/537.36 (KHTML, like Gecko; compatible; ClaudeBot/1.0; +claudebot@anthropic.com)" 496 **0/496315**
74.7.227.0 - - [28/Mar/2026:06:07:08 -0700] "GET /?fileloc=//usr/lib64/libgpg-error.so.0&path=//usr/lib64 HTTP/2.0" 200 54082 "https://falcon-ia.com/?path=//usr/lib64" "Mozilla/5.0 AppleWebKit/537.36 (KHTML, like Gecko; compatible; GPTBot/1.3; +https://openai.com/gptbot)" 539 **0/539812**
216.73.216.162 - - [28/Mar/2026:06:07:08 -0700] "GET /item/152133040?fileloc=%2Fhome%2Ffalconiapl2015%2Fpublic_html%2Fwp-includes%2Fclass-walker-nav-menu.php&path=%2Fhome%2Ffalconiapl2015%2Fpublic_html%2Fwp-includes HTTP/2.0" 200 4874 "-" "Mozilla/5.0 AppleWebKit/537.36 (KHTML, like Gecko; compatible; ClaudeBot/1.0; +claudebot@anthropic.com)" 489 **0/489563**
74.7.227.0 - - [28/Mar/2026:06:07:11 -0700] "GET /?fileloc=//usr/sbin/proxyexec&path=//usr/sbin HTTP/2.0" 200 10023 "https://falcon-ia.com/?path=//usr/sbin" "Mozilla/5.0 AppleWebKit/537.36 (KHTML, like Gecko; compatible; GPTBot/1.3; +https://openai.com/gptbot)" 517 **0/517183**
216.73.216.162 - - [28/Mar/2026:06:07:11 -0700] "GET /item/3377275916?fileloc=%2Fhome%2Ffalconiapl2015%2Fpublic_html%2Fwp-includes%2Ffunctions.wp-styles.php&path=%2Fhome%2Ffalconiapl2015%2Fpublic_html%2Fwp-includes HTTP/2.0" 200 4513 "-" "Mozilla/5.0 AppleWebKit/537.36 (KHTML, like Gecko; compatible; ClaudeBot/1.0; +claudebot@anthropic.com)" 499 **0/499562**
216.73.216.162 - - [28/Mar/2026:06:07:14 -0700] "GET /item/594120704?fileloc=%2Fhome%2Ffalconiapl2015%2Fpublic_html%2Fwp-includes%2Fclass-wp-user-query.php&path=%2Fhome%2Ffalconiapl2015%2Fpublic_html%2Fwp-includes HTTP/2.0" 200 11873 "-" "Mozilla/5.0 AppleWebKit/537.36 (KHTML, like Gecko; compatible; ClaudeBot/1.0; +claudebot@anthropic.com)" 515 **0/515471**
74.7.227.0 - - [28/Mar/2026:06:07:14 -0700] "GET /?fileloc=//usr/sbin/genrandom&path=//usr/sbin HTTP/2.0" 200 6415 "https://falcon-ia.com/?path=//usr/sbin" "Mozilla/5.0 AppleWebKit/537.36 (KHTML, like Gecko; compatible; GPTBot/1.3; +https://openai.com/gptbot)" 514 **0/514586**
216.73.216.162 - - [28/Mar/2026:06:07:17 -0700] "GET /item/4039807140?fileloc=%2Fhome%2Ffalconiapl2015%2Fpublic_html%2Fwp-includes%2Fclass.wp-styles.php&path=%2Fhome%2Ffalconiapl2015%2Fpublic_html%2Fwp-includes HTTP/2.0" 200 2454 "-" "Mozilla/5.0 AppleWebKit/537.36 (KHTML, like Gecko; compatible; ClaudeBot/1.0; +claudebot@anthropic.com)" 512 **0/512038**
74.7.227.0 - - [28/Mar/2026:06:07:17 -0700] "GET /?fileloc=//usr/sbin/ddns-confgen&path=//usr/sbin HTTP/2.0" 200 9684 "https://falcon-ia.com/?path=//usr/sbin" "Mozilla/5.0 AppleWebKit/537.36 (KHTML, like Gecko; compatible; GPTBot/1.3; +https://openai.com/gptbot)" 512 **0/512023**
216.73.216.162 - - [28/Mar/2026:06:07:20 -0700] "GET /item/3617016351?path=%2Fhome%2Ffalconiapl2015%2F.spamassassin HTTP/2.0" 200 2570 "-" "Mozilla/5.0 AppleWebKit/537.36 (KHTML, like Gecko; compatible; ClaudeBot/1.0; +claudebot@anthropic.com)" 518 **0/518143**
74.7.227.0 - - [28/Mar/2026:06:07:20 -0700] "GET /?fileloc=//usr/sbin/dnssec-revoke&path=//usr/sbin HTTP/2.0" 200 20881 "https://falcon-ia.com/?path=//usr/sbin" "Mozilla/5.0 AppleWebKit/537.36 (KHTML, like Gecko; compatible; GPTBot/1.3; +https://openai.com/gptbot)" 521 **0/521040**
216.73.216.162 - - [28/Mar/2026:06:07:23 -0700] "GET /item/4088535225?fileloc=%2Fhome%2Ffalconiapl2015%2Fpublic_html%2Fwp-admin%2Fedit-form-blocks.php&path=%2Fhome%2Ffalconiapl2015%2Fpublic_html%2Fwp-admin HTTP/2.0" 200 7372 "-" "Mozilla/5.0 AppleWebKit/537.36 (KHTML, like Gecko; compatible; ClaudeBot/1.0; +claudebot@anthropic.com)" 506 **0/506110**
114.119.143.130 - - [28/Mar/2026:06:07:23 -0700] "GET /commodity/unnamed/steele171822357659?fileloc=/home/falconiapl2015/public_html/wp-links-opml.php&path=/home/falconiapl2015/public_html HTTP/1.1" 200 3636 "https://falcon-ia.com/commodity/unnamed/steele171822357659" "Mozilla/5.0 (Linux; Android 7.0;) AppleWebKit/537.36 (KHTML, like Gecko) Mobile Safari/537.36 (compatible; PetalBot;+https://webmaster.petalsearch.com/site/petalbot)" 503 **0/503816**
74.7.227.0 - - [28/Mar/2026:06:07:23 -0700] "GET /?fileloc=//usr/sbin/tmpwatch&path=//usr/sbin HTTP/2.0" 200 14058 "https://falcon-ia.com/?path=//usr/sbin" "Mozilla/5.0 AppleWebKit/537.36 (KHTML, like Gecko; compatible; GPTBot/1.3; +https://openai.com/gptbot)" 504 **0/504854**
216.73.216.162 - - [28/Mar/2026:06:07:26 -0700] "GET /item/735910960?fileloc=%2Fhome%2Ffalconiapl2015%2Fpublic_html%2Fwp-includes%2Fsession.php&path=%2Fhome%2Ffalconiapl2015%2Fpublic_html%2Fwp-includes HTTP/2.0" 200 2414 "-" "Mozilla/5.0 AppleWebKit/537.36 (KHTML, like Gecko; compatible; ClaudeBot/1.0; +claudebot@anthropic.com)" 496 **0/496562**
74.7.227.0 - - [28/Mar/2026:06:07:27 -0700] "GET /?fileloc=//bin/mysql_config&path=//bin HTTP/2.0" 200 4054 "https://falcon-ia.com/?path=//bin" "Mozilla/5.0 AppleWebKit/537.36 (KHTML, like Gecko; compatible; GPTBot/1.3; +https://openai.com/gptbot)" 498 **0/498463**
216.73.216.162 - - [28/Mar/2026:06:07:29 -0700] "GET /item/2455664628?fileloc=%2Fhome%2Ffalconiapl2015%2Fpublic_html%2Fwp-admin%2Fnetwork.php&path=%2Fhome%2Ffalconiapl2015%2Fpublic_html%2Fwp-admin HTTP/2.0" 200 4373 "-" "Mozilla/5.0 AppleWebKit/537.36 (KHTML, like Gecko; compatible; ClaudeBot/1.0; +claudebot@anthropic.com)" 494 **0/494336**
74.7.227.0 - - [28/Mar/2026:06:07:30 -0700] "GET /?fileloc=//bin/mariadb-dump&path=//bin HTTP/2.0" 200 665441 "https://falcon-ia.com/?path=//bin" "Mozilla/5.0 AppleWebKit/537.36 (KHTML, like Gecko; compatible; GPTBot/1.3; +https://openai.com/gptbot)" 881 **0/881743**
216.73.216.162 - - [28/Mar/2026:06:07:32 -0700] "GET /item/202403710?fileloc=%2Fhome%2Ffalconiapl2015%2Fpublic_html%2Fwp-includes%2Fclass.wp-styles.php&path=%2Fhome%2Ffalconiapl2015%2Fpublic_html%2Fwp-includes HTTP/2.0" 200 2454 "-" "Mozilla/5.0 AppleWebKit/537.36 (KHTML, like Gecko; compatible; ClaudeBot/1.0; +claudebot@anthropic.com)" 515 **0/515224**
74.7.227.0 - - [28/Mar/2026:06:07:33 -0700] "GET /?path=//usr/lib64/gtk-2.0/immodules HTTP/2.0" 200 2330 "https://falcon-ia.com/?path=//usr/lib64/gtk-2.0" "Mozilla/5.0 AppleWebKit/537.36 (KHTML, like Gecko; compatible; GPTBot/1.3; +https://openai.com/gptbot)" 504 **0/504326**
216.73.216.162 - - [28/Mar/2026:06:07:35 -0700] "GET /item/1999540105?fileloc=%2Fhome%2Ffalconiapl2015%2Fpublic_html%2Fwp-admin%2Fadmin-ajax.php&path=%2Fhome%2Ffalconiapl2015%2Fpublic_html%2Fwp-admin HTTP/2.0" 200 4042 "-" "Mozilla/5.0 AppleWebKit/537.36 (KHTML, like Gecko; compatible; ClaudeBot/1.0; +claudebot@anthropic.com)" 504 **0/504889**
74.7.227.0 - - [28/Mar/2026:06:07:36 -0700] "GET /?fileloc=//usr/include/gelf.h&path=//usr/include HTTP/2.0" 200 5053 "https://falcon-ia.com/?path=//usr/include" "Mozilla/5.0 AppleWebKit/537.36 (KHTML, like Gecko; compatible; GPTBot/1.3; +https://openai.com/gptbot)" 495 **0/495161**
216.73.216.162 - - [28/Mar/2026:06:07:38 -0700] "GET /item/1729751600?fileloc=%2Fhome%2Ffalconiapl2015%2Fpublic_html%2Fwp-includes%2Fclass-wp-embed.php&path=%2Fhome%2Ffalconiapl2015%2Fpublic_html%2Fwp-includes HTTP/2.0" 200 6922 "-" "Mozilla/5.0 AppleWebKit/537.36 (KHTML, like Gecko; compatible; ClaudeBot/1.0; +claudebot@anthropic.com)" 525 **0/525301**
74.7.227.0 - - [28/Mar/2026:06:07:39 -0700] "GET /?fileloc=//usr/include/ulimit.h&path=//usr/include HTTP/2.0" 200 3024 "https://falcon-ia.com/?path=//usr/include" "Mozilla/5.0 AppleWebKit/537.36 (KHTML, like Gecko; compatible; GPTBot/1.3; +https://openai.com/gptbot)" 536 **0/536748**
216.73.216.162 - - [28/Mar/2026:06:07:41 -0700] "GET /item/2372854629?fileloc=%2Fhome%2Ffalconiapl2015%2Fpublic_html%2Fwp-includes%2Fclass-walker-nav-menu.php&path=%2Fhome%2Ffalconiapl2015%2Fpublic_html%2Fwp-includes HTTP/2.0" 200 4874 "-" "Mozilla/5.0 AppleWebKit/537.36 (KHTML, like Gecko; compatible; ClaudeBot/1.0; +claudebot@anthropic.com)" 523 **0/523104**
74.7.227.0 - - [28/Mar/2026:06:07:42 -0700] "GET /?fileloc=//usr/include/link.h&path=//usr/include HTTP/2.0" 200 5052 "https://falcon-ia.com/?path=//usr/include" "Mozilla/5.0 AppleWebKit/537.36 (KHTML, like Gecko; compatible; GPTBot/1.3; +https://openai.com/gptbot)" 505 **0/505324**
216.73.216.162 - - [28/Mar/2026:06:07:44 -0700] "GET /item/3893428112?fileloc=%2Fhome%2Ffalconiapl2015%2Fpublic_html%2Fwp-includes%2Fclass.wp-dependencies.php&path=%2Fhome%2Ffalconiapl2015%2Fpublic_html%2Fwp-includes HTTP/2.0" 200 2457 "-" "Mozilla/5.0 AppleWebKit/537.36 (KHTML, like Gecko; compatible; ClaudeBot/1.0; +claudebot@anthropic.com)" 518 **0/518620**
74.7.227.0 - - [28/Mar/2026:06:07:46 -0700] "GET /?fileloc=//usr/include/dirent.h&path=//usr/include HTTP/2.0" 200 5625 "https://falcon-ia.com/?path=//usr/include" "Mozilla/5.0 AppleWebKit/537.36 (KHTML, like Gecko; compatible; GPTBot/1.3; +https://openai.com/gptbot)" 532 **0/532634**
216.73.216.162 - - [28/Mar/2026:06:07:47 -0700] "GET /item/1136871537?fileloc=%2Fhome%2Ffalconiapl2015%2Fpublic_html%2Fwp-admin%2Ftheme-install.php&path=%2Fhome%2Ffalconiapl2015%2Fpublic_html%2Fwp-admin HTTP/2.0" 200 8068 "-" "Mozilla/5.0 AppleWebKit/537.36 (KHTML, like Gecko; compatible; ClaudeBot/1.0; +claudebot@anthropic.com)" 491 **0/491690**
74.7.227.0 - - [28/Mar/2026:06:07:49 -0700] "GET /?fileloc=//usr/include/threads.h&path=//usr/include HTTP/2.0" 200 4587 "https://falcon-ia.com/?path=//usr/include" "Mozilla/5.0 AppleWebKit/537.36 (KHTML, like Gecko; compatible; GPTBot/1.3; +https://openai.com/gptbot)" 488 **0/488256**
216.73.216.162 - - [28/Mar/2026:06:07:50 -0700] "GET /item/1442163379?fileloc=%2Fhome%2Ffalconiapl2015%2Fpublic_html%2Fwp-admin%2Fuser-edit.php&path=%2Fhome%2Ffalconiapl2015%2Fpublic_html%2Fwp-admin HTTP/2.0" 200 12457 "-" "Mozilla/5.0 AppleWebKit/537.36 (KHTML, like Gecko; compatible; ClaudeBot/1.0; +claudebot@anthropic.com)" 507 **0/507223**
74.7.227.0 - - [28/Mar/2026:06:07:52 -0700] "GET /?fileloc=//usr/include/nlist.h&path=//usr/include HTTP/2.0" 200 2975 "https://falcon-ia.com/?path=//usr/include" "Mozilla/5.0 AppleWebKit/537.36 (KHTML, like Gecko; compatible; GPTBot/1.3; +https://openai.com/gptbot)" 524 **0/524728**
216.73.216.162 - - [28/Mar/2026:06:07:53 -0700] "GET /item/3541337044?fileloc=%2Fhome%2Ffalconiapl2015%2Fpublic_html%2Fwp-includes%2Fclass-simplepie.php&path=%2Fhome%2Ffalconiapl2015%2Fpublic_html%2Fwp-includes HTTP/2.0" 200 2531 "-" "Mozilla/5.0 AppleWebKit/537.36 (KHTML, like Gecko; compatible; ClaudeBot/1.0; +claudebot@anthropic.com)" 488 **0/488643**
74.7.227.0 - - [28/Mar/2026:06:07:55 -0700] "GET /?fileloc=//usr/include/dlfcn.h&path=//usr/include HTTP/2.0" 200 4846 "https://falcon-ia.com/?path=//usr/include" "Mozilla/5.0 AppleWebKit/537.36 (KHTML, like Gecko; compatible; GPTBot/1.3; +https://openai.com/gptbot)" 509 **0/509032**
216.73.216.162 - - [28/Mar/2026:06:07:56 -0700] "GET /item/745857009?fileloc=%2Fhome%2Ffalconiapl2015%2Fpublic_html%2Fwp-includes%2Fcache-compat.php&path=%2Fhome%2Ffalconiapl2015%2Fpublic_html%2Fwp-includes HTTP/2.0" 200 4211 "-" "Mozilla/5.0 AppleWebKit/537.36 (KHTML, like Gecko; compatible; ClaudeBot/1.0; +claudebot@anthropic.com)" 498 **0/498817**
17.22.245.171 - - [28/Mar/2026:06:07:58 -0700] "GET /?p=19192 HTTP/1.1" 200 3956 "-" "Mozilla/5.0 (Macintosh; Intel Mac OS X 10_15_7) AppleWebKit/605.1.15 (KHTML, like Gecko) Version/17.4 Safari/605.1.15 (Applebot/0.1; +http://www.apple.com/go/applebot)" 532 **0/532581**
74.7.227.0 - - [28/Mar/2026:06:07:58 -0700] "GET /?fileloc=//usr/include/limits.h&path=//usr/include HTTP/2.0" 200 4125 "https://falcon-ia.com/?path=//usr/include" "Mozilla/5.0 AppleWebKit/537.36 (KHTML, like Gecko; compatible; GPTBot/1.3; +https://openai.com/gptbot)" 505 **0/505272**
216.73.216.162 - - [28/Mar/2026:06:07:59 -0700] "GET /item/2457720633?fileloc=%2Fhome%2Ffalconiapl2015%2Fpublic_html%2Fwp-includes%2Fclass-simplepie.php&path=%2Fhome%2Ffalconiapl2015%2Fpublic_html%2Fwp-includes HTTP/2.0" 200 2531 "-" "Mozilla/5.0 AppleWebKit/537.36 (KHTML, like Gecko; compatible; ClaudeBot/1.0; +claudebot@anthropic.com)" 521 **0/521588**
74.7.227.0 - - [28/Mar/2026:06:08:02 -0700] "GET /?fileloc=//usr/include/libelf.h&path=//usr/include HTTP/2.0" 200 7886 "https://falcon-ia.com/?path=//usr/include" "Mozilla/5.0 AppleWebKit/537.36 (KHTML, like Gecko; compatible; GPTBot/1.3; +https://openai.com/gptbot)" 580 **0/580855**
216.73.216.162 - - [28/Mar/2026:06:08:02 -0700] "GET /item/3687035705?fileloc=%2Fhome%2Ffalconiapl2015%2Fpublic_html%2Fwp-includes%2Fclass-wp-styles.php&path=%2Fhome%2Ffalconiapl2015%2Fpublic_html%2Fwp-includes HTTP/2.0" 200 5822 "-" "Mozilla/5.0 AppleWebKit/537.36 (KHTML, like Gecko; compatible; ClaudeBot/1.0; +claudebot@anthropic.com)" 557 **0/557114**
74.7.227.0 - - [28/Mar/2026:06:08:05 -0700] "GET /?fileloc=//usr/include/uchar.h&path=//usr/include HTTP/2.0" 200 3061 "https://falcon-ia.com/?path=//usr/include" "Mozilla/5.0 AppleWebKit/537.36 (KHTML, like Gecko; compatible; GPTBot/1.3; +https://openai.com/gptbot)" 505 **0/505417**
216.73.216.162 - - [28/Mar/2026:06:08:05 -0700] "GET /item/4160306127?fileloc=%2F%2Flib64%2Flibmemcachedutil.so.2&path=%2F%2Flib64 HTTP/2.0" 200 8701 "-" "Mozilla/5.0 AppleWebKit/537.36 (KHTML, like Gecko; compatible; ClaudeBot/1.0; +claudebot@anthropic.com)" 523 **0/523471**
74.7.227.0 - - [28/Mar/2026:06:08:08 -0700] "GET /?fileloc=//usr/include/endian.h&path=//usr/include HTTP/2.0" 200 3339 "https://falcon-ia.com/?path=//usr/include" "Mozilla/5.0 AppleWebKit/537.36 (KHTML, like Gecko; compatible; GPTBot/1.3; +https://openai.com/gptbot)" 530 **0/530000**
216.73.216.162 - - [28/Mar/2026:06:08:08 -0700] "GET /item/3284050222?fileloc=%2Fhome%2Ffalconiapl2015%2Fpublic_html%2Fwp-admin%2Fwidgets.php&path=%2Fhome%2Ffalconiapl2015%2Fpublic_html%2Fwp-admin HTTP/2.0" 200 2785 "-" "Mozilla/5.0 AppleWebKit/537.36 (KHTML, like Gecko; compatible; ClaudeBot/1.0; +claudebot@anthropic.com)" 497 **0/497489**
74.7.227.0 - - [28/Mar/2026:06:08:11 -0700] "GET /?fileloc=//usr/include/alloca.h&path=//usr/include HTTP/2.0" 200 2866 "https://falcon-ia.com/?path=//usr/include" "Mozilla/5.0 AppleWebKit/537.36 (KHTML, like Gecko; compatible; GPTBot/1.3; +https://openai.com/gptbot)" 496 **0/496436**
216.73.216.162 - - [28/Mar/2026:06:08:11 -0700] "GET /item/3554030469?fileloc=%2Fhome%2Ffalconiapl2015%2Fpublic_html%2Fwp-includes%2Fclass-wp-http-ixr-client.php&path=%2Fhome%2Ffalconiapl2015%2Fpublic_html%2Fwp-includes HTTP/2.0" 200 3611 "-" "Mozilla/5.0 AppleWebKit/537.36 (KHTML, like Gecko; compatible; ClaudeBot/1.0; +claudebot@anthropic.com)" 595 **0/595375**
216.73.216.162 - - [28/Mar/2026:06:08:14 -0700] "GET /item/1491526439?path=%2Fhome%2Ffalconiapl2015%2F.clwpos HTTP/2.0" 200 2566 "-" "Mozilla/5.0 AppleWebKit/537.36 (KHTML, like Gecko; compatible; ClaudeBot/1.0; +claudebot@anthropic.com)" 511 **0/511483**
74.7.227.0 - - [28/Mar/2026:06:08:14 -0700] "GET /?fileloc=//usr/include/etip.h&path=//usr/include HTTP/2.0" 200 4772 "https://falcon-ia.com/?path=//usr/include" "Mozilla/5.0 AppleWebKit/537.36 (KHTML, like Gecko; compatible; GPTBot/1.3; +https://openai.com/gptbot)" 499 **0/499721**
216.73.216.162 - - [28/Mar/2026:06:08:17 -0700] "GET /item/3504905972?fileloc=%2Fhome%2Ffalconiapl2015%2Fpublic_html%2Fwp-includes%2Ftheme-previews.php&path=%2Fhome%2Ffalconiapl2015%2Fpublic_html%2Fwp-includes HTTP/2.0" 200 3384 "-" "Mozilla/5.0 AppleWebKit/537.36 (KHTML, like Gecko; compatible; ClaudeBot/1.0; +claudebot@anthropic.com)" 504 **0/504919**
74.7.227.0 - - [28/Mar/2026:06:08:17 -0700] "GET /?fileloc=//usr/include/fcntl.h&path=//usr/include HTTP/2.0" 200 5798 "https://falcon-ia.com/?path=//usr/include" "Mozilla/5.0 AppleWebKit/537.36 (KHTML, like Gecko; compatible; GPTBot/1.3; +https://openai.com/gptbot)" 492 **0/492520**
216.73.216.162 - - [28/Mar/2026:06:08:20 -0700] "GET /item/3418827476?fileloc=%2Fhome%2Ffalconiapl2015%2Fpublic_html%2Fwp-admin%2Fexport.php&path=%2Fhome%2Ffalconiapl2015%2Fpublic_html%2Fwp-admin HTTP/2.0" 200 5403 "-" "Mozilla/5.0 AppleWebKit/537.36 (KHTML, like Gecko; compatible; ClaudeBot/1.0; +claudebot@anthropic.com)" 535 **0/535170**
