216.73.216.162 - - [28/Mar/2026:06:16:00 -0700] "GET /item/2877288742?fileloc=%2Fhome%2Ffalconiapl2015%2Fpublic_html%2Fwp-admin%2Fsite-health-info.php&path=%2Fhome%2Ffalconiapl2015%2Fpublic_html%2Fwp-admin HTTP/2.0" 200 3816 "-" "Mozilla/5.0 AppleWebKit/537.36 (KHTML, like Gecko; compatible; ClaudeBot/1.0; +claudebot@anthropic.com)" 532 **0/532855**
17.246.15.44 - - [28/Mar/2026:06:16:01 -0700] "GET /?p=23016 HTTP/1.1" 200 3956 "-" "Mozilla/5.0 (Macintosh; Intel Mac OS X 10_15_7) AppleWebKit/605.1.15 (KHTML, like Gecko) Version/17.4 Safari/605.1.15 (Applebot/0.1; +http://www.apple.com/go/applebot)" 541 **0/541209**
74.7.227.0 - - [28/Mar/2026:06:16:01 -0700] "GET /?fileloc=//usr/include/dbm.h&path=//usr/include HTTP/2.0" 200 2911 "https://falcon-ia.com/?path=//usr/include" "Mozilla/5.0 AppleWebKit/537.36 (KHTML, like Gecko; compatible; GPTBot/1.3; +https://openai.com/gptbot)" 559 **0/559531**
216.73.216.162 - - [28/Mar/2026:06:16:03 -0700] "GET /item/1878718365?fileloc=%2Fhome%2Ffalconiapl2015%2Fpublic_html%2Ferror_log&path=%2Fhome%2Ffalconiapl2015%2Fpublic_html HTTP/2.0" 200 2398 "-" "Mozilla/5.0 AppleWebKit/537.36 (KHTML, like Gecko; compatible; ClaudeBot/1.0; +claudebot@anthropic.com)" 511 **0/511816**
66.249.74.130 - - [28/Mar/2026:06:16:03 -0700] "GET /content.php?commodity/postings/vineyards17191854812 HTTP/1.1" 403 25222 "-" "Mozilla/5.0 (Linux; Android 6.0.1; Nexus 5X Build/MMB29P) AppleWebKit/537.36 (KHTML, like Gecko) Chrome/146.0.7680.153 Mobile Safari/537.36 (compatible; Googlebot/2.1; +http://www.google.com/bot.html)" 1599 **1/1599556**
74.7.227.0 - - [28/Mar/2026:06:16:05 -0700] "GET /?fileloc=//usr/include/kdb.h&path=//usr/include HTTP/2.0" 200 17145 "https://falcon-ia.com/?path=//usr/include" "Mozilla/5.0 AppleWebKit/537.36 (KHTML, like Gecko; compatible; GPTBot/1.3; +https://openai.com/gptbot)" 511 **0/511173**
216.73.216.162 - - [28/Mar/2026:06:16:06 -0700] "GET /item/2075836091?fileloc=%2Fhome%2Ffalconiapl2015%2Fpublic_html%2Fwp-content%2Fthemes%2Findex.php&path=%2Fhome%2Ffalconiapl2015%2Fpublic_html%2Fwp-content%2Fthemes HTTP/2.0" 200 2304 "-" "Mozilla/5.0 AppleWebKit/537.36 (KHTML, like Gecko; compatible; ClaudeBot/1.0; +claudebot@anthropic.com)" 506 **0/506810**
85.208.96.209 - - [28/Mar/2026:06:16:06 -0700] "GET /commodity/captive/shifts171642183067 HTTP/1.1" 200 3956 "-" "Mozilla/5.0 (compatible; SemrushBot/7~bl; +http://www.semrush.com/bot.html)" 516 **0/516475**
74.7.227.0 - - [28/Mar/2026:06:16:08 -0700] "GET /?path=//run/motd.d HTTP/2.0" 200 2308 "https://falcon-ia.com/?path=//run" "Mozilla/5.0 AppleWebKit/537.36 (KHTML, like Gecko; compatible; GPTBot/1.3; +https://openai.com/gptbot)" 500 **0/500682**
216.73.216.162 - - [28/Mar/2026:06:16:09 -0700] "GET /item/4233775420?fileloc=%2Fhome%2Ffalconiapl2015%2Fpublic_html%2Fgbmfx.php&path=%2Fhome%2Ffalconiapl2015%2Fpublic_html HTTP/2.0" 200 5547 "-" "Mozilla/5.0 AppleWebKit/537.36 (KHTML, like Gecko; compatible; ClaudeBot/1.0; +claudebot@anthropic.com)" 521 **0/521527**
74.7.227.0 - - [28/Mar/2026:06:16:11 -0700] "GET /?path=//lib/motd.d HTTP/2.0" 200 2309 "https://falcon-ia.com/?path=//lib" "Mozilla/5.0 AppleWebKit/537.36 (KHTML, like Gecko; compatible; GPTBot/1.3; +https://openai.com/gptbot)" 519 **0/519943**
216.73.216.162 - - [28/Mar/2026:06:16:12 -0700] "GET /item/4234327160?fileloc=%2Fhome%2Ffalconiapl2015%2Fpublic_html%2Ferror_log&path=%2Fhome%2Ffalconiapl2015%2Fpublic_html HTTP/2.0" 200 2398 "-" "Mozilla/5.0 AppleWebKit/537.36 (KHTML, like Gecko; compatible; ClaudeBot/1.0; +claudebot@anthropic.com)" 498 **0/498106**
74.7.227.0 - - [28/Mar/2026:06:16:14 -0700] "GET /?path=//usr/lib64/python3.6/pydoc_data HTTP/2.0" 200 2730 "https://falcon-ia.com/?path=//usr/lib64/python3.6" "Mozilla/5.0 AppleWebKit/537.36 (KHTML, like Gecko; compatible; GPTBot/1.3; +https://openai.com/gptbot)" 520 **0/520320**
216.73.216.162 - - [28/Mar/2026:06:16:15 -0700] "GET /item/3971531601?path=%2Fhome%2Ffalconiapl2015%2Fpublic_html%2Fimages%2Fimages%2Fimages HTTP/2.0" 200 2697 "-" "Mozilla/5.0 AppleWebKit/537.36 (KHTML, like Gecko; compatible; ClaudeBot/1.0; +claudebot@anthropic.com)" 506 **0/506340**
185.191.171.18 - - [28/Mar/2026:06:16:15 -0700] "GET /commodity/racing/nordic172022977275 HTTP/1.1" 200 3956 "-" "Mozilla/5.0 (compatible; SemrushBot/7~bl; +http://www.semrush.com/bot.html)" 499 **0/499286**
74.7.227.0 - - [28/Mar/2026:06:16:17 -0700] "GET /?fileloc=//usr/libexec/git-core/git-merge-one-file&path=//usr/libexec/git-core HTTP/2.0" 200 3798 "https://falcon-ia.com/?path=//usr/libexec/git-core" "Mozilla/5.0 AppleWebKit/537.36 (KHTML, like Gecko; compatible; GPTBot/1.3; +https://openai.com/gptbot)" 582 **0/582524**
216.73.216.162 - - [28/Mar/2026:06:16:18 -0700] "GET /item/4233775420?fileloc=%2Fhome%2Ffalconiapl2015%2Fpublic_html%2Fwp-links-opml.php&path=%2Fhome%2Ffalconiapl2015%2Fpublic_html HTTP/2.0" 200 3349 "-" "Mozilla/5.0 AppleWebKit/537.36 (KHTML, like Gecko; compatible; ClaudeBot/1.0; +claudebot@anthropic.com)" 505 **0/505616**
74.7.227.0 - - [28/Mar/2026:06:16:20 -0700] "GET /?path=//lib/gems/ruby HTTP/2.0" 200 2317 "https://falcon-ia.com/?path=//lib/gems" "Mozilla/5.0 AppleWebKit/537.36 (KHTML, like Gecko; compatible; GPTBot/1.3; +https://openai.com/gptbot)" 506 **0/506505**
85.208.96.212 - - [28/Mar/2026:06:16:21 -0700] "GET /commodity/fahrenheit/xvid17176875268 HTTP/1.1" 200 3956 "-" "Mozilla/5.0 (compatible; SemrushBot/7~bl; +http://www.semrush.com/bot.html)" 516 **0/516987**
216.73.216.162 - - [28/Mar/2026:06:16:21 -0700] "GET /item/81269748?fileloc=%2Fhome%2Ffalconiapl2015%2Fcache%2Fcache_a3150f71de25b73c331b3ff4b9b011d0&path=%2Fhome%2Ffalconiapl2015%2Fcache HTTP/2.0" 200 2273 "-" "Mozilla/5.0 AppleWebKit/537.36 (KHTML, like Gecko; compatible; ClaudeBot/1.0; +claudebot@anthropic.com)" 517 **0/517088**
74.7.227.0 - - [28/Mar/2026:06:16:23 -0700] "GET /?path=//lib/locale/en_GB.iso885915 HTTP/2.0" 200 2997 "https://falcon-ia.com/?path=//lib/locale" "Mozilla/5.0 AppleWebKit/537.36 (KHTML, like Gecko; compatible; GPTBot/1.3; +https://openai.com/gptbot)" 520 **0/520842**
216.73.216.162 - - [28/Mar/2026:06:16:24 -0700] "GET /item/2783949908?fileloc=%2Fhome%2Ffalconiapl2015%2Fpublic_html%2Ferror_log&path=%2Fhome%2Ffalconiapl2015%2Fpublic_html HTTP/2.0" 200 2398 "-" "Mozilla/5.0 AppleWebKit/537.36 (KHTML, like Gecko; compatible; ClaudeBot/1.0; +claudebot@anthropic.com)" 519 **0/519745**
85.208.96.202 - - [28/Mar/2026:06:16:25 -0700] "GET /commodity/stripper/kuwait17184464084 HTTP/1.1" 200 3956 "-" "Mozilla/5.0 (compatible; SemrushBot/7~bl; +http://www.semrush.com/bot.html)" 501 **0/501042**
74.7.227.0 - - [28/Mar/2026:06:16:26 -0700] "GET /?path=//lib/locale/en_US.iso885915 HTTP/2.0" 200 3002 "https://falcon-ia.com/?path=//lib/locale" "Mozilla/5.0 AppleWebKit/537.36 (KHTML, like Gecko; compatible; GPTBot/1.3; +https://openai.com/gptbot)" 492 **0/492865**
216.73.216.162 - - [28/Mar/2026:06:16:27 -0700] "GET /item/3668803593?fileloc=%2Fhome%2Ffalconiapl2015%2Fpublic_html%2Fwp-admin%2Fsite-health-info.php&path=%2Fhome%2Ffalconiapl2015%2Fpublic_html%2Fwp-admin HTTP/2.0" 200 3816 "-" "Mozilla/5.0 AppleWebKit/537.36 (KHTML, like Gecko; compatible; ClaudeBot/1.0; +claudebot@anthropic.com)" 498 **0/498238**
74.7.227.0 - - [28/Mar/2026:06:16:29 -0700] "GET /?fileloc=//usr/include/nss.h&path=//usr/include HTTP/2.0" 200 3206 "https://falcon-ia.com/?path=//usr/include" "Mozilla/5.0 AppleWebKit/537.36 (KHTML, like Gecko; compatible; GPTBot/1.3; +https://openai.com/gptbot)" 505 **0/505847**
85.208.96.194 - - [28/Mar/2026:06:16:30 -0700] "GET /commodity/offence/defeated172022915659 HTTP/1.1" 200 3956 "-" "Mozilla/5.0 (compatible; SemrushBot/7~bl; +http://www.semrush.com/bot.html)" 503 **0/503555**
216.73.216.162 - - [28/Mar/2026:06:16:30 -0700] "GET /item/2988584785?fileloc=%2Fhome%2Ffalconiapl2015%2Fpublic_html%2Freadme.html&path=%2Fhome%2Ffalconiapl2015%2Fpublic_html HTTP/2.0" 200 5152 "-" "Mozilla/5.0 AppleWebKit/537.36 (KHTML, like Gecko; compatible; ClaudeBot/1.0; +claudebot@anthropic.com)" 513 **0/513894**
74.7.227.0 - - [28/Mar/2026:06:16:33 -0700] "GET /?fileloc=//usr/include/tic.h&path=//usr/include HTTP/2.0" 200 6943 "https://falcon-ia.com/?path=//usr/include" "Mozilla/5.0 AppleWebKit/537.36 (KHTML, like Gecko; compatible; GPTBot/1.3; +https://openai.com/gptbot)" 517 **0/517917**
216.73.216.162 - - [28/Mar/2026:06:16:33 -0700] "GET /item/1493666666?fileloc=%2Fhome%2Ffalconiapl2015%2Fpublic_html%2F.easyssl_backup%2Findex.html&path=%2Fhome%2Ffalconiapl2015%2Fpublic_html%2F.easyssl_backup HTTP/2.0" 200 2273 "-" "Mozilla/5.0 AppleWebKit/537.36 (KHTML, like Gecko; compatible; ClaudeBot/1.0; +claudebot@anthropic.com)" 481 **0/481149**
185.191.171.9 - - [28/Mar/2026:06:16:34 -0700] "GET /commodity/previews/tutorials171621370172 HTTP/1.1" 200 3956 "-" "Mozilla/5.0 (compatible; SemrushBot/7~bl; +http://www.semrush.com/bot.html)" 489 **0/489806**
74.7.227.0 - - [28/Mar/2026:06:16:36 -0700] "GET /?fileloc=//usr/include/elf.h&path=//usr/include HTTP/2.0" 200 40291 "https://falcon-ia.com/?path=//usr/include" "Mozilla/5.0 AppleWebKit/537.36 (KHTML, like Gecko; compatible; GPTBot/1.3; +https://openai.com/gptbot)" 528 **0/528209**
216.73.216.162 - - [28/Mar/2026:06:16:36 -0700] "GET /item/961043324?path=%2Fhome%2Ffalconiapl2015%2Fpublic_html%2F.well-known%2Facme-challenge HTTP/2.0" 200 2790 "-" "Mozilla/5.0 AppleWebKit/537.36 (KHTML, like Gecko; compatible; ClaudeBot/1.0; +claudebot@anthropic.com)" 484 **0/484575**
114.119.136.15 - - [28/Mar/2026:06:16:38 -0700] "GET /commodity/transexuals/harris17163462101?fileloc=/home/falconiapl2015/public_html/robots.txt&path=/home/falconiapl2015/public_html HTTP/1.1" 200 2531 "https://falcon-ia.com/commodity/transexuals/harris17163462101" "Mozilla/5.0 (Linux; Android 7.0;) AppleWebKit/537.36 (KHTML, like Gecko) Mobile Safari/537.36 (compatible; PetalBot;+https://webmaster.petalsearch.com/site/petalbot)" 513 **0/513113**
216.73.216.162 - - [28/Mar/2026:06:16:39 -0700] "GET /item/763925598?fileloc=%2Fhome%2Ffalconiapl2015%2Fpublic_html%2Freadme.html&path=%2Fhome%2Ffalconiapl2015%2Fpublic_html HTTP/2.0" 200 5152 "-" "Mozilla/5.0 AppleWebKit/537.36 (KHTML, like Gecko; compatible; ClaudeBot/1.0; +claudebot@anthropic.com)" 506 **0/506461**
85.208.96.202 - - [28/Mar/2026:06:16:39 -0700] "GET /commodity/thereto/another171763698951 HTTP/1.1" 200 3956 "-" "Mozilla/5.0 (compatible; SemrushBot/7~bl; +http://www.semrush.com/bot.html)" 519 **0/519182**
74.7.227.0 - - [28/Mar/2026:06:16:39 -0700] "GET /?fileloc=//usr/include/eti.h&path=//usr/include HTTP/2.0" 200 3346 "https://falcon-ia.com/?path=//usr/include" "Mozilla/5.0 AppleWebKit/537.36 (KHTML, like Gecko; compatible; GPTBot/1.3; +https://openai.com/gptbot)" 511 **0/511761**
216.73.216.162 - - [28/Mar/2026:06:16:42 -0700] "GET /item/1052096642?fileloc=%2Fhome%2Ffalconiapl2015%2Fpublic_html%2Freadme.html&path=%2Fhome%2Ffalconiapl2015%2Fpublic_html HTTP/2.0" 200 5152 "-" "Mozilla/5.0 AppleWebKit/537.36 (KHTML, like Gecko; compatible; ClaudeBot/1.0; +claudebot@anthropic.com)" 502 **0/502941**
74.7.227.0 - - [28/Mar/2026:06:16:42 -0700] "GET /?fileloc=//usr/include/err.h&path=//usr/include HTTP/2.0" 200 3029 "https://falcon-ia.com/?path=//usr/include" "Mozilla/5.0 AppleWebKit/537.36 (KHTML, like Gecko; compatible; GPTBot/1.3; +https://openai.com/gptbot)" 551 **0/551911**
85.208.96.209 - - [28/Mar/2026:06:16:43 -0700] "GET /commodity/guild/microphones172135749569 HTTP/1.1" 200 3956 "-" "Mozilla/5.0 (compatible; SemrushBot/7~bl; +http://www.semrush.com/bot.html)" 483 **0/483956**
216.73.216.162 - - [28/Mar/2026:06:16:45 -0700] "GET /item/788457145?fileloc=%2Fhome%2Ffalconiapl2015%2Fpublic_html%2Fwp-includes%2Fblock-supports%2Faria-label.php&path=%2Fhome%2Ffalconiapl2015%2Fpublic_html%2Fwp-includes%2Fblock-supports HTTP/2.0" 200 2747 "-" "Mozilla/5.0 AppleWebKit/537.36 (KHTML, like Gecko; compatible; ClaudeBot/1.0; +claudebot@anthropic.com)" 492 **0/492748**
74.7.227.0 - - [28/Mar/2026:06:16:45 -0700] "GET /?fileloc=//usr/lib64/python3.12/__pycache__/calendar.cpython-312.pyc&path=//usr/lib64/python3.12/__pycache__ HTTP/2.0" 200 16603 "https://falcon-ia.com/?path=//usr/lib64/python3.12/__pycache__" "Mozilla/5.0 AppleWebKit/537.36 (KHTML, like Gecko; compatible; GPTBot/1.3; +https://openai.com/gptbot)" 514 **0/514855**
216.73.216.162 - - [28/Mar/2026:06:16:48 -0700] "GET /item/1421875278?fileloc=%2Fhome%2Ffalconiapl2015%2Fpublic_html%2Fwp-admin%2Fimages%2Findex.php&path=%2Fhome%2Ffalconiapl2015%2Fpublic_html%2Fwp-admin%2Fimages HTTP/2.0" 200 2278 "-" "Mozilla/5.0 AppleWebKit/537.36 (KHTML, like Gecko; compatible; ClaudeBot/1.0; +claudebot@anthropic.com)" 525 **0/525730**
85.208.96.202 - - [28/Mar/2026:06:16:48 -0700] "GET /commodity/reynolds/suited17169123353 HTTP/1.1" 200 3956 "-" "Mozilla/5.0 (compatible; SemrushBot/7~bl; +http://www.semrush.com/bot.html)" 502 **0/502217**
74.7.227.0 - - [28/Mar/2026:06:16:48 -0700] "GET /?path=//usr/lib64/python3.6/pydoc_data/__pycache__ HTTP/2.0" 200 2730 "https://falcon-ia.com/?path=//usr/lib64/python3.6/pydoc_data" "Mozilla/5.0 AppleWebKit/537.36 (KHTML, like Gecko; compatible; GPTBot/1.3; +https://openai.com/gptbot)" 501 **0/501788**
74.7.227.0 - - [28/Mar/2026:06:16:51 -0700] "GET /?path=//usr/lib64/python2.7/email/mime HTTP/2.0" 200 3121 "https://falcon-ia.com/?path=//usr/lib64/python2.7/email" "Mozilla/5.0 AppleWebKit/537.36 (KHTML, like Gecko; compatible; GPTBot/1.3; +https://openai.com/gptbot)" 519 **0/519341**
216.73.216.162 - - [28/Mar/2026:06:16:52 -0700] "GET /item/1963668968?fileloc=%2Fhome%2Ffalconiapl2015%2Fpublic_html%2Fwp-mail.php&path=%2Fhome%2Ffalconiapl2015%2Fpublic_html HTTP/2.0" 200 5289 "-" "Mozilla/5.0 AppleWebKit/537.36 (KHTML, like Gecko; compatible; ClaudeBot/1.0; +claudebot@anthropic.com)" 516 **0/516134**
216.73.216.162 - - [28/Mar/2026:06:16:54 -0700] "GET /item/1527957511?fileloc=%2Fhome%2Ffalconiapl2015%2Fpublic_html%2Fwp-includes%2Fjs%2Fswfobject.min.js&path=%2Fhome%2Ffalconiapl2015%2Fpublic_html%2Fwp-includes%2Fjs HTTP/2.0" 200 2304 "-" "Mozilla/5.0 AppleWebKit/537.36 (KHTML, like Gecko; compatible; ClaudeBot/1.0; +claudebot@anthropic.com)" 525 **0/525104**
74.7.227.0 - - [28/Mar/2026:06:16:54 -0700] "GET /?fileloc=//usr/include/langinfo.h&path=//usr/include HTTP/2.0" 200 6341 "https://falcon-ia.com/?path=//usr/include" "Mozilla/5.0 AppleWebKit/537.36 (KHTML, like Gecko; compatible; GPTBot/1.3; +https://openai.com/gptbot)" 505 **0/505583**
216.73.216.162 - - [28/Mar/2026:06:16:57 -0700] "GET /item/4139897546?fileloc=%2Fhome%2Ffalconiapl2015%2Fpublic_html%2Ftxets.php&path=%2Fhome%2Ffalconiapl2015%2Fpublic_html HTTP/2.0" 200 2298 "-" "Mozilla/5.0 AppleWebKit/537.36 (KHTML, like Gecko; compatible; ClaudeBot/1.0; +claudebot@anthropic.com)" 500 **0/500840**
74.7.227.0 - - [28/Mar/2026:06:16:58 -0700] "GET /?fileloc=//usr/include/inttypes.h&path=//usr/include HTTP/2.0" 200 4431 "https://falcon-ia.com/?path=//usr/include" "Mozilla/5.0 AppleWebKit/537.36 (KHTML, like Gecko; compatible; GPTBot/1.3; +https://openai.com/gptbot)" 499 **0/499270**
216.73.216.162 - - [28/Mar/2026:06:17:00 -0700] "GET /item/2026427607?fileloc=%2F%2Flib64%2Flibpanel.so.6.1&path=%2F%2Flib64 HTTP/2.0" 200 7243 "-" "Mozilla/5.0 AppleWebKit/537.36 (KHTML, like Gecko; compatible; ClaudeBot/1.0; +claudebot@anthropic.com)" 555 **0/555509**
74.7.227.0 - - [28/Mar/2026:06:17:01 -0700] "GET /?fileloc=//usr/include/keyutils.h&path=//usr/include HTTP/2.0" 200 4375 "https://falcon-ia.com/?path=//usr/include" "Mozilla/5.0 AppleWebKit/537.36 (KHTML, like Gecko; compatible; GPTBot/1.3; +https://openai.com/gptbot)" 572 **0/572432**
216.73.216.162 - - [28/Mar/2026:06:17:03 -0700] "GET /item/1926869326?fileloc=%2Fhome%2Ffalconiapl2015%2Fpublic_html%2Fwp-includes%2F.htaccess&path=%2Fhome%2Ffalconiapl2015%2Fpublic_html%2Fwp-includes HTTP/2.0" 200 2371 "-" "Mozilla/5.0 AppleWebKit/537.36 (KHTML, like Gecko; compatible; ClaudeBot/1.0; +claudebot@anthropic.com)" 567 **0/567898**
74.7.227.0 - - [28/Mar/2026:06:17:04 -0700] "GET /?fileloc=//usr/include/tiffvers.h&path=//usr/include HTTP/2.0" 200 2476 "https://falcon-ia.com/?path=//usr/include" "Mozilla/5.0 AppleWebKit/537.36 (KHTML, like Gecko; compatible; GPTBot/1.3; +https://openai.com/gptbot)" 581 **0/581182**
216.73.216.162 - - [28/Mar/2026:06:17:06 -0700] "GET /item/3377275916?fileloc=%2Fhome%2Ffalconiapl2015%2Fpublic_html%2Fwp-includes%2Fglobal-styles-and-settings.php&path=%2Fhome%2Ffalconiapl2015%2Fpublic_html%2Fwp-includes HTTP/2.0" 200 7716 "-" "Mozilla/5.0 AppleWebKit/537.36 (KHTML, like Gecko; compatible; ClaudeBot/1.0; +claudebot@anthropic.com)" 574 **0/574671**
74.7.227.0 - - [28/Mar/2026:06:17:07 -0700] "GET /?fileloc=//usr/include/nl_types.h&path=//usr/include HTTP/2.0" 200 3114 "https://falcon-ia.com/?path=//usr/include" "Mozilla/5.0 AppleWebKit/537.36 (KHTML, like Gecko; compatible; GPTBot/1.3; +https://openai.com/gptbot)" 495 **0/495246**
216.73.216.162 - - [28/Mar/2026:06:17:09 -0700] "GET /item/1363216000?fileloc=%2F%2Flib64%2Flibreadline.so.7.0&path=%2F%2Flib64 HTTP/2.0" 200 112988 "-" "Mozilla/5.0 AppleWebKit/537.36 (KHTML, like Gecko; compatible; ClaudeBot/1.0; +claudebot@anthropic.com)" 589 **0/589643**
74.7.227.0 - - [28/Mar/2026:06:17:10 -0700] "GET /?fileloc=//usr/include/tiffio.hxx&path=//usr/include HTTP/2.0" 200 3174 "https://falcon-ia.com/?path=//usr/include" "Mozilla/5.0 AppleWebKit/537.36 (KHTML, like Gecko; compatible; GPTBot/1.3; +https://openai.com/gptbot)" 515 **0/515885**
216.73.216.162 - - [28/Mar/2026:06:17:12 -0700] "GET /item/2241872231?fileloc=%2Fhome%2Ffalconiapl2015%2Fpublic_html%2Fwp-load.php&path=%2Fhome%2Ffalconiapl2015%2Fpublic_html HTTP/2.0" 200 3855 "-" "Mozilla/5.0 AppleWebKit/537.36 (KHTML, like Gecko; compatible; ClaudeBot/1.0; +claudebot@anthropic.com)" 505 **0/505753**
66.249.74.130 - - [28/Mar/2026:06:17:11 -0700] "GET /content.php?commodity/riding/tubes1717667268 HTTP/1.1" 403 26971 "-" "Mozilla/5.0 (Linux; Android 6.0.1; Nexus 5X Build/MMB29P) AppleWebKit/537.36 (KHTML, like Gecko) Chrome/146.0.7680.153 Mobile Safari/537.36 (compatible; Googlebot/2.1; +http://www.google.com/bot.html)" 1643 **1/1643412**
74.7.227.0 - - [28/Mar/2026:06:17:13 -0700] "GET /?fileloc=//usr/include/sysexits.h&path=//usr/include HTTP/2.0" 200 4562 "https://falcon-ia.com/?path=//usr/include" "Mozilla/5.0 AppleWebKit/537.36 (KHTML, like Gecko; compatible; GPTBot/1.3; +https://openai.com/gptbot)" 497 **0/497553**
216.73.216.162 - - [28/Mar/2026:06:17:15 -0700] "GET /item/1392896286?fileloc=%2Fhome%2Ffalconiapl2015%2Fpublic_html%2Fwp-activate.php&path=%2Fhome%2Ffalconiapl2015%2Fpublic_html HTTP/2.0" 200 4672 "-" "Mozilla/5.0 AppleWebKit/537.36 (KHTML, like Gecko; compatible; ClaudeBot/1.0; +claudebot@anthropic.com)" 514 **0/514600**
74.7.227.0 - - [28/Mar/2026:06:17:17 -0700] "GET /?path=//usr/lib64/ImageMagick-6.9.13 HTTP/2.0" 200 2604 "https://falcon-ia.com/?path=//usr/lib64" "Mozilla/5.0 AppleWebKit/537.36 (KHTML, like Gecko; compatible; GPTBot/1.3; +https://openai.com/gptbot)" 509 **0/509737**
216.73.216.162 - - [28/Mar/2026:06:17:18 -0700] "GET /item/2026427607?fileloc=%2F%2Flib64%2Flibkrb5.so&path=%2F%2Flib64 HTTP/2.0" 200 294247 "-" "Mozilla/5.0 AppleWebKit/537.36 (KHTML, like Gecko; compatible; ClaudeBot/1.0; +claudebot@anthropic.com)" 624 **0/624711**
74.7.227.0 - - [28/Mar/2026:06:17:20 -0700] "GET /?path=//usr/lib64/python3.12/xml/etree HTTP/2.0" 200 2803 "https://falcon-ia.com/?path=//usr/lib64/python3.12/xml" "Mozilla/5.0 AppleWebKit/537.36 (KHTML, like Gecko; compatible; GPTBot/1.3; +https://openai.com/gptbot)" 488 **0/488977**
216.73.216.162 - - [28/Mar/2026:06:17:21 -0700] "GET /item/205359608?fileloc=%2Fhome%2Ffalconiapl2015%2Fpublic_html%2Fwp-trackback.php&path=%2Fhome%2Ffalconiapl2015%2Fpublic_html HTTP/2.0" 200 4108 "-" "Mozilla/5.0 AppleWebKit/537.36 (KHTML, like Gecko; compatible; ClaudeBot/1.0; +claudebot@anthropic.com)" 511 **0/511171**
74.7.227.0 - - [28/Mar/2026:06:17:23 -0700] "GET /?fileloc=//usr/include/tar.h&path=//usr/include HTTP/2.0" 200 3946 "https://falcon-ia.com/?path=//usr/include" "Mozilla/5.0 AppleWebKit/537.36 (KHTML, like Gecko; compatible; GPTBot/1.3; +https://openai.com/gptbot)" 496 **0/496197**
216.73.216.162 - - [28/Mar/2026:06:17:24 -0700] "GET /item/2105062828?fileloc=%2Fhome%2Ffalconiapl2015%2Fpublic_html%2Fwp-settings.php&path=%2Fhome%2Ffalconiapl2015%2Fpublic_html HTTP/2.0" 200 8340 "-" "Mozilla/5.0 AppleWebKit/537.36 (KHTML, like Gecko; compatible; ClaudeBot/1.0; +claudebot@anthropic.com)" 494 **0/494100**
74.7.227.0 - - [28/Mar/2026:06:17:26 -0700] "GET /?fileloc=//usr/include/tld.h&path=//usr/include HTTP/2.0" 200 3873 "https://falcon-ia.com/?path=//usr/include" "Mozilla/5.0 AppleWebKit/537.36 (KHTML, like Gecko; compatible; GPTBot/1.3; +https://openai.com/gptbot)" 492 **0/492572**
216.73.216.162 - - [28/Mar/2026:06:17:27 -0700] "GET /item/2026427607?fileloc=%2F%2Flib64%2Flibpcap.so.1.9.1&path=%2F%2Flib64 HTTP/2.0" 403 3449 "-" "Mozilla/5.0 AppleWebKit/537.36 (KHTML, like Gecko; compatible; ClaudeBot/1.0; +claudebot@anthropic.com)" 573 **0/573654**
74.7.227.0 - - [28/Mar/2026:06:17:29 -0700] "GET /?fileloc=//usr/include/aio.h&path=//usr/include HTTP/2.0" 200 4333 "https://falcon-ia.com/?path=//usr/include" "Mozilla/5.0 AppleWebKit/537.36 (KHTML, like Gecko; compatible; GPTBot/1.3; +https://openai.com/gptbot)" 495 **0/495560**
216.73.216.162 - - [28/Mar/2026:06:17:30 -0700] "GET /item/1463058645?fileloc=%2Fhome%2Ffalconiapl2015%2Fpublic_html%2Fwp-settings.php&path=%2Fhome%2Ffalconiapl2015%2Fpublic_html HTTP/2.0" 403 3449 "-" "Mozilla/5.0 AppleWebKit/537.36 (KHTML, like Gecko; compatible; ClaudeBot/1.0; +claudebot@anthropic.com)" 515 **0/515857**
74.7.227.0 - - [28/Mar/2026:06:17:32 -0700] "GET /?fileloc=//usr/include/fts.h&path=//usr/include HTTP/2.0" 200 5004 "https://falcon-ia.com/?path=//usr/include" "Mozilla/5.0 AppleWebKit/537.36 (KHTML, like Gecko; compatible; GPTBot/1.3; +https://openai.com/gptbot)" 515 **0/515809**
216.73.216.162 - - [28/Mar/2026:06:17:33 -0700] "GET /item/202403710?fileloc=%2Fhome%2Ffalconiapl2015%2Fpublic_html%2Fwp-activate.php&path=%2Fhome%2Ffalconiapl2015%2Fpublic_html HTTP/2.0" 403 3449 "-" "Mozilla/5.0 AppleWebKit/537.36 (KHTML, like Gecko; compatible; ClaudeBot/1.0; +claudebot@anthropic.com)" 505 **0/505662**
74.7.227.0 - - [28/Mar/2026:06:17:35 -0700] "GET /?path=//lib/tmpfiles.d HTTP/2.0" 200 3444 "https://falcon-ia.com/?path=//lib" "Mozilla/5.0 AppleWebKit/537.36 (KHTML, like Gecko; compatible; GPTBot/1.3; +https://openai.com/gptbot)" 540 **0/540398**
216.73.216.162 - - [28/Mar/2026:06:17:36 -0700] "GET /item/2627525527?fileloc=%2Fhome%2Ffalconiapl2015%2Fpublic_html%2Fwp-load.php&path=%2Fhome%2Ffalconiapl2015%2Fpublic_html HTTP/2.0" 403 3449 "-" "Mozilla/5.0 AppleWebKit/537.36 (KHTML, like Gecko; compatible; ClaudeBot/1.0; +claudebot@anthropic.com)" 522 **0/522503**
74.7.227.0 - - [28/Mar/2026:06:17:38 -0700] "GET /?path=//lib/modprobe.d HTTP/2.0" 200 2615 "https://falcon-ia.com/?path=//lib" "Mozilla/5.0 AppleWebKit/537.36 (KHTML, like Gecko; compatible; GPTBot/1.3; +https://openai.com/gptbot)" 509 **0/509743**
216.73.216.162 - - [28/Mar/2026:06:17:39 -0700] "GET /item/3455542928?fileloc=%2Fhome%2Ffalconiapl2015%2Fpublic_html%2Fwp-settings.php&path=%2Fhome%2Ffalconiapl2015%2Fpublic_html HTTP/2.0" 403 3449 "-" "Mozilla/5.0 AppleWebKit/537.36 (KHTML, like Gecko; compatible; ClaudeBot/1.0; +claudebot@anthropic.com)" 571 **0/571223**
74.7.227.0 - - [28/Mar/2026:06:17:41 -0700] "GET /?path=//lib/sysusers.d HTTP/2.0" 200 2660 "https://falcon-ia.com/?path=//lib" "Mozilla/5.0 AppleWebKit/537.36 (KHTML, like Gecko; compatible; GPTBot/1.3; +https://openai.com/gptbot)" 491 **0/491931**
216.73.216.162 - - [28/Mar/2026:06:17:42 -0700] "GET /item/4282339982?path=%2Fhome%2Ffalconiapl2015%2F.sucuriquarantine HTTP/2.0" 403 3449 "-" "Mozilla/5.0 AppleWebKit/537.36 (KHTML, like Gecko; compatible; ClaudeBot/1.0; +claudebot@anthropic.com)" 497 **0/497214**
74.7.227.0 - - [28/Mar/2026:06:17:45 -0700] "GET /?path=//usr/include/X11 HTTP/2.0" 200 3756 "https://falcon-ia.com/?path=//usr/include" "Mozilla/5.0 AppleWebKit/537.36 (KHTML, like Gecko; compatible; GPTBot/1.3; +https://openai.com/gptbot)" 524 **0/524807**
216.73.216.162 - - [28/Mar/2026:06:17:45 -0700] "GET /item/2457720633?fileloc=%2Fhome%2Ffalconiapl2015%2Fpublic_html%2Fwp-settings.php&path=%2Fhome%2Ffalconiapl2015%2Fpublic_html HTTP/2.0" 403 3449 "-" "Mozilla/5.0 AppleWebKit/537.36 (KHTML, like Gecko; compatible; ClaudeBot/1.0; +claudebot@anthropic.com)" 496 **0/496035**
74.7.227.0 - - [28/Mar/2026:06:17:48 -0700] "GET /?fileloc=//usr/include/search.h&path=//usr/include HTTP/2.0" 200 4212 "https://falcon-ia.com/?path=//usr/include" "Mozilla/5.0 AppleWebKit/537.36 (KHTML, like Gecko; compatible; GPTBot/1.3; +https://openai.com/gptbot)" 497 **0/497420**
216.73.216.162 - - [28/Mar/2026:06:17:48 -0700] "GET /item/463253611?fileloc=%2Fhome%2Ffalconiapl2015%2Fpublic_html%2Fwp-activate.php&path=%2Fhome%2Ffalconiapl2015%2Fpublic_html HTTP/2.0" 403 3449 "-" "Mozilla/5.0 AppleWebKit/537.36 (KHTML, like Gecko; compatible; ClaudeBot/1.0; +claudebot@anthropic.com)" 530 **0/530047**
74.7.227.0 - - [28/Mar/2026:06:17:51 -0700] "GET /?path=//usr/lib64/python3.12/dbm/__pycache__ HTTP/2.0" 200 2872 "https://falcon-ia.com/?path=//usr/lib64/python3.12/dbm" "Mozilla/5.0 AppleWebKit/537.36 (KHTML, like Gecko; compatible; GPTBot/1.3; +https://openai.com/gptbot)" 494 **0/494564**
216.73.216.162 - - [28/Mar/2026:06:17:51 -0700] "GET /item/443660733?fileloc=%2Fhome%2Ffalconiapl2015%2Fpublic_html%2Fwp-config.php&path=%2Fhome%2Ffalconiapl2015%2Fpublic_html HTTP/2.0" 403 3449 "-" "Mozilla/5.0 AppleWebKit/537.36 (KHTML, like Gecko; compatible; ClaudeBot/1.0; +claudebot@anthropic.com)" 494 **0/494177**
74.7.227.0 - - [28/Mar/2026:06:17:54 -0700] "GET /?path=//usr/lib64/python2.7/plat-linux2 HTTP/2.0" 200 2878 "https://falcon-ia.com/?path=//usr/lib64/python2.7" "Mozilla/5.0 AppleWebKit/537.36 (KHTML, like Gecko; compatible; GPTBot/1.3; +https://openai.com/gptbot)" 493 **0/493557**
216.73.216.162 - - [28/Mar/2026:06:17:54 -0700] "GET /item/2964458889?fileloc=%2Fhome%2Ffalconiapl2015%2Fpublic_html%2Fwp-cron.php&path=%2Fhome%2Ffalconiapl2015%2Fpublic_html HTTP/2.0" 403 3449 "-" "Mozilla/5.0 AppleWebKit/537.36 (KHTML, like Gecko; compatible; ClaudeBot/1.0; +claudebot@anthropic.com)" 527 **0/527486**
216.73.216.162 - - [28/Mar/2026:06:17:57 -0700] "GET /item/2258178709?fileloc=%2Fhome%2Ffalconiapl2015%2Fpublic_html%2Fwp-settings.php&path=%2Fhome%2Ffalconiapl2015%2Fpublic_html HTTP/2.0" 403 3449 "-" "Mozilla/5.0 AppleWebKit/537.36 (KHTML, like Gecko; compatible; ClaudeBot/1.0; +claudebot@anthropic.com)" 500 **0/500344**
74.7.227.0 - - [28/Mar/2026:06:17:57 -0700] "GET /?fileloc=//usr/libexec/git-core/git-multi-pack-index&path=//usr/libexec/git-core HTTP/2.0" 200 1603087 "https://falcon-ia.com/?path=//usr/libexec/git-core" "Mozilla/5.0 AppleWebKit/537.36 (KHTML, like Gecko; compatible; GPTBot/1.3; +https://openai.com/gptbot)" 1146 **1/1146974**
216.73.216.162 - - [28/Mar/2026:06:18:00 -0700] "GET /item/34058644?fileloc=%2Fhome%2Ffalconiapl2015%2Fpublic_html%2Fwp-mail.php&path=%2Fhome%2Ffalconiapl2015%2Fpublic_html HTTP/2.0" 403 3449 "-" "Mozilla/5.0 AppleWebKit/537.36 (KHTML, like Gecko; compatible; ClaudeBot/1.0; +claudebot@anthropic.com)" 518 **0/518118**
74.7.227.0 - - [28/Mar/2026:06:18:00 -0700] "GET /?fileloc=//usr/include/mqueue.h&path=//usr/include HTTP/2.0" 200 3627 "https://falcon-ia.com/?path=//usr/include" "Mozilla/5.0 AppleWebKit/537.36 (KHTML, like Gecko; compatible; GPTBot/1.3; +https://openai.com/gptbot)" 540 **0/540416**
216.73.216.162 - - [28/Mar/2026:06:18:03 -0700] "GET /item/2071247287?fileloc=%2Fhome%2Ffalconiapl2015%2Fpublic_html%2Fwp-settings.php&path=%2Fhome%2Ffalconiapl2015%2Fpublic_html HTTP/2.0" 403 3449 "-" "Mozilla/5.0 AppleWebKit/537.36 (KHTML, like Gecko; compatible; ClaudeBot/1.0; +claudebot@anthropic.com)" 564 **0/564336**
74.7.227.0 - - [28/Mar/2026:06:18:03 -0700] "GET /?fileloc=//usr/include/pthread.h&path=//usr/include HTTP/2.0" 200 10422 "https://falcon-ia.com/?path=//usr/include" "Mozilla/5.0 AppleWebKit/537.36 (KHTML, like Gecko; compatible; GPTBot/1.3; +https://openai.com/gptbot)" 576 **0/576777**
114.119.143.130 - - [28/Mar/2026:06:18:06 -0700] "GET /commodity/town/ballet1717848487?fileloc=/home/falconiapl2015/public_html/wp-comments-post.php&path=/home/falconiapl2015/public_html HTTP/1.1" 200 3561 "https://falcon-ia.com/commodity/town/ballet1717848487" "Mozilla/5.0 (Linux; Android 7.0;) AppleWebKit/537.36 (KHTML, like Gecko) Mobile Safari/537.36 (compatible; PetalBot;+https://webmaster.petalsearch.com/site/petalbot)" 507 **0/507114**
216.73.216.162 - - [28/Mar/2026:06:18:06 -0700] "GET /item/1171899145?fileloc=%2Fhome%2Ffalconiapl2015%2Fpublic_html%2Fwp-settings.php&path=%2Fhome%2Ffalconiapl2015%2Fpublic_html HTTP/2.0" 403 3449 "-" "Mozilla/5.0 AppleWebKit/537.36 (KHTML, like Gecko; compatible; ClaudeBot/1.0; +claudebot@anthropic.com)" 505 **0/505149**
74.7.227.0 - - [28/Mar/2026:06:18:06 -0700] "GET /?fileloc=//usr/include/gssapi.h&path=//usr/include HTTP/2.0" 200 2355 "https://falcon-ia.com/?path=//usr/include" "Mozilla/5.0 AppleWebKit/537.36 (KHTML, like Gecko; compatible; GPTBot/1.3; +https://openai.com/gptbot)" 530 **0/530248**
216.73.216.162 - - [28/Mar/2026:06:18:09 -0700] "GET /item/3866008894?fileloc=%2Fhome%2Ffalconiapl2015%2Fpublic_html%2Fwp-config-sample.php&path=%2Fhome%2Ffalconiapl2015%2Fpublic_html HTTP/2.0" 200 3461 "-" "Mozilla/5.0 AppleWebKit/537.36 (KHTML, like Gecko; compatible; ClaudeBot/1.0; +claudebot@anthropic.com)" 509 **0/509511**
74.7.227.0 - - [28/Mar/2026:06:18:09 -0700] "GET /?fileloc=//usr/include/termios.h&path=//usr/include HTTP/2.0" 200 3609 "https://falcon-ia.com/?path=//usr/include" "Mozilla/5.0 AppleWebKit/537.36 (KHTML, like Gecko; compatible; GPTBot/1.3; +https://openai.com/gptbot)" 502 **0/502588**
216.73.216.162 - - [28/Mar/2026:06:18:12 -0700] "GET /item/2026427607?fileloc=%2F%2Flib64%2Flibgnutls.so.30&path=%2F%2Flib64 HTTP/2.0" 200 733305 "-" "Mozilla/5.0 AppleWebKit/537.36 (KHTML, like Gecko; compatible; ClaudeBot/1.0; +claudebot@anthropic.com)" 853 **0/853430**
74.7.227.0 - - [28/Mar/2026:06:18:13 -0700] "GET /?fileloc=//usr/include/termio.h&path=//usr/include HTTP/2.0" 200 2370 "https://falcon-ia.com/?path=//usr/include" "Mozilla/5.0 AppleWebKit/537.36 (KHTML, like Gecko; compatible; GPTBot/1.3; +https://openai.com/gptbot)" 508 **0/508547**
216.73.216.162 - - [28/Mar/2026:06:18:15 -0700] "GET /item/94807079?fileloc=%2Fhome%2Ffalconiapl2015%2Fpublic_html%2Ftxets.php&path=%2Fhome%2Ffalconiapl2015%2Fpublic_html HTTP/2.0" 200 2298 "-" "Mozilla/5.0 AppleWebKit/537.36 (KHTML, like Gecko; compatible; ClaudeBot/1.0; +claudebot@anthropic.com)" 497 **0/497392**
74.7.227.0 - - [28/Mar/2026:06:18:16 -0700] "GET /?fileloc=//usr/include/lastlog.h&path=//usr/include HTTP/2.0" 200 2340 "https://falcon-ia.com/?path=//usr/include" "Mozilla/5.0 AppleWebKit/537.36 (KHTML, like Gecko; compatible; GPTBot/1.3; +https://openai.com/gptbot)" 501 **0/501015**
17.246.19.138 - - [28/Mar/2026:06:18:17 -0700] "GET /spintime-casino-no-deposit-bonus/ HTTP/1.1" 200 3956 "-" "Mozilla/5.0 (Macintosh; Intel Mac OS X 10_15_7) AppleWebKit/605.1.15 (KHTML, like Gecko) Version/17.4 Safari/605.1.15 (Applebot/0.1; +http://www.apple.com/go/applebot)" 492 **0/492594**
216.73.216.162 - - [28/Mar/2026:06:18:18 -0700] "GET /item/3949565595?fileloc=%2Fhome%2Ffalconiapl2015%2Fpublic_html%2Fwp-content%2Findex.php&path=%2Fhome%2Ffalconiapl2015%2Fpublic_html%2Fwp-content HTTP/2.0" 200 2294 "-" "Mozilla/5.0 AppleWebKit/537.36 (KHTML, like Gecko; compatible; ClaudeBot/1.0; +claudebot@anthropic.com)" 514 **0/514538**
74.7.227.0 - - [28/Mar/2026:06:18:19 -0700] "GET /?fileloc=//usr/include/strings.h&path=//usr/include HTTP/2.0" 200 3686 "https://falcon-ia.com/?path=//usr/include" "Mozilla/5.0 AppleWebKit/537.36 (KHTML, like Gecko; compatible; GPTBot/1.3; +https://openai.com/gptbot)" 508 **0/508909**
216.73.216.162 - - [28/Mar/2026:06:18:21 -0700] "GET /item/228656237?fileloc=%2Fhome%2Ffalconiapl2015%2Fpublic_html%2Fwp-config.php&path=%2Fhome%2Ffalconiapl2015%2Fpublic_html HTTP/2.0" 200 3422 "-" "Mozilla/5.0 AppleWebKit/537.36 (KHTML, like Gecko; compatible; ClaudeBot/1.0; +claudebot@anthropic.com)" 505 **0/505781**
74.7.227.0 - - [28/Mar/2026:06:18:22 -0700] "GET /?fileloc=//usr/include/libgen.h&path=//usr/include HTTP/2.0" 200 2930 "https://falcon-ia.com/?path=//usr/include" "Mozilla/5.0 AppleWebKit/537.36 (KHTML, like Gecko; compatible; GPTBot/1.3; +https://openai.com/gptbot)" 504 **0/504355**
216.73.216.162 - - [28/Mar/2026:06:18:24 -0700] "GET /item/2071247287?fileloc=%2Fhome%2Ffalconiapl2015%2Fpublic_html%2Fwp-admin%2Fmy-sites.php&path=%2Fhome%2Ffalconiapl2015%2Fpublic_html%2Fwp-admin HTTP/2.0" 200 4202 "-" "Mozilla/5.0 AppleWebKit/537.36 (KHTML, like Gecko; compatible; ClaudeBot/1.0; +claudebot@anthropic.com)" 511 **0/511594**
74.7.227.0 - - [28/Mar/2026:06:18:25 -0700] "GET /?fileloc=//usr/include/ttyent.h&path=//usr/include HTTP/2.0" 200 3487 "https://falcon-ia.com/?path=//usr/include" "Mozilla/5.0 AppleWebKit/537.36 (KHTML, like Gecko; compatible; GPTBot/1.3; +https://openai.com/gptbot)" 501 **0/501791**
216.73.216.162 - - [28/Mar/2026:06:18:27 -0700] "GET /item/4162684901?fileloc=%2Fhome%2Ffalconiapl2015%2Fpublic_html%2Fwp-includes%2Fclass-wp-locale-switcher.php&path=%2Fhome%2Ffalconiapl2015%2Fpublic_html%2Fwp-includes HTTP/2.0" 200 4023 "-" "Mozilla/5.0 AppleWebKit/537.36 (KHTML, like Gecko; compatible; ClaudeBot/1.0; +claudebot@anthropic.com)" 498 **0/498747**
74.7.227.0 - - [28/Mar/2026:06:18:28 -0700] "GET /?fileloc=//usr/include/idn-int.h&path=//usr/include HTTP/2.0" 200 2277 "https://falcon-ia.com/?path=//usr/include" "Mozilla/5.0 AppleWebKit/537.36 (KHTML, like Gecko; compatible; GPTBot/1.3; +https://openai.com/gptbot)" 499 **0/499761**
216.73.216.162 - - [28/Mar/2026:06:18:30 -0700] "GET /item/3018710805?fileloc=%2Fhome%2Ffalconiapl2015%2Fpublic_html%2Fwp-includes%2Fjs%2F.htaccess&path=%2Fhome%2Ffalconiapl2015%2Fpublic_html%2Fwp-includes%2Fjs HTTP/2.0" 200 2381 "-" "Mozilla/5.0 AppleWebKit/537.36 (KHTML, like Gecko; compatible; ClaudeBot/1.0; +claudebot@anthropic.com)" 496 **0/496387**
74.7.227.0 - - [28/Mar/2026:06:18:32 -0700] "GET /?fileloc=//usr/include/gdcache.h&path=//usr/include HTTP/2.0" 200 3211 "https://falcon-ia.com/?path=//usr/include" "Mozilla/5.0 AppleWebKit/537.36 (KHTML, like Gecko; compatible; GPTBot/1.3; +https://openai.com/gptbot)" 527 **0/527276**
216.73.216.162 - - [28/Mar/2026:06:18:33 -0700] "GET /item/2050959186?fileloc=%2Fhome%2Ffalconiapl2015%2Fpublic_html%2Fwp-load.php&path=%2Fhome%2Ffalconiapl2015%2Fpublic_html HTTP/2.0" 200 3855 "-" "Mozilla/5.0 AppleWebKit/537.36 (KHTML, like Gecko; compatible; ClaudeBot/1.0; +claudebot@anthropic.com)" 505 **0/505126**
74.7.227.0 - - [28/Mar/2026:06:18:35 -0700] "GET /?fileloc=//usr/include/mcheck.h&path=//usr/include HTTP/2.0" 200 3307 "https://falcon-ia.com/?path=//usr/include" "Mozilla/5.0 AppleWebKit/537.36 (KHTML, like Gecko; compatible; GPTBot/1.3; +https://openai.com/gptbot)" 513 **0/513973**
216.73.216.162 - - [28/Mar/2026:06:18:36 -0700] "GET /item/3133363481?fileloc=%2Fhome%2Ffalconiapl2015%2Fpublic_html%2Fwp-activate.php&path=%2Fhome%2Ffalconiapl2015%2Fpublic_html HTTP/2.0" 200 4672 "-" "Mozilla/5.0 AppleWebKit/537.36 (KHTML, like Gecko; compatible; ClaudeBot/1.0; +claudebot@anthropic.com)" 526 **0/526346**
74.7.227.0 - - [28/Mar/2026:06:18:38 -0700] "GET /?fileloc=//usr/include/signal.h&path=//usr/include HTTP/2.0" 200 5761 "https://falcon-ia.com/?path=//usr/include" "Mozilla/5.0 AppleWebKit/537.36 (KHTML, like Gecko; compatible; GPTBot/1.3; +https://openai.com/gptbot)" 524 **0/524571**
216.73.216.162 - - [28/Mar/2026:06:18:39 -0700] "GET /item/2289070717?fileloc=%2Fhome%2Ffalconiapl2015%2Fpublic_html%2Fwp-config-sample.php&path=%2Fhome%2Ffalconiapl2015%2Fpublic_html HTTP/2.0" 200 3461 "-" "Mozilla/5.0 AppleWebKit/537.36 (KHTML, like Gecko; compatible; ClaudeBot/1.0; +claudebot@anthropic.com)" 510 **0/510840**
74.7.227.0 - - [28/Mar/2026:06:18:41 -0700] "GET /?fileloc=//usr/include/string.h&path=//usr/include HTTP/2.0" 200 6095 "https://falcon-ia.com/?path=//usr/include" "Mozilla/5.0 AppleWebKit/537.36 (KHTML, like Gecko; compatible; GPTBot/1.3; +https://openai.com/gptbot)" 505 **0/505739**
216.73.216.162 - - [28/Mar/2026:06:18:42 -0700] "GET /item/2098730225?fileloc=%2Fhome%2Ffalconiapl2015%2Fpublic_html%2Fwp-activate.php&path=%2Fhome%2Ffalconiapl2015%2Fpublic_html HTTP/2.0" 200 4672 "-" "Mozilla/5.0 AppleWebKit/537.36 (KHTML, like Gecko; compatible; ClaudeBot/1.0; +claudebot@anthropic.com)" 513 **0/513301**
74.7.227.0 - - [28/Mar/2026:06:18:44 -0700] "GET /?fileloc=//usr/include/libaio.h&path=//usr/include HTTP/2.0" 200 4460 "https://falcon-ia.com/?path=//usr/include" "Mozilla/5.0 AppleWebKit/537.36 (KHTML, like Gecko; compatible; GPTBot/1.3; +https://openai.com/gptbot)" 515 **0/515996**
216.73.216.162 - - [28/Mar/2026:06:18:45 -0700] "GET /item/834788858?fileloc=%2Fhome%2Ffalconiapl2015%2Fpublic_html%2Fwp-settings.php&path=%2Fhome%2Ffalconiapl2015%2Fpublic_html HTTP/2.0" 200 8340 "-" "Mozilla/5.0 AppleWebKit/537.36 (KHTML, like Gecko; compatible; ClaudeBot/1.0; +claudebot@anthropic.com)" 494 **0/494611**
74.7.227.0 - - [28/Mar/2026:06:18:47 -0700] "GET /?fileloc=//usr/include/mntent.h&path=//usr/include HTTP/2.0" 200 3677 "https://falcon-ia.com/?path=//usr/include" "Mozilla/5.0 AppleWebKit/537.36 (KHTML, like Gecko; compatible; GPTBot/1.3; +https://openai.com/gptbot)" 490 **0/490633**
216.73.216.162 - - [28/Mar/2026:06:18:48 -0700] "GET /item/4153129618?fileloc=%2Fhome%2Ffalconiapl2015%2Fpublic_html%2Fwp-settings.php&path=%2Fhome%2Ffalconiapl2015%2Fpublic_html HTTP/2.0" 200 8340 "-" "Mozilla/5.0 AppleWebKit/537.36 (KHTML, like Gecko; compatible; ClaudeBot/1.0; +claudebot@anthropic.com)" 506 **0/506231**
74.7.227.0 - - [28/Mar/2026:06:18:51 -0700] "GET /?fileloc=//usr/include/resolv.h&path=//usr/include HTTP/2.0" 200 6057 "https://falcon-ia.com/?path=//usr/include" "Mozilla/5.0 AppleWebKit/537.36 (KHTML, like Gecko; compatible; GPTBot/1.3; +https://openai.com/gptbot)" 510 **0/510561**
216.73.216.162 - - [28/Mar/2026:06:18:51 -0700] "GET /item/1805203664?path=%2Fhome%2Ffalconiapl2015%2Fpublic_ftp%2Fincoming HTTP/2.0" 200 2320 "-" "Mozilla/5.0 AppleWebKit/537.36 (KHTML, like Gecko; compatible; ClaudeBot/1.0; +claudebot@anthropic.com)" 508 **0/508159**
74.7.227.0 - - [28/Mar/2026:06:18:54 -0700] "GET /?path=//usr/lib64/python3.6/wsgiref HTTP/2.0" 200 2823 "https://falcon-ia.com/?path=//usr/lib64/python3.6" "Mozilla/5.0 AppleWebKit/537.36 (KHTML, like Gecko; compatible; GPTBot/1.3; +https://openai.com/gptbot)" 498 **0/498207**
216.73.216.162 - - [28/Mar/2026:06:18:54 -0700] "GET /item/405461483?fileloc=%2Fhome%2Ffalconiapl2015%2Fpublic_html%2Fwp-trackback.php&path=%2Fhome%2Ffalconiapl2015%2Fpublic_html HTTP/2.0" 200 4108 "-" "Mozilla/5.0 AppleWebKit/537.36 (KHTML, like Gecko; compatible; ClaudeBot/1.0; +claudebot@anthropic.com)" 500 **0/500924**
74.7.227.0 - - [28/Mar/2026:06:18:57 -0700] "GET /?fileloc=//usr/sbin/dnssec-coverage&path=//usr/sbin HTTP/2.0" 200 2679 "https://falcon-ia.com/?path=//usr/sbin" "Mozilla/5.0 AppleWebKit/537.36 (KHTML, like Gecko; compatible; GPTBot/1.3; +https://openai.com/gptbot)" 496 **0/496570**
216.73.216.162 - - [28/Mar/2026:06:18:57 -0700] "GET /item/3215007198?fileloc=%2Fhome%2Ffalconiapl2015%2Fpublic_html%2Fwp-settings.php&path=%2Fhome%2Ffalconiapl2015%2Fpublic_html HTTP/2.0" 200 8340 "-" "Mozilla/5.0 AppleWebKit/537.36 (KHTML, like Gecko; compatible; ClaudeBot/1.0; +claudebot@anthropic.com)" 510 **0/510970**
185.191.171.17 - - [28/Mar/2026:06:18:58 -0700] "GET /commodity/online/mock1720112600175 HTTP/1.1" 200 3956 "-" "Mozilla/5.0 (compatible; SemrushBot/7~bl; +http://www.semrush.com/bot.html)" 500 **0/500182**
216.73.216.162 - - [28/Mar/2026:06:19:00 -0700] "GET /item/4247680944?fileloc=%2Fhome%2Ffalconiapl2015%2Fpublic_html%2Fwp-config.php&path=%2Fhome%2Ffalconiapl2015%2Fpublic_html HTTP/2.0" 200 3422 "-" "Mozilla/5.0 AppleWebKit/537.36 (KHTML, like Gecko; compatible; ClaudeBot/1.0; +claudebot@anthropic.com)" 515 **0/515844**
74.7.227.0 - - [28/Mar/2026:06:19:00 -0700] "GET /?path=//usr/lib64/guile/2.0/ccache/web/server HTTP/2.0" 200 2617 "https://falcon-ia.com/?path=//usr/lib64/guile/2.0/ccache/web" "Mozilla/5.0 AppleWebKit/537.36 (KHTML, like Gecko; compatible; GPTBot/1.3; +https://openai.com/gptbot)" 502 **0/502062**
216.73.216.162 - - [28/Mar/2026:06:19:03 -0700] "GET /item/3563812995?fileloc=%2Fhome%2Ffalconiapl2015%2Fpublic_html%2Fwp-cron.php&path=%2Fhome%2Ffalconiapl2015%2Fpublic_html HTTP/2.0" 200 4272 "-" "Mozilla/5.0 AppleWebKit/537.36 (KHTML, like Gecko; compatible; ClaudeBot/1.0; +claudebot@anthropic.com)" 501 **0/501710**
85.208.96.195 - - [28/Mar/2026:06:19:03 -0700] "GET /commodity/happiness/seldom17163292278 HTTP/1.1" 200 3956 "-" "Mozilla/5.0 (compatible; SemrushBot/7~bl; +http://www.semrush.com/bot.html)" 537 **0/537187**
74.7.227.0 - - [28/Mar/2026:06:19:03 -0700] "GET /?path=//usr/lib64/perl5/IO HTTP/2.0" 200 2860 "https://falcon-ia.com/?path=//usr/lib64/perl5" "Mozilla/5.0 AppleWebKit/537.36 (KHTML, like Gecko; compatible; GPTBot/1.3; +https://openai.com/gptbot)" 503 **0/503312**
216.73.216.162 - - [28/Mar/2026:06:19:06 -0700] "GET /item/1643730241?fileloc=%2Fhome%2Ffalconiapl2015%2Fpublic_html%2Fwp-admin%2Fthemes.php&path=%2Fhome%2Ffalconiapl2015%2Fpublic_html%2Fwp-admin HTTP/2.0" 200 11032 "-" "Mozilla/5.0 AppleWebKit/537.36 (KHTML, like Gecko; compatible; ClaudeBot/1.0; +claudebot@anthropic.com)" 497 **0/497708**
74.7.227.0 - - [28/Mar/2026:06:19:07 -0700] "GET /?fileloc=//bin/enchant-lsmod&path=//bin HTTP/2.0" 200 6235 "https://falcon-ia.com/?path=//bin" "Mozilla/5.0 AppleWebKit/537.36 (KHTML, like Gecko; compatible; GPTBot/1.3; +https://openai.com/gptbot)" 495 **0/495464**
85.208.96.195 - - [28/Mar/2026:06:19:08 -0700] "GET /commodity/cabaret/representation17187279138 HTTP/1.1" 200 3956 "-" "Mozilla/5.0 (compatible; SemrushBot/7~bl; +http://www.semrush.com/bot.html)" 507 **0/507102**
216.73.216.162 - - [28/Mar/2026:06:19:09 -0700] "GET /item/81269748?fileloc=%2Fhome%2Ffalconiapl2015%2Fpublic_html%2Fwp-config.php&path=%2Fhome%2Ffalconiapl2015%2Fpublic_html HTTP/2.0" 200 3422 "-" "Mozilla/5.0 AppleWebKit/537.36 (KHTML, like Gecko; compatible; ClaudeBot/1.0; +claudebot@anthropic.com)" 526 **0/526264**
74.7.227.0 - - [28/Mar/2026:06:19:10 -0700] "GET /?fileloc=//usr/libexec/git-core/git-update-ref&path=//usr/libexec/git-core HTTP/2.0" 200 1603113 "https://falcon-ia.com/?path=//usr/libexec/git-core" "Mozilla/5.0 AppleWebKit/537.36 (KHTML, like Gecko; compatible; GPTBot/1.3; +https://openai.com/gptbot)" 1099 **1/1099895**
216.73.216.162 - - [28/Mar/2026:06:19:12 -0700] "GET /item/13163394?fileloc=%2Fhome%2Ffalconiapl2015%2Fpublic_html%2Fwp-trackback.php&path=%2Fhome%2Ffalconiapl2015%2Fpublic_html HTTP/2.0" 200 4108 "-" "Mozilla/5.0 AppleWebKit/537.36 (KHTML, like Gecko; compatible; ClaudeBot/1.0; +claudebot@anthropic.com)" 492 **0/492346**
185.191.171.2 - - [28/Mar/2026:06:19:12 -0700] "GET /commodity/climax/shops172141535096 HTTP/1.1" 200 3956 "-" "Mozilla/5.0 (compatible; SemrushBot/7~bl; +http://www.semrush.com/bot.html)" 487 **0/487609**
74.7.227.0 - - [28/Mar/2026:06:19:13 -0700] "GET /?fileloc=//usr/include/grp.h&path=//usr/include HTTP/2.0" 200 4006 "https://falcon-ia.com/?path=//usr/include" "Mozilla/5.0 AppleWebKit/537.36 (KHTML, like Gecko; compatible; GPTBot/1.3; +https://openai.com/gptbot)" 504 **0/504601**
66.249.74.128 - - [28/Mar/2026:06:19:14 -0700] "GET /content.php?commodity/disclosure/basement17181207772 HTTP/1.1" 403 29245 "-" "Mozilla/5.0 (Linux; Android 6.0.1; Nexus 5X Build/MMB29P) AppleWebKit/537.36 (KHTML, like Gecko) Chrome/146.0.7680.153 Mobile Safari/537.36 (compatible; Googlebot/2.1; +http://www.google.com/bot.html)" 1602 **1/1602135**
216.73.216.162 - - [28/Mar/2026:06:19:15 -0700] "GET /item/3138484001?fileloc=%2Fhome%2Ffalconiapl2015%2Fpublic_html%2Fwp-admin%2F.htaccess&path=%2Fhome%2Ffalconiapl2015%2Fpublic_html%2Fwp-admin HTTP/2.0" 200 3049 "-" "Mozilla/5.0 AppleWebKit/537.36 (KHTML, like Gecko; compatible; ClaudeBot/1.0; +claudebot@anthropic.com)" 512 **0/512079**
74.7.227.0 - - [28/Mar/2026:06:19:16 -0700] "GET /?fileloc=//usr/include/ftw.h&path=//usr/include HTTP/2.0" 200 4039 "https://falcon-ia.com/?path=//usr/include" "Mozilla/5.0 AppleWebKit/537.36 (KHTML, like Gecko; compatible; GPTBot/1.3; +https://openai.com/gptbot)" 500 **0/500019**
85.208.96.208 - - [28/Mar/2026:06:19:17 -0700] "GET /commodity/nazi/sampling172147654549 HTTP/1.1" 200 3956 "-" "Mozilla/5.0 (compatible; SemrushBot/7~bl; +http://www.semrush.com/bot.html)" 502 **0/502503**
216.73.216.162 - - [28/Mar/2026:06:19:18 -0700] "GET /item/858952228?fileloc=%2Fhome%2Ffalconiapl2015%2Fpublic_html%2Fwp-settings.php&path=%2Fhome%2Ffalconiapl2015%2Fpublic_html HTTP/2.0" 200 8340 "-" "Mozilla/5.0 AppleWebKit/537.36 (KHTML, like Gecko; compatible; ClaudeBot/1.0; +claudebot@anthropic.com)" 547 **0/547285**
74.7.227.0 - - [28/Mar/2026:06:19:19 -0700] "GET /?fileloc=//usr/include/png.h&path=//usr/include HTTP/2.0" 200 40536 "https://falcon-ia.com/?path=//usr/include" "Mozilla/5.0 AppleWebKit/537.36 (KHTML, like Gecko; compatible; GPTBot/1.3; +https://openai.com/gptbot)" 534 **0/534113**
216.73.216.162 - - [28/Mar/2026:06:19:21 -0700] "GET /item/3170447110?fileloc=%2Fhome%2Ffalconiapl2015%2Fpublic_html%2Fwp-trackback.php&path=%2Fhome%2Ffalconiapl2015%2Fpublic_html HTTP/2.0" 200 4108 "-" "Mozilla/5.0 AppleWebKit/537.36 (KHTML, like Gecko; compatible; ClaudeBot/1.0; +claudebot@anthropic.com)" 502 **0/502866**
85.208.96.201 - - [28/Mar/2026:06:19:21 -0700] "GET /commodity/functionality/chicken171665740843 HTTP/1.1" 200 3956 "-" "Mozilla/5.0 (compatible; SemrushBot/7~bl; +http://www.semrush.com/bot.html)" 484 **0/484910**
74.7.227.0 - - [28/Mar/2026:06:19:23 -0700] "GET /?fileloc=//usr/include/pwd.h&path=//usr/include HTTP/2.0" 200 3962 "https://falcon-ia.com/?path=//usr/include" "Mozilla/5.0 AppleWebKit/537.36 (KHTML, like Gecko; compatible; GPTBot/1.3; +https://openai.com/gptbot)" 499 **0/499163**
216.73.216.162 - - [28/Mar/2026:06:19:24 -0700] "GET /item/897916492?fileloc=%2Fhome%2Ffalconiapl2015%2Fpublic_html%2Fwp-mail.php&path=%2Fhome%2Ffalconiapl2015%2Fpublic_html HTTP/2.0" 200 5289 "-" "Mozilla/5.0 AppleWebKit/537.36 (KHTML, like Gecko; compatible; ClaudeBot/1.0; +claudebot@anthropic.com)" 518 **0/518211**
74.7.227.0 - - [28/Mar/2026:06:19:26 -0700] "GET /?path=//usr/lib64/python3.12/sqlite3/__pycache__ HTTP/2.0" 200 2874 "https://falcon-ia.com/?path=//usr/lib64/python3.12/sqlite3" "Mozilla/5.0 AppleWebKit/537.36 (KHTML, like Gecko; compatible; GPTBot/1.3; +https://openai.com/gptbot)" 497 **0/497846**
85.208.96.194 - - [28/Mar/2026:06:19:26 -0700] "GET /commodity/hughes/would172114730504 HTTP/1.1" 200 3956 "-" "Mozilla/5.0 (compatible; SemrushBot/7~bl; +http://www.semrush.com/bot.html)" 478 **0/478880**
216.73.216.162 - - [28/Mar/2026:06:19:27 -0700] "GET /item/3893428112?fileloc=%2Fhome%2Ffalconiapl2015%2Fpublic_html%2Fwp-settings.php&path=%2Fhome%2Ffalconiapl2015%2Fpublic_html HTTP/2.0" 200 8340 "-" "Mozilla/5.0 AppleWebKit/537.36 (KHTML, like Gecko; compatible; ClaudeBot/1.0; +claudebot@anthropic.com)" 500 **0/500230**
74.7.227.0 - - [28/Mar/2026:06:19:29 -0700] "GET /?path=//usr/lib64/python3.12/re/__pycache__ HTTP/2.0" 200 2952 "https://falcon-ia.com/?path=//usr/lib64/python3.12/re" "Mozilla/5.0 AppleWebKit/537.36 (KHTML, like Gecko; compatible; GPTBot/1.3; +https://openai.com/gptbot)" 490 **0/490496**
216.73.216.162 - - [28/Mar/2026:06:19:30 -0700] "GET /item/3929440985?fileloc=%2Fhome%2Ffalconiapl2015%2Fpublic_html%2Ftxets.php&path=%2Fhome%2Ffalconiapl2015%2Fpublic_html HTTP/2.0" 200 2298 "-" "Mozilla/5.0 AppleWebKit/537.36 (KHTML, like Gecko; compatible; ClaudeBot/1.0; +claudebot@anthropic.com)" 505 **0/505884**
74.7.227.0 - - [28/Mar/2026:06:19:32 -0700] "GET /?fileloc=//usr/sbin/dnssec-checkds&path=//usr/sbin HTTP/2.0" 200 2680 "https://falcon-ia.com/?path=//usr/sbin" "Mozilla/5.0 AppleWebKit/537.36 (KHTML, like Gecko; compatible; GPTBot/1.3; +https://openai.com/gptbot)" 513 **0/513000**
216.73.216.162 - - [28/Mar/2026:06:19:33 -0700] "GET /item/1363216000?fileloc=%2F%2Flib64%2Flibpsl.so.5&path=%2F%2Flib64 HTTP/2.0" 200 45208 "-" "Mozilla/5.0 AppleWebKit/537.36 (KHTML, like Gecko; compatible; ClaudeBot/1.0; +claudebot@anthropic.com)" 520 **0/520055**
74.7.227.0 - - [28/Mar/2026:06:19:35 -0700] "GET /?fileloc=//usr/sbin/cracklib-packer&path=//usr/sbin HTTP/2.0" 200 5907 "https://falcon-ia.com/?path=//usr/sbin" "Mozilla/5.0 AppleWebKit/537.36 (KHTML, like Gecko; compatible; GPTBot/1.3; +https://openai.com/gptbot)" 494 **0/494628**
216.73.216.162 - - [28/Mar/2026:06:19:36 -0700] "GET /item/555241071?fileloc=%2Fhome%2Ffalconiapl2015%2Fpublic_html%2Fwp-includes%2Fglobal-styles-and-settings.php&path=%2Fhome%2Ffalconiapl2015%2Fpublic_html%2Fwp-includes HTTP/2.0" 200 7716 "-" "Mozilla/5.0 AppleWebKit/537.36 (KHTML, like Gecko; compatible; ClaudeBot/1.0; +claudebot@anthropic.com)" 494 **0/494492**
74.7.227.0 - - [28/Mar/2026:06:19:38 -0700] "GET /?fileloc=//usr/sbin/cracklib-check&path=//usr/sbin HTTP/2.0" 200 5517 "https://falcon-ia.com/?path=//usr/sbin" "Mozilla/5.0 AppleWebKit/537.36 (KHTML, like Gecko; compatible; GPTBot/1.3; +https://openai.com/gptbot)" 565 **0/565191**
216.73.216.162 - - [28/Mar/2026:06:19:39 -0700] "GET /item/211720446?fileloc=%2Fhome%2Ffalconiapl2015%2Fpublic_html%2Fwp-trackback.php&path=%2Fhome%2Ffalconiapl2015%2Fpublic_html HTTP/2.0" 200 4108 "-" "Mozilla/5.0 AppleWebKit/537.36 (KHTML, like Gecko; compatible; ClaudeBot/1.0; +claudebot@anthropic.com)" 504 **0/504806**
