74.7.227.0 - - [28/Mar/2026:05:26:20 -0700] "GET /?fileloc=//lib64/python2.7/unittest/test/test_setups.py&path=//lib64/python2.7/unittest/test HTTP/2.0" 200 4158 "https://falcon-ia.com/?path=//lib64/python2.7/unittest/test" "Mozilla/5.0 AppleWebKit/537.36 (KHTML, like Gecko; compatible; GPTBot/1.3; +https://openai.com/gptbot)" 506 **0/506569**
216.73.216.162 - - [28/Mar/2026:05:26:21 -0700] "GET /item/3695237939?path=%2Fhome%2Ffalconiapl2015%2Fpublic_html%2Fwp-admin HTTP/2.0" 200 5481 "-" "Mozilla/5.0 AppleWebKit/537.36 (KHTML, like Gecko; compatible; ClaudeBot/1.0; +claudebot@anthropic.com)" 493 **0/493458**
74.7.227.0 - - [28/Mar/2026:05:26:23 -0700] "GET /?fileloc=//lib64/python2.7/unittest/test/test_case.py&path=//lib64/python2.7/unittest/test HTTP/2.0" 200 10013 "https://falcon-ia.com/?path=//lib64/python2.7/unittest/test" "Mozilla/5.0 AppleWebKit/537.36 (KHTML, like Gecko; compatible; GPTBot/1.3; +https://openai.com/gptbot)" 542 **0/542065**
114.119.156.190 - - [28/Mar/2026:05:26:23 -0700] "GET /commodity/witty/averaged171624038132?fileloc=/home/falconiapl2015/public_html/wp-mail.php&path=/home/falconiapl2015/public_html HTTP/1.1" 200 5583 "https://falcon-ia.com/commodity/witty/averaged171624038132" "Mozilla/5.0 (Linux; Android 7.0;) AppleWebKit/537.36 (KHTML, like Gecko) Mobile Safari/537.36 (compatible; PetalBot;+https://webmaster.petalsearch.com/site/petalbot)" 535 **0/535390**
216.73.216.162 - - [28/Mar/2026:05:26:24 -0700] "GET /item/199797693?path=%2Fhome%2Ffalconiapl2015%2Fpublic_html%2F.easyssl_backup%2Fwp-includes HTTP/2.0" 200 2670 "-" "Mozilla/5.0 AppleWebKit/537.36 (KHTML, like Gecko; compatible; ClaudeBot/1.0; +claudebot@anthropic.com)" 513 **0/513201**
74.7.227.0 - - [28/Mar/2026:05:26:26 -0700] "GET /?fileloc=//lib64/python2.7/unittest/test/test_suite.pyc&path=//lib64/python2.7/unittest/test HTTP/2.0" 200 5704 "https://falcon-ia.com/?path=//lib64/python2.7/unittest/test" "Mozilla/5.0 AppleWebKit/537.36 (KHTML, like Gecko; compatible; GPTBot/1.3; +https://openai.com/gptbot)" 514 **0/514584**
216.73.216.162 - - [28/Mar/2026:05:26:27 -0700] "GET /item/4124803183?path=%2Fhome%2Ffalconiapl2015%2Fpublic_html%2Fwp-admin HTTP/2.0" 200 5481 "-" "Mozilla/5.0 AppleWebKit/537.36 (KHTML, like Gecko; compatible; ClaudeBot/1.0; +claudebot@anthropic.com)" 493 **0/493844**
66.249.71.128 - - [28/Mar/2026:05:26:26 -0700] "GET /content.php?commodity/substitutes/treaty17181045968 HTTP/1.1" 403 26514 "-" "Mozilla/5.0 (Linux; Android 6.0.1; Nexus 5X Build/MMB29P) AppleWebKit/537.36 (KHTML, like Gecko) Chrome/146.0.7680.153 Mobile Safari/537.36 (compatible; Googlebot/2.1; +http://www.google.com/bot.html)" 1622 **1/1622062**
74.7.227.0 - - [28/Mar/2026:05:26:30 -0700] "GET /?fileloc=//lib64/python2.7/unittest/test/test_break.py&path=//lib64/python2.7/unittest/test HTTP/2.0" 200 4028 "https://falcon-ia.com/?path=//lib64/python2.7/unittest/test" "Mozilla/5.0 AppleWebKit/537.36 (KHTML, like Gecko; compatible; GPTBot/1.3; +https://openai.com/gptbot)" 511 **0/511424**
216.73.216.162 - - [28/Mar/2026:05:26:30 -0700] "GET /item/4189986004?path=%2Fhome%2Ffalconiapl2015%2Fpublic_html%2Fwp-includes%2Fsitemaps HTTP/2.0" 200 2845 "-" "Mozilla/5.0 AppleWebKit/537.36 (KHTML, like Gecko; compatible; ClaudeBot/1.0; +claudebot@anthropic.com)" 504 **0/504629**
216.73.216.162 - - [28/Mar/2026:05:26:33 -0700] "GET /item/1334216474?path=%2F%2Flib%2Fpolkit-1 HTTP/2.0" 200 2614 "-" "Mozilla/5.0 AppleWebKit/537.36 (KHTML, like Gecko; compatible; ClaudeBot/1.0; +claudebot@anthropic.com)" 561 **0/561566**
74.7.227.0 - - [28/Mar/2026:05:26:33 -0700] "GET /?fileloc=//lib64/python2.7/unittest/test/test_loader.py&path=//lib64/python2.7/unittest/test HTTP/2.0" 200 7390 "https://falcon-ia.com/?path=//lib64/python2.7/unittest/test" "Mozilla/5.0 AppleWebKit/537.36 (KHTML, like Gecko; compatible; GPTBot/1.3; +https://openai.com/gptbot)" 590 **0/590134**
216.73.216.162 - - [28/Mar/2026:05:26:36 -0700] "GET /item/2417628901?path=%2Fhome%2Ffalconiapl2015%2Fpublic_html%2Fwp-content%2Fuploads HTTP/2.0" 200 2907 "-" "Mozilla/5.0 AppleWebKit/537.36 (KHTML, like Gecko; compatible; ClaudeBot/1.0; +claudebot@anthropic.com)" 514 **0/514849**
74.7.227.0 - - [28/Mar/2026:05:26:36 -0700] "GET /?fileloc=//lib64/python2.7/unittest/test/__init__.pyc&path=//lib64/python2.7/unittest/test HTTP/2.0" 200 2823 "https://falcon-ia.com/?path=//lib64/python2.7/unittest/test" "Mozilla/5.0 AppleWebKit/537.36 (KHTML, like Gecko; compatible; GPTBot/1.3; +https://openai.com/gptbot)" 544 **0/544864**
51.89.129.221 - - [28/Mar/2026:05:26:38 -0700] "GET /commodity/regis/vi172023188884 HTTP/2.0" 200 3449 "-" "Mozilla/5.0 (compatible; AhrefsBot/7.0; +http://ahrefs.com/robot/)" 504 **0/504363**
216.73.216.162 - - [28/Mar/2026:05:26:39 -0700] "GET /item/329567976?path=%2Fhome%2Ffalconiapl2015%2Fpublic_html%2Fwp-includes HTTP/2.0" 200 10191 "-" "Mozilla/5.0 AppleWebKit/537.36 (KHTML, like Gecko; compatible; ClaudeBot/1.0; +claudebot@anthropic.com)" 532 **0/532575**
74.7.227.0 - - [28/Mar/2026:05:26:39 -0700] "GET /?fileloc=//lib64/python2.7/unittest/test/__init__.pyo&path=//lib64/python2.7/unittest/test HTTP/2.0" 200 2823 "https://falcon-ia.com/?path=//lib64/python2.7/unittest/test" "Mozilla/5.0 AppleWebKit/537.36 (KHTML, like Gecko; compatible; GPTBot/1.3; +https://openai.com/gptbot)" 513 **0/513407**
216.73.216.162 - - [28/Mar/2026:05:26:42 -0700] "GET /item/3548350046?path=%2Fhome%2Ffalconiapl2015%2Fpublic_html%2Fwp-admin HTTP/2.0" 200 5481 "-" "Mozilla/5.0 AppleWebKit/537.36 (KHTML, like Gecko; compatible; ClaudeBot/1.0; +claudebot@anthropic.com)" 517 **0/517586**
74.7.227.0 - - [28/Mar/2026:05:26:42 -0700] "GET /?fileloc=//lib64/python2.7/unittest/test/__init__.py&path=//lib64/python2.7/unittest/test HTTP/2.0" 200 2543 "https://falcon-ia.com/?path=//lib64/python2.7/unittest/test" "Mozilla/5.0 AppleWebKit/537.36 (KHTML, like Gecko; compatible; GPTBot/1.3; +https://openai.com/gptbot)" 525 **0/525132**
216.73.216.162 - - [28/Mar/2026:05:26:45 -0700] "GET /item/2642274973?path=%2Fhome%2Ffalconiapl2015%2Fpublic_html%2Fwp-admin HTTP/2.0" 200 5481 "-" "Mozilla/5.0 AppleWebKit/537.36 (KHTML, like Gecko; compatible; ClaudeBot/1.0; +claudebot@anthropic.com)" 504 **0/504612**
74.7.227.0 - - [28/Mar/2026:05:26:45 -0700] "GET /?path=//opt/alt/python310/lib64 HTTP/2.0" 200 2732 "https://falcon-ia.com/?path=//opt/alt/python310" "Mozilla/5.0 AppleWebKit/537.36 (KHTML, like Gecko; compatible; GPTBot/1.3; +https://openai.com/gptbot)" 533 **0/533079**
216.73.216.162 - - [28/Mar/2026:05:26:48 -0700] "GET /item/4247680944?path=%2Fhome%2Ffalconiapl2015 HTTP/2.0" 200 3737 "-" "Mozilla/5.0 AppleWebKit/537.36 (KHTML, like Gecko; compatible; ClaudeBot/1.0; +claudebot@anthropic.com)" 501 **0/501259**
74.7.227.0 - - [28/Mar/2026:05:26:48 -0700] "GET /?path=//opt/alt/python311/lib64 HTTP/2.0" 200 2732 "https://falcon-ia.com/?path=//opt/alt/python311" "Mozilla/5.0 AppleWebKit/537.36 (KHTML, like Gecko; compatible; GPTBot/1.3; +https://openai.com/gptbot)" 546 **0/546835**
216.73.216.162 - - [28/Mar/2026:05:26:51 -0700] "GET /item/217684840?path=%2Fhome%2Ffalconiapl2015%2Fpublic_html%2Fwp-admin HTTP/2.0" 200 5481 "-" "Mozilla/5.0 AppleWebKit/537.36 (KHTML, like Gecko; compatible; ClaudeBot/1.0; +claudebot@anthropic.com)" 515 **0/515802**
74.7.227.0 - - [28/Mar/2026:05:26:52 -0700] "GET /?fileloc=//lib64/python2.7/unittest/test/dummy.py&path=//lib64/python2.7/unittest/test HTTP/2.0" 200 2312 "https://falcon-ia.com/?path=//lib64/python2.7/unittest/test" "Mozilla/5.0 AppleWebKit/537.36 (KHTML, like Gecko; compatible; GPTBot/1.3; +https://openai.com/gptbot)" 527 **0/527274**
216.73.216.162 - - [28/Mar/2026:05:26:54 -0700] "GET /item/2127730128?path=%2Fhome%2Ffalconiapl2015%2Fpublic_html%2Fwp-content%2Fplugins HTTP/2.0" 200 3362 "-" "Mozilla/5.0 AppleWebKit/537.36 (KHTML, like Gecko; compatible; ClaudeBot/1.0; +claudebot@anthropic.com)" 525 **0/525313**
74.7.227.0 - - [28/Mar/2026:05:26:55 -0700] "GET /?fileloc=//lib64/python2.7/unittest/test/test_break.pyc&path=//lib64/python2.7/unittest/test HTTP/2.0" 200 5341 "https://falcon-ia.com/?path=//lib64/python2.7/unittest/test" "Mozilla/5.0 AppleWebKit/537.36 (KHTML, like Gecko; compatible; GPTBot/1.3; +https://openai.com/gptbot)" 521 **0/521764**
74.7.227.0 - - [28/Mar/2026:05:26:58 -0700] "GET /?fileloc=//lib64/python2.7/unittest/test/test_break.pyo&path=//lib64/python2.7/unittest/test HTTP/2.0" 200 5341 "https://falcon-ia.com/?path=//lib64/python2.7/unittest/test" "Mozilla/5.0 AppleWebKit/537.36 (KHTML, like Gecko; compatible; GPTBot/1.3; +https://openai.com/gptbot)" 556 **0/556457**
216.73.216.162 - - [28/Mar/2026:05:26:57 -0700] "GET /item/1631546745?path=%2Fhome%2Ffalconiapl2015%2Fpublic_html%2Fwp-content%2Fplugins HTTP/2.0" 200 3362 "-" "Mozilla/5.0 AppleWebKit/537.36 (KHTML, like Gecko; compatible; ClaudeBot/1.0; +claudebot@anthropic.com)" 3010 **3/3010808**
216.73.216.162 - - [28/Mar/2026:05:27:00 -0700] "GET /item/1543075150?path=%2Fhome%2Ffalconiapl2015%2Fpublic_html%2Fwp-admin HTTP/2.0" 200 5481 "-" "Mozilla/5.0 AppleWebKit/537.36 (KHTML, like Gecko; compatible; ClaudeBot/1.0; +claudebot@anthropic.com)" 566 **0/566896**
74.7.227.0 - - [28/Mar/2026:05:27:01 -0700] "GET /?fileloc=//lib64/python2.7/unittest/test/dummy.pyc&path=//lib64/python2.7/unittest/test HTTP/2.0" 200 2363 "https://falcon-ia.com/?path=//lib64/python2.7/unittest/test" "Mozilla/5.0 AppleWebKit/537.36 (KHTML, like Gecko; compatible; GPTBot/1.3; +https://openai.com/gptbot)" 563 **0/563693**
216.73.216.162 - - [28/Mar/2026:05:27:03 -0700] "GET /item/3312377034?path=%2Fhome%2Ffalconiapl2015%2Fpublic_html%2Fwp-includes%2Fimages HTTP/2.0" 200 3432 "-" "Mozilla/5.0 AppleWebKit/537.36 (KHTML, like Gecko; compatible; ClaudeBot/1.0; +claudebot@anthropic.com)" 599 **0/599088**
74.7.227.0 - - [28/Mar/2026:05:27:04 -0700] "GET /?fileloc=//lib64/python2.7/unittest/test/dummy.pyo&path=//lib64/python2.7/unittest/test HTTP/2.0" 200 2363 "https://falcon-ia.com/?path=//lib64/python2.7/unittest/test" "Mozilla/5.0 AppleWebKit/537.36 (KHTML, like Gecko; compatible; GPTBot/1.3; +https://openai.com/gptbot)" 542 **0/542557**
216.73.216.162 - - [28/Mar/2026:05:27:06 -0700] "GET /item/228656237?path=%2Fhome%2Ffalconiapl2015%2Fpublic_html%2F.easyssl_backup%2Fwp-includes HTTP/2.0" 200 2670 "-" "Mozilla/5.0 AppleWebKit/537.36 (KHTML, like Gecko; compatible; ClaudeBot/1.0; +claudebot@anthropic.com)" 518 **0/518913**
74.7.227.0 - - [28/Mar/2026:05:27:07 -0700] "GET /?path=//opt/python38/lib/python3.8/email/mime/__pycache__ HTTP/2.0" 200 3178 "https://falcon-ia.com/?path=//opt/python38/lib/python3.8/email/mime" "Mozilla/5.0 AppleWebKit/537.36 (KHTML, like Gecko; compatible; GPTBot/1.3; +https://openai.com/gptbot)" 1068 **1/1068490**
216.73.216.162 - - [28/Mar/2026:05:27:09 -0700] "GET /item/715786366?path=%2Fhome%2Ffalconiapl2015%2Fpublic_html%2Fwp-includes%2Fsitemaps HTTP/2.0" 200 2845 "-" "Mozilla/5.0 AppleWebKit/537.36 (KHTML, like Gecko; compatible; ClaudeBot/1.0; +claudebot@anthropic.com)" 558 **0/558406**
74.7.227.0 - - [28/Mar/2026:05:27:10 -0700] "GET /?path=//opt/python38/lib/python3.8/logging/__pycache__ HTTP/2.0" 200 2838 "https://falcon-ia.com/?path=//opt/python38/lib/python3.8/logging" "Mozilla/5.0 AppleWebKit/537.36 (KHTML, like Gecko; compatible; GPTBot/1.3; +https://openai.com/gptbot)" 504 **0/504168**
216.73.216.162 - - [28/Mar/2026:05:27:12 -0700] "GET /item/430338372?path=%2Fhome%2Ffalconiapl2015%2Fpublic_html%2F.easyssl_backup%2Fwp-content%2Fplugins HTTP/2.0" 200 2685 "-" "Mozilla/5.0 AppleWebKit/537.36 (KHTML, like Gecko; compatible; ClaudeBot/1.0; +claudebot@anthropic.com)" 522 **0/522573**
74.7.227.0 - - [28/Mar/2026:05:27:13 -0700] "GET /?path=//opt/python38/lib/python3.8/idlelib/__pycache__ HTTP/2.0" 200 5994 "https://falcon-ia.com/?path=//opt/python38/lib/python3.8/idlelib" "Mozilla/5.0 AppleWebKit/537.36 (KHTML, like Gecko; compatible; GPTBot/1.3; +https://openai.com/gptbot)" 511 **0/511521**
216.73.216.162 - - [28/Mar/2026:05:27:15 -0700] "GET /item/3519617912?fileloc=%2F%2Fproc%2Ftimer_list&path=%2F%2Fproc HTTP/2.0" 200 2247 "-" "Mozilla/5.0 AppleWebKit/537.36 (KHTML, like Gecko; compatible; ClaudeBot/1.0; +claudebot@anthropic.com)" 508 **0/508277**
74.7.227.0 - - [28/Mar/2026:05:27:17 -0700] "GET /?fileloc=//lib64/libbabeltrace-lttng-live.so.1&path=//lib64 HTTP/2.0" 200 17458 "https://falcon-ia.com/?path=//lib64" "Mozilla/5.0 AppleWebKit/537.36 (KHTML, like Gecko; compatible; GPTBot/1.3; +https://openai.com/gptbot)" 528 **0/528868**
216.73.216.162 - - [28/Mar/2026:05:27:18 -0700] "GET /item/60147664?path=%2Fhome%2Ffalconiapl2015%2Fpublic_html%2Fwp-includes HTTP/2.0" 403 3449 "-" "Mozilla/5.0 AppleWebKit/537.36 (KHTML, like Gecko; compatible; ClaudeBot/1.0; +claudebot@anthropic.com)" 536 **0/536988**
74.7.227.0 - - [28/Mar/2026:05:27:20 -0700] "GET /?path=//opt/alt/tests/alt-php80-pecl-xmlrpc_1.0.0-0.RC3.el8 HTTP/2.0" 200 2587 "https://falcon-ia.com/?path=//opt/alt/tests" "Mozilla/5.0 AppleWebKit/537.36 (KHTML, like Gecko; compatible; GPTBot/1.3; +https://openai.com/gptbot)" 494 **0/494282**
216.73.216.162 - - [28/Mar/2026:05:27:21 -0700] "GET /item/3695237939?path=%2Fhome%2Ffalconiapl2015%2Fpublic_html%2Fwp-includes%2Fstyle-engine HTTP/2.0" 403 3449 "-" "Mozilla/5.0 AppleWebKit/537.36 (KHTML, like Gecko; compatible; ClaudeBot/1.0; +claudebot@anthropic.com)" 525 **0/525232**
74.7.227.0 - - [28/Mar/2026:05:27:23 -0700] "GET /?path=//opt/alt/python310/lib64/python3.10 HTTP/2.0" 200 8012 "https://falcon-ia.com/?path=//opt/alt/python310/lib64" "Mozilla/5.0 AppleWebKit/537.36 (KHTML, like Gecko; compatible; GPTBot/1.3; +https://openai.com/gptbot)" 514 **0/514866**
216.73.216.162 - - [28/Mar/2026:05:27:24 -0700] "GET /item/2014407666?path=%2Fhome%2Ffalconiapl2015%2Fpublic_html%2Fwp-admin HTTP/2.0" 403 3449 "-" "Mozilla/5.0 AppleWebKit/537.36 (KHTML, like Gecko; compatible; ClaudeBot/1.0; +claudebot@anthropic.com)" 510 **0/510015**
74.7.227.0 - - [28/Mar/2026:05:27:26 -0700] "GET /?fileloc=//lib64/libkadm5clnt.so&path=//lib64 HTTP/2.0" 200 31615 "https://falcon-ia.com/?path=//lib64" "Mozilla/5.0 AppleWebKit/537.36 (KHTML, like Gecko; compatible; GPTBot/1.3; +https://openai.com/gptbot)" 526 **0/526169**
216.73.216.162 - - [28/Mar/2026:05:27:28 -0700] "GET /item/259916815?path=%2Fhome%2Ffalconiapl2015%2Fpublic_html%2Fwp-admin%2Fjs HTTP/2.0" 403 3449 "-" "Mozilla/5.0 AppleWebKit/537.36 (KHTML, like Gecko; compatible; ClaudeBot/1.0; +claudebot@anthropic.com)" 497 **0/497852**
85.208.96.210 - - [28/Mar/2026:05:27:29 -0700] "GET /commodity/wellington/converters17173550206 HTTP/1.1" 200 3956 "-" "Mozilla/5.0 (compatible; SemrushBot/7~bl; +http://www.semrush.com/bot.html)" 504 **0/504400**
74.7.227.0 - - [28/Mar/2026:05:27:29 -0700] "GET /?fileloc=//lib64/libwebpdemux.so&path=//lib64 HTTP/2.0" 200 10130 "https://falcon-ia.com/?path=//lib64" "Mozilla/5.0 AppleWebKit/537.36 (KHTML, like Gecko; compatible; GPTBot/1.3; +https://openai.com/gptbot)" 512 **0/512353**
216.73.216.162 - - [28/Mar/2026:05:27:30 -0700] "GET /item/3103824947?path=%2Fhome%2Ffalconiapl2015%2Fpublic_html%2Fwp-includes%2Fblocks HTTP/2.0" 403 3449 "-" "Mozilla/5.0 AppleWebKit/537.36 (KHTML, like Gecko; compatible; ClaudeBot/1.0; +claudebot@anthropic.com)" 499 **0/499872**
74.7.227.0 - - [28/Mar/2026:05:27:32 -0700] "GET /?path=//lib64/python3.6/dbm/__pycache__ HTTP/2.0" 200 2861 "https://falcon-ia.com/?path=//lib64/python3.6/dbm" "Mozilla/5.0 AppleWebKit/537.36 (KHTML, like Gecko; compatible; GPTBot/1.3; +https://openai.com/gptbot)" 507 **0/507742**
216.73.216.162 - - [28/Mar/2026:05:27:33 -0700] "GET /item/563223996?path=%2Fhome%2Ffalconiapl2015%2Fpublic_html%2Fwp-includes HTTP/2.0" 403 3449 "-" "Mozilla/5.0 AppleWebKit/537.36 (KHTML, like Gecko; compatible; ClaudeBot/1.0; +claudebot@anthropic.com)" 501 **0/501599**
74.7.227.0 - - [28/Mar/2026:05:27:35 -0700] "GET /?path=//opt/alt/tests/alt-php84-pecl-zmq_1.1.3-1.84f0720.el8 HTTP/2.0" 200 2587 "https://falcon-ia.com/?path=//opt/alt/tests" "Mozilla/5.0 AppleWebKit/537.36 (KHTML, like Gecko; compatible; GPTBot/1.3; +https://openai.com/gptbot)" 526 **0/526945**
216.73.216.162 - - [28/Mar/2026:05:27:36 -0700] "GET /item/1979975446?path=%2Fhome%2Ffalconiapl2015%2Fpublic_html%2Fwp-includes%2Fblocks HTTP/2.0" 403 3449 "-" "Mozilla/5.0 AppleWebKit/537.36 (KHTML, like Gecko; compatible; ClaudeBot/1.0; +claudebot@anthropic.com)" 504 **0/504914**
74.7.227.0 - - [28/Mar/2026:05:27:38 -0700] "GET /?path=//opt/alt/tests/alt-php70-pecl-zmq_1.1.3-1.84f0720.el8 HTTP/2.0" 200 2588 "https://falcon-ia.com/?path=//opt/alt/tests" "Mozilla/5.0 AppleWebKit/537.36 (KHTML, like Gecko; compatible; GPTBot/1.3; +https://openai.com/gptbot)" 503 **0/503321**
216.73.216.162 - - [28/Mar/2026:05:27:39 -0700] "GET /item/715786366?fileloc=%2Fhome%2Ffalconiapl2015%2Fpublic_html%2Fwp-includes%2Fclass.wp-scripts.php&path=%2Fhome%2Ffalconiapl2015%2Fpublic_html%2Fwp-includes HTTP/2.0" 403 3449 "-" "Mozilla/5.0 AppleWebKit/537.36 (KHTML, like Gecko; compatible; ClaudeBot/1.0; +claudebot@anthropic.com)" 497 **0/497178**
74.7.227.0 - - [28/Mar/2026:05:27:41 -0700] "GET /?path=//opt/alt/tests/alt-php81-pecl-zmq_1.1.3-1.84f0720.el8 HTTP/2.0" 200 2587 "https://falcon-ia.com/?path=//opt/alt/tests" "Mozilla/5.0 AppleWebKit/537.36 (KHTML, like Gecko; compatible; GPTBot/1.3; +https://openai.com/gptbot)" 497 **0/497090**
216.73.216.162 - - [28/Mar/2026:05:27:42 -0700] "GET /item/737286566?path=%2Fhome%2Ffalconiapl2015%2Fpublic_html%2Fwp-includes%2FIXR HTTP/2.0" 403 3449 "-" "Mozilla/5.0 AppleWebKit/537.36 (KHTML, like Gecko; compatible; ClaudeBot/1.0; +claudebot@anthropic.com)" 489 **0/489133**
114.119.136.15 - - [28/Mar/2026:05:27:43 -0700] "GET /commodity/wholesalers/early17184178082?path=/home/falconiapl2015/public_html/.easyssl_backup HTTP/1.1" 200 3151 "https://falcon-ia.com/commodity/wholesalers/early17184178082" "Mozilla/5.0 (Linux; Android 7.0;) AppleWebKit/537.36 (KHTML, like Gecko) Mobile Safari/537.36 (compatible; PetalBot;+https://webmaster.petalsearch.com/site/petalbot)" 488 **0/488879**
74.7.227.0 - - [28/Mar/2026:05:27:44 -0700] "GET /?path=//opt/alt/tests/alt-php71-pecl-zmq_1.1.3-1.84f0720.el8 HTTP/2.0" 200 2588 "https://falcon-ia.com/?path=//opt/alt/tests" "Mozilla/5.0 AppleWebKit/537.36 (KHTML, like Gecko; compatible; GPTBot/1.3; +https://openai.com/gptbot)" 511 **0/511818**
216.73.216.162 - - [28/Mar/2026:05:27:45 -0700] "GET /item/3835258245?path=%2Fhome%2Ffalconiapl2015%2Fpublic_html%2Fwp-admin%2Fjs HTTP/2.0" 403 3449 "-" "Mozilla/5.0 AppleWebKit/537.36 (KHTML, like Gecko; compatible; ClaudeBot/1.0; +claudebot@anthropic.com)" 518 **0/518696**
74.7.227.0 - - [28/Mar/2026:05:27:48 -0700] "GET /?fileloc=//opt/python38/lib/python3.8/idlelib/__pycache__/idle.cpython-38.opt-1.pyc&path=//opt/python38/lib/python3.8/idlelib/__pycache__ HTTP/2.0" 200 2578 "https://falcon-ia.com/?path=//opt/python38/lib/python3.8/idlelib/__pycache__" "Mozilla/5.0 AppleWebKit/537.36 (KHTML, like Gecko; compatible; GPTBot/1.3; +https://openai.com/gptbot)" 502 **0/502107**
216.73.216.162 - - [28/Mar/2026:05:27:48 -0700] "GET /item/1409104280?path=%2Fhome%2Ffalconiapl2015%2Fpublic_html%2Fwp-admin HTTP/2.0" 403 3449 "-" "Mozilla/5.0 AppleWebKit/537.36 (KHTML, like Gecko; compatible; ClaudeBot/1.0; +claudebot@anthropic.com)" 511 **0/511951**
74.7.227.0 - - [28/Mar/2026:05:27:51 -0700] "GET /?path=//opt/alt/tests/alt-php83-pecl-zmq_1.1.3-1.84f0720.el8 HTTP/2.0" 200 2587 "https://falcon-ia.com/?path=//opt/alt/tests" "Mozilla/5.0 AppleWebKit/537.36 (KHTML, like Gecko; compatible; GPTBot/1.3; +https://openai.com/gptbot)" 495 **0/495716**
216.73.216.162 - - [28/Mar/2026:05:27:51 -0700] "GET /item/2139750069?fileloc=%2Fhome%2Ffalconiapl2015%2Fpublic_html%2Fwp-admin%2Fcss%2Fcustomize-widgets.min.css&path=%2Fhome%2Ffalconiapl2015%2Fpublic_html%2Fwp-admin%2Fcss HTTP/2.0" 403 3449 "-" "Mozilla/5.0 AppleWebKit/537.36 (KHTML, like Gecko; compatible; ClaudeBot/1.0; +claudebot@anthropic.com)" 498 **0/498555**
74.7.227.0 - - [28/Mar/2026:05:27:54 -0700] "GET /?path=//opt/alt/tests/alt-php80-pecl-xmlrpc_1.0.0-0.RC3.el8/tests HTTP/2.0" 200 3392 "https://falcon-ia.com/?path=//opt/alt/tests/alt-php80-pecl-xmlrpc_1.0.0-0.RC3.el8" "Mozilla/5.0 AppleWebKit/537.36 (KHTML, like Gecko; compatible; GPTBot/1.3; +https://openai.com/gptbot)" 536 **0/536278**
216.73.216.162 - - [28/Mar/2026:05:27:54 -0700] "GET /item/3312377034?fileloc=%2Fhome%2Ffalconiapl2015%2Fpublic_html%2Fwp-includes%2Fblocks%2Fpattern.php&path=%2Fhome%2Ffalconiapl2015%2Fpublic_html%2Fwp-includes%2Fblocks HTTP/2.0" 403 3449 "-" "Mozilla/5.0 AppleWebKit/537.36 (KHTML, like Gecko; compatible; ClaudeBot/1.0; +claudebot@anthropic.com)" 515 **0/515722**
74.7.227.0 - - [28/Mar/2026:05:27:57 -0700] "GET /?fileloc=//opt/alt/python310/lib64/python3.10/lzma.py&path=//opt/alt/python310/lib64/python3.10 HTTP/2.0" 200 6224 "https://falcon-ia.com/?path=//opt/alt/python310/lib64/python3.10" "Mozilla/5.0 AppleWebKit/537.36 (KHTML, like Gecko; compatible; GPTBot/1.3; +https://openai.com/gptbot)" 521 **0/521729**
216.73.216.162 - - [28/Mar/2026:05:27:57 -0700] "GET /item/1781702381?path=%2Fhome%2Ffalconiapl2015%2Fpublic_html HTTP/2.0" 403 3449 "-" "Mozilla/5.0 AppleWebKit/537.36 (KHTML, like Gecko; compatible; ClaudeBot/1.0; +claudebot@anthropic.com)" 542 **0/542613**
216.73.216.162 - - [28/Mar/2026:05:28:00 -0700] "GET /item/2139750069?fileloc=%2Fhome%2Ffalconiapl2015%2Fpublic_html%2Fwp-admin%2Fcss%2Fforms-rtl.min.css&path=%2Fhome%2Ffalconiapl2015%2Fpublic_html%2Fwp-admin%2Fcss HTTP/2.0" 200 8590 "-" "Mozilla/5.0 AppleWebKit/537.36 (KHTML, like Gecko; compatible; ClaudeBot/1.0; +claudebot@anthropic.com)" 507 **0/507099**
74.7.227.0 - - [28/Mar/2026:05:28:01 -0700] "GET /?path=//opt/alt/python310/lib64/python3.10/multiprocessing HTTP/2.0" 200 3353 "https://falcon-ia.com/?path=//opt/alt/python310/lib64/python3.10" "Mozilla/5.0 AppleWebKit/537.36 (KHTML, like Gecko; compatible; GPTBot/1.3; +https://openai.com/gptbot)" 509 **0/509864**
216.73.216.162 - - [28/Mar/2026:05:28:03 -0700] "GET /item/2812949811?path=%2Fhome%2Ffalconiapl2015%2Fpublic_html%2Fwp-includes%2Fblocks HTTP/2.0" 200 7245 "-" "Mozilla/5.0 AppleWebKit/537.36 (KHTML, like Gecko; compatible; ClaudeBot/1.0; +claudebot@anthropic.com)" 520 **0/520863**
74.7.227.0 - - [28/Mar/2026:05:28:04 -0700] "GET /?path=//opt/alt/python310/lib64/python3.10/dbm HTTP/2.0" 200 2776 "https://falcon-ia.com/?path=//opt/alt/python310/lib64/python3.10" "Mozilla/5.0 AppleWebKit/537.36 (KHTML, like Gecko; compatible; GPTBot/1.3; +https://openai.com/gptbot)" 576 **0/576454**
216.73.216.162 - - [28/Mar/2026:05:28:06 -0700] "GET /item/2964295366?path=%2Fhome%2Ffalconiapl2015%2Fpublic_html%2Fwp-content HTTP/2.0" 200 2867 "-" "Mozilla/5.0 AppleWebKit/537.36 (KHTML, like Gecko; compatible; ClaudeBot/1.0; +claudebot@anthropic.com)" 503 **0/503762**
74.7.227.0 - - [28/Mar/2026:05:28:07 -0700] "GET /?path=//opt/alt/python310/lib64/python3.10/distutils HTTP/2.0" 200 3562 "https://falcon-ia.com/?path=//opt/alt/python310/lib64/python3.10" "Mozilla/5.0 AppleWebKit/537.36 (KHTML, like Gecko; compatible; GPTBot/1.3; +https://openai.com/gptbot)" 501 **0/501006**
216.73.216.162 - - [28/Mar/2026:05:28:09 -0700] "GET /item/1833898685?path=%2Fhome%2Ffalconiapl2015%2Fpublic_html%2Fwp-includes%2Fcertificates HTTP/2.0" 200 2646 "-" "Mozilla/5.0 AppleWebKit/537.36 (KHTML, like Gecko; compatible; ClaudeBot/1.0; +claudebot@anthropic.com)" 498 **0/498405**
74.7.227.0 - - [28/Mar/2026:05:28:10 -0700] "GET /?path=//opt/alt/python310/lib64/python3.10/encodings HTTP/2.0" 200 5318 "https://falcon-ia.com/?path=//opt/alt/python310/lib64/python3.10" "Mozilla/5.0 AppleWebKit/537.36 (KHTML, like Gecko; compatible; GPTBot/1.3; +https://openai.com/gptbot)" 517 **0/517585**
216.73.216.162 - - [28/Mar/2026:05:28:12 -0700] "GET /item/3314517277?path=%2Fhome%2Ffalconiapl2015%2Fpublic_html%2Fwp-includes%2Fblocks HTTP/2.0" 200 7245 "-" "Mozilla/5.0 AppleWebKit/537.36 (KHTML, like Gecko; compatible; ClaudeBot/1.0; +claudebot@anthropic.com)" 516 **0/516297**
74.7.227.0 - - [28/Mar/2026:05:28:13 -0700] "GET /?path=//opt/alt/python310/lib64/python3.10/ensurepip HTTP/2.0" 200 2742 "https://falcon-ia.com/?path=//opt/alt/python310/lib64/python3.10" "Mozilla/5.0 AppleWebKit/537.36 (KHTML, like Gecko; compatible; GPTBot/1.3; +https://openai.com/gptbot)" 495 **0/495059**
216.73.216.162 - - [28/Mar/2026:05:28:15 -0700] "GET /item/932575514?path=%2Fhome%2Ffalconiapl2015%2Fpublic_html%2Fwp-includes%2Fwidgets HTTP/2.0" 200 3253 "-" "Mozilla/5.0 AppleWebKit/537.36 (KHTML, like Gecko; compatible; ClaudeBot/1.0; +claudebot@anthropic.com)" 496 **0/496914**
74.7.227.0 - - [28/Mar/2026:05:28:16 -0700] "GET /?path=//opt/alt/tests/alt-php81-pecl-zmq_1.1.3-1.84f0720.el8/tests HTTP/2.0" 200 4774 "https://falcon-ia.com/?path=//opt/alt/tests/alt-php81-pecl-zmq_1.1.3-1.84f0720.el8" "Mozilla/5.0 AppleWebKit/537.36 (KHTML, like Gecko; compatible; GPTBot/1.3; +https://openai.com/gptbot)" 501 **0/501168**
216.73.216.162 - - [28/Mar/2026:05:28:18 -0700] "GET /item/1413085935?path=%2Fhome%2Ffalconiapl2015%2Fpublic_html%2Fwp-includes HTTP/2.0" 200 10191 "-" "Mozilla/5.0 AppleWebKit/537.36 (KHTML, like Gecko; compatible; ClaudeBot/1.0; +claudebot@anthropic.com)" 536 **0/536049**
74.7.227.0 - - [28/Mar/2026:05:28:19 -0700] "GET /?path=//opt/alt/tests/alt-php71-pecl-zmq_1.1.3-1.84f0720.el8/tests HTTP/2.0" 200 4774 "https://falcon-ia.com/?path=//opt/alt/tests/alt-php71-pecl-zmq_1.1.3-1.84f0720.el8" "Mozilla/5.0 AppleWebKit/537.36 (KHTML, like Gecko; compatible; GPTBot/1.3; +https://openai.com/gptbot)" 510 **0/510227**
51.195.183.151 - - [28/Mar/2026:05:28:21 -0700] "GET /commodity/nerve/big171819387718 HTTP/2.0" 200 3449 "-" "Mozilla/5.0 (compatible; AhrefsBot/7.0; +http://ahrefs.com/robot/)" 503 **0/503533**
216.73.216.162 - - [28/Mar/2026:05:28:21 -0700] "GET /item/4007138791?path=%2Fhome%2Ffalconiapl2015%2Fpublic_html%2Fwp-admin HTTP/2.0" 200 5481 "-" "Mozilla/5.0 AppleWebKit/537.36 (KHTML, like Gecko; compatible; ClaudeBot/1.0; +claudebot@anthropic.com)" 514 **0/514798**
74.7.227.0 - - [28/Mar/2026:05:28:23 -0700] "GET /?path=//opt/alt/python310/lib64/python3.10/unittest HTTP/2.0" 200 3046 "https://falcon-ia.com/?path=//opt/alt/python310/lib64/python3.10" "Mozilla/5.0 AppleWebKit/537.36 (KHTML, like Gecko; compatible; GPTBot/1.3; +https://openai.com/gptbot)" 487 **0/487535**
216.73.216.162 - - [28/Mar/2026:05:28:24 -0700] "GET /item/3989231997?path=%2Fhome%2Ffalconiapl2015%2Fpublic_html HTTP/2.0" 200 3449 "-" "Mozilla/5.0 AppleWebKit/537.36 (KHTML, like Gecko; compatible; ClaudeBot/1.0; +claudebot@anthropic.com)" 496 **0/496471**
74.7.227.0 - - [28/Mar/2026:05:28:26 -0700] "GET /?path=//opt/alt/python310/lib64/python3.10/importlib HTTP/2.0" 200 3031 "https://falcon-ia.com/?path=//opt/alt/python310/lib64/python3.10" "Mozilla/5.0 AppleWebKit/537.36 (KHTML, like Gecko; compatible; GPTBot/1.3; +https://openai.com/gptbot)" 516 **0/516902**
216.73.216.162 - - [28/Mar/2026:05:28:27 -0700] "GET /item/701783622?path=%2Fhome%2Ffalconiapl2015%2Fpublic_html%2Fwp-admin HTTP/2.0" 200 5481 "-" "Mozilla/5.0 AppleWebKit/537.36 (KHTML, like Gecko; compatible; ClaudeBot/1.0; +claudebot@anthropic.com)" 520 **0/520547**
74.7.227.0 - - [28/Mar/2026:05:28:29 -0700] "GET /?path=//opt/alt/python310/lib64/python3.10/logging HTTP/2.0" 200 2752 "https://falcon-ia.com/?path=//opt/alt/python310/lib64/python3.10" "Mozilla/5.0 AppleWebKit/537.36 (KHTML, like Gecko; compatible; GPTBot/1.3; +https://openai.com/gptbot)" 535 **0/535831**
216.73.216.162 - - [28/Mar/2026:05:28:30 -0700] "GET /item/103008920?fileloc=%2Fhome%2Ffalconiapl2015%2Fpublic_html%2Fwp-includes%2Fcss%2Fwp-pointer-rtl.css&path=%2Fhome%2Ffalconiapl2015%2Fpublic_html%2Fwp-includes%2Fcss HTTP/2.0" 200 3214 "-" "Mozilla/5.0 AppleWebKit/537.36 (KHTML, like Gecko; compatible; ClaudeBot/1.0; +claudebot@anthropic.com)" 503 **0/503679**
74.7.227.0 - - [28/Mar/2026:05:28:32 -0700] "GET /?path=//opt/alt/python310/lib64/python3.10/concurrent HTTP/2.0" 200 2717 "https://falcon-ia.com/?path=//opt/alt/python310/lib64/python3.10" "Mozilla/5.0 AppleWebKit/537.36 (KHTML, like Gecko; compatible; GPTBot/1.3; +https://openai.com/gptbot)" 509 **0/509746**
216.73.216.162 - - [28/Mar/2026:05:28:33 -0700] "GET /item/555241071?path=%2Fhome%2Ffalconiapl2015%2Fpublic_html%2Fwp-includes%2Fblocks HTTP/2.0" 200 7245 "-" "Mozilla/5.0 AppleWebKit/537.36 (KHTML, like Gecko; compatible; ClaudeBot/1.0; +claudebot@anthropic.com)" 521 **0/521229**
74.7.227.0 - - [28/Mar/2026:05:28:36 -0700] "GET /?path=//opt/alt/python310/lib64/python3.10/site-packages HTTP/2.0" 200 2694 "https://falcon-ia.com/?path=//opt/alt/python310/lib64/python3.10" "Mozilla/5.0 AppleWebKit/537.36 (KHTML, like Gecko; compatible; GPTBot/1.3; +https://openai.com/gptbot)" 500 **0/500502**
216.73.216.162 - - [28/Mar/2026:05:28:36 -0700] "GET /item/2395768410?path=%2Fhome%2Ffalconiapl2015%2Fpublic_html%2Fwp-includes%2Fstyle-engine HTTP/2.0" 200 2775 "-" "Mozilla/5.0 AppleWebKit/537.36 (KHTML, like Gecko; compatible; ClaudeBot/1.0; +claudebot@anthropic.com)" 511 **0/511056**
74.7.227.0 - - [28/Mar/2026:05:28:39 -0700] "GET /?path=//opt/alt/python310/lib64/python3.10/dbm/__pycache__ HTTP/2.0" 200 2890 "https://falcon-ia.com/?path=//opt/alt/python310/lib64/python3.10/dbm" "Mozilla/5.0 AppleWebKit/537.36 (KHTML, like Gecko; compatible; GPTBot/1.3; +https://openai.com/gptbot)" 513 **0/513958**
216.73.216.162 - - [28/Mar/2026:05:28:39 -0700] "GET /item/682871127?path=%2Fhome%2Ffalconiapl2015%2Fpublic_html%2Fwp-includes%2Fblocks HTTP/2.0" 200 7245 "-" "Mozilla/5.0 AppleWebKit/537.36 (KHTML, like Gecko; compatible; ClaudeBot/1.0; +claudebot@anthropic.com)" 516 **0/516052**
74.7.227.0 - - [28/Mar/2026:05:28:42 -0700] "GET /?fileloc=//opt/alt/python310/lib64/python3.10/distutils/sysconfig.py&path=//opt/alt/python310/lib64/python3.10/distutils HTTP/2.0" 200 6099 "https://falcon-ia.com/?path=//opt/alt/python310/lib64/python3.10/distutils" "Mozilla/5.0 AppleWebKit/537.36 (KHTML, like Gecko; compatible; GPTBot/1.3; +https://openai.com/gptbot)" 531 **0/531008**
216.73.216.162 - - [28/Mar/2026:05:28:42 -0700] "GET /item/3366468042?path=%2Fhome%2Ffalconiapl2015%2Fpublic_html%2Fwp-admin HTTP/2.0" 200 5481 "-" "Mozilla/5.0 AppleWebKit/537.36 (KHTML, like Gecko; compatible; ClaudeBot/1.0; +claudebot@anthropic.com)" 519 **0/519689**
74.7.227.0 - - [28/Mar/2026:05:28:45 -0700] "GET /?fileloc=//opt/alt/python310/lib64/python3.10/encodings/euc_kr.py&path=//opt/alt/python310/lib64/python3.10/encodings HTTP/2.0" 200 2634 "https://falcon-ia.com/?path=//opt/alt/python310/lib64/python3.10/encodings" "Mozilla/5.0 AppleWebKit/537.36 (KHTML, like Gecko; compatible; GPTBot/1.3; +https://openai.com/gptbot)" 531 **0/531444**
216.73.216.162 - - [28/Mar/2026:05:28:45 -0700] "GET /item/4254451754?path=%2Fhome%2Ffalconiapl2015%2Fpublic_html%2Fwp-admin HTTP/2.0" 200 5481 "-" "Mozilla/5.0 AppleWebKit/537.36 (KHTML, like Gecko; compatible; ClaudeBot/1.0; +claudebot@anthropic.com)" 529 **0/529618**
74.7.227.0 - - [28/Mar/2026:05:28:48 -0700] "GET /?path=//opt/alt/python310/lib64/python3.10/distutils/command HTTP/2.0" 200 3356 "https://falcon-ia.com/?path=//opt/alt/python310/lib64/python3.10/distutils" "Mozilla/5.0 AppleWebKit/537.36 (KHTML, like Gecko; compatible; GPTBot/1.3; +https://openai.com/gptbot)" 512 **0/512201**
216.73.216.162 - - [28/Mar/2026:05:28:48 -0700] "GET /item/2431412713?path=%2Fhome%2Ffalconiapl2015%2Fpublic_html%2Fwp-admin HTTP/2.0" 200 5481 "-" "Mozilla/5.0 AppleWebKit/537.36 (KHTML, like Gecko; compatible; ClaudeBot/1.0; +claudebot@anthropic.com)" 502 **0/502318**
216.73.216.162 - - [28/Mar/2026:05:28:51 -0700] "GET /item/1908398258?fileloc=%2Fhome%2Ffalconiapl2015%2Fpublic_html%2Fwp-admin%2Fcss%2Finstall.css&path=%2Fhome%2Ffalconiapl2015%2Fpublic_html%2Fwp-admin%2Fcss HTTP/2.0" 200 4037 "-" "Mozilla/5.0 AppleWebKit/537.36 (KHTML, like Gecko; compatible; ClaudeBot/1.0; +claudebot@anthropic.com)" 513 **0/513088**
74.7.227.0 - - [28/Mar/2026:05:28:51 -0700] "GET /?fileloc=//opt/alt/tests/alt-php81-pecl-zmq_1.1.3-1.84f0720.el8/tests/011-exceptions.phpt&path=//opt/alt/tests/alt-php81-pecl-zmq_1.1.3-1.84f0720.el8/tests HTTP/2.0" 200 2498 "https://falcon-ia.com/?path=//opt/alt/tests/alt-php81-pecl-zmq_1.1.3-1.84f0720.el8/tests" "Mozilla/5.0 AppleWebKit/537.36 (KHTML, like Gecko; compatible; GPTBot/1.3; +https://openai.com/gptbot)" 507 **0/507513**
216.73.216.162 - - [28/Mar/2026:05:28:54 -0700] "GET /item/3312377034?fileloc=%2Fhome%2Ffalconiapl2015%2Fpublic_html%2Fwp-includes%2Fcustomize%2Fclass-wp-customize-sidebar-section.php&path=%2Fhome%2Ffalconiapl2015%2Fpublic_html%2Fwp-includes%2Fcustomize HTTP/2.0" 200 2690 "-" "Mozilla/5.0 AppleWebKit/537.36 (KHTML, like Gecko; compatible; ClaudeBot/1.0; +claudebot@anthropic.com)" 493 **0/493195**
74.7.227.0 - - [28/Mar/2026:05:28:55 -0700] "GET /?path=//opt/alt/python310/lib64/python3.10/encodings/__pycache__ HTTP/2.0" 200 8391 "https://falcon-ia.com/?path=//opt/alt/python310/lib64/python3.10/encodings" "Mozilla/5.0 AppleWebKit/537.36 (KHTML, like Gecko; compatible; GPTBot/1.3; +https://openai.com/gptbot)" 553 **0/553703**
216.73.216.162 - - [28/Mar/2026:05:28:57 -0700] "GET /item/2797267930?path=%2Fhome%2Ffalconiapl2015%2Fpublic_html%2Fwp-includes HTTP/2.0" 200 10191 "-" "Mozilla/5.0 AppleWebKit/537.36 (KHTML, like Gecko; compatible; ClaudeBot/1.0; +claudebot@anthropic.com)" 521 **0/521398**
74.7.227.0 - - [28/Mar/2026:05:28:58 -0700] "GET /?path=//opt/alt/python310/lib64/python3.10/unittest/__pycache__ HTTP/2.0" 200 3449 "https://falcon-ia.com/?path=//opt/alt/python310/lib64/python3.10/unittest" "Mozilla/5.0 AppleWebKit/537.36 (KHTML, like Gecko; compatible; GPTBot/1.3; +https://openai.com/gptbot)" 534 **0/534949**
216.73.216.162 - - [28/Mar/2026:05:29:00 -0700] "GET /item/120145074?path=%2Fhome%2Ffalconiapl2015%2Fpublic_html%2Fwp-includes HTTP/2.0" 200 10191 "-" "Mozilla/5.0 AppleWebKit/537.36 (KHTML, like Gecko; compatible; ClaudeBot/1.0; +claudebot@anthropic.com)" 554 **0/554207**
17.246.19.139 - - [28/Mar/2026:05:29:00 -0700] "GET /?p=21295 HTTP/1.1" 200 3956 "-" "Mozilla/5.0 (Macintosh; Intel Mac OS X 10_15_7) AppleWebKit/605.1.15 (KHTML, like Gecko) Version/17.4 Safari/605.1.15 (Applebot/0.1; +http://www.apple.com/go/applebot)" 511 **0/511859**
74.7.227.0 - - [28/Mar/2026:05:29:01 -0700] "GET /?path=//opt/alt/python310/lib64/python3.10/importlib/metadata HTTP/2.0" 200 2898 "https://falcon-ia.com/?path=//opt/alt/python310/lib64/python3.10/importlib" "Mozilla/5.0 AppleWebKit/537.36 (KHTML, like Gecko; compatible; GPTBot/1.3; +https://openai.com/gptbot)" 631 **0/631618**
216.73.216.162 - - [28/Mar/2026:05:29:03 -0700] "GET /item/2829936279?fileloc=%2Fhome%2Ffalconiapl2015%2Fpublic_html%2Fwp-includes%2Fcss%2Fwp-pointer-rtl.css&path=%2Fhome%2Ffalconiapl2015%2Fpublic_html%2Fwp-includes%2Fcss HTTP/2.0" 200 3214 "-" "Mozilla/5.0 AppleWebKit/537.36 (KHTML, like Gecko; compatible; ClaudeBot/1.0; +claudebot@anthropic.com)" 515 **0/515460**
74.7.227.0 - - [28/Mar/2026:05:29:04 -0700] "GET /?fileloc=//opt/alt/python310/lib64/python3.10/logging/config.py&path=//opt/alt/python310/lib64/python3.10/logging HTTP/2.0" 200 11173 "https://falcon-ia.com/?path=//opt/alt/python310/lib64/python3.10/logging" "Mozilla/5.0 AppleWebKit/537.36 (KHTML, like Gecko; compatible; GPTBot/1.3; +https://openai.com/gptbot)" 501 **0/501377**
216.73.216.162 - - [28/Mar/2026:05:29:06 -0700] "GET /item/3842029087?path=%2Fhome%2Ffalconiapl2015%2Fpublic_html%2Fwp-includes HTTP/2.0" 200 10191 "-" "Mozilla/5.0 AppleWebKit/537.36 (KHTML, like Gecko; compatible; ClaudeBot/1.0; +claudebot@anthropic.com)" 511 **0/511930**
74.7.227.0 - - [28/Mar/2026:05:29:07 -0700] "GET /?path=//opt/alt/python310/lib64/python3.10/concurrent/futures HTTP/2.0" 200 2789 "https://falcon-ia.com/?path=//opt/alt/python310/lib64/python3.10/concurrent" "Mozilla/5.0 AppleWebKit/537.36 (KHTML, like Gecko; compatible; GPTBot/1.3; +https://openai.com/gptbot)" 483 **0/483745**
216.73.216.162 - - [28/Mar/2026:05:29:09 -0700] "GET /item/4154893473?fileloc=%2Fhome%2Ffalconiapl2015%2Fpublic_html%2Fwp-admin%2Fload-scripts.php&path=%2Fhome%2Ffalconiapl2015%2Fpublic_html%2Fwp-admin HTTP/2.0" 200 3209 "-" "Mozilla/5.0 AppleWebKit/537.36 (KHTML, like Gecko; compatible; ClaudeBot/1.0; +claudebot@anthropic.com)" 509 **0/509892**
74.7.227.0 - - [28/Mar/2026:05:29:11 -0700] "GET /?path=//opt/alt/python310/lib64/python3.10/logging/__pycache__ HTTP/2.0" 200 2851 "https://falcon-ia.com/?path=//opt/alt/python310/lib64/python3.10/logging" "Mozilla/5.0 AppleWebKit/537.36 (KHTML, like Gecko; compatible; GPTBot/1.3; +https://openai.com/gptbot)" 495 **0/495878**
216.73.216.162 - - [28/Mar/2026:05:29:12 -0700] "GET /item/3115444169?path=%2Fhome%2Ffalconiapl2015%2Fpublic_html%2Fwp-includes%2Fstyle-engine HTTP/2.0" 200 2775 "-" "Mozilla/5.0 AppleWebKit/537.36 (KHTML, like Gecko; compatible; ClaudeBot/1.0; +claudebot@anthropic.com)" 529 **0/529329**
74.7.227.0 - - [28/Mar/2026:05:29:14 -0700] "GET /?path=//opt/alt/python310/lib64/python3.10/importlib/__pycache__ HTTP/2.0" 200 3335 "https://falcon-ia.com/?path=//opt/alt/python310/lib64/python3.10/importlib" "Mozilla/5.0 AppleWebKit/537.36 (KHTML, like Gecko; compatible; GPTBot/1.3; +https://openai.com/gptbot)" 564 **0/564562**
216.73.216.162 - - [28/Mar/2026:05:29:15 -0700] "GET /item/4260416164?path=%2Fhome%2Ffalconiapl2015%2Fpublic_html%2Fwp-admin HTTP/2.0" 200 5481 "-" "Mozilla/5.0 AppleWebKit/537.36 (KHTML, like Gecko; compatible; ClaudeBot/1.0; +claudebot@anthropic.com)" 497 **0/497536**
74.7.227.0 - - [28/Mar/2026:05:29:17 -0700] "GET /?path=//opt/alt/tests/alt-php84-pecl-zmq_1.1.3-1.84f0720.el8/tests HTTP/2.0" 200 4774 "https://falcon-ia.com/?path=//opt/alt/tests/alt-php84-pecl-zmq_1.1.3-1.84f0720.el8" "Mozilla/5.0 AppleWebKit/537.36 (KHTML, like Gecko; compatible; GPTBot/1.3; +https://openai.com/gptbot)" 666 **0/666119**
216.73.216.162 - - [28/Mar/2026:05:29:18 -0700] "GET /item/3691697743?path=%2Fhome%2Ffalconiapl2015%2F.cl.selector HTTP/2.0" 200 2680 "-" "Mozilla/5.0 AppleWebKit/537.36 (KHTML, like Gecko; compatible; ClaudeBot/1.0; +claudebot@anthropic.com)" 1681 **1/1681233**
74.7.227.0 - - [28/Mar/2026:05:29:20 -0700] "GET /?path=//opt/alt/tests/alt-php70-pecl-zmq_1.1.3-1.84f0720.el8/tests HTTP/2.0" 200 4810 "https://falcon-ia.com/?path=//opt/alt/tests/alt-php70-pecl-zmq_1.1.3-1.84f0720.el8" "Mozilla/5.0 AppleWebKit/537.36 (KHTML, like Gecko; compatible; GPTBot/1.3; +https://openai.com/gptbot)" 1064 **1/1064007**
114.119.151.246 - - [28/Mar/2026:05:29:20 -0700] "GET /commodity/whilst/timezone172123663047?path=/home HTTP/1.1" 200 2772 "https://falcon-ia.com/commodity/whilst/timezone172123663047" "Mozilla/5.0 (Linux; Android 7.0;) AppleWebKit/537.36 (KHTML, like Gecko) Mobile Safari/537.36 (compatible; PetalBot;+https://webmaster.petalsearch.com/site/petalbot)" 1084 **1/1084298**
216.73.216.162 - - [28/Mar/2026:05:29:21 -0700] "GET /item/2342947509?path=%2Fhome%2Ffalconiapl2015%2Fpublic_html%2Fwp-admin HTTP/2.0" 200 5481 "-" "Mozilla/5.0 AppleWebKit/537.36 (KHTML, like Gecko; compatible; ClaudeBot/1.0; +claudebot@anthropic.com)" 777 **0/777070**
74.7.227.0 - - [28/Mar/2026:05:29:23 -0700] "GET /?path=//opt/alt/tests/alt-php83-pecl-zmq_1.1.3-1.84f0720.el8/tests HTTP/2.0" 200 4774 "https://falcon-ia.com/?path=//opt/alt/tests/alt-php83-pecl-zmq_1.1.3-1.84f0720.el8" "Mozilla/5.0 AppleWebKit/537.36 (KHTML, like Gecko; compatible; GPTBot/1.3; +https://openai.com/gptbot)" 521 **0/521178**
216.73.216.162 - - [28/Mar/2026:05:29:24 -0700] "GET /item/1974076107?path=%2Fhome%2Ffalconiapl2015%2Fpublic_html%2Fwp-admin HTTP/2.0" 200 5481 "-" "Mozilla/5.0 AppleWebKit/537.36 (KHTML, like Gecko; compatible; ClaudeBot/1.0; +claudebot@anthropic.com)" 794 **0/794744**
74.7.227.0 - - [28/Mar/2026:05:29:27 -0700] "GET /?path=//opt/alt/python310/lib64/python3.10/concurrent/__pycache__ HTTP/2.0" 200 2681 "https://falcon-ia.com/?path=//opt/alt/python310/lib64/python3.10/concurrent" "Mozilla/5.0 AppleWebKit/537.36 (KHTML, like Gecko; compatible; GPTBot/1.3; +https://openai.com/gptbot)" 558 **0/558051**
216.73.216.162 - - [28/Mar/2026:05:29:27 -0700] "GET /item/1993759258?path=%2Fhome%2Ffalconiapl2015%2Fpublic_html%2Fwp-admin%2Fuser HTTP/2.0" 200 2988 "-" "Mozilla/5.0 AppleWebKit/537.36 (KHTML, like Gecko; compatible; ClaudeBot/1.0; +claudebot@anthropic.com)" 531 **0/531022**
74.7.227.0 - - [28/Mar/2026:05:29:30 -0700] "GET /?fileloc=//opt/alt/python310/lib64/python3.10/encodings/__pycache__/cp860.cpython-310.opt-2.pyc&path=//opt/alt/python310/lib64/python3.10/encodings/__pycache__ HTTP/2.0" 200 5829 "https://falcon-ia.com/?path=//opt/alt/python310/lib64/python3.10/encodings/__pycache__" "Mozilla/5.0 AppleWebKit/537.36 (KHTML, like Gecko; compatible; GPTBot/1.3; +https://openai.com/gptbot)" 572 **0/572991**
216.73.216.162 - - [28/Mar/2026:05:29:30 -0700] "GET /item/3519617912?path=%2F%2Fproc%2F756210 HTTP/2.0" 200 2308 "-" "Mozilla/5.0 AppleWebKit/537.36 (KHTML, like Gecko; compatible; ClaudeBot/1.0; +claudebot@anthropic.com)" 563 **0/563747**
74.7.227.0 - - [28/Mar/2026:05:29:33 -0700] "GET /?fileloc=//opt/alt/python310/lib64/python3.10/unittest/__pycache__/result.cpython-310.opt-1.pyc&path=//opt/alt/python310/lib64/python3.10/unittest/__pycache__ HTTP/2.0" 200 6014 "https://falcon-ia.com/?path=//opt/alt/python310/lib64/python3.10/unittest/__pycache__" "Mozilla/5.0 AppleWebKit/537.36 (KHTML, like Gecko; compatible; GPTBot/1.3; +https://openai.com/gptbot)" 520 **0/520715**
216.73.216.162 - - [28/Mar/2026:05:29:33 -0700] "GET /item/368670120?path=%2Fhome%2Ffalconiapl2015%2Fpublic_html%2Fwp-includes HTTP/2.0" 403 3449 "-" "Mozilla/5.0 AppleWebKit/537.36 (KHTML, like Gecko; compatible; ClaudeBot/1.0; +claudebot@anthropic.com)" 514 **0/514109**
74.7.227.0 - - [28/Mar/2026:05:29:36 -0700] "GET /?path=//opt/alt/python310/lib64/python3.10/distutils/__pycache__ HTTP/2.0" 200 4338 "https://falcon-ia.com/?path=//opt/alt/python310/lib64/python3.10/distutils" "Mozilla/5.0 AppleWebKit/537.36 (KHTML, like Gecko; compatible; GPTBot/1.3; +https://openai.com/gptbot)" 539 **0/539309**
216.73.216.162 - - [28/Mar/2026:05:29:36 -0700] "GET /item/2361645411?path=%2Fhome%2Ffalconiapl2015%2Fpublic_html%2Fwp-includes%2Fwidgets HTTP/2.0" 403 3449 "-" "Mozilla/5.0 AppleWebKit/537.36 (KHTML, like Gecko; compatible; ClaudeBot/1.0; +claudebot@anthropic.com)" 492 **0/492340**
74.7.227.0 - - [28/Mar/2026:05:29:39 -0700] "GET /?path=//opt/alt/python310/lib64/python3.10/ensurepip/__pycache__ HTTP/2.0" 200 2821 "https://falcon-ia.com/?path=//opt/alt/python310/lib64/python3.10/ensurepip" "Mozilla/5.0 AppleWebKit/537.36 (KHTML, like Gecko; compatible; GPTBot/1.3; +https://openai.com/gptbot)" 578 **0/578344**
216.73.216.162 - - [28/Mar/2026:05:29:39 -0700] "GET /item/4097105652?path=%2Fhome%2Ffalconiapl2015%2Fpublic_html%2Fwp-content%2Fplugins%2Felementor-pro HTTP/2.0" 403 3449 "-" "Mozilla/5.0 AppleWebKit/537.36 (KHTML, like Gecko; compatible; ClaudeBot/1.0; +claudebot@anthropic.com)" 575 **0/575224**
185.191.171.18 - - [28/Mar/2026:05:29:40 -0700] "GET /commodity/substantial/gourmet17173980948 HTTP/1.1" 200 3956 "-" "Mozilla/5.0 (compatible; SemrushBot/7~bl; +http://www.semrush.com/bot.html)" 506 **0/506720**
216.73.216.162 - - [28/Mar/2026:05:29:42 -0700] "GET /item/675694618?path=%2Fhome%2Ffalconiapl2015%2Fpublic_html%2Fwp-admin HTTP/2.0" 403 3449 "-" "Mozilla/5.0 AppleWebKit/537.36 (KHTML, like Gecko; compatible; ClaudeBot/1.0; +claudebot@anthropic.com)" 501 **0/501558**
74.7.227.0 - - [28/Mar/2026:05:29:43 -0700] "GET /?path=//opt/alt/python310/lib64/python3.10/ctypes HTTP/2.0" 200 2849 "https://falcon-ia.com/?path=//opt/alt/python310/lib64/python3.10" "Mozilla/5.0 AppleWebKit/537.36 (KHTML, like Gecko; compatible; GPTBot/1.3; +https://openai.com/gptbot)" 516 **0/516444**
216.73.216.162 - - [28/Mar/2026:05:29:45 -0700] "GET /item/1702637264?path=%2Fhome%2Ffalconiapl2015%2Fpublic_html%2Fwp-includes%2Ftheme-compat HTTP/2.0" 403 3449 "-" "Mozilla/5.0 AppleWebKit/537.36 (KHTML, like Gecko; compatible; ClaudeBot/1.0; +claudebot@anthropic.com)" 527 **0/527592**
74.7.227.0 - - [28/Mar/2026:05:29:46 -0700] "GET /?path=//opt/alt/python310/lib64/python3.10/urllib HTTP/2.0" 200 2833 "https://falcon-ia.com/?path=//opt/alt/python310/lib64/python3.10" "Mozilla/5.0 AppleWebKit/537.36 (KHTML, like Gecko; compatible; GPTBot/1.3; +https://openai.com/gptbot)" 506 **0/506217**
216.73.216.162 - - [28/Mar/2026:05:29:48 -0700] "GET /item/4189986004?path=%2Fhome%2Ffalconiapl2015%2Fpublic_html%2Fwp-includes%2Fsodium_compat HTTP/2.0" 403 3449 "-" "Mozilla/5.0 AppleWebKit/537.36 (KHTML, like Gecko; compatible; ClaudeBot/1.0; +claudebot@anthropic.com)" 562 **0/562474**
74.7.227.0 - - [28/Mar/2026:05:29:49 -0700] "GET /?path=//opt/alt/python310/lib64/python3.10/multiprocessing/dummy HTTP/2.0" 200 2731 "https://falcon-ia.com/?path=//opt/alt/python310/lib64/python3.10/multiprocessing" "Mozilla/5.0 AppleWebKit/537.36 (KHTML, like Gecko; compatible; GPTBot/1.3; +https://openai.com/gptbot)" 517 **0/517849**
216.73.216.162 - - [28/Mar/2026:05:29:51 -0700] "GET /item/12603443?path=%2Fhome%2Ffalconiapl2015%2Fpublic_html%2Fwp-content%2Fplugins%2Felementor-pro HTTP/2.0" 403 3449 "-" "Mozilla/5.0 AppleWebKit/537.36 (KHTML, like Gecko; compatible; ClaudeBot/1.0; +claudebot@anthropic.com)" 516 **0/516697**
74.7.227.0 - - [28/Mar/2026:05:29:52 -0700] "GET /?path=//opt/alt/tests/alt-php80-pecl-zmq_1.1.3-1.84f0720.el8 HTTP/2.0" 200 2587 "https://falcon-ia.com/?path=//opt/alt/tests" "Mozilla/5.0 AppleWebKit/537.36 (KHTML, like Gecko; compatible; GPTBot/1.3; +https://openai.com/gptbot)" 507 **0/507208**
216.73.216.162 - - [28/Mar/2026:05:29:54 -0700] "GET /item/1492738538?fileloc=%2Fhome%2Ffalconiapl2015%2Fpublic_html%2Fwp-includes%2Fcss%2Fwp-pointer-rtl.css&path=%2Fhome%2Ffalconiapl2015%2Fpublic_html%2Fwp-includes%2Fcss HTTP/2.0" 403 3449 "-" "Mozilla/5.0 AppleWebKit/537.36 (KHTML, like Gecko; compatible; ClaudeBot/1.0; +claudebot@anthropic.com)" 524 **0/524682**
74.7.227.0 - - [28/Mar/2026:05:29:55 -0700] "GET /?path=//opt/alt/tests/alt-php82-pecl-zmq_1.1.3-1.84f0720.el8 HTTP/2.0" 200 2587 "https://falcon-ia.com/?path=//opt/alt/tests" "Mozilla/5.0 AppleWebKit/537.36 (KHTML, like Gecko; compatible; GPTBot/1.3; +https://openai.com/gptbot)" 510 **0/510311**
216.73.216.162 - - [28/Mar/2026:05:29:57 -0700] "GET /item/2000384027?path=%2Fhome%2Ffalconiapl2015%2Fpublic_html%2Fwp-content HTTP/2.0" 403 3449 "-" "Mozilla/5.0 AppleWebKit/537.36 (KHTML, like Gecko; compatible; ClaudeBot/1.0; +claudebot@anthropic.com)" 552 **0/552087**
74.7.227.0 - - [28/Mar/2026:05:29:58 -0700] "GET /?fileloc=//opt/alt/tests/alt-php83-pecl-zmq_1.1.3-1.84f0720.el8/tests/036-device.phpt&path=//opt/alt/tests/alt-php83-pecl-zmq_1.1.3-1.84f0720.el8/tests HTTP/2.0" 200 3097 "https://falcon-ia.com/?path=//opt/alt/tests/alt-php83-pecl-zmq_1.1.3-1.84f0720.el8/tests" "Mozilla/5.0 AppleWebKit/537.36 (KHTML, like Gecko; compatible; GPTBot/1.3; +https://openai.com/gptbot)" 517 **0/517901**
216.73.216.162 - - [28/Mar/2026:05:30:00 -0700] "GET /item/2430200614?path=%2Fhome%2Ffalconiapl2015%2Fpublic_html%2Fwp-includes HTTP/2.0" 403 3449 "-" "Mozilla/5.0 AppleWebKit/537.36 (KHTML, like Gecko; compatible; ClaudeBot/1.0; +claudebot@anthropic.com)" 517 **0/517494**
74.7.227.0 - - [28/Mar/2026:05:30:01 -0700] "GET /?path=//lib64/python2.7/Demo/parser HTTP/2.0" 200 3074 "https://falcon-ia.com/?path=//lib64/python2.7/Demo" "Mozilla/5.0 AppleWebKit/537.36 (KHTML, like Gecko; compatible; GPTBot/1.3; +https://openai.com/gptbot)" 659 **0/659082**
216.73.216.162 - - [28/Mar/2026:05:30:03 -0700] "GET /item/1895166186?path=%2Fhome%2Ffalconiapl2015%2Fpublic_html%2Fwp-includes HTTP/2.0" 403 3449 "-" "Mozilla/5.0 AppleWebKit/537.36 (KHTML, like Gecko; compatible; ClaudeBot/1.0; +claudebot@anthropic.com)" 875 **0/875078**
74.7.227.0 - - [28/Mar/2026:05:30:04 -0700] "GET /?path=//lib64/lftp/4.8.4 HTTP/2.0" 200 2858 "https://falcon-ia.com/?path=//lib64/lftp" "Mozilla/5.0 AppleWebKit/537.36 (KHTML, like Gecko; compatible; GPTBot/1.3; +https://openai.com/gptbot)" 626 **0/626876**
216.73.216.162 - - [28/Mar/2026:05:30:06 -0700] "GET /item/103008920?fileloc=%2Fhome%2Ffalconiapl2015%2Fpublic_html%2Fwp-includes%2Fcss%2Fwp-pointer.min.css&path=%2Fhome%2Ffalconiapl2015%2Fpublic_html%2Fwp-includes%2Fcss HTTP/2.0" 403 3449 "-" "Mozilla/5.0 AppleWebKit/537.36 (KHTML, like Gecko; compatible; ClaudeBot/1.0; +claudebot@anthropic.com)" 625 **0/625638**
74.7.227.0 - - [28/Mar/2026:05:30:07 -0700] "GET /?path=//etc/cl.selector HTTP/2.0" 200 2706 "https://falcon-ia.com/?path=//etc" "Mozilla/5.0 AppleWebKit/537.36 (KHTML, like Gecko; compatible; GPTBot/1.3; +https://openai.com/gptbot)" 554 **0/554911**
216.73.216.162 - - [28/Mar/2026:05:30:09 -0700] "GET /item/2632958237?path=%2Fhome%2Ffalconiapl2015%2F.cl.selector HTTP/2.0" 403 3449 "-" "Mozilla/5.0 AppleWebKit/537.36 (KHTML, like Gecko; compatible; ClaudeBot/1.0; +claudebot@anthropic.com)" 595 **0/595678**
74.7.227.0 - - [28/Mar/2026:05:30:11 -0700] "GET /?path=//opt/alt/libgeos HTTP/2.0" 200 2582 "https://falcon-ia.com/?path=//opt/alt" "Mozilla/5.0 AppleWebKit/537.36 (KHTML, like Gecko; compatible; GPTBot/1.3; +https://openai.com/gptbot)" 600 **0/600485**
216.73.216.162 - - [28/Mar/2026:05:30:14 -0700] "GET /item/3893796305?path=%2Fhome%2Ffalconiapl2015%2Fpublic_html%2Fwp-admin HTTP/2.0" 200 5481 "-" "Mozilla/5.0 AppleWebKit/537.36 (KHTML, like Gecko; compatible; ClaudeBot/1.0; +claudebot@anthropic.com)" 540 **0/540728**
74.7.227.0 - - [28/Mar/2026:05:30:14 -0700] "GET /?fileloc=//opt/alt/python310/lib64/python3.10/ensurepip/__pycache__/_uninstall.cpython-310.opt-1.pyc&path=//opt/alt/python310/lib64/python3.10/ensurepip/__pycache__ HTTP/2.0" 200 2958 "https://falcon-ia.com/?path=//opt/alt/python310/lib64/python3.10/ensurepip/__pycache__" "Mozilla/5.0 AppleWebKit/537.36 (KHTML, like Gecko; compatible; GPTBot/1.3; +https://openai.com/gptbot)" 592 **0/592207**
