74.7.227.0 - - [28/Mar/2026:05:53:15 -0700] "GET /?path=//usr/lib64/python3.12/venv HTTP/2.0" 200 2726 "https://falcon-ia.com/?path=//usr/lib64/python3.12" "Mozilla/5.0 AppleWebKit/537.36 (KHTML, like Gecko; compatible; GPTBot/1.3; +https://openai.com/gptbot)" 493 **0/493067**
54.37.252.212 - - [28/Mar/2026:05:53:17 -0700] "GET /?fileloc=/home/falconiapl2015/public_html/wp-includes/feed-rdf.php&path=/home/falconiapl2015/public_html/wp-includes HTTP/1.1" 200 3258 "-" "Mozilla/5.0 (compatible; MJ12bot/v1.4.8; http://mj12bot.com/)" 498 **0/498640**
216.73.216.162 - - [28/Mar/2026:05:53:17 -0700] "GET /item/4153129618?path=%2Fhome%2Ffalconiapl2015%2Fpublic_html%2Fwp-includes%2Ffonts HTTP/2.0" 200 2921 "-" "Mozilla/5.0 AppleWebKit/537.36 (KHTML, like Gecko; compatible; ClaudeBot/1.0; +claudebot@anthropic.com)" 494 **0/494677**
74.7.227.0 - - [28/Mar/2026:05:53:18 -0700] "GET /?fileloc=//usr/lib64/python2.7/urlparse.pyc&path=//usr/lib64/python2.7 HTTP/2.0" 200 9696 "https://falcon-ia.com/?path=//usr/lib64/python2.7" "Mozilla/5.0 AppleWebKit/537.36 (KHTML, like Gecko; compatible; GPTBot/1.3; +https://openai.com/gptbot)" 515 **0/515763**
216.73.216.162 - - [28/Mar/2026:05:53:20 -0700] "GET /item/4160306127?fileloc=%2Fhome%2Ffalconiapl2015%2Fpublic_html%2Fwp-includes%2Fclass-wp-theme-json-data.php&path=%2Fhome%2Ffalconiapl2015%2Fpublic_html%2Fwp-includes HTTP/2.0" 200 2888 "-" "Mozilla/5.0 AppleWebKit/537.36 (KHTML, like Gecko; compatible; ClaudeBot/1.0; +claudebot@anthropic.com)" 495 **0/495017**
74.7.227.0 - - [28/Mar/2026:05:53:21 -0700] "GET /?path=//run/systemd HTTP/2.0" 200 2544 "https://falcon-ia.com/?path=//run" "Mozilla/5.0 AppleWebKit/537.36 (KHTML, like Gecko; compatible; GPTBot/1.3; +https://openai.com/gptbot)" 497 **0/497211**
54.37.252.212 - - [28/Mar/2026:05:53:21 -0700] "GET /?fileloc=/home/falconiapl2015/public_html/wp-includes/ms-network.php&path=/home/falconiapl2015/public_html/wp-includes HTTP/1.1" 200 3600 "-" "Mozilla/5.0 (compatible; MJ12bot/v1.4.8; http://mj12bot.com/)" 506 **0/506554**
216.73.216.162 - - [28/Mar/2026:05:53:23 -0700] "GET /item/481140758?path=%2Fhome%2Ffalconiapl2015%2Fpublic_html%2F.easyssl_backup%2Fwp-content HTTP/2.0" 200 2692 "-" "Mozilla/5.0 AppleWebKit/537.36 (KHTML, like Gecko; compatible; ClaudeBot/1.0; +claudebot@anthropic.com)" 492 **0/492722**
74.7.227.0 - - [28/Mar/2026:05:53:24 -0700] "GET /?path=//usr/lib64/i360_pam_imunify HTTP/2.0" 200 2744 "https://falcon-ia.com/?path=//usr/lib64" "Mozilla/5.0 AppleWebKit/537.36 (KHTML, like Gecko; compatible; GPTBot/1.3; +https://openai.com/gptbot)" 484 **0/484653**
54.37.252.212 - - [28/Mar/2026:05:53:25 -0700] "GET /?fileloc=/home/falconiapl2015/public_html/wp-includes/shortcodes.php&path=/home/falconiapl2015/public_html/wp-includes HTTP/1.1" 200 8741 "-" "Mozilla/5.0 (compatible; MJ12bot/v1.4.8; http://mj12bot.com/)" 512 **0/512579**
216.73.216.162 - - [28/Mar/2026:05:53:26 -0700] "GET /item/1350664311?path=%2Fhome%2Ffalconiapl2015%2Fpublic_html%2Fwp-admin HTTP/2.0" 200 5481 "-" "Mozilla/5.0 AppleWebKit/537.36 (KHTML, like Gecko; compatible; ClaudeBot/1.0; +claudebot@anthropic.com)" 500 **0/500836**
74.7.227.0 - - [28/Mar/2026:05:53:27 -0700] "GET /?path=//usr/lib64/sasl2 HTTP/2.0" 200 2705 "https://falcon-ia.com/?path=//usr/lib64" "Mozilla/5.0 AppleWebKit/537.36 (KHTML, like Gecko; compatible; GPTBot/1.3; +https://openai.com/gptbot)" 521 **0/521504**
216.73.216.162 - - [28/Mar/2026:05:53:29 -0700] "GET /item/2994365632?fileloc=%2Fhome%2Ffalconiapl2015%2Fpublic_html%2Fwp-includes%2Fclass-wp-oembed-controller.php&path=%2Fhome%2Ffalconiapl2015%2Fpublic_html%2Fwp-includes HTTP/2.0" 200 4332 "-" "Mozilla/5.0 AppleWebKit/537.36 (KHTML, like Gecko; compatible; ClaudeBot/1.0; +claudebot@anthropic.com)" 505 **0/505365**
54.37.252.212 - - [28/Mar/2026:05:53:29 -0700] "GET /?fileloc=/home/falconiapl2015/public_html/wp-includes/sitemaps.php&path=/home/falconiapl2015/public_html/wp-includes HTTP/1.1" 200 3250 "-" "Mozilla/5.0 (compatible; MJ12bot/v1.4.8; http://mj12bot.com/)" 521 **0/521390**
74.7.227.0 - - [28/Mar/2026:05:53:31 -0700] "GET /?path=//usr/lib64/perl5 HTTP/2.0" 200 4010 "https://falcon-ia.com/?path=//usr/lib64" "Mozilla/5.0 AppleWebKit/537.36 (KHTML, like Gecko; compatible; GPTBot/1.3; +https://openai.com/gptbot)" 499 **0/499390**
216.73.216.162 - - [28/Mar/2026:05:53:32 -0700] "GET /item/682871127?path=%2Fhome%2Ffalconiapl2015%2Flogs HTTP/2.0" 200 2787 "-" "Mozilla/5.0 AppleWebKit/537.36 (KHTML, like Gecko; compatible; ClaudeBot/1.0; +claudebot@anthropic.com)" 508 **0/508410**
74.7.227.0 - - [28/Mar/2026:05:53:34 -0700] "GET /?path=//usr/lib64/sa HTTP/2.0" 200 2626 "https://falcon-ia.com/?path=//usr/lib64" "Mozilla/5.0 AppleWebKit/537.36 (KHTML, like Gecko; compatible; GPTBot/1.3; +https://openai.com/gptbot)" 506 **0/506028**
54.37.252.212 - - [28/Mar/2026:05:53:34 -0700] "GET /?fileloc=/home/falconiapl2015/public_html/wp-includes/speculative-loading.php&path=/home/falconiapl2015/public_html/wp-includes HTTP/1.1" 200 4977 "-" "Mozilla/5.0 (compatible; MJ12bot/v1.4.8; http://mj12bot.com/)" 512 **0/512582**
216.73.216.162 - - [28/Mar/2026:05:53:35 -0700] "GET /item/3229684757?path=%2Fhome%2Ffalconiapl2015%2Fpublic_html%2Fwp-includes%2Fpomo HTTP/2.0" 200 2808 "-" "Mozilla/5.0 AppleWebKit/537.36 (KHTML, like Gecko; compatible; ClaudeBot/1.0; +claudebot@anthropic.com)" 493 **0/493609**
74.7.227.0 - - [28/Mar/2026:05:53:37 -0700] "GET /?fileloc=//lib/systemd/system-generators/systemd-system-update-generator&path=//lib/systemd/system-generators HTTP/2.0" 200 6422 "https://falcon-ia.com/?path=//lib/systemd/system-generators" "Mozilla/5.0 AppleWebKit/537.36 (KHTML, like Gecko; compatible; GPTBot/1.3; +https://openai.com/gptbot)" 488 **0/488583**
216.73.216.162 - - [28/Mar/2026:05:53:38 -0700] "GET /item/3376595533?fileloc=%2Fhome%2Ffalconiapl2015%2Fpublic_html%2Fwp-includes%2Fclass-wp-feed-cache.php&path=%2Fhome%2Ffalconiapl2015%2Fpublic_html%2Fwp-includes HTTP/2.0" 200 2742 "-" "Mozilla/5.0 AppleWebKit/537.36 (KHTML, like Gecko; compatible; ClaudeBot/1.0; +claudebot@anthropic.com)" 518 **0/518772**
54.37.252.212 - - [28/Mar/2026:05:53:38 -0700] "GET /?fileloc=/home/falconiapl2015/public_html/wp-includes/spl-autoload-compat.php&path=/home/falconiapl2015/public_html/wp-includes HTTP/1.1" 200 2537 "-" "Mozilla/5.0 (compatible; MJ12bot/v1.4.8; http://mj12bot.com/)" 508 **0/508161**
74.7.227.0 - - [28/Mar/2026:05:53:40 -0700] "GET /?fileloc=//lib/systemd/system-generators/systemd-debug-generator&path=//lib/systemd/system-generators HTTP/2.0" 200 7697 "https://falcon-ia.com/?path=//lib/systemd/system-generators" "Mozilla/5.0 AppleWebKit/537.36 (KHTML, like Gecko; compatible; GPTBot/1.3; +https://openai.com/gptbot)" 499 **0/499344**
216.73.216.162 - - [28/Mar/2026:05:53:41 -0700] "GET /item/1576522482?path=%2Fhome%2Ffalconiapl2015%2Fpublic_html%2Fwp-content HTTP/2.0" 200 2867 "-" "Mozilla/5.0 AppleWebKit/537.36 (KHTML, like Gecko; compatible; ClaudeBot/1.0; +claudebot@anthropic.com)" 513 **0/513311**
54.37.252.212 - - [28/Mar/2026:05:53:42 -0700] "GET /?fileloc=/home/falconiapl2015/public_html/wp-includes/style-engine.php&path=/home/falconiapl2015/public_html/wp-includes HTTP/1.1" 200 4215 "-" "Mozilla/5.0 (compatible; MJ12bot/v1.4.8; http://mj12bot.com/)" 495 **0/495484**
74.7.227.0 - - [28/Mar/2026:05:53:43 -0700] "GET /?fileloc=//usr/lib64/python2.7/lib-tk/tkCommonDialog.pyo&path=//usr/lib64/python2.7/lib-tk HTTP/2.0" 200 3023 "https://falcon-ia.com/?path=//usr/lib64/python2.7/lib-tk" "Mozilla/5.0 AppleWebKit/537.36 (KHTML, like Gecko; compatible; GPTBot/1.3; +https://openai.com/gptbot)" 513 **0/513661**
216.73.216.162 - - [28/Mar/2026:05:53:44 -0700] "GET /item/2016831848?path=%2Fhome%2Ffalconiapl2015%2Fpublic_html%2Fwp-content HTTP/2.0" 200 2867 "-" "Mozilla/5.0 AppleWebKit/537.36 (KHTML, like Gecko; compatible; ClaudeBot/1.0; +claudebot@anthropic.com)" 512 **0/512906**
74.7.227.0 - - [28/Mar/2026:05:53:46 -0700] "GET /?fileloc=//lib/systemd/system-generators/nfs-server-generator&path=//lib/systemd/system-generators HTTP/2.0" 200 29545 "https://falcon-ia.com/?path=//lib/systemd/system-generators" "Mozilla/5.0 AppleWebKit/537.36 (KHTML, like Gecko; compatible; GPTBot/1.3; +https://openai.com/gptbot)" 521 **0/521934**
54.37.252.212 - - [28/Mar/2026:05:53:46 -0700] "GET /?fileloc=/home/falconiapl2015/public_html/wp-includes/taxonomy.php&path=/home/falconiapl2015/public_html/wp-includes HTTP/1.1" 200 39060 "-" "Mozilla/5.0 (compatible; MJ12bot/v1.4.8; http://mj12bot.com/)" 532 **0/532517**
216.73.216.162 - - [28/Mar/2026:05:53:47 -0700] "GET /item/4279915768?fileloc=%2Fhome%2Ffalconiapl2015%2Fpublic_html%2Fwp-admin%2Fadmin-functions.php&path=%2Fhome%2Ffalconiapl2015%2Fpublic_html%2Fwp-admin HTTP/2.0" 200 2507 "-" "Mozilla/5.0 AppleWebKit/537.36 (KHTML, like Gecko; compatible; ClaudeBot/1.0; +claudebot@anthropic.com)" 491 **0/491562**
74.7.227.0 - - [28/Mar/2026:05:53:49 -0700] "GET /?fileloc=//lib/systemd/system-generators/systemd-fstab-generator&path=//lib/systemd/system-generators HTTP/2.0" 200 18183 "https://falcon-ia.com/?path=//lib/systemd/system-generators" "Mozilla/5.0 AppleWebKit/537.36 (KHTML, like Gecko; compatible; GPTBot/1.3; +https://openai.com/gptbot)" 535 **0/535571**
216.73.216.162 - - [28/Mar/2026:05:53:50 -0700] "GET /item/3047569349?path=%2Fhome%2Ffalconiapl2015%2Fpublic_html HTTP/2.0" 200 3449 "-" "Mozilla/5.0 AppleWebKit/537.36 (KHTML, like Gecko; compatible; ClaudeBot/1.0; +claudebot@anthropic.com)" 513 **0/513667**
54.37.252.212 - - [28/Mar/2026:05:53:51 -0700] "GET /?fileloc=/home/falconiapl2015/public_html/wp-includes/template-canvas.php&path=/home/falconiapl2015/public_html/wp-includes HTTP/1.1" 200 2555 "-" "Mozilla/5.0 (compatible; MJ12bot/v1.4.8; http://mj12bot.com/)" 533 **0/533801**
74.7.227.0 - - [28/Mar/2026:05:53:53 -0700] "GET /?fileloc=//lib/systemd/system-generators/systemd-sysv-generator&path=//lib/systemd/system-generators HTTP/2.0" 200 14129 "https://falcon-ia.com/?path=//lib/systemd/system-generators" "Mozilla/5.0 AppleWebKit/537.36 (KHTML, like Gecko; compatible; GPTBot/1.3; +https://openai.com/gptbot)" 516 **0/516995**
216.73.216.162 - - [28/Mar/2026:05:53:53 -0700] "GET /item/2990729319?fileloc=%2Fhome%2Ffalconiapl2015%2Fpublic_html%2Fwp-admin%2Fjs%2Fcode-editor.min.js&path=%2Fhome%2Ffalconiapl2015%2Fpublic_html%2Fwp-admin%2Fjs HTTP/2.0" 200 3585 "-" "Mozilla/5.0 AppleWebKit/537.36 (KHTML, like Gecko; compatible; ClaudeBot/1.0; +claudebot@anthropic.com)" 492 **0/492027**
54.37.252.212 - - [28/Mar/2026:05:53:55 -0700] "GET /?fileloc=/home/falconiapl2015/public_html/wp-includes/template-loader.php&path=/home/falconiapl2015/public_html/wp-includes HTTP/1.1" 200 3803 "-" "Mozilla/5.0 (compatible; MJ12bot/v1.4.8; http://mj12bot.com/)" 515 **0/515987**
216.73.216.162 - - [28/Mar/2026:05:53:56 -0700] "GET /item/3211466970?path=%2Fhome%2Ffalconiapl2015%2Fpublic_html%2Fwp-includes%2Ffonts HTTP/2.0" 200 2921 "-" "Mozilla/5.0 AppleWebKit/537.36 (KHTML, like Gecko; compatible; ClaudeBot/1.0; +claudebot@anthropic.com)" 502 **0/502361**
74.7.227.0 - - [28/Mar/2026:05:53:56 -0700] "GET /?fileloc=//lib/systemd/system-generators/systemd-gpt-auto-generator&path=//lib/systemd/system-generators HTTP/2.0" 200 12768 "https://falcon-ia.com/?path=//lib/systemd/system-generators" "Mozilla/5.0 AppleWebKit/537.36 (KHTML, like Gecko; compatible; GPTBot/1.3; +https://openai.com/gptbot)" 521 **0/521855**
216.73.216.162 - - [28/Mar/2026:05:53:59 -0700] "GET /item/4088371702?fileloc=%2Fhome%2Ffalconiapl2015%2Fpublic_html%2Fwp-admin%2Fcss%2Fcommon.min.css&path=%2Fhome%2Ffalconiapl2015%2Fpublic_html%2Fwp-admin%2Fcss HTTP/2.0" 200 14764 "-" "Mozilla/5.0 AppleWebKit/537.36 (KHTML, like Gecko; compatible; ClaudeBot/1.0; +claudebot@anthropic.com)" 531 **0/531229**
74.7.227.0 - - [28/Mar/2026:05:53:59 -0700] "GET /?fileloc=//lib/systemd/system-generators/systemd-getty-generator&path=//lib/systemd/system-generators HTTP/2.0" 200 7909 "https://falcon-ia.com/?path=//lib/systemd/system-generators" "Mozilla/5.0 AppleWebKit/537.36 (KHTML, like Gecko; compatible; GPTBot/1.3; +https://openai.com/gptbot)" 536 **0/536826**
54.37.252.212 - - [28/Mar/2026:05:53:59 -0700] "GET /?fileloc=/home/falconiapl2015/public_html/wp-includes/template.php&path=/home/falconiapl2015/public_html/wp-includes HTTP/1.1" 200 10403 "-" "Mozilla/5.0 (compatible; MJ12bot/v1.4.8; http://mj12bot.com/)" 512 **0/512313**
216.73.216.162 - - [28/Mar/2026:05:54:02 -0700] "GET /item/1610996444?fileloc=%2Fhome%2Ffalconiapl2015%2Fpublic_html%2Fwp-admin%2Fcss%2Fcommon.min.css&path=%2Fhome%2Ffalconiapl2015%2Fpublic_html%2Fwp-admin%2Fcss HTTP/2.0" 200 14764 "-" "Mozilla/5.0 AppleWebKit/537.36 (KHTML, like Gecko; compatible; ClaudeBot/1.0; +claudebot@anthropic.com)" 540 **0/540827**
51.195.215.224 - - [28/Mar/2026:05:54:02 -0700] "GET /commodity/em/restore17191824512 HTTP/2.0" 200 3449 "-" "Mozilla/5.0 (compatible; AhrefsBot/7.0; +http://ahrefs.com/robot/)" 520 **0/520793**
74.7.227.0 - - [28/Mar/2026:05:54:02 -0700] "GET /?fileloc=//lib/systemd/system-generators/systemd-hibernate-resume-generator&path=//lib/systemd/system-generators HTTP/2.0" 200 6574 "https://falcon-ia.com/?path=//lib/systemd/system-generators" "Mozilla/5.0 AppleWebKit/537.36 (KHTML, like Gecko; compatible; GPTBot/1.3; +https://openai.com/gptbot)" 512 **0/512980**
54.37.252.212 - - [28/Mar/2026:05:54:03 -0700] "GET /?fileloc=/home/falconiapl2015/public_html/wp-includes/theme-i18n.json&path=/home/falconiapl2015/public_html/wp-includes HTTP/1.1" 200 2686 "-" "Mozilla/5.0 (compatible; MJ12bot/v1.4.8; http://mj12bot.com/)" 523 **0/523076**
85.208.96.199 - - [28/Mar/2026:05:54:05 -0700] "GET /commodity/accordance/provides171699056299 HTTP/1.1" 200 3956 "-" "Mozilla/5.0 (compatible; SemrushBot/7~bl; +http://www.semrush.com/bot.html)" 518 **0/518573**
216.73.216.162 - - [28/Mar/2026:05:54:05 -0700] "GET /item/2434932885?fileloc=%2Fhome%2Ffalconiapl2015%2Fpublic_html%2Fwp-includes%2Fcss%2Fadmin-bar.css&path=%2Fhome%2Ffalconiapl2015%2Fpublic_html%2Fwp-includes%2Fcss HTTP/2.0" 200 6857 "-" "Mozilla/5.0 AppleWebKit/537.36 (KHTML, like Gecko; compatible; ClaudeBot/1.0; +claudebot@anthropic.com)" 495 **0/495273**
74.7.227.0 - - [28/Mar/2026:05:54:05 -0700] "GET /?fileloc=//usr/lib64/perl5/Config.pod&path=//usr/lib64/perl5 HTTP/2.0" 200 47661 "https://falcon-ia.com/?path=//usr/lib64/perl5" "Mozilla/5.0 AppleWebKit/537.36 (KHTML, like Gecko; compatible; GPTBot/1.3; +https://openai.com/gptbot)" 531 **0/531678**
54.37.252.212 - - [28/Mar/2026:05:54:08 -0700] "GET /?fileloc=/home/falconiapl2015/public_html/wp-includes/theme-previews.php&path=/home/falconiapl2015/public_html/wp-includes HTTP/1.1" 200 3384 "-" "Mozilla/5.0 (compatible; MJ12bot/v1.4.8; http://mj12bot.com/)" 494 **0/494696**
216.73.216.162 - - [28/Mar/2026:05:54:08 -0700] "GET /item/2258178709?path=%2Fhome%2Ffalconiapl2015%2Fpublic_html%2Fwp-includes%2Ffonts HTTP/2.0" 200 2921 "-" "Mozilla/5.0 AppleWebKit/537.36 (KHTML, like Gecko; compatible; ClaudeBot/1.0; +claudebot@anthropic.com)" 512 **0/512453**
74.7.227.0 - - [28/Mar/2026:05:54:08 -0700] "GET /?fileloc=//lib/systemd/system-generators/systemd-veritysetup-generator&path=//lib/systemd/system-generators HTTP/2.0" 200 8476 "https://falcon-ia.com/?path=//lib/systemd/system-generators" "Mozilla/5.0 AppleWebKit/537.36 (KHTML, like Gecko; compatible; GPTBot/1.3; +https://openai.com/gptbot)" 516 **0/516820**
85.208.96.199 - - [28/Mar/2026:05:54:09 -0700] "GET /commodity/foundry/adjustments17163146150 HTTP/1.1" 200 3956 "-" "Mozilla/5.0 (compatible; SemrushBot/7~bl; +http://www.semrush.com/bot.html)" 488 **0/488910**
216.73.216.162 - - [28/Mar/2026:05:54:11 -0700] "GET /item/2139750069?fileloc=%2Fhome%2Ffalconiapl2015%2Fpublic_html%2Fwp-admin%2Fincludes%2Fclass-ftp-sockets.php&path=%2Fhome%2Ffalconiapl2015%2Fpublic_html%2Fwp-admin%2Fincludes HTTP/2.0" 200 4246 "-" "Mozilla/5.0 AppleWebKit/537.36 (KHTML, like Gecko; compatible; ClaudeBot/1.0; +claudebot@anthropic.com)" 508 **0/508166**
74.7.227.0 - - [28/Mar/2026:05:54:12 -0700] "GET /?fileloc=//lib/systemd/system-generators/systemd-cryptsetup-generator&path=//lib/systemd/system-generators HTTP/2.0" 200 13041 "https://falcon-ia.com/?path=//lib/systemd/system-generators" "Mozilla/5.0 AppleWebKit/537.36 (KHTML, like Gecko; compatible; GPTBot/1.3; +https://openai.com/gptbot)" 502 **0/502744**
54.37.252.212 - - [28/Mar/2026:05:54:12 -0700] "GET /?fileloc=/home/falconiapl2015/public_html/wp-includes/theme-templates.php&path=/home/falconiapl2015/public_html/wp-includes HTTP/1.1" 200 4519 "-" "Mozilla/5.0 (compatible; MJ12bot/v1.4.8; http://mj12bot.com/)" 509 **0/509151**
216.73.216.162 - - [28/Mar/2026:05:54:14 -0700] "GET /item/3687035705?fileloc=%2Fhome%2Ffalconiapl2015%2Fpublic_html%2Fwp-includes%2Fcss%2Fcustomize-preview.min.css&path=%2Fhome%2Ffalconiapl2015%2Fpublic_html%2Fwp-includes%2Fcss HTTP/2.0" 200 2983 "-" "Mozilla/5.0 AppleWebKit/537.36 (KHTML, like Gecko; compatible; ClaudeBot/1.0; +claudebot@anthropic.com)" 501 **0/501293**
74.7.227.0 - - [28/Mar/2026:05:54:15 -0700] "GET /?fileloc=//usr/lib64/perl5/Config_git.pl&path=//usr/lib64/perl5 HTTP/2.0" 200 2450 "https://falcon-ia.com/?path=//usr/lib64/perl5" "Mozilla/5.0 AppleWebKit/537.36 (KHTML, like Gecko; compatible; GPTBot/1.3; +https://openai.com/gptbot)" 522 **0/522489**
54.37.252.212 - - [28/Mar/2026:05:54:16 -0700] "GET /?fileloc=/home/falconiapl2015/public_html/wp-includes/theme.json&path=/home/falconiapl2015/public_html/wp-includes HTTP/1.1" 200 4574 "-" "Mozilla/5.0 (compatible; MJ12bot/v1.4.8; http://mj12bot.com/)" 505 **0/505028**
216.73.216.162 - - [28/Mar/2026:05:54:17 -0700] "GET /item/3720483053?path=%2Fhome%2Ffalconiapl2015%2Fpublic_html%2Fwp-includes%2Ffonts HTTP/2.0" 200 2921 "-" "Mozilla/5.0 AppleWebKit/537.36 (KHTML, like Gecko; compatible; ClaudeBot/1.0; +claudebot@anthropic.com)" 491 **0/491569**
74.7.227.0 - - [28/Mar/2026:05:54:18 -0700] "GET /?fileloc=//lib/systemd/system-generators/rpc-pipefs-generator&path=//lib/systemd/system-generators HTTP/2.0" 200 16623 "https://falcon-ia.com/?path=//lib/systemd/system-generators" "Mozilla/5.0 AppleWebKit/537.36 (KHTML, like Gecko; compatible; GPTBot/1.3; +https://openai.com/gptbot)" 500 **0/500784**
54.37.252.212 - - [28/Mar/2026:05:54:20 -0700] "GET /?fileloc=/home/falconiapl2015/public_html/wp-includes/theme.php&path=/home/falconiapl2015/public_html/wp-includes HTTP/1.1" 200 32363 "-" "Mozilla/5.0 (compatible; MJ12bot/v1.4.8; http://mj12bot.com/)" 536 **0/536146**
216.73.216.162 - - [28/Mar/2026:05:54:20 -0700] "GET /item/4279915768?path=%2Fhome%2Ffalconiapl2015%2Fpublic_html%2Fwp-includes%2Fblocks%2Fquery-no-results HTTP/2.0" 200 2654 "-" "Mozilla/5.0 AppleWebKit/537.36 (KHTML, like Gecko; compatible; ClaudeBot/1.0; +claudebot@anthropic.com)" 537 **0/537197**
74.7.227.0 - - [28/Mar/2026:05:54:21 -0700] "GET /?fileloc=//lib/systemd/system-generators/systemd-rc-local-generator&path=//lib/systemd/system-generators HTTP/2.0" 200 6179 "https://falcon-ia.com/?path=//lib/systemd/system-generators" "Mozilla/5.0 AppleWebKit/537.36 (KHTML, like Gecko; compatible; GPTBot/1.3; +https://openai.com/gptbot)" 503 **0/503958**
216.73.216.162 - - [28/Mar/2026:05:54:23 -0700] "GET /item/2632277854?fileloc=%2Fhome%2Ffalconiapl2015%2Fpublic_html%2Fwp-admin%2Fincludes%2Fexport.php&path=%2Fhome%2Ffalconiapl2015%2Fpublic_html%2Fwp-admin%2Fincludes HTTP/2.0" 200 9049 "-" "Mozilla/5.0 AppleWebKit/537.36 (KHTML, like Gecko; compatible; ClaudeBot/1.0; +claudebot@anthropic.com)" 526 **0/526181**
74.7.227.0 - - [28/Mar/2026:05:54:24 -0700] "GET /?fileloc=//lib/systemd/system-generators/selinux-autorelabel-generator.sh&path=//lib/systemd/system-generators HTTP/2.0" 200 2630 "https://falcon-ia.com/?path=//lib/systemd/system-generators" "Mozilla/5.0 AppleWebKit/537.36 (KHTML, like Gecko; compatible; GPTBot/1.3; +https://openai.com/gptbot)" 493 **0/493611**
54.37.252.212 - - [28/Mar/2026:05:54:24 -0700] "GET /?fileloc=/home/falconiapl2015/public_html/wp-includes/update.php&path=/home/falconiapl2015/public_html/wp-includes HTTP/1.1" 200 10836 "-" "Mozilla/5.0 (compatible; MJ12bot/v1.4.8; http://mj12bot.com/)" 538 **0/538508**
216.73.216.162 - - [28/Mar/2026:05:54:26 -0700] "GET /item/2632277854?fileloc=%2Fhome%2Ffalconiapl2015%2Fpublic_html%2Fwp-admin%2Fnetwork%2Fcontribute-framework.php&path=%2Fhome%2Ffalconiapl2015%2Fpublic_html%2Fwp-admin%2Fnetwork HTTP/2.0" 200 2298 "-" "Mozilla/5.0 AppleWebKit/537.36 (KHTML, like Gecko; compatible; ClaudeBot/1.0; +claudebot@anthropic.com)" 530 **0/530139**
74.7.227.0 - - [28/Mar/2026:05:54:27 -0700] "GET /?fileloc=//bin/mariadb-plugin&path=//bin HTTP/2.0" 200 534534 "https://falcon-ia.com/?path=//bin" "Mozilla/5.0 AppleWebKit/537.36 (KHTML, like Gecko; compatible; GPTBot/1.3; +https://openai.com/gptbot)" 839 **0/839265**
54.37.252.212 - - [28/Mar/2026:05:54:28 -0700] "GET /?fileloc=/home/falconiapl2015/public_html/wp-includes/user.php&path=/home/falconiapl2015/public_html/wp-includes HTTP/1.1" 200 38259 "-" "Mozilla/5.0 (compatible; MJ12bot/v1.4.8; http://mj12bot.com/)" 524 **0/524708**
216.73.216.162 - - [28/Mar/2026:05:54:29 -0700] "GET /item/856896239?fileloc=%2Fhome%2Ffalconiapl2015%2Fpublic_html%2Fwp-admin%2Fincludes%2Fclass-custom-image-header.php&path=%2Fhome%2Ffalconiapl2015%2Fpublic_html%2Fwp-admin%2Fincludes HTTP/2.0" 200 13498 "-" "Mozilla/5.0 AppleWebKit/537.36 (KHTML, like Gecko; compatible; ClaudeBot/1.0; +claudebot@anthropic.com)" 520 **0/520094**
74.7.227.0 - - [28/Mar/2026:05:54:31 -0700] "GET /?path=//usr/lib64/tls HTTP/2.0" 200 2317 "https://falcon-ia.com/?path=//usr/lib64" "Mozilla/5.0 AppleWebKit/537.36 (KHTML, like Gecko; compatible; GPTBot/1.3; +https://openai.com/gptbot)" 500 **0/500655**
216.73.216.162 - - [28/Mar/2026:05:54:32 -0700] "GET /item/3907333620?fileloc=%2Fhome%2Ffalconiapl2015%2Fpublic_html%2Fwp-includes%2Fclass-wp-editor.php&path=%2Fhome%2Ffalconiapl2015%2Fpublic_html%2Fwp-includes HTTP/2.0" 200 19163 "-" "Mozilla/5.0 AppleWebKit/537.36 (KHTML, like Gecko; compatible; ClaudeBot/1.0; +claudebot@anthropic.com)" 520 **0/520120**
54.37.252.212 - - [28/Mar/2026:05:54:33 -0700] "GET /?fileloc=/home/falconiapl2015/public_html/wp-includes/utf8.php&path=/home/falconiapl2015/public_html/wp-includes HTTP/1.1" 200 4732 "-" "Mozilla/5.0 (compatible; MJ12bot/v1.4.8; http://mj12bot.com/)" 502 **0/502633**
74.7.227.0 - - [28/Mar/2026:05:54:34 -0700] "GET /?path=//usr/lib64/lua HTTP/2.0" 200 2577 "https://falcon-ia.com/?path=//usr/lib64" "Mozilla/5.0 AppleWebKit/537.36 (KHTML, like Gecko; compatible; GPTBot/1.3; +https://openai.com/gptbot)" 512 **0/512082**
216.73.216.162 - - [28/Mar/2026:05:54:35 -0700] "GET /item/2240660132?fileloc=%2Fhome%2Ffalconiapl2015%2Fpublic_html%2Fwp-admin%2Fcss%2Fcommon.min.css&path=%2Fhome%2Ffalconiapl2015%2Fpublic_html%2Fwp-admin%2Fcss HTTP/2.0" 403 3449 "-" "Mozilla/5.0 AppleWebKit/537.36 (KHTML, like Gecko; compatible; ClaudeBot/1.0; +claudebot@anthropic.com)" 536 **0/536119**
74.7.227.0 - - [28/Mar/2026:05:54:37 -0700] "GET /?path=//usr/lib64/python3.12/dbm HTTP/2.0" 200 2758 "https://falcon-ia.com/?path=//usr/lib64/python3.12" "Mozilla/5.0 AppleWebKit/537.36 (KHTML, like Gecko; compatible; GPTBot/1.3; +https://openai.com/gptbot)" 517 **0/517932**
54.37.252.212 - - [28/Mar/2026:05:54:37 -0700] "GET /?fileloc=/home/falconiapl2015/public_html/wp-includes/vars.php&path=/home/falconiapl2015/public_html/wp-includes HTTP/1.1" 200 4181 "-" "Mozilla/5.0 (compatible; MJ12bot/v1.4.8; http://mj12bot.com/)" 509 **0/509475**
114.119.151.172 - - [28/Mar/2026:05:54:39 -0700] "GET /commodity/vampires/aliases172192316209?fileloc=/home/falconiapl2015/public_html/wp-login.php&path=/home/falconiapl2015/public_html HTTP/1.1" 200 15772 "https://falcon-ia.com/commodity/vampires/aliases172192316209" "Mozilla/5.0 (Linux; Android 7.0;) AppleWebKit/537.36 (KHTML, like Gecko) Mobile Safari/537.36 (compatible; PetalBot;+https://webmaster.petalsearch.com/site/petalbot)" 528 **0/528159**
216.73.216.162 - - [28/Mar/2026:05:54:39 -0700] "GET /item/2440365595?fileloc=%2Fhome%2Ffalconiapl2015%2Fpublic_html%2Fwp-includes%2Fscript-loader.php&path=%2Fhome%2Ffalconiapl2015%2Fpublic_html%2Fwp-includes HTTP/2.0" 403 3449 "-" "Mozilla/5.0 AppleWebKit/537.36 (KHTML, like Gecko; compatible; ClaudeBot/1.0; +claudebot@anthropic.com)" 518 **0/518865**
74.7.227.0 - - [28/Mar/2026:05:54:40 -0700] "GET /?path=//usr/lib64/sssd HTTP/2.0" 200 2316 "https://falcon-ia.com/?path=//usr/lib64" "Mozilla/5.0 AppleWebKit/537.36 (KHTML, like Gecko; compatible; GPTBot/1.3; +https://openai.com/gptbot)" 487 **0/487481**
54.37.252.212 - - [28/Mar/2026:05:54:41 -0700] "GET /?fileloc=/home/falconiapl2015/public_html/wp-includes/version.php&path=/home/falconiapl2015/public_html/wp-includes HTTP/1.1" 200 2672 "-" "Mozilla/5.0 (compatible; MJ12bot/v1.4.8; http://mj12bot.com/)" 483 **0/483725**
216.73.216.162 - - [28/Mar/2026:05:54:42 -0700] "GET /item/1735715994?path=%2Fhome%2Ffalconiapl2015%2Fpublic_html%2Fwp-includes HTTP/2.0" 403 3449 "-" "Mozilla/5.0 AppleWebKit/537.36 (KHTML, like Gecko; compatible; ClaudeBot/1.0; +claudebot@anthropic.com)" 503 **0/503034**
74.7.227.0 - - [28/Mar/2026:05:54:43 -0700] "GET /?fileloc=//usr/lib64/libref_array.so.1.2.1&path=//usr/lib64 HTTP/2.0" 200 6895 "https://falcon-ia.com/?path=//usr/lib64" "Mozilla/5.0 AppleWebKit/537.36 (KHTML, like Gecko; compatible; GPTBot/1.3; +https://openai.com/gptbot)" 509 **0/509845**
216.73.216.162 - - [28/Mar/2026:05:54:45 -0700] "GET /item/2434932885?fileloc=%2Fhome%2Ffalconiapl2015%2Fpublic_html%2Fwp-includes%2Fclass.wp-scripts.php&path=%2Fhome%2Ffalconiapl2015%2Fpublic_html%2Fwp-includes HTTP/2.0" 403 3449 "-" "Mozilla/5.0 AppleWebKit/537.36 (KHTML, like Gecko; compatible; ClaudeBot/1.0; +claudebot@anthropic.com)" 523 **0/523638**
54.37.252.212 - - [28/Mar/2026:05:54:45 -0700] "GET /?fileloc=/home/falconiapl2015/public_html/wp-includes/widgets.php&path=/home/falconiapl2015/public_html/wp-includes HTTP/1.1" 200 17832 "-" "Mozilla/5.0 (compatible; MJ12bot/v1.4.8; http://mj12bot.com/)" 500 **0/500070**
74.7.227.0 - - [28/Mar/2026:05:54:46 -0700] "GET /?fileloc=//bin/git-upload-archive&path=//bin HTTP/2.0" 200 1603091 "https://falcon-ia.com/?path=//bin" "Mozilla/5.0 AppleWebKit/537.36 (KHTML, like Gecko; compatible; GPTBot/1.3; +https://openai.com/gptbot)" 1129 **1/1129498**
216.73.216.162 - - [28/Mar/2026:05:54:48 -0700] "GET /item/3191342376?path=%2Fhome%2Ffalconiapl2015%2Fpublic_html%2Fwp-includes HTTP/2.0" 403 3449 "-" "Mozilla/5.0 AppleWebKit/537.36 (KHTML, like Gecko; compatible; ClaudeBot/1.0; +claudebot@anthropic.com)" 530 **0/530388**
74.7.227.0 - - [28/Mar/2026:05:54:49 -0700] "GET /?path=//usr/lib64/gio HTTP/2.0" 200 2555 "https://falcon-ia.com/?path=//usr/lib64" "Mozilla/5.0 AppleWebKit/537.36 (KHTML, like Gecko; compatible; GPTBot/1.3; +https://openai.com/gptbot)" 495 **0/495622**
54.37.252.212 - - [28/Mar/2026:05:54:49 -0700] "GET /?fileloc=/home/falconiapl2015/public_html/wp-includes/wp-db.php&path=/home/falconiapl2015/public_html/wp-includes HTTP/1.1" 200 2504 "-" "Mozilla/5.0 (compatible; MJ12bot/v1.4.8; http://mj12bot.com/)" 509 **0/509853**
216.73.216.162 - - [28/Mar/2026:05:54:51 -0700] "GET /item/202403710?path=%2Fhome%2Ffalconiapl2015%2Fpublic_html%2Fwp-includes%2Fsitemaps HTTP/2.0" 403 3449 "-" "Mozilla/5.0 AppleWebKit/537.36 (KHTML, like Gecko; compatible; ClaudeBot/1.0; +claudebot@anthropic.com)" 508 **0/508533**
74.7.227.0 - - [28/Mar/2026:05:54:52 -0700] "GET /?path=//lib/python2.7 HTTP/2.0" 200 2554 "https://falcon-ia.com/?path=//lib" "Mozilla/5.0 AppleWebKit/537.36 (KHTML, like Gecko; compatible; GPTBot/1.3; +https://openai.com/gptbot)" 497 **0/497432**
54.37.252.212 - - [28/Mar/2026:05:54:53 -0700] "GET /?fileloc=/home/falconiapl2015/public_html/wp-includes/wp-diff.php&path=/home/falconiapl2015/public_html/wp-includes HTTP/1.1" 200 2578 "-" "Mozilla/5.0 (compatible; MJ12bot/v1.4.8; http://mj12bot.com/)" 491 **0/491988**
216.73.216.162 - - [28/Mar/2026:05:54:54 -0700] "GET /item/1729751600?fileloc=%2Fhome%2Ffalconiapl2015%2Fpublic_html%2Fwp-includes%2Fassets%2Fscript-loader-react-refresh-entry.min.php&path=%2Fhome%2Ffalconiapl2015%2Fpublic_html%2Fwp-includes%2Fassets HTTP/2.0" 403 3449 "-" "Mozilla/5.0 AppleWebKit/537.36 (KHTML, like Gecko; compatible; ClaudeBot/1.0; +claudebot@anthropic.com)" 497 **0/497384**
74.7.227.0 - - [28/Mar/2026:05:54:56 -0700] "GET /?path=//lib/python3.6 HTTP/2.0" 200 2554 "https://falcon-ia.com/?path=//lib" "Mozilla/5.0 AppleWebKit/537.36 (KHTML, like Gecko; compatible; GPTBot/1.3; +https://openai.com/gptbot)" 499 **0/499889**
216.73.216.162 - - [28/Mar/2026:05:54:57 -0700] "GET /item/2405933391?path=%2Fhome%2Ffalconiapl2015%2Fpublic_html%2Fwp-content%2Fuploads HTTP/2.0" 403 3449 "-" "Mozilla/5.0 AppleWebKit/537.36 (KHTML, like Gecko; compatible; ClaudeBot/1.0; +claudebot@anthropic.com)" 512 **0/512533**
54.37.252.212 - - [28/Mar/2026:05:54:58 -0700] "GET /?path=/home/falconiapl2015/public_html/images/images HTTP/1.1" 200 2732 "-" "Mozilla/5.0 (compatible; MJ12bot/v1.4.8; http://mj12bot.com/)" 513 **0/513528**
74.7.227.0 - - [28/Mar/2026:05:54:59 -0700] "GET /?path=//usr/lib64/python3.12/zoneinfo HTTP/2.0" 200 2750 "https://falcon-ia.com/?path=//usr/lib64/python3.12" "Mozilla/5.0 AppleWebKit/537.36 (KHTML, like Gecko; compatible; GPTBot/1.3; +https://openai.com/gptbot)" 529 **0/529986**
216.73.216.162 - - [28/Mar/2026:05:55:00 -0700] "GET /item/4279915768?fileloc=%2Fhome%2Ffalconiapl2015%2Fpublic_html%2Fwp-includes%2Fclass-wp-oembed-controller.php&path=%2Fhome%2Ffalconiapl2015%2Fpublic_html%2Fwp-includes HTTP/2.0" 403 3449 "-" "Mozilla/5.0 AppleWebKit/537.36 (KHTML, like Gecko; compatible; ClaudeBot/1.0; +claudebot@anthropic.com)" 528 **0/528480**
17.22.237.84 - - [28/Mar/2026:05:55:01 -0700] "GET /?p=18539 HTTP/1.1" 200 3956 "-" "Mozilla/5.0 (Macintosh; Intel Mac OS X 10_15_7) AppleWebKit/605.1.15 (KHTML, like Gecko) Version/17.4 Safari/605.1.15 (Applebot/0.1; +http://www.apple.com/go/applebot)" 570 **0/570574**
54.37.252.212 - - [28/Mar/2026:05:55:02 -0700] "GET /?path=/home/falconiapl2015/public_html/wp-content/ai1wm-backups HTTP/1.1" 200 2794 "-" "Mozilla/5.0 (compatible; MJ12bot/v1.4.8; http://mj12bot.com/)" 739 **0/739456**
74.7.227.0 - - [28/Mar/2026:05:55:02 -0700] "GET /?path=//usr/lib64/gawk HTTP/2.0" 200 2901 "https://falcon-ia.com/?path=//usr/lib64" "Mozilla/5.0 AppleWebKit/537.36 (KHTML, like Gecko; compatible; GPTBot/1.3; +https://openai.com/gptbot)" 662 **0/662018**
31.42.184.113 - - [28/Mar/2026:05:55:03 -0700] "GET /wp-content/plugins/ndcwx/index.php?d_time HTTP/1.1" 200 55901 "-" "Mozilla/5.0 (Windows NT 10.0; Win64; x64) AppleWebKit/537.36 (KHTML, like Gecko) Chrome/136.0.0.0 Safari/537.36 Edg/136.0.0.0" 597 **0/597685**
216.73.216.162 - - [28/Mar/2026:05:55:03 -0700] "GET /item/2434932885?fileloc=%2Fhome%2Ffalconiapl2015%2Fpublic_html%2Fwp-includes%2Fclass-wp-script-modules.php&path=%2Fhome%2Ffalconiapl2015%2Fpublic_html%2Fwp-includes HTTP/2.0" 403 3449 "-" "Mozilla/5.0 AppleWebKit/537.36 (KHTML, like Gecko; compatible; ClaudeBot/1.0; +claudebot@anthropic.com)" 634 **0/634104**
74.7.227.0 - - [28/Mar/2026:05:55:05 -0700] "GET /?path=//usr/lib64/gems HTTP/2.0" 200 2555 "https://falcon-ia.com/?path=//usr/lib64" "Mozilla/5.0 AppleWebKit/537.36 (KHTML, like Gecko; compatible; GPTBot/1.3; +https://openai.com/gptbot)" 572 **0/572859**
216.73.216.162 - - [28/Mar/2026:05:55:06 -0700] "GET /item/3554030469?fileloc=%2Fhome%2Ffalconiapl2015%2Fpublic_html%2Fwp-includes%2Fcss%2Feditor.min.css&path=%2Fhome%2Ffalconiapl2015%2Fpublic_html%2Fwp-includes%2Fcss HTTP/2.0" 403 3449 "-" "Mozilla/5.0 AppleWebKit/537.36 (KHTML, like Gecko; compatible; ClaudeBot/1.0; +claudebot@anthropic.com)" 574 **0/574241**
54.37.252.212 - - [28/Mar/2026:05:55:06 -0700] "GET /?path=/home/falconiapl2015/public_html/wp-content/mu-plugins HTTP/1.1" 200 2683 "-" "Mozilla/5.0 (compatible; MJ12bot/v1.4.8; http://mj12bot.com/)" 580 **0/580475**
74.7.227.0 - - [28/Mar/2026:05:55:08 -0700] "GET /?fileloc=//bin/git-upload-pack&path=//bin HTTP/2.0" 200 1603092 "https://falcon-ia.com/?path=//bin" "Mozilla/5.0 AppleWebKit/537.36 (KHTML, like Gecko; compatible; GPTBot/1.3; +https://openai.com/gptbot)" 1406 **1/1406050**
216.73.216.162 - - [28/Mar/2026:05:55:09 -0700] "GET /item/3696450038?path=%2Fhome%2Ffalconiapl2015%2Fpublic_html%2Fwp-includes HTTP/2.0" 403 3449 "-" "Mozilla/5.0 AppleWebKit/537.36 (KHTML, like Gecko; compatible; ClaudeBot/1.0; +claudebot@anthropic.com)" 602 **0/602589**
54.37.252.212 - - [28/Mar/2026:05:55:10 -0700] "GET /?path=/home/falconiapl2015/public_html/wp-content/plugins HTTP/1.1" 200 3362 "-" "Mozilla/5.0 (compatible; MJ12bot/v1.4.8; http://mj12bot.com/)" 502 **0/502252**
74.7.227.0 - - [28/Mar/2026:05:55:11 -0700] "GET /?fileloc=//bin/git-receive-pack&path=//bin HTTP/2.0" 200 1603077 "https://falcon-ia.com/?path=//bin" "Mozilla/5.0 AppleWebKit/537.36 (KHTML, like Gecko; compatible; GPTBot/1.3; +https://openai.com/gptbot)" 1262 **1/1262446**
216.73.216.162 - - [28/Mar/2026:05:55:12 -0700] "GET /item/4153129618?fileloc=%2Fhome%2Ffalconiapl2015%2Fpublic_html%2Fwp-includes%2Fclass-wp-script-modules.php&path=%2Fhome%2Ffalconiapl2015%2Fpublic_html%2Fwp-includes HTTP/2.0" 403 3449 "-" "Mozilla/5.0 AppleWebKit/537.36 (KHTML, like Gecko; compatible; ClaudeBot/1.0; +claudebot@anthropic.com)" 530 **0/530443**
74.7.227.0 - - [28/Mar/2026:05:55:14 -0700] "GET /?fileloc=//bin/run-with-aspell&path=//bin HTTP/2.0" 200 2298 "https://falcon-ia.com/?path=//bin" "Mozilla/5.0 AppleWebKit/537.36 (KHTML, like Gecko; compatible; GPTBot/1.3; +https://openai.com/gptbot)" 511 **0/511379**
54.37.252.212 - - [28/Mar/2026:05:55:15 -0700] "GET /?path=/home/falconiapl2015/public_html/wp-content/themes HTTP/1.1" 200 2883 "-" "Mozilla/5.0 (compatible; MJ12bot/v1.4.8; http://mj12bot.com/)" 513 **0/513998**
216.73.216.162 - - [28/Mar/2026:05:55:15 -0700] "GET /item/780232076?path=%2F%2Fhome%2Ffalconiapl2015 HTTP/2.0" 200 3738 "-" "Mozilla/5.0 AppleWebKit/537.36 (KHTML, like Gecko; compatible; ClaudeBot/1.0; +claudebot@anthropic.com)" 520 **0/520655**
74.7.227.0 - - [28/Mar/2026:05:55:17 -0700] "GET /?fileloc=//bin/ps2pdf12&path=//bin HTTP/2.0" 200 2385 "https://falcon-ia.com/?path=//bin" "Mozilla/5.0 AppleWebKit/537.36 (KHTML, like Gecko; compatible; GPTBot/1.3; +https://openai.com/gptbot)" 544 **0/544164**
216.73.216.162 - - [28/Mar/2026:05:55:18 -0700] "GET /item/780912459?path=%2Fhome%2Ffalconiapl2015%2F.cphorde HTTP/2.0" 200 2684 "-" "Mozilla/5.0 AppleWebKit/537.36 (KHTML, like Gecko; compatible; ClaudeBot/1.0; +claudebot@anthropic.com)" 550 **0/550342**
54.37.252.212 - - [28/Mar/2026:05:55:19 -0700] "GET /?path=/home/falconiapl2015/public_html/wp-content/upgrade HTTP/1.1" 200 2334 "-" "Mozilla/5.0 (compatible; MJ12bot/v1.4.8; http://mj12bot.com/)" 513 **0/513003**
74.7.227.0 - - [28/Mar/2026:05:55:21 -0700] "GET /?fileloc=//usr/lib64/libgpg-error.so.0.24.2&path=//usr/lib64 HTTP/2.0" 200 54074 "https://falcon-ia.com/?path=//usr/lib64" "Mozilla/5.0 AppleWebKit/537.36 (KHTML, like Gecko; compatible; GPTBot/1.3; +https://openai.com/gptbot)" 562 **0/562599**
216.73.216.162 - - [28/Mar/2026:05:55:21 -0700] "GET /item/602225341?fileloc=%2Fhome%2Ffalconiapl2015%2Fpublic_html%2Fwp-includes%2Fcss%2Feditor.min.css&path=%2Fhome%2Ffalconiapl2015%2Fpublic_html%2Fwp-includes%2Fcss HTTP/2.0" 200 7955 "-" "Mozilla/5.0 AppleWebKit/537.36 (KHTML, like Gecko; compatible; ClaudeBot/1.0; +claudebot@anthropic.com)" 562 **0/562579**
54.37.252.212 - - [28/Mar/2026:05:55:25 -0700] "GET /?path=/home/falconiapl2015/public_html/wp-content/upgrade-temp-backup HTTP/1.1" 200 2702 "-" "Mozilla/5.0 (compatible; MJ12bot/v1.4.8; http://mj12bot.com/)" 2694 **2/2694492**
216.73.216.162 - - [28/Mar/2026:05:55:25 -0700] "GET /item/35270743?path=%2Fhome%2Ffalconiapl2015%2Fpublic_html%2Fwp-content HTTP/2.0" 200 2867 "-" "Mozilla/5.0 AppleWebKit/537.36 (KHTML, like Gecko; compatible; ClaudeBot/1.0; +claudebot@anthropic.com)" 3078 **3/3078312**
74.7.227.0 - - [28/Mar/2026:05:55:25 -0700] "GET /?fileloc=//bin/sha224sum&path=//bin HTTP/2.0" 200 19330 "https://falcon-ia.com/?path=//bin" "Mozilla/5.0 AppleWebKit/537.36 (KHTML, like Gecko; compatible; GPTBot/1.3; +https://openai.com/gptbot)" 3500 **3/3500461**
74.7.227.0 - - [28/Mar/2026:05:55:29 -0700] "GET /?path=//usr/lib64/bind HTTP/2.0" 200 2316 "https://falcon-ia.com/?path=//usr/lib64" "Mozilla/5.0 AppleWebKit/537.36 (KHTML, like Gecko; compatible; GPTBot/1.3; +https://openai.com/gptbot)" 687 **0/687055**
216.73.216.162 - - [28/Mar/2026:05:55:30 -0700] "GET /item/205359608?fileloc=%2Fhome%2Ffalconiapl2015%2Fpublic_html%2Fwp-includes%2Fcss%2Feditor.min.css&path=%2Fhome%2Ffalconiapl2015%2Fpublic_html%2Fwp-includes%2Fcss HTTP/2.0" 200 7955 "-" "Mozilla/5.0 AppleWebKit/537.36 (KHTML, like Gecko; compatible; ClaudeBot/1.0; +claudebot@anthropic.com)" 592 **0/592408**
74.7.227.0 - - [28/Mar/2026:05:55:32 -0700] "GET /?path=//usr/lib64/python3.12/unittest HTTP/2.0" 200 3015 "https://falcon-ia.com/?path=//usr/lib64/python3.12" "Mozilla/5.0 AppleWebKit/537.36 (KHTML, like Gecko; compatible; GPTBot/1.3; +https://openai.com/gptbot)" 520 **0/520441**
54.37.252.212 - - [28/Mar/2026:05:55:32 -0700] "GET /?path=/home/falconiapl2015/public_html/wp-content/uploads HTTP/1.1" 200 2907 "-" "Mozilla/5.0 (compatible; MJ12bot/v1.4.8; http://mj12bot.com/)" 535 **0/535582**
216.73.216.162 - - [28/Mar/2026:05:55:33 -0700] "GET /item/3939568476?fileloc=%2Fhome%2Ffalconiapl2015%2Fpublic_html%2Fwp-includes%2Fclass-wp-script-modules.php&path=%2Fhome%2Ffalconiapl2015%2Fpublic_html%2Fwp-includes HTTP/2.0" 200 9823 "-" "Mozilla/5.0 AppleWebKit/537.36 (KHTML, like Gecko; compatible; ClaudeBot/1.0; +claudebot@anthropic.com)" 591 **0/591106**
74.7.227.0 - - [28/Mar/2026:05:55:36 -0700] "GET /?path=//usr/lib64/pkcs11 HTTP/2.0" 200 2587 "https://falcon-ia.com/?path=//usr/lib64" "Mozilla/5.0 AppleWebKit/537.36 (KHTML, like Gecko; compatible; GPTBot/1.3; +https://openai.com/gptbot)" 538 **0/538304**
216.73.216.162 - - [28/Mar/2026:05:55:36 -0700] "GET /item/3229684757?path=%2Fhome%2Ffalconiapl2015%2Fpublic_html%2Fwp-includes%2Fcertificates HTTP/2.0" 200 2646 "-" "Mozilla/5.0 AppleWebKit/537.36 (KHTML, like Gecko; compatible; ClaudeBot/1.0; +claudebot@anthropic.com)" 556 **0/556908**
54.37.252.212 - - [28/Mar/2026:05:55:37 -0700] "GET /?path=/home/falconiapl2015/public_html/wp-includes/ID3 HTTP/1.1" 200 3189 "-" "Mozilla/5.0 (compatible; MJ12bot/v1.4.8; http://mj12bot.com/)" 507 **0/507144**
74.7.227.0 - - [28/Mar/2026:05:55:39 -0700] "GET /?path=//usr/lib64/libmysqlclient21 HTTP/2.0" 200 2618 "https://falcon-ia.com/?path=//usr/lib64" "Mozilla/5.0 AppleWebKit/537.36 (KHTML, like Gecko; compatible; GPTBot/1.3; +https://openai.com/gptbot)" 526 **0/526840**
216.73.216.162 - - [28/Mar/2026:05:55:39 -0700] "GET /item/514587713?fileloc=%2Fhome%2Ffalconiapl2015%2Fpublic_html%2Fwp-includes%2Fclass-wp-theme-json-data.php&path=%2Fhome%2Ffalconiapl2015%2Fpublic_html%2Fwp-includes HTTP/2.0" 200 2888 "-" "Mozilla/5.0 AppleWebKit/537.36 (KHTML, like Gecko; compatible; ClaudeBot/1.0; +claudebot@anthropic.com)" 511 **0/511467**
216.73.216.162 - - [28/Mar/2026:05:55:42 -0700] "GET /item/4160306127?path=%2Fhome%2Ffalconiapl2015%2Fpublic_html%2Fwp-content%2Fuploads HTTP/2.0" 200 2907 "-" "Mozilla/5.0 AppleWebKit/537.36 (KHTML, like Gecko; compatible; ClaudeBot/1.0; +claudebot@anthropic.com)" 517 **0/517127**
74.7.227.0 - - [28/Mar/2026:05:55:42 -0700] "GET /?fileloc=//bin/prezip-bin&path=//bin HTTP/2.0" 200 6436 "https://falcon-ia.com/?path=//bin" "Mozilla/5.0 AppleWebKit/537.36 (KHTML, like Gecko; compatible; GPTBot/1.3; +https://openai.com/gptbot)" 492 **0/492746**
54.37.252.212 - - [28/Mar/2026:05:55:42 -0700] "GET /?path=/home/falconiapl2015/public_html/wp-includes/IXR HTTP/1.1" 200 2948 "-" "Mozilla/5.0 (compatible; MJ12bot/v1.4.8; http://mj12bot.com/)" 564 **0/564021**
216.73.216.162 - - [28/Mar/2026:05:55:45 -0700] "GET /item/909754614?path=%2Fhome%2Ffalconiapl2015%2Fpublic_html%2Fwp-includes HTTP/2.0" 200 10191 "-" "Mozilla/5.0 AppleWebKit/537.36 (KHTML, like Gecko; compatible; ClaudeBot/1.0; +claudebot@anthropic.com)" 667 **0/667694**
74.7.227.0 - - [28/Mar/2026:05:55:45 -0700] "GET /?path=//usr/lib64/python2.7/bsddb HTTP/2.0" 200 3020 "https://falcon-ia.com/?path=//usr/lib64/python2.7" "Mozilla/5.0 AppleWebKit/537.36 (KHTML, like Gecko; compatible; GPTBot/1.3; +https://openai.com/gptbot)" 529 **0/529248**
54.37.252.212 - - [28/Mar/2026:05:55:47 -0700] "GET /?path=/home/falconiapl2015/public_html/wp-includes/PHPMailer HTTP/1.1" 200 2919 "-" "Mozilla/5.0 (compatible; MJ12bot/v1.4.8; http://mj12bot.com/)" 497 **0/497769**
216.73.216.162 - - [28/Mar/2026:05:55:48 -0700] "GET /item/243587077?path=%2Fhome%2Ffalconiapl2015%2Fpublic_html%2Fwp-includes%2Fsitemaps HTTP/2.0" 200 2845 "-" "Mozilla/5.0 AppleWebKit/537.36 (KHTML, like Gecko; compatible; ClaudeBot/1.0; +claudebot@anthropic.com)" 507 **0/507125**
74.7.227.0 - - [28/Mar/2026:05:55:48 -0700] "GET /?fileloc=//lib/systemd/system-generators/kdump-dep-generator.sh&path=//lib/systemd/system-generators HTTP/2.0" 200 2541 "https://falcon-ia.com/?path=//lib/systemd/system-generators" "Mozilla/5.0 AppleWebKit/537.36 (KHTML, like Gecko; compatible; GPTBot/1.3; +https://openai.com/gptbot)" 506 **0/506253**
216.73.216.162 - - [28/Mar/2026:05:55:51 -0700] "GET /item/528125028?path=%2Fhome%2Ffalconiapl2015%2Fpublic_html HTTP/2.0" 200 3449 "-" "Mozilla/5.0 AppleWebKit/537.36 (KHTML, like Gecko; compatible; ClaudeBot/1.0; +claudebot@anthropic.com)" 546 **0/546411**
74.7.227.0 - - [28/Mar/2026:05:55:52 -0700] "GET /?path=//usr/lib64/python3.12/xmlrpc HTTP/2.0" 200 2725 "https://falcon-ia.com/?path=//usr/lib64/python3.12" "Mozilla/5.0 AppleWebKit/537.36 (KHTML, like Gecko; compatible; GPTBot/1.3; +https://openai.com/gptbot)" 523 **0/523600**
54.37.252.212 - - [28/Mar/2026:05:55:52 -0700] "GET /?path=/home/falconiapl2015/public_html/wp-includes/SimplePie HTTP/1.1" 200 2738 "-" "Mozilla/5.0 (compatible; MJ12bot/v1.4.8; http://mj12bot.com/)" 500 **0/500967**
216.73.216.162 - - [28/Mar/2026:05:55:54 -0700] "GET /item/422601928?fileloc=%2Fhome%2Ffalconiapl2015%2Fpublic_html%2Fwp-includes%2Fcss%2Feditor.min.css&path=%2Fhome%2Ffalconiapl2015%2Fpublic_html%2Fwp-includes%2Fcss HTTP/2.0" 200 7955 "-" "Mozilla/5.0 AppleWebKit/537.36 (KHTML, like Gecko; compatible; ClaudeBot/1.0; +claudebot@anthropic.com)" 526 **0/526188**
74.7.227.0 - - [28/Mar/2026:05:55:55 -0700] "GET /?path=//usr/lib64/nss HTTP/2.0" 200 2593 "https://falcon-ia.com/?path=//usr/lib64" "Mozilla/5.0 AppleWebKit/537.36 (KHTML, like Gecko; compatible; GPTBot/1.3; +https://openai.com/gptbot)" 499 **0/499018**
216.73.216.162 - - [28/Mar/2026:05:55:57 -0700] "GET /item/2050959186?path=%2Fhome%2Ffalconiapl2015%2Fpublic_html%2Fwp-includes HTTP/2.0" 200 10191 "-" "Mozilla/5.0 AppleWebKit/537.36 (KHTML, like Gecko; compatible; ClaudeBot/1.0; +claudebot@anthropic.com)" 532 **0/532051**
54.37.252.212 - - [28/Mar/2026:05:55:57 -0700] "GET /?path=/home/falconiapl2015/public_html/wp-includes/sodium_compat HTTP/1.1" 200 2868 "-" "Mozilla/5.0 (compatible; MJ12bot/v1.4.8; http://mj12bot.com/)" 510 **0/510511**
74.7.227.0 - - [28/Mar/2026:05:55:58 -0700] "GET /?fileloc=//bin/mariadb-hotcopy&path=//bin HTTP/2.0" 200 14037 "https://falcon-ia.com/?path=//bin" "Mozilla/5.0 AppleWebKit/537.36 (KHTML, like Gecko; compatible; GPTBot/1.3; +https://openai.com/gptbot)" 526 **0/526562**
114.119.155.69 - - [28/Mar/2026:05:55:58 -0700] "GET /commodity/vampires/aliases172192316209?fileloc=/home/falconiapl2015/public_html/txets.php&path=/home/falconiapl2015/public_html HTTP/1.1" 200 2520 "https://falcon-ia.com/commodity/vampires/aliases172192316209" "Mozilla/5.0 (Linux; Android 7.0;) AppleWebKit/537.36 (KHTML, like Gecko) Mobile Safari/537.36 (compatible; PetalBot;+https://webmaster.petalsearch.com/site/petalbot)" 525 **0/525178**
216.73.216.162 - - [28/Mar/2026:05:56:00 -0700] "GET /item/473567853?fileloc=%2Fhome%2Ffalconiapl2015%2Fpublic_html%2Fwp-includes%2Fclass-wp-script-modules.php&path=%2Fhome%2Ffalconiapl2015%2Fpublic_html%2Fwp-includes HTTP/2.0" 200 9823 "-" "Mozilla/5.0 AppleWebKit/537.36 (KHTML, like Gecko; compatible; ClaudeBot/1.0; +claudebot@anthropic.com)" 552 **0/552629**
74.7.227.0 - - [28/Mar/2026:05:56:01 -0700] "GET /?fileloc=//bin/pinentry-curses&path=//bin HTTP/2.0" 200 30788 "https://falcon-ia.com/?path=//bin" "Mozilla/5.0 AppleWebKit/537.36 (KHTML, like Gecko; compatible; GPTBot/1.3; +https://openai.com/gptbot)" 544 **0/544726**
54.37.252.212 - - [28/Mar/2026:05:56:02 -0700] "GET /?path=/home/falconiapl2015/public_html/wp-includes/style-engine HTTP/1.1" 200 2775 "-" "Mozilla/5.0 (compatible; MJ12bot/v1.4.8; http://mj12bot.com/)" 566 **0/566185**
216.73.216.162 - - [28/Mar/2026:05:56:03 -0700] "GET /item/1764551997?path=%2Fhome%2Ffalconiapl2015%2F.cpanel%2Fnvdata HTTP/2.0" 200 2957 "-" "Mozilla/5.0 AppleWebKit/537.36 (KHTML, like Gecko; compatible; ClaudeBot/1.0; +claudebot@anthropic.com)" 583 **0/583620**
74.7.227.0 - - [28/Mar/2026:05:56:04 -0700] "GET /?path=//usr/lib64/python2.7/email HTTP/2.0" 200 3484 "https://falcon-ia.com/?path=//usr/lib64/python2.7" "Mozilla/5.0 AppleWebKit/537.36 (KHTML, like Gecko; compatible; GPTBot/1.3; +https://openai.com/gptbot)" 622 **0/622798**
216.73.216.162 - - [28/Mar/2026:05:56:06 -0700] "GET /item/3047569349?path=%2F%2Flib%2Flocale%2Fen_AU.utf8 HTTP/2.0" 200 2997 "-" "Mozilla/5.0 AppleWebKit/537.36 (KHTML, like Gecko; compatible; ClaudeBot/1.0; +claudebot@anthropic.com)" 540 **0/540492**
54.37.252.212 - - [28/Mar/2026:05:56:07 -0700] "GET /?path=/home/falconiapl2015/public_html/wp-includes/theme-compat HTTP/1.1" 200 2869 "-" "Mozilla/5.0 (compatible; MJ12bot/v1.4.8; http://mj12bot.com/)" 533 **0/533804**
74.7.227.0 - - [28/Mar/2026:05:56:07 -0700] "GET /?fileloc=//bin/mariadb-binlog&path=//bin HTTP/2.0" 200 736719 "https://falcon-ia.com/?path=//bin" "Mozilla/5.0 AppleWebKit/537.36 (KHTML, like Gecko; compatible; GPTBot/1.3; +https://openai.com/gptbot)" 1283 **1/1283482**
216.73.216.162 - - [28/Mar/2026:05:56:09 -0700] "GET /item/3720483053?fileloc=%2Fhome%2Ffalconiapl2015%2Fpublic_html%2Fwp-includes%2Fclass-wp-script-modules.php&path=%2Fhome%2Ffalconiapl2015%2Fpublic_html%2Fwp-includes HTTP/2.0" 200 9823 "-" "Mozilla/5.0 AppleWebKit/537.36 (KHTML, like Gecko; compatible; ClaudeBot/1.0; +claudebot@anthropic.com)" 508 **0/508049**
74.7.227.0 - - [28/Mar/2026:05:56:10 -0700] "GET /?path=//usr/lib64/python3.12/__pycache__ HTTP/2.0" 200 11920 "https://falcon-ia.com/?path=//usr/lib64/python3.12" "Mozilla/5.0 AppleWebKit/537.36 (KHTML, like Gecko; compatible; GPTBot/1.3; +https://openai.com/gptbot)" 531 **0/531428**
216.73.216.162 - - [28/Mar/2026:05:56:12 -0700] "GET /item/3939568476?fileloc=%2Fhome%2Ffalconiapl2015%2Fpublic_html%2Fwp-includes%2Fclass.wp-scripts.php&path=%2Fhome%2Ffalconiapl2015%2Fpublic_html%2Fwp-includes HTTP/2.0" 200 2455 "-" "Mozilla/5.0 AppleWebKit/537.36 (KHTML, like Gecko; compatible; ClaudeBot/1.0; +claudebot@anthropic.com)" 509 **0/509846**
54.37.252.212 - - [28/Mar/2026:05:56:12 -0700] "GET /?path=/home/falconiapl2015/public_html/wp-includes/widgets HTTP/1.1" 200 3253 "-" "Mozilla/5.0 (compatible; MJ12bot/v1.4.8; http://mj12bot.com/)" 504 **0/504053**
74.7.227.0 - - [28/Mar/2026:05:56:13 -0700] "GET /?fileloc=//bin/fc-pattern&path=//bin HTTP/2.0" 200 6468 "https://falcon-ia.com/?path=//bin" "Mozilla/5.0 AppleWebKit/537.36 (KHTML, like Gecko; compatible; GPTBot/1.3; +https://openai.com/gptbot)" 509 **0/509621**
216.73.216.162 - - [28/Mar/2026:05:56:15 -0700] "GET /item/856896239?fileloc=%2Fhome%2Ffalconiapl2015%2Fpublic_html%2Fwp-admin%2Fincludes%2Fclass-wp-filesystem-ssh2.php&path=%2Fhome%2Ffalconiapl2015%2Fpublic_html%2Fwp-admin%2Fincludes HTTP/2.0" 200 7490 "-" "Mozilla/5.0 AppleWebKit/537.36 (KHTML, like Gecko; compatible; ClaudeBot/1.0; +claudebot@anthropic.com)" 554 **0/554150**
74.7.227.0 - - [28/Mar/2026:05:56:16 -0700] "GET /?fileloc=//bin/automake-1.16&path=//bin HTTP/2.0" 200 75405 "https://falcon-ia.com/?path=//bin" "Mozilla/5.0 AppleWebKit/537.36 (KHTML, like Gecko; compatible; GPTBot/1.3; +https://openai.com/gptbot)" 551 **0/551902**
54.37.252.212 - - [28/Mar/2026:05:56:17 -0700] "GET /beste-roulette-strategie%C3%ABn/?fileloc=//etc/alternatives/libnssckbi.so.x86_64&path=//etc/alternatives HTTP/1.1" 200 80754 "-" "Mozilla/5.0 (compatible; MJ12bot/v1.4.8; http://mj12bot.com/)" 532 **0/532297**
216.73.216.162 - - [28/Mar/2026:05:56:18 -0700] "GET /item/534344114?path=%2Fhome%2Ffalconiapl2015%2Fpublic_html%2Fwp-includes%2Fsitemaps HTTP/2.0" 200 2845 "-" "Mozilla/5.0 AppleWebKit/537.36 (KHTML, like Gecko; compatible; ClaudeBot/1.0; +claudebot@anthropic.com)" 499 **0/499832**
74.7.227.0 - - [28/Mar/2026:05:56:20 -0700] "GET /?path=//usr/lib64/python3.12/importlib HTTP/2.0" 200 2978 "https://falcon-ia.com/?path=//usr/lib64/python3.12" "Mozilla/5.0 AppleWebKit/537.36 (KHTML, like Gecko; compatible; GPTBot/1.3; +https://openai.com/gptbot)" 529 **0/529101**
216.73.216.162 - - [28/Mar/2026:05:56:21 -0700] "GET /item/3720483053?fileloc=%2Fhome%2Ffalconiapl2015%2Fpublic_html%2Fwp-includes%2Fclass.wp-scripts.php&path=%2Fhome%2Ffalconiapl2015%2Fpublic_html%2Fwp-includes HTTP/2.0" 200 2455 "-" "Mozilla/5.0 AppleWebKit/537.36 (KHTML, like Gecko; compatible; ClaudeBot/1.0; +claudebot@anthropic.com)" 495 **0/495090**
74.7.227.0 - - [28/Mar/2026:05:56:23 -0700] "GET /?fileloc=//bin/freetype-config&path=//bin HTTP/2.0" 200 3589 "https://falcon-ia.com/?path=//bin" "Mozilla/5.0 AppleWebKit/537.36 (KHTML, like Gecko; compatible; GPTBot/1.3; +https://openai.com/gptbot)" 515 **0/515640**
216.73.216.162 - - [28/Mar/2026:05:56:24 -0700] "GET /item/2026427607?fileloc=%2F%2Flib64%2Fliblua-5.3.so&path=%2F%2Flib64 HTTP/2.0" 200 98803 "-" "Mozilla/5.0 AppleWebKit/537.36 (KHTML, like Gecko; compatible; ClaudeBot/1.0; +claudebot@anthropic.com)" 559 **0/559954**
